000
CXUS51 KAKQ 271010
CF6WAL
PRELIMINARY LOCAL CLIMATOLOGICAL DATA (WS FORM: F-6)

                                          STATION:   WALLOPS ISLAND VA
                                          MONTH:     JULY
                                          YEAR:      2017
                                          LATITUDE:   37 55 N
                                          LONGITUDE:  75 28 W

  TEMPERATURE IN F:       :PCPN:    SNOW:  WIND      :SUNSHINE: SKY     :PK WND
================================================================================
1   2   3   4   5  6A  6B    7    8   9   10  11  12  13   14  15   16   17  18
                                     12Z  AVG MX 2MIN
DY MAX MIN AVG DEP HDD CDD  WTR  SNW DPTH SPD SPD DIR MIN PSBL S-S WX    SPD DR
================================================================================

 1  84  71  78   2   0  13    T  0.0    0 11.6 21 190   M    M   3        26 180
 2  90  72  81   5   0  16 0.00  0.0    0  6.8 14 200   M    M   2 1      17 200
 3  91  74  83   7   0  18 0.00  0.0    0  6.6 14 200   M    M   2        17 130
 4  89  72  81   5   0  16 0.00  0.0    0  4.8 13 140   M    M   0 18     20 140
 5  81  74  78   1   0  13 0.00  0.0    0  8.6 16  80   M    M   7 1      20  70
 6  84  75  80   3   0  15 0.77  0.0    0  9.3 18 110   M    M   7 13     24 110
 7  87  71  79   2   0  14 0.00  0.0    0  8.2 20 260   M    M   2 3      28 260
 8  90  70  80   3   0  15 0.11  0.0    0  7.3 31 320   M    M   2 138    44 300
 9  85  66  76  -1   0  11 0.00  0.0    0  6.6 13 150   M    M   0        18 140
10  85  69  77   0   0  12 0.00  0.0    0  8.9 16 170   M    M   1        21 170
11  89  73  81   4   0  16 0.00  0.0    0  9.9 24 190   M    M   2 1      29 190
12  92  79  86   9   0  21 0.00  0.0    0  8.4 17 190   M    M   2        20 200
13  95  77  86   9   0  21 0.44  0.0    0  8.3 29 230   M    M   2 13     39 240
14  93  71  82   5   0  17 1.38  0.0    0  7.7 31 360   M    M   2 13     39 340
15  89  73  81   4   0  16    T  0.0    0  7.8 18 300   M    M   2 3      26 300
16  87  70  79   2   0  14 0.00  0.0    0  6.2 15 180   M    M   0        17 180
17  82  72  77   0   0  12 0.00  0.0    0  9.4 15 200   M    M   3        20 200
18  84  71  78   1   0  13    T  0.0    0  6.9 14 180   M    M   3        17 140
19  88  74  81   4   0  16 0.00  0.0    0  7.9 16 180   M    M   1        20 170
20  92  74  83   6   0  18 0.00  0.0    0  8.4 18 190   M    M   3        22 190
21  94  77  86   9   0  21 0.00  0.0    0  7.1 14 190   M    M   3        17 200
22  93  73  83   6   0  18 0.36  0.0    0  9.1 20 320   M    M   3 13     27 320
23  91  72  82   5   0  17 0.91  0.0    0  6.9 20 250   M    M   2 13     29 230
24  88  76  82   5   0  17 0.00  0.0    0 10.3 18 260   M    M   2        25 250
25  84  71  78   1   0  13 0.00  0.0    0  9.6 16  70   M    M   5        22 330
26  80  68  74  -3   0   9 0.00  0.0    0  6.7 16  60   M    M   5        19  60
================================================================================
SM 2287 1885         0 402  3.97     0.0 209.3          M       66
================================================================================
AV 88.0 72.5                               8.1 FASTST   M    M   3    MAX(MPH)
                                 MISC ---->  # 31 320               # 44  300
================================================================================
NOTES:
# LAST OF SEVERAL OCCURRENCES

COLUMN 17 PEAK WIND IN M.P.H.

PRELIMINARY LOCAL CLIMATOLOGICAL DATA (WS FORM: F-6) , PAGE 2

                                          STATION:  WALLOPS ISLAND VA
                                          MONTH:    JULY
                                          YEAR:     2017
                                          LATITUDE:   37 55 N
                                          LONGITUDE:  75 28 W

[TEMPERATURE DATA]      [PRECIPITATION DATA]       SYMBOLS USED IN COLUMN 16

AVERAGE MONTHLY: 80.2   TOTAL FOR MONTH:   3.97    1 = FOG OR MIST
DPTR FM NORMAL:   3.4   DPTR FM NORMAL:    0.70    2 = FOG REDUCING VISIBILITY
HIGHEST:    95 ON 13    GRTST 24HR  1.38 ON 14-14      TO 1/4 MILE OR LESS
LOWEST:     66 ON  9                               3 = THUNDER
                        SNOW, ICE PELLETS, HAIL    4 = ICE PELLETS
                        TOTAL MONTH:   0.0 INCH    5 = HAIL
                        GRTST 24HR     0.0         6 = FREEZING RAIN OR DRIZZLE
                        GRTST DEPTH:   0           7 = DUSTSTORM OR SANDSTORM:
                                                       VSBY 1/2 MILE OR LESS
                                                   8 = SMOKE OR HAZE
[NO. OF DAYS WITH]      [WEATHER - DAYS WITH]      9 = BLOWING SNOW
                                                   X = TORNADO
MAX 32 OR BELOW:   0    0.01 INCH OR MORE:   6
MAX 90 OR ABOVE:  10    0.10 INCH OR MORE:   6
MIN 32 OR BELOW:   0    0.50 INCH OR MORE:   3
MIN  0 OR BELOW:   0    1.00 INCH OR MORE:   1

[HDD (BASE 65) ]
TOTAL THIS MO.     0    CLEAR  (SCALE 0-3)  21
DPTR FM NORMAL     0    PTCLDY (SCALE 4-7)   5
TOTAL FM JUL 1     0    CLOUDY (SCALE 8-10)  0
DPTR FM NORMAL     0

[CDD (BASE 65) ]
TOTAL THIS MO.   402
DPTR FM NORMAL    93    [PRESSURE DATA]
TOTAL FM JAN 1   797    HIGHEST SLP M ON M
DPTR FM NORMAL   187    LOWEST  SLP 29.75 ON M

[REMARKS]
