000
CXUS56 KLKN 261009
CF6WMC
PRELIMINARY LOCAL CLIMATOLOGICAL DATA (WS FORM: F-6)

                                          STATION:   WINNEMUCCA AIRPORT NV
                                          MONTH:     AUGUST
                                          YEAR:      2016
                                          LATITUDE:   40 54 N
                                          LONGITUDE: 117 48 W

  TEMPERATURE IN F:       :PCPN:    SNOW:  WIND      :SUNSHINE: SKY     :PK WND
================================================================================
1   2   3   4   5  6A  6B    7    8   9   10  11  12  13   14  15   16   17  18
                                     12Z  AVG MX 2MIN
DY MAX MIN AVG DEP HDD CDD  WTR  SNW DPTH SPD SPD DIR MIN PSBL S-S WX    SPD DR
================================================================================

 1  98  49  74   1   0   9 0.00  0.0    0  5.1 21 280   M    M   0        28 300
 2  98  51  75   2   0  10 0.00  0.0    0  7.8 23 270   M    M   0        32 300
 3  91  52  72  -1   0   7 0.00  0.0    0  9.0 20  50   M    M   0        26  50
 4  95  60  78   5   0  13 0.00  0.0    0  9.0 21  40   M    M   0 8      27 190
 5  93  53  73   0   0   8 0.00  0.0    0  5.8 23 260   M    M   0        30 250
 6  91  53  72   0   0   7 0.00  0.0    0  8.4 18 230   M    M   0        24 220
 7  87  55  71  -1   0   6 0.00  0.0    0  8.7 22 250   M    M   0        29 250
 8  88  43  66  -6   0   1 0.00  0.0    0  7.9 23 240   M    M   0        31 240
 9  83  52  68  -4   0   3 0.00  0.0    0  9.5 21  40   M    M   0        28 280
10  87  54  71  -1   0   6 0.00  0.0    0  9.9 22  30   M    M   0        28  30
11  90  43  67  -5   0   2 0.00  0.0    0  5.4 14 270   M    M   0        19 260
12  95  44  70  -1   0   5 0.00  0.0    0  6.2 16 270   M    M   0        22 260
13  98  47  73   2   0   8 0.00  0.0    0  5.4 15 330   M    M   0        21 300
14 100  49  75   4   0  10 0.00  0.0    0  6.8 22 230   M    M   0        29 240
15  96  64  80   9   0  15 0.00  0.0    0  8.0 17 250   M    M   1        22 260
16 100  52  76   6   0  11    T  0.0    0  7.2 32 360   M    M   0 3      43  10
17  97  52  75   5   0  10    T  0.0    0  6.3 18 140   M    M   0        23 150
18  98  49  74   4   0   9 0.00  0.0    0  5.5 21  10   M    M   0        29 300
19  96  54  75   5   0  10 0.00  0.0    0  7.8 17 350   M    M   0        29 330
20  97  45  71   2   0   6 0.00  0.0    0  5.2 18 360   M    M   0        25 300
21  97  47  72   3   0   7 0.00  0.0    0  6.5 22 270   M    M   0        28 270
22  93  50  72   3   0   7    T  0.0    0  8.3 28 240   M    M   0 8      37 240
23  90  53  72   4   0   7 0.00  0.0    0  7.9 25 290   M    M   0        33 260
24  87  38  63  -5   2   0 0.00  0.0    0  7.2 17 300   M    M   0        26 290
25  84  45  65  -3   0   0 0.00  0.0    0  7.9 17  20   M    M   0        23  50
================================================================================
SM 2329 1254         2 177    T      0.0 182.7          M        1
================================================================================
AV 93.2 50.2                               7.3 FASTST   M    M   0    MAX(MPH)
                                 MISC ---->  # 32 360               # 43   10
================================================================================
NOTES:
# LAST OF SEVERAL OCCURRENCES

COLUMN 17 PEAK WIND IN M.P.H.

PRELIMINARY LOCAL CLIMATOLOGICAL DATA (WS FORM: F-6) , PAGE 2

                                          STATION:  WINNEMUCCA AIRPORT NV
                                          MONTH:    AUGUST
                                          YEAR:     2016
                                          LATITUDE:   40 54 N
                                          LONGITUDE: 117 48 W

[TEMPERATURE DATA]      [PRECIPITATION DATA]       SYMBOLS USED IN COLUMN 16

AVERAGE MONTHLY: 71.7   TOTAL FOR MONTH:      T    1 = FOG OR MIST
DPTR FM NORMAL:   0.8   DPTR FM NORMAL:   -0.14    2 = FOG REDUCING VISIBILITY
HIGHEST:   100 ON 16,14 GRTST 24HR    T  ON 22-22      TO 1/4 MILE OR LESS
LOWEST:     38 ON 24                               3 = THUNDER
                        SNOW, ICE PELLETS, HAIL    4 = ICE PELLETS
                        TOTAL MONTH:   0.0 INCH    5 = HAIL
                        GRTST 24HR     0.0         6 = FREEZING RAIN OR DRIZZLE
                        GRTST DEPTH:   0           7 = DUSTSTORM OR SANDSTORM:
                                                       VSBY 1/2 MILE OR LESS
                                                   8 = SMOKE OR HAZE
[NO. OF DAYS WITH]      [WEATHER - DAYS WITH]      9 = BLOWING SNOW
                                                   X = TORNADO
MAX 32 OR BELOW:   0    0.01 INCH OR MORE:   0
MAX 90 OR ABOVE:  19    0.10 INCH OR MORE:   0
MIN 32 OR BELOW:   0    0.50 INCH OR MORE:   0
MIN  0 OR BELOW:   0    1.00 INCH OR MORE:   0

[HDD (BASE 65) ]
TOTAL THIS MO.     2    CLEAR  (SCALE 0-3)  25
DPTR FM NORMAL    -7    PTCLDY (SCALE 4-7)   0
TOTAL FM JUL 1    19    CLOUDY (SCALE 8-10)  0
DPTR FM NORMAL     0

[CDD (BASE 65) ]
TOTAL THIS MO.   177
DPTR FM NORMAL    20    [PRESSURE DATA]
TOTAL FM JAN 1   541    HIGHEST SLP M ON M
DPTR FM NORMAL    51    LOWEST  SLP 29.67 ON  8

[REMARKS]
