000
CXUS55 KRIW 210945
CF6WRL
PRELIMINARY LOCAL CLIMATOLOGICAL DATA (WS FORM: F-6)

                                          STATION:   WORLAND WY
                                          MONTH:     NOVEMBER
                                          YEAR:      2017
                                          LATITUDE:   43 58 N
                                          LONGITUDE: 107 57 W

  TEMPERATURE IN F:       :PCPN:    SNOW:  WIND      :SUNSHINE: SKY     :PK WND
================================================================================
1   2   3   4   5  6A  6B    7    8   9   10  11  12  13   14  15   16   17  18
                                     12Z  AVG MX 2MIN
DY MAX MIN AVG DEP HDD CDD  WTR  SNW DPTH SPD SPD DIR MIN PSBL S-S WX    SPD DR
================================================================================

 1  48  30  39   0  26   0 0.39    M    M  6.7 17 330   M    M   9 1      23 360
 2  32  25  29  -9  36   0 0.21    M    M  2.7  9 150   M    M   9 12     10 150
 3  31  25  28 -10  37   0 0.00    M    M  3.0 13 120   M    M  10 12     14 120
 4  31  27  29  -8  36   0 0.07    M    M  4.9 14 340   M    M  10 12     20 320
 5  30  19  25 -12  40   0 0.00    M    M  2.8  9 130   M    M   7 12     10 140
 6  26   7  17 -19  48   0    T    M    M  6.8 17 350   M    M  10 12     21 340
 7  25   5  15 -21  50   0 0.00    M    M  3.5 12 130   M    M   5 12     14 130
 8  31   6  19 -16  46   0 0.00  0.0    M  2.0  8 180   M    M   2 12      9 180
 9  36  17  27  -8  38   0 0.00  0.0    M  2.8 12 130   M    M   2        13 130
10  42  20  31  -3  34   0 0.00  0.0    M  2.6 10 210   M    M   1        12 220
11  44  18  31  -2  34   0    T    M    M  6.5 18 330   M    M   2        22 340
12  45  17  31  -2  34   0 0.00  0.0    M  2.8  9 170   M    M   0         9 180
13  55  20  38   6  27   0 0.00  0.0    M  2.5 14 160   M    M   0        14 160
14  58  26  42  10  23   0 0.00  0.0    M  7.0 35 340   M    M   4        48 340
15  51  18  35   4  30   0 0.00  0.0    M  3.9 10 190   M    M   0        11 210
16  64  28  46  16  19   0 0.01    M    M 12.7 32 190   M    M   1        41 190
17  43  22  33   3  32   0    T    M    M  5.5 24 360   M    M   6        32  10
18  43  17  30   1  35   0 0.00  0.0    M  4.5 14 170   M    M   0        15 170
19  35  14  25  -3  40   0 0.00    M    M  3.1 10 210   M    M   0        12  30
20  40  20  30   2  35   0 0.00    M    M  3.9 13 180   M    M   2        14 310
================================================================================
SM  810  381       700   0  0.68     0.0  90.2          M       80
================================================================================
AV 40.5 19.1                               4.5 FASTST   M    M   4    MAX(MPH)
                                 MISC ---->  # 35 340               # 48  340
================================================================================
NOTES:
# LAST OF SEVERAL OCCURRENCES

COLUMN 17 PEAK WIND IN M.P.H.

PRELIMINARY LOCAL CLIMATOLOGICAL DATA (WS FORM: F-6) , PAGE 2

                                          STATION:  WORLAND WY
                                          MONTH:    NOVEMBER
                                          YEAR:     2017
                                          LATITUDE:   43 58 N
                                          LONGITUDE: 107 57 W

[TEMPERATURE DATA]      [PRECIPITATION DATA]       SYMBOLS USED IN COLUMN 16

AVERAGE MONTHLY: 29.8   TOTAL FOR MONTH:   0.68    1 = FOG OR MIST
DPTR FM NORMAL:  -3.8   DPTR FM NORMAL:    0.43    2 = FOG REDUCING VISIBILITY
HIGHEST:    64 ON 16    GRTST 24HR  0.39 ON  1- 1      TO 1/4 MILE OR LESS
LOWEST:      5 ON  7                               3 = THUNDER
                        SNOW, ICE PELLETS, HAIL    4 = ICE PELLETS
                        TOTAL MONTH:   0.0 INCH    5 = HAIL
                        GRTST 24HR     0.0         6 = FREEZING RAIN OR DRIZZLE
                        GRTST DEPTH:  M  ON   M    7 = DUSTSTORM OR SANDSTORM:
                                                       VSBY 1/2 MILE OR LESS
                                                   8 = SMOKE OR HAZE
[NO. OF DAYS WITH]      [WEATHER - DAYS WITH]      9 = BLOWING SNOW
                                                   X = TORNADO
MAX 32 OR BELOW:   7    0.01 INCH OR MORE:   4
MAX 90 OR ABOVE:   0    0.10 INCH OR MORE:   2
MIN 32 OR BELOW:  20    0.50 INCH OR MORE:   0
MIN  0 OR BELOW:   0    1.00 INCH OR MORE:   0

[HDD (BASE 65) ]
TOTAL THIS MO.   700    CLEAR  (SCALE 0-3)  11
DPTR FM NORMAL    72    PTCLDY (SCALE 4-7)   4
TOTAL FM JUL 1  1642    CLOUDY (SCALE 8-10)  5
DPTR FM NORMAL   152

[CDD (BASE 65) ]
TOTAL THIS MO.     0
DPTR FM NORMAL     0    [PRESSURE DATA]
TOTAL FM JAN 1   588    HIGHEST SLP M ON M
DPTR FM NORMAL    53    LOWEST  SLP 29.53 ON  1

[REMARKS]
