000
CXUS56 KMTR 301000
CF6WVI
PRELIMINARY LOCAL CLIMATOLOGICAL DATA (WS FORM: F-6)

                                          STATION:   WATSONVILLE AIRPORT
                                          MONTH:     MARCH
                                          YEAR:      2015
                                          LATITUDE:   36 55 N
                                          LONGITUDE: 121 47 W

  TEMPERATURE IN F:       :PCPN:    SNOW:  WIND      :SUNSHINE: SKY     :PK WND
================================================================================
1   2   3   4   5  6A  6B    7    8   9   10  11  12  13   14  15   16   17  18
                                     12Z  AVG MX 2MIN
DY MAX MIN AVG DEP HDD CDD  WTR  SNW DPTH SPD SPD DIR MIN PSBL S-S WX    SPD DR
================================================================================

 1  65  40  53   0  12   0 0.00  0.0    0  3.9 15 250   M    M   1        19 250
 2  60  46  53   0  12   0 0.02  0.0    0  4.2 13 210   M    M   3 3      18 210
 3  62  39  51  -2  14   0 0.00  0.0    0  4.0 13 240   M    M   0        16 210
 4  70  42  56   3   9   0 0.00  0.0    0  4.3  9 230   M    M   0         M  M
 5  77  45  61   8   4   0 0.00  0.0    0  3.5  8 230   M    M   0         M  M
 6  78  41  60   7   5   0 0.00  0.0    0  3.8 14  90   M    M   0         M  M
 7  77  41  59   6   6   0 0.00  0.0    0  3.4  9 240   M    M   0 1      13 230
 8  69  43  56   3   9   0 0.00  0.0    0  2.9 10 200   M    M   2 12     14 190
 9  65  50  58   5   7   0 0.00  0.0    0  2.8 15 250   M    M   6 128    19 250
10  73  50  62   9   3   0 0.00  0.0    0  3.6 17 230   M    M   5 12     22 240
11  69  53  61   8   4   0 0.13  0.0    0  3.7 13 240   M    M   8 1      16 230
12  75  48  62   9   3   0 0.00  0.0    0  2.8  9 240   M    M   0 18     12 240
13  81  50  66  13   0   1 0.00  0.0    0  2.9  9 170   M    M   0        11 210
14  89  51  70  17   0   5 0.00  0.0    0  4.2 13 230   M    M   0        17 210
15  76  51  64  11   1   0 0.00  0.0    0  3.3 14 220   M    M   0        18 220
16  75  49  62   9   3   0 0.00  0.0    0  2.1 12 250   M    M   0        14 250
17  72  51  62   9   3   0 0.00  0.0    0  3.5 12 130   M    M   0        15 180
18  71  46  59   6   6   0 0.00  0.0    0  4.0 10 130   M    M   0        13 220
19  76  47  62   9   3   0 0.00  0.0    0  3.7 12 240   M    M   0        15 240
20  71  45  58   5   7   0 0.00  0.0    0  3.3 14 190   M    M   0        17 190
21  73  45  59   6   6   0 0.00  0.0    0  4.1 10 110   M    M   2 1      13 240
22  66  53  60   7   5   0 0.04  0.0    0  4.5 16 230   M    M   7 1      22 240
23  68  54  61   7   4   0 0.48  0.0    0  2.9 13 200   M    M   5 1      16 200
24  72  47  60   6   5   0 0.00  0.0    0  4.4 12 210   M    M   1        14 210
25  74  50  62   8   3   0 0.00  0.0    M  3.7 12 250   M    M   0        14 240
26  86  49  68  14   0   3 0.00  0.0    0  3.7 13 230   M    M   1 12     15 230
27  70  51  61   7   4   0 0.00  0.0    0  3.8 13 110   M    M   4 12     14 110
28  78  49  64  10   1   0 0.00  0.0    0  2.6 10 170   M    M   4 12     13  90
29  74  46  60   6   5   0 0.00  0.0    0  3.8 10 170   M    M   0        14 190
================================================================================
SM 2112 1372       144   9  0.67     0.0 103.4          M       49
================================================================================
AV 72.8 47.3                               3.6 FASTST   M    M   2    MAX(MPH)
                                 MISC ---->  # 17 230               # 22  240
================================================================================
NOTES:
# LAST OF SEVERAL OCCURRENCES

COLUMN 17 PEAK WIND IN M.P.H.

PRELIMINARY LOCAL CLIMATOLOGICAL DATA (WS FORM: F-6) , PAGE 2

                                          STATION:  WATSONVILLE AIRPORT
                                          MONTH:    MARCH
                                          YEAR:     2015
                                          LATITUDE:   36 55 N
                                          LONGITUDE: 121 47 W

[TEMPERATURE DATA]      [PRECIPITATION DATA]       SYMBOLS USED IN COLUMN 16

AVERAGE MONTHLY: 60.1   TOTAL FOR MONTH:   0.67    1 = FOG OR MIST
DPTR FM NORMAL:   6.8   DPTR FM NORMAL:   -1.98    2 = FOG REDUCING VISIBILITY
HIGHEST:    89 ON 14    GRTST 24HR  0.48 ON 23-23      TO 1/4 MILE OR LESS
LOWEST:     39 ON  3                               3 = THUNDER
                        SNOW, ICE PELLETS, HAIL    4 = ICE PELLETS
                        TOTAL MONTH:   0.0 INCH    5 = HAIL
                        GRTST 24HR     0.0         6 = FREEZING RAIN OR DRIZZLE
                        GRTST DEPTH:   0           7 = DUSTSTORM OR SANDSTORM:
                                                       VSBY 1/2 MILE OR LESS
                                                   8 = SMOKE OR HAZE
[NO. OF DAYS WITH]      [WEATHER - DAYS WITH]      9 = BLOWING SNOW
                                                   X = TORNADO
MAX 32 OR BELOW:   0    0.01 INCH OR MORE:   4
MAX 90 OR ABOVE:   0    0.10 INCH OR MORE:   2
MIN 32 OR BELOW:   0    0.50 INCH OR MORE:   0
MIN  0 OR BELOW:   0    1.00 INCH OR MORE:   0

[HDD (BASE 65) ]
TOTAL THIS MO.   144    CLEAR  (SCALE 0-3)  21
DPTR FM NORMAL  -198    PTCLDY (SCALE 4-7)   8
TOTAL FM JUL 1  1116    CLOUDY (SCALE 8-10)  0
DPTR FM NORMAL -1204

[CDD (BASE 65) ]
TOTAL THIS MO.     9
DPTR FM NORMAL     9    [PRESSURE DATA]
TOTAL FM JAN 1    13    HIGHEST SLP M ON M
DPTR FM NORMAL    13    LOWEST  SLP 29.80 ON  2

[REMARKS]
