573
CXUS56 KMTR 221000
CF6WVI
PRELIMINARY LOCAL CLIMATOLOGICAL DATA (WS FORM: F-6)

                                          STATION:   WATSONVILLE AIRPORT
                                          MONTH:     MAY
                                          YEAR:      2017
                                          LATITUDE:   36 55 N
                                          LONGITUDE: 121 47 W

  TEMPERATURE IN F:       :PCPN:    SNOW:  WIND      :SUNSHINE: SKY     :PK WND
================================================================================
1   2   3   4   5  6A  6B    7    8   9   10  11  12  13   14  15   16   17  18
                                     12Z  AVG MX 2MIN
DY MAX MIN AVG DEP HDD CDD  WTR  SNW DPTH SPD SPD DIR MIN PSBL S-S WX    SPD DR
================================================================================

 1  81  46  64   7   1   0 0.00  0.0    0  3.5 12 190   M    M   0 18     14 190
 2  82  50  66   9   0   1 0.00  0.0    0  3.1 10 150   M    M   0 18     13 150
 3  84  51  68  10   0   3 0.00  0.0    0  3.3 12 210   M    M   1 12     14 210
 4  68  50  59   1   6   0 0.00  0.0    0  4.8 15 230   M    M   6 12     19 240
 5  70  49  60   2   5   0 0.00  0.0    0  3.5 15 260   M    M   5 1      19 250
 6  60  45  53  -5  12   0 0.00  0.0    0  4.4 13 190   M    M   5        17 270
 7  65  47  56  -2   9   0 0.00  0.0    0  4.4 15 190   M    M   4 18     19 200
 8  62  44  53  -5  12   0 0.00  0.0    0  4.3 12 180   M    M   5 1      14 190
 9  70  47  59   1   6   0 0.00  0.0    0  4.1 13 190   M    M   6 1      15 190
10  63  52  58   0   7   0 0.06  0.0    0  5.4 13 220   M    M   9 1      17 230
11  66  53  60   2   5   0 0.00  0.0    0  5.4 15 240   M    M   8        19 240
12  71  45  58   0   7   0 0.00  0.0    0  6.3 17 250   M    M   2        29 330
13  66  40  53  -5  12   0 0.00  0.0    0  5.6 14 230   M    M   0        22 190
14  61  42  52  -7  13   0 0.00  0.0    0  5.5 16 250   M    M   4        21 230
15  62  47  55  -4  10   0 0.00  0.0    0  4.9 14  60   M    M   7        17 200
16  62  48  55  -4  10   0 0.00  0.0    0  6.3 15 240   M    M   8        20 230
17  67  48  58  -1   7   0 0.00  0.0    0  4.8 14 200   M    M   2        17 240
18  71  43  57  -2   8   0 0.00  0.0    0  4.0 12 190   M    M   0        14 190
19  78  45  62   3   3   0 0.00  0.0    0  3.5 13 180   M    M   0        15 190
20  78  46  62   3   3   0 0.00  0.0    0  3.1 12 160   M    M   1        14 170
21  68  48  58  -1   7   0 0.00  0.0    0  3.9 12 190   M    M   4 12     14 160
================================================================================
SM 1455  986       143   4  0.06     0.0  94.1          M       77
================================================================================
AV 69.3 47.0                               4.5 FASTST   M    M   4    MAX(MPH)
                                 MISC ---->  # 17 250               # 29  330
================================================================================
NOTES:
# LAST OF SEVERAL OCCURRENCES

COLUMN 17 PEAK WIND IN M.P.H.

PRELIMINARY LOCAL CLIMATOLOGICAL DATA (WS FORM: F-6) , PAGE 2

                                          STATION:  WATSONVILLE AIRPORT
                                          MONTH:    MAY
                                          YEAR:     2017
                                          LATITUDE:   36 55 N
                                          LONGITUDE: 121 47 W

[TEMPERATURE DATA]      [PRECIPITATION DATA]       SYMBOLS USED IN COLUMN 16

AVERAGE MONTHLY: 58.1   TOTAL FOR MONTH:   0.06    1 = FOG OR MIST
DPTR FM NORMAL:  -0.2   DPTR FM NORMAL:   -0.53    2 = FOG REDUCING VISIBILITY
HIGHEST:    84 ON  3    GRTST 24HR  0.06 ON 10-10      TO 1/4 MILE OR LESS
LOWEST:     40 ON 13                               3 = THUNDER
                        SNOW, ICE PELLETS, HAIL    4 = ICE PELLETS
                        TOTAL MONTH:   0.0 INCH    5 = HAIL
                        GRTST 24HR     0.0         6 = FREEZING RAIN OR DRIZZLE
                        GRTST DEPTH:   0           7 = DUSTSTORM OR SANDSTORM:
                                                       VSBY 1/2 MILE OR LESS
                                                   8 = SMOKE OR HAZE
[NO. OF DAYS WITH]      [WEATHER - DAYS WITH]      9 = BLOWING SNOW
                                                   X = TORNADO
MAX 32 OR BELOW:   0    0.01 INCH OR MORE:   1
MAX 90 OR ABOVE:   0    0.10 INCH OR MORE:   0
MIN 32 OR BELOW:   0    0.50 INCH OR MORE:   0
MIN  0 OR BELOW:   0    1.00 INCH OR MORE:   0

[HDD (BASE 65) ]
TOTAL THIS MO.   143    CLEAR  (SCALE 0-3)   9
DPTR FM NORMAL    -2    PTCLDY (SCALE 4-7)  11
TOTAL FM JUL 1  2630    CLOUDY (SCALE 8-10)  1
DPTR FM NORMAL  -150

[CDD (BASE 65) ]
TOTAL THIS MO.     4
DPTR FM NORMAL     4    [PRESSURE DATA]
TOTAL FM JAN 1     4    HIGHEST SLP M ON M
DPTR FM NORMAL    -2    LOWEST  SLP 29.71 ON  7

[REMARKS]
