000
CXUS56 KMTR 241000
CF6WVI
PRELIMINARY LOCAL CLIMATOLOGICAL DATA (WS FORM: F-6)

                                          STATION:   WATSONVILLE AIRPORT
                                          MONTH:     OCTOBER
                                          YEAR:      2014
                                          LATITUDE:   36 55 N
                                          LONGITUDE: 121 47 W

  TEMPERATURE IN F:       :PCPN:    SNOW:  WIND      :SUNSHINE: SKY     :PK WND
================================================================================
1   2   3   4   5  6A  6B    7    8   9   10  11  12  13   14  15   16   17  18
                                     12Z  AVG MX 2MIN
DY MAX MIN AVG DEP HDD CDD  WTR  SNW DPTH SPD SPD DIR MIN PSBL S-S WX    SPD DR
================================================================================

 1  87  53  70   8   0   5 0.00  0.0    0  4.6 13 210   M    M   0        14 220
 2  98  55  77  15   0  12 0.00  0.0    0  4.4 12 240   M    M   0        15 240
 3 100  55  78  16   0  13 0.00  0.0    0  3.7 13 250   M    M   0        15 240
 4  99  57  78  16   0  13 0.00  0.0    0  4.6 12 250   M    M   0        14 260
 5  93  56  75  13   0  10 0.00  0.0    0  4.1 10 150   M    M   0 1      12 180
 6  92  50  71   9   0   6 0.00  0.0    0  2.6 10 170   M    M   3 12     13 190
 7  80  53  67   6   0   2 0.00  0.0    0  3.0 12 140   M    M   6 12     14 170
 8  75  55  65   4   0   0 0.00  0.0    0  3.0 10 150   M    M   4 12     13 150
 9  74  53  64   3   1   0 0.00  0.0    0  4.0 10 150   M    M   6 128    21  90
10  71  56  64   3   1   0 0.00  0.0    0  4.5 10 190   M    M   5 18     13 130
11  73  54  64   3   1   0 0.00  0.0    M  3.2 10 180   M    M   3 18     14 210
12  91  52  72  11   0   7 0.00  0.0    0  3.6 10 300   M    M   1 128    17 230
13  76  53  65   4   0   0 0.00  0.0    0  5.5 18 250   M    M   4        23 240
14  74  63  69   8   0   4 0.00  0.0    0  9.2 23 200   M    M   6        34 210
15  74  61  68   8   0   3 0.05  0.0    0  4.2 13 240   M    M   5 1      19 220
16  75  54  65   5   0   0 0.00  0.0    0  3.9 14 240   M    M   1        18 250
17  74  50  62   2   3   0 0.00  0.0    0  4.2 13 250   M    M   0        16 220
18  81  53  67   7   0   2 0.00  0.0    0  4.0 14 240   M    M   0        17 240
19  78  54  66   6   0   1 0.00  0.0    0  3.5 13 210   M    M   3 1      17 210
20  73  52  63   3   2   0    T  0.0    0  3.8 13 290   M    M   6 1      18 290
21  72  49  61   1   4   0 0.00  0.0    0  4.4 13 230   M    M   0        16 210
22  78  48  63   3   2   0 0.00  0.0    0  3.5  9 230   M    M   0        13 190
23  77  53  65   5   0   0 0.00  0.0    0  3.0 10 240   M    M   0        15 200
================================================================================
SM 1865 1239        14  78  0.05     0.0  94.5          M       53
================================================================================
AV 81.1 53.9                               4.1 FASTST   M    M   2    MAX(MPH)
                                 MISC ---->  # 23 200               # 34  210
================================================================================
NOTES:
# LAST OF SEVERAL OCCURRENCES

COLUMN 17 PEAK WIND IN M.P.H.

PRELIMINARY LOCAL CLIMATOLOGICAL DATA (WS FORM: F-6) , PAGE 2

                                          STATION:  WATSONVILLE AIRPORT
                                          MONTH:    OCTOBER
                                          YEAR:     2014
                                          LATITUDE:   36 55 N
                                          LONGITUDE: 121 47 W

[TEMPERATURE DATA]      [PRECIPITATION DATA]       SYMBOLS USED IN COLUMN 16

AVERAGE MONTHLY: 67.5   TOTAL FOR MONTH:   0.05    1 = FOG OR MIST
DPTR FM NORMAL:   6.6   DPTR FM NORMAL:   -0.46    2 = FOG REDUCING VISIBILITY
HIGHEST:   100 ON  3    GRTST 24HR  0.05 ON 15-15      TO 1/4 MILE OR LESS
LOWEST:     48 ON 22                               3 = THUNDER
                        SNOW, ICE PELLETS, HAIL    4 = ICE PELLETS
                        TOTAL MONTH:   0.0 INCH    5 = HAIL
                        GRTST 24HR     0.0         6 = FREEZING RAIN OR DRIZZLE
                        GRTST DEPTH:   0           7 = DUSTSTORM OR SANDSTORM:
                                                       VSBY 1/2 MILE OR LESS
                                                   8 = SMOKE OR HAZE
[NO. OF DAYS WITH]      [WEATHER - DAYS WITH]      9 = BLOWING SNOW
                                                   X = TORNADO
MAX 32 OR BELOW:   0    0.01 INCH OR MORE:   1
MAX 90 OR ABOVE:   6    0.10 INCH OR MORE:   0
MIN 32 OR BELOW:   0    0.50 INCH OR MORE:   0
MIN  0 OR BELOW:   0    1.00 INCH OR MORE:   0

[HDD (BASE 65) ]
TOTAL THIS MO.    14    CLEAR  (SCALE 0-3)  14
DPTR FM NORMAL   -96    PTCLDY (SCALE 4-7)   9
TOTAL FM JUL 1    38    CLOUDY (SCALE 8-10)  0
DPTR FM NORMAL  -286

[CDD (BASE 65) ]
TOTAL THIS MO.    78
DPTR FM NORMAL    57    [PRESSURE DATA]
TOTAL FM JAN 1   341    HIGHEST SLP M ON M
DPTR FM NORMAL   220    LOWEST  SLP 29.81 ON 14

[REMARKS]
