000
CXUS54 KTSA 011038
CF6XNA
PRELIMINARY LOCAL CLIMATOLOGICAL DATA (WS FORM: F-6)

                                          STATION:   HIGHFILL ARKANSAS
                                          MONTH:     FEBRUARY
                                          YEAR:      2015
                                          LATITUDE:   36 16 N
                                          LONGITUDE:  94 19 W

  TEMPERATURE IN F:       :PCPN:    SNOW:  WIND      :SUNSHINE: SKY     :PK WND
================================================================================
1   2   3   4   5  6A  6B    7    8   9   10  11  12  13   14  15   16   17  18
                                     12Z  AVG MX 2MIN
DY MAX MIN AVG DEP HDD CDD  WTR  SNW DPTH SPD SPD DIR MIN PSBL S-S WX    SPD DR
================================================================================

 1  44  17  31  -5  34   0 0.46    M    0 15.0 26 300   M    M  10 1      36 300
 2  32  15  24 -12  41   0    T    M    0  6.1 21 330   M    M   5 18     29 340
 3  53  21  37   1  28   0    T    M    0  9.0 20 190   M    M   0        25 210
 4  54  24  39   3  26   0    T    M    0 11.2 25 360   M    M   6 1      32  10
 5  39  16  28  -8  37   0 0.00  0.0    0  7.1 20  10   M    M   2        23  10
 6  56  31  44   7  21   0 0.00    M    0 11.7 24 220   M    M   3        32 210
 7  70  38  54  17  11   0 0.00  0.0    0 14.4 28 210   M    M   0        37 210
 8  71  46  59  22   6   0 0.00  0.0    0  9.8 18 240   M    M   0        24 250
 9  53  32  43   6  22   0 0.00  0.0    0  9.0 16 360   M    M   1 18     21  10
10  65  31  48  10  17   0 0.00  0.0    0  6.3 13 100   M    M   2 1      15 110
11  53  28  41   3  24   0    T    M    0 10.3 22 350   M    M   1        26 360
12  38  21  30  -8  35   0    T    M    0  7.7 22  10   M    M   0        25 350
13  53  25  39   1  26   0    T    M    0  7.7 18 270   M    M   0        25 220
14  67  26  47   8  18   0    T    M    0 11.2 24 280   M    M   0        33 310
15  41  25  33  -6  32   0 0.14    M    0 13.3 20 100   M    M   4 18     25 110
16  26  10  18 -21  47   0 0.26    M    0  9.4 18  10   M    M   8 12     21  10
17  37   6  22 -18  43   0 0.03    M    0  8.7 23 330   M    M   4 1      35 340
18  29  11  20 -20  45   0 0.00  0.0    0  9.4 21 310   M    M   0        28 320
19  34  10  22 -18  43   0 0.00  0.0    0  7.1 13 110   M    M   5        16 110
20  39  25  32  -9  33   0 0.06    M    0  9.6 18 150   M    M  10 13     22 150
21  46  34  40  -1  25   0 0.57    M    0  8.5 17  10   M    M   6 13     21 360
22  36  21  29 -12  36   0    T    M    0 15.2 23  30   M    M   8 1      30  40
23  26  18  22 -20  43   0    T    M    0 10.0 22  40   M    M  10        27  40
24  40  22  31 -11  34   0 0.00  0.0    0  7.4 14 260   M    M   5        19 220
25  48  20  34  -8  31   0 0.00  0.0    0  4.3 13 310   M    M   1        16 310
26  38  17  28 -15  37   0    T    M    0 15.6 28 350   M    M   6        34 350
27  21  11  16 -27  49   0 0.01    M    0  8.5 17  50   M    M   6 1      22  50
28  30  19  25 -18  40   0 0.17    M    0  6.3 10 100   M    M   9 16     14 120
================================================================================
SM 1239  620       884   0  1.70     0.0 269.8          M      112
================================================================================
AV 44.2 22.1                               9.6 FASTST   M    M   4    MAX(MPH)
                                 MISC ---->  # 28 210               # 37  210
================================================================================
NOTES:
# LAST OF SEVERAL OCCURRENCES

COLUMN 17 PEAK WIND IN M.P.H.

PRELIMINARY LOCAL CLIMATOLOGICAL DATA (WS FORM: F-6) , PAGE 2

                                          STATION:  HIGHFILL ARKANSAS
                                          MONTH:    FEBRUARY
                                          YEAR:     2015
                                          LATITUDE:   36 16 N
                                          LONGITUDE:  94 19 W

[TEMPERATURE DATA]      [PRECIPITATION DATA]       SYMBOLS USED IN COLUMN 16

AVERAGE MONTHLY: 33.2   TOTAL FOR MONTH:   1.70    1 = FOG OR MIST
DPTR FM NORMAL:  -5.9   DPTR FM NORMAL:   -0.91    2 = FOG REDUCING VISIBILITY
HIGHEST:    71 ON  8    GRTST 24HR  0.63 ON 20-21      TO 1/4 MILE OR LESS
LOWEST:      6 ON 17                               3 = THUNDER
                        SNOW, ICE PELLETS, HAIL    4 = ICE PELLETS
                        TOTAL MONTH:   0.0 INCH    5 = HAIL
                        GRTST 24HR     0.0         6 = FREEZING RAIN OR DRIZZLE
                        GRTST DEPTH:   0           7 = DUSTSTORM OR SANDSTORM:
                                                       VSBY 1/2 MILE OR LESS
                                                   8 = SMOKE OR HAZE
[NO. OF DAYS WITH]      [WEATHER - DAYS WITH]      9 = BLOWING SNOW
                                                   X = TORNADO
MAX 32 OR BELOW:   6    0.01 INCH OR MORE:   8
MAX 90 OR ABOVE:   0    0.10 INCH OR MORE:   5
MIN 32 OR BELOW:  25    0.50 INCH OR MORE:   1
MIN  0 OR BELOW:   0    1.00 INCH OR MORE:   0

[HDD (BASE 65) ]
TOTAL THIS MO.   884    CLEAR  (SCALE 0-3)  12
DPTR FM NORMAL   160    PTCLDY (SCALE 4-7)  11
TOTAL FM JUL 1  3358    CLOUDY (SCALE 8-10)  5
DPTR FM NORMAL   -48

[CDD (BASE 65) ]
TOTAL THIS MO.     0
DPTR FM NORMAL     0    [PRESSURE DATA]
TOTAL FM JAN 1     0    HIGHEST SLP M ON M
DPTR FM NORMAL     0    LOWEST  SLP 29.71 ON 21

[REMARKS]
#FINAL-02-15#
