000
CXUS51 KPBZ 290804
CF6ZZV
PRELIMINARY LOCAL CLIMATOLOGICAL DATA (WS FORM: F-6)

                                          STATION:   ZANESVILLE OH
                                          MONTH:     JULY
                                          YEAR:      2015
                                          LATITUDE:   39 56 N
                                          LONGITUDE:  81 54 W

  TEMPERATURE IN F:       :PCPN:    SNOW:  WIND      :SUNSHINE: SKY     :PK WND
================================================================================
1   2   3   4   5  6A  6B    7    8   9   10  11  12  13   14  15   16   17  18
                                     12Z  AVG MX 2MIN
DY MAX MIN AVG DEP HDD CDD  WTR  SNW DPTH SPD SPD DIR MIN PSBL S-S WX    SPD DR
================================================================================

 1  77  60  69  -3   0   4 0.00    M    M  4.4 14 300   M    M   6 18     18 250
 2  75  57  66  -6   0   1 0.00    M    M  1.3  6  40   M    M   6 128     8  70
 3  77  59  68  -5   0   3 0.12    M    M  4.2 12  60   M    M   5 18     14  90
 4  79  59  69  -4   0   4 0.00    M    M  2.9  9 260   M    M   2 128    17 260
 5  81  57  69  -4   0   4 0.00    M    M  2.3  8  90   M    M   1 18     10 110
 6  84  64  74   1   0   9 0.00    M    M  4.6 13 290   M    M   3 138    15 290
 7  85  66  76   3   0  11 0.32    M    M  7.8 24 190   M    M   5 138    30 190
 8  73  63  68  -5   0   3 0.40    M    M  3.6 14 330   M    M   8 18     17 340
 9  80  67  74   1   0   9    T    M    M  9.9 22 250   M    M   8 1      30 240
10  75  66  71  -2   0   6 0.01    M    M  3.1 13 330   M    M   8 18     15 340
11  81  60  71  -2   0   6 0.00    M    M  2.5  8 290   M    M   1 128    11  80
12  78  60  69  -4   0   4 0.10    M    M  4.2 13  20   M    M   6 18     17 350
13  76  64  70  -3   0   5 0.00    M    M  4.6 13 210   M    M   7 138    17 210
14  80  66  73   0   0   8 0.84    M    M  6.8 23 290   M    M   6 13     34 300
15  76  59  68  -5   0   3 0.00    M    M  7.2 14 330   M    M   8 18     22 320
16  81  51  66  -7   0   1 0.00    M    M  1.6  8  50   M    M   0 1      11  60
17  86  60  73   0   0   8 0.01    M    M  6.2 20 210   M    M   1 138    24 210
18  88  72  80   7   0  15 0.00    M    M  5.9 12 210   M    M   3 8      18 200
19  87  70  79   6   0  14 0.11    M    M  4.6 26 260   M    M   3 13     34 250
20  84  70  77   4   0  12 0.36    M    M  4.9 21 240   M    M   6 1      26 240
21  84  63  74   1   0   9 0.01    M    M  4.4 21 320   M    M   4 18     27 330
22  79  57  68  -5   0   3 0.00    M    M  2.6  9 320   M    M   4 12     14 320
23  81  58  70  -3   0   5 0.00  0.0    0  1.9 12 320   M    M   1 1      15 320
24  84  54  69  -4   0   4 0.00    M    M  2.0 10 290   M    M   0 1      15 310
25  86  60  73   0   0   8 0.00    M    M  2.6  9 270   M    M   2 12     15 250
26  85  66  76   3   0  11 0.28    M    M  3.6 15 210   M    M   6 138    19 210
27  87  66  77   4   0  12 0.00    M    M  2.4  9  20   M    M   2 18     19 270
28  90  67  79   6   0  14 0.00    M    M  2.0  9  30   M    M   1 18     14  90
================================================================================
SM 2279 1741         0 196  2.56     0.0 114.1          M      113
================================================================================
AV 81.4 62.2                               4.1 FASTST   M    M   4    MAX(MPH)
                                 MISC ---->  # 26 260               # 34  300
================================================================================
NOTES:
# LAST OF SEVERAL OCCURRENCES

COLUMN 17 PEAK WIND IN M.P.H.

PRELIMINARY LOCAL CLIMATOLOGICAL DATA (WS FORM: F-6) , PAGE 2

                                          STATION:  ZANESVILLE OH
                                          MONTH:    JULY
                                          YEAR:     2015
                                          LATITUDE:   39 56 N
                                          LONGITUDE:  81 54 W

[TEMPERATURE DATA]      [PRECIPITATION DATA]       SYMBOLS USED IN COLUMN 16

AVERAGE MONTHLY: 71.8   TOTAL FOR MONTH:   2.56    1 = FOG OR MIST
DPTR FM NORMAL:  -1.1   DPTR FM NORMAL:   -0.93    2 = FOG REDUCING VISIBILITY
HIGHEST:    90 ON 28    GRTST 24HR  0.84 ON 14-14      TO 1/4 MILE OR LESS
LOWEST:     51 ON 16                               3 = THUNDER
                        SNOW, ICE PELLETS, HAIL    4 = ICE PELLETS
                        TOTAL MONTH:   0.0 INCH    5 = HAIL
                        GRTST 24HR     0.0         6 = FREEZING RAIN OR DRIZZLE
                        GRTST DEPTH:   0           7 = DUSTSTORM OR SANDSTORM:
                                                       VSBY 1/2 MILE OR LESS
                                                   8 = SMOKE OR HAZE
[NO. OF DAYS WITH]      [WEATHER - DAYS WITH]      9 = BLOWING SNOW
                                                   X = TORNADO
MAX 32 OR BELOW:   0    0.01 INCH OR MORE:  11
MAX 90 OR ABOVE:   1    0.10 INCH OR MORE:   8
MIN 32 OR BELOW:   0    0.50 INCH OR MORE:   1
MIN  0 OR BELOW:   0    1.00 INCH OR MORE:   0

[HDD (BASE 65) ]
TOTAL THIS MO.     0    CLEAR  (SCALE 0-3)  12
DPTR FM NORMAL     0    PTCLDY (SCALE 4-7)  13
TOTAL FM JUL 1     0    CLOUDY (SCALE 8-10)  3
DPTR FM NORMAL     0

[CDD (BASE 65) ]
TOTAL THIS MO.   196
DPTR FM NORMAL   -28    [PRESSURE DATA]
TOTAL FM JAN 1   500    HIGHEST SLP M ON M
DPTR FM NORMAL    64    LOWEST  SLP 29.52 ON 14

[REMARKS]
