000
CXUS55 KGLD 041601
CLAITR

CLIMATE REPORT
NATIONAL WEATHER SERVICE GOODLAND
847 AM MST WED JAN 4 2017

...................................

...THE BURLINGTON CLIMATE SUMMARY FOR THE YEAR OF 2016...

CLIMATE NORMAL PERIOD 1981 TO 2010
CLIMATE RECORD PERIOD 1896 TO 2016

WEATHER         OBSERVED          NORMAL  DEPART  LAST YEAR`S
                 VALUE   DATE(S)  VALUE   FROM    VALUE  DATE(S)
                                          NORMAL
................................................................
TEMPERATURE (F)
RECORD
 HIGH             112   06/15/1952
 LOW              -25   01/04/1959
HIGHEST           104   06/21       102       2       99  07/05
LOWEST            -15   12/17        -9      -6       -7  01/04
AVG. MAXIMUM     68.4              64.4     4.0     66.7
AVG. MINIMUM     38.1              36.4     1.7     39.2
MEAN             53.3              50.4     2.9     53.0
DAYS MAX >= 90     58              37.7    20.3       48
DAYS MAX <= 32     12              24.0   -12.0       27
DAYS MIN <= 32    147             162.5   -15.5      139
DAYS MIN <= 0       5               4.0     1.0        3

PRECIPITATION (INCHES)
RECORD
 MAXIMUM        23.50   2015
 MINIMUM        10.70   2006
TOTALS          19.31             17.46    1.85
DAYS >= .01        65                MM      MM       86
DAYS >= .10        36                MM      MM       49
DAYS >= .50        12                MM      MM       19
DAYS >= 1.00        5                MM      MM        6
GREATEST
 24 HR. TOTAL    2.47   09/02                       1.36

.................................................................



-  INDICATES NEGATIVE NUMBERS.
R  INDICATES RECORD WAS SET OR TIED.
MM INDICATES DATA IS MISSING.
T  INDICATES TRACE AMOUNT.

$$
