000
CXUS53 KGJT 021313
CLARIL


CLIMATE REPORT
NATIONAL WEATHER SERVICE GRAND JUNCTION CO
528 AM MST THU JAN 2 2014

...................................

...THE RIFLE CO CLIMATE SUMMARY FOR THE YEAR OF 2013...

CLIMATE NORMAL PERIOD 1981 TO 2010
CLIMATE RECORD PERIOD 9999 TO 9999

WEATHER         OBSERVED          NORMAL  DEPART  LAST YEAR`S
                 VALUE   DATE(S)  VALUE   FROM    VALUE  DATE(S)
                                          NORMAL
................................................................
TEMPERATURE (F)
RECORD
 HIGH              MM   MM
 LOW               MM   MM
HIGHEST           100   07/10        MM      MM      101  07/01
                        06/28
LOWEST            -19   12/05        MM      MM      -11  12/20
AVG. MAXIMUM     61.4              63.2    -1.8     66.7
AVG. MINIMUM     33.1              33.4    -0.3     34.7
MEAN             47.3              48.3    -1.0     50.7
DAYS MAX >= 90     59              42.0    17.0       60
DAYS MAX <= 32     36              23.3    12.7       22
DAYS MIN <= 32    183             171.0    12.0      171
DAYS MIN <= 0      21               6.6    14.4        9

PRECIPITATION (INCHES)
RECORD
 MAXIMUM           MM   MM
 MINIMUM           MM   MM
TOTALS          11.22             14.30   -3.08     7.81
DAILY AVG.          T              0.04   -0.04     0.02
DAYS >= .01        86                MM      MM       70
DAYS >= .10        36                MM      MM       27
DAYS >= .50         5                MM      MM        2
DAYS >= 1.00        0                MM      MM        0
GREATEST
 24 HR. TOTAL    0.86   MM                            MM
 STORM TOTAL       MM                                 MM

SNOWFALL (INCHES)
RECORDS
 TOTAL             MM   MM
 24 HR TOTAL       MM
 SNOW DEPTH        MM   MM
TOTALS             MM                MM      MM       MM
 LIQUID EQUIV      MM                MM      MM       MM
SINCE 7/1          MM                MM      MM       MM
 LIQUID 7/1        MM                MM      MM       MM
SNOWDEPTH AVG.     MM                MM      MM       MM
DAYS >= TRACE      MM                MM      MM       MM
DAYS >= 1.0        MM                MM      MM       MM
GREATEST
 SNOW DEPTH        MM                                 MM  MM
 24 HR TOTAL       MM                                 MM
 STORM TOTAL       MM                                 MM

DEGREE_DAYS
HEATING TOTAL    7153              6624     529     5925
 SINCE 7/1       2974              2764     210     2515
COOLING TOTAL     798               541     257      809
 SINCE 1/1        798               541     257      809

FREEZE DATES
RECORD
 EARLIEST     MM
 LATEST       MM
EARLIEST                        MM
LATEST                          MM
..................................................

WIND (MPH)
AVERAGE WIND SPEED              5.3
RESULTANT WIND SPEED/DIRECTION   2/255
HIGHEST WIND SPEED/DIRECTION    58/260    DATE  08/23
HIGHEST GUST SPEED/DIRECTION    69/270    DATE  08/23

SKY COVER
POSSIBLE SUNSHINE (PERCENT)   MM
AVERAGE SKY COVER           0.30
NUMBER OF DAYS FAIR          234
NUMBER OF DAYS PC             92
NUMBER OF DAYS CLOUDY         39

AVERAGE RH (PERCENT)     55

WEATHER CONDITIONS. NUMBER OF DAYS WITH
THUNDERSTORM             53     MIXED PRECIP               0
HEAVY RAIN               15     RAIN                      30
LIGHT RAIN              110     FREEZING RAIN              0
LT FREEZING RAIN          0     HAIL                       0
HEAVY SNOW                3     SNOW                      10
LIGHT SNOW               51     SLEET                      0
FOG                      78     FOG W/VIS <= 1/4 MILE     11
HAZE                     35

-  INDICATES NEGATIVE NUMBERS.
R  INDICATES RECORD WAS SET OR TIED.
MM INDICATES DATA IS MISSING.
T  INDICATES TRACE AMOUNT.

$$
