000
CDUS41 KBTV 200527
CLI1V4


CLIMATE REPORT
NATIONAL WEATHER SERVICE BURLINGTON VT
126 AM EDT SUN APR 20 2014


...................................

...THE ST. JOHNSBURY VT CLIMATE SUMMARY FOR APRIL 19 2014...

CLIMATE NORMAL PERIOD 1981 TO 2010
CLIMATE RECORD PERIOD 1894 TO 2014


WEATHER ITEM   OBSERVED TIME   RECORD YEAR NORMAL DEPARTURE LAST
                VALUE   (LST)  VALUE       VALUE  FROM      YEAR
                                                  NORMAL
..................................................................
TEMPERATURE (F)
 YESTERDAY
  MAXIMUM         47        MM  90    1976  58    -11       73
  MINIMUM         28        MM  18    1926  34     -6       47
  AVERAGE         38                        46     -8       60

PRECIPITATION (IN)
  YESTERDAY        0.00          1.26 1969   0.09  -0.09     0.47
  MONTH TO DATE    2.48                      1.77   0.71     2.12
  SINCE MAR 1      5.35                      4.28   1.07     4.04
  SINCE JAN 1     10.48                      8.96   1.52     7.42

DEGREE DAYS
 HEATING
  YESTERDAY       27                        19      8        5
  MONTH TO DATE  474                       437     37      482
  SINCE MAR 1   1895                      1513    382     1536
  SINCE JUL 1   7927                      7237    690     7014

 COOLING
  YESTERDAY        0                         0      0        0
  MONTH TO DATE    0                         0      0        0
  SINCE MAR 1      0                         0      0        0
  SINCE JAN 1      0                         0      0        0
..................................................................


WIND (MPH)
  HIGHEST WIND SPEED    MM   HIGHEST WIND DIRECTION    MM
  HIGHEST GUST SPEED    MM   HIGHEST GUST DIRECTION    MM
  AVERAGE WIND SPEED    MM


SKY COVER
  AVERAGE SKY COVER 0.0


WEATHER CONDITIONS
 THE FOLLOWING WEATHER WAS RECORDED YESTERDAY.
  NO SIGNIFICANT WEATHER WAS OBSERVED.


RELATIVE HUMIDITY (PERCENT)
 HIGHEST    78          1100 PM
 LOWEST     38           400 PM
 AVERAGE    58

..........................................................


THE ST. JOHNSBURY VT CLIMATE NORMALS FOR TODAY
                         NORMAL    RECORD    YEAR
 MAXIMUM TEMPERATURE (F)   59        89      1941
 MINIMUM TEMPERATURE (F)   34        12      1897


SUNRISE AND SUNSET
APRIL 20 2014.........SUNRISE   556 AM EDT   SUNSET   739 PM EDT
APRIL 21 2014.........SUNRISE   554 AM EDT   SUNSET   740 PM EDT


-  INDICATES NEGATIVE NUMBERS.
R  INDICATES RECORD WAS SET OR TIED.
MM INDICATES DATA IS MISSING.
T  INDICATES TRACE AMOUNT.




$$
