000
CDUS41 KBTV 010549
CLI1V4


CLIMATE REPORT
NATIONAL WEATHER SERVICE BURLINGTON VT
147 AM EDT WED JUL 1 2015


...................................

...THE ST. JOHNSBURY VT CLIMATE SUMMARY FOR JUNE 30 2015...

CLIMATE NORMAL PERIOD 1981 TO 2010
CLIMATE RECORD PERIOD 1894 TO 2015


WEATHER ITEM   OBSERVED TIME   RECORD YEAR NORMAL DEPARTURE LAST
                VALUE   (LST)  VALUE       VALUE  FROM      YEAR
                                                  NORMAL
..................................................................
TEMPERATURE (F)
 YESTERDAY
  MAXIMUM         78        MM  96    1971  80     -2       82
  MINIMUM         56        MM  37    1936  58     -2       61
  AVERAGE         67                        69     -2       72

PRECIPITATION (IN)
  YESTERDAY        0.10          3.44 1973   0.14  -0.04     0.00
  MONTH TO DATE    7.70                      4.01   3.69     3.27
  SINCE JUN 1      7.70                      4.01   3.69     3.27
  SINCE JAN 1     19.07                     17.42   1.65    18.97

DEGREE DAYS
 HEATING
  YESTERDAY        0                         1     -1        0
  MONTH TO DATE  109                        72     37       69
  SINCE JUN 1    109                        72     37       69
  SINCE JUL 1   8336                      7776    560     8493

 COOLING
  YESTERDAY        2                         5     -3        7
  MONTH TO DATE   33                        90    -57       47
  SINCE JUN 1     33                        90    -57       47
  SINCE JAN 1     71                       108    -37       51
..................................................................


WIND (MPH)
  HIGHEST WIND SPEED    MM   HIGHEST WIND DIRECTION    MM
  HIGHEST GUST SPEED    MM   HIGHEST GUST DIRECTION    MM
  AVERAGE WIND SPEED    MM


SKY COVER
  AVERAGE SKY COVER 0.0


WEATHER CONDITIONS
 THE FOLLOWING WEATHER WAS RECORDED YESTERDAY.
  NO SIGNIFICANT WEATHER WAS OBSERVED.


RELATIVE HUMIDITY (PERCENT)
 HIGHEST    93           500 AM
 LOWEST     40           100 PM
 AVERAGE    67

..........................................................


THE ST. JOHNSBURY VT CLIMATE NORMALS FOR TODAY
                         NORMAL    RECORD    YEAR
 MAXIMUM TEMPERATURE (F)   81        98      1931
 MINIMUM TEMPERATURE (F)   58        37      1912


SUNRISE AND SUNSET
JULY  1 2015..........SUNRISE   507 AM EDT   SUNSET   836 PM EDT
JULY  2 2015..........SUNRISE   508 AM EDT   SUNSET   836 PM EDT


-  INDICATES NEGATIVE NUMBERS.
R  INDICATES RECORD WAS SET OR TIED.
MM INDICATES DATA IS MISSING.
T  INDICATES TRACE AMOUNT.




$$
