721
CDUS41 KBTV 080534
CLI1V4


CLIMATE REPORT
NATIONAL WEATHER SERVICE BURLINGTON VT
1231 AM EST MON FEB 8 2016


...................................

...THE ST. JOHNSBURY VT CLIMATE SUMMARY FOR FEBRUARY 7 2016...

CLIMATE NORMAL PERIOD 1981 TO 2010
CLIMATE RECORD PERIOD 1894 TO 2016


WEATHER ITEM   OBSERVED TIME   RECORD YEAR NORMAL DEPARTURE LAST
                VALUE   (LST)  VALUE       VALUE  FROM      YEAR
                                                  NORMAL
..................................................................
TEMPERATURE (F)
 YESTERDAY
  MAXIMUM         36        MM  51    2005  29      7       20
  MINIMUM         23        MM -31    1993   6     17       12
  AVERAGE         30                        18     12       16

PRECIPITATION (IN)
  YESTERDAY        0.00          0.94 1955   0.08  -0.08     0.04
  MONTH TO DATE    0.33                      0.58  -0.25     0.66
  SINCE DEC 1      6.42                      6.17   0.25     7.38
  SINCE JAN 1      1.52                      3.09  -1.57     3.49

DEGREE DAYS
 HEATING
  YESTERDAY       35                        47    -12       49
  MONTH TO DATE  227                       335   -108      409
  SINCE DEC 1   2475                      3128   -653     3186
  SINCE JUL 1   3952                      4784   -832     4838

 COOLING
  YESTERDAY        0                         0      0        0
  MONTH TO DATE    0                         0      0        0
  SINCE DEC 1      0                         0      0        0
  SINCE JAN 1      0                         0      0        0
..................................................................


WIND (MPH)
  HIGHEST WIND SPEED    MM   HIGHEST WIND DIRECTION    MM
  HIGHEST GUST SPEED    MM   HIGHEST GUST DIRECTION    MM
  AVERAGE WIND SPEED    MM


SKY COVER
  AVERAGE SKY COVER 0.0


WEATHER CONDITIONS
 THE FOLLOWING WEATHER WAS RECORDED YESTERDAY.
  NO SIGNIFICANT WEATHER WAS OBSERVED.


RELATIVE HUMIDITY (PERCENT)
 HIGHEST    81          1100 PM
 LOWEST     51          1200 AM
 AVERAGE    66

..........................................................


THE ST. JOHNSBURY VT CLIMATE NORMALS FOR TODAY
                         NORMAL    RECORD    YEAR
 MAXIMUM TEMPERATURE (F)   29        49      1933
 MINIMUM TEMPERATURE (F)    6       -26      1934


SUNRISE AND SUNSET
FEBRUARY  8 2016......SUNRISE   658 AM EST   SUNSET   507 PM EST
FEBRUARY  9 2016......SUNRISE   657 AM EST   SUNSET   508 PM EST


-  INDICATES NEGATIVE NUMBERS.
R  INDICATES RECORD WAS SET OR TIED.
MM INDICATES DATA IS MISSING.
T  INDICATES TRACE AMOUNT.




$$
