000
CDUS41 KBTV 240548
CLI1V4


CLIMATE REPORT
NATIONAL WEATHER SERVICE BURLINGTON VT
148 AM EDT THU JUL 24 2014


...................................

...THE ST. JOHNSBURY VT CLIMATE SUMMARY FOR JULY 23 2014...

CLIMATE NORMAL PERIOD 1981 TO 2010
CLIMATE RECORD PERIOD 1894 TO 2014


WEATHER ITEM   OBSERVED TIME   RECORD YEAR NORMAL DEPARTURE LAST
                VALUE   (LST)  VALUE       VALUE  FROM      YEAR
                                                  NORMAL
..................................................................
TEMPERATURE (F)
 YESTERDAY
  MAXIMUM         82    354 PM  97    1918  81      1       70
  MINIMUM         62    654 AM  42    1977  59      3       64
  AVERAGE         72                        70      2       67

PRECIPITATION (IN)
  YESTERDAY        0.87          1.08 2008   0.15   0.72     0.43
  MONTH TO DATE    4.43                      2.98   1.45     5.05
  SINCE JUN 1      7.70                      6.99   0.71     9.52
  SINCE JAN 1     23.40                     20.40   3.00    21.90

DEGREE DAYS
 HEATING
  YESTERDAY        0                         0      0        0
  MONTH TO DATE    5                        10     -5        0
  SINCE JUN 1     74                        82     -8      113
  SINCE JUL 1      5                        10     -5        0

 COOLING
  YESTERDAY        7                         5      2        2
  MONTH TO DATE  109                       130    -21      178
  SINCE JUN 1    156                       220    -64      258
  SINCE JAN 1    160                       238    -78      274
..................................................................


WIND (MPH)
  HIGHEST WIND SPEED    MM   HIGHEST WIND DIRECTION    MM
  HIGHEST GUST SPEED    MM   HIGHEST GUST DIRECTION    MM
  AVERAGE WIND SPEED    MM


SKY COVER
  AVERAGE SKY COVER 0.0


WEATHER CONDITIONS
 THE FOLLOWING WEATHER WAS RECORDED YESTERDAY.
  NO SIGNIFICANT WEATHER WAS OBSERVED.


RELATIVE HUMIDITY (PERCENT)
 HIGHEST   100           300 AM
 LOWEST     62           100 PM
 AVERAGE    81

..........................................................


THE ST. JOHNSBURY VT CLIMATE NORMALS FOR TODAY
                         NORMAL    RECORD    YEAR
 MAXIMUM TEMPERATURE (F)   81        95      1952
 MINIMUM TEMPERATURE (F)   59        40      1912


SUNRISE AND SUNSET
JULY 24 2014..........SUNRISE   526 AM EDT   SUNSET   822 PM EDT
JULY 25 2014..........SUNRISE   527 AM EDT   SUNSET   821 PM EDT


-  INDICATES NEGATIVE NUMBERS.
R  INDICATES RECORD WAS SET OR TIED.
MM INDICATES DATA IS MISSING.
T  INDICATES TRACE AMOUNT.




$$
