000
CDUS41 KBTV 220723
CLI1V4


CLIMATE REPORT
NATIONAL WEATHER SERVICE BURLINGTON VT
217 AM EST WED NOV 22 2017


...................................

...THE ST. JOHNSBURY VT CLIMATE SUMMARY FOR NOVEMBER 21 2017...

CLIMATE NORMAL PERIOD 1981 TO 2010
CLIMATE RECORD PERIOD 1894 TO 2017


WEATHER ITEM   OBSERVED TIME   RECORD YEAR NORMAL DEPARTURE LAST
                VALUE   (LST)  VALUE       VALUE  FROM      YEAR
                                                  NORMAL
..................................................................
TEMPERATURE (F)
 YESTERDAY
  MAXIMUM         50        MM  67    1991  42      8       32
  MINIMUM         20        MM  -7    1933  26     -6       28
  AVERAGE         35                        34      1       30

PRECIPITATION (IN)
  YESTERDAY        0.00          1.26 1954   0.11  -0.11     0.02
  MONTH TO DATE    1.40                      2.41  -1.01     1.89
  SINCE SEP 1      9.88                      9.67   0.21     6.73
  SINCE JAN 1     39.42                     35.43   3.99    34.67

DEGREE DAYS
 HEATING
  YESTERDAY       30                        31     -1       35
  MONTH TO DATE  637                       569     68      511
  SINCE SEP 1   1107                      1306   -199     1143
  SINCE JUL 1   1198                      1356   -158     1170

 COOLING
  YESTERDAY        0                         0      0        0
  MONTH TO DATE    0                         0      0        0
  SINCE SEP 1     69                        35     34       49
  SINCE JAN 1    331                       433   -102      457
..................................................................


WIND (MPH)
  HIGHEST WIND SPEED    MM   HIGHEST WIND DIRECTION    MM
  HIGHEST GUST SPEED    MM   HIGHEST GUST DIRECTION    MM
  AVERAGE WIND SPEED    MM


SKY COVER
  AVERAGE SKY COVER 0.0


WEATHER CONDITIONS
 THE FOLLOWING WEATHER WAS RECORDED YESTERDAY.
  NO SIGNIFICANT WEATHER WAS OBSERVED.


RELATIVE HUMIDITY (PERCENT)
 HIGHEST    92           600 AM
 LOWEST     42           200 PM
 AVERAGE    67

..........................................................


THE ST. JOHNSBURY VT CLIMATE NORMALS FOR TODAY
                         NORMAL    RECORD    YEAR
 MAXIMUM TEMPERATURE (F)   41        68      1953
 MINIMUM TEMPERATURE (F)   26        -4      1916


SUNRISE AND SUNSET
NOVEMBER 22 2017......SUNRISE   654 AM EST   SUNSET   415 PM EST
NOVEMBER 23 2017......SUNRISE   655 AM EST   SUNSET   414 PM EST


-  INDICATES NEGATIVE NUMBERS.
R  INDICATES RECORD WAS SET OR TIED.
MM INDICATES DATA IS MISSING.
T  INDICATES TRACE AMOUNT.




$$
