000
CDUS41 KBTV 030534
CLI1V4


CLIMATE REPORT
NATIONAL WEATHER SERVICE BURLINGTON VT
129 AM EDT TUE MAY 3 2016


...................................

...THE ST. JOHNSBURY VT CLIMATE SUMMARY FOR MAY 2 2016...

CLIMATE NORMAL PERIOD 1981 TO 2010
CLIMATE RECORD PERIOD 1894 TO 2016


WEATHER ITEM   OBSERVED TIME   RECORD YEAR NORMAL DEPARTURE LAST
                VALUE   (LST)  VALUE       VALUE  FROM      YEAR
                                                  NORMAL
..................................................................
TEMPERATURE (F)
 YESTERDAY
  MAXIMUM         47        MM  88    2001  64    -17       73
  MINIMUM         40        MM  19    1903  39      1       37
  AVERAGE         44                        51     -7       55

PRECIPITATION (IN)
  YESTERDAY        0.49          1.21 1989   0.10   0.39     0.00
  MONTH TO DATE    0.81                      0.20   0.61     0.00
  SINCE MAR 1      5.61                      5.57   0.04     3.79
  SINCE JAN 1     10.35                     10.25   0.10     8.35

DEGREE DAYS
 HEATING
  YESTERDAY       21                        14      7       10
  MONTH TO DATE   41                        28     13       21
  SINCE MAR 1   1705                      1723    -18     1998
  SINCE JUL 1   6590                      7447   -857     8063

 COOLING
  YESTERDAY        0                         0      0        0
  MONTH TO DATE    0                         0      0        0
  SINCE MAR 1      0                         1     -1        0
  SINCE JAN 1      0                         1     -1        0
..................................................................


WIND (MPH)
  HIGHEST WIND SPEED    MM   HIGHEST WIND DIRECTION    MM
  HIGHEST GUST SPEED    MM   HIGHEST GUST DIRECTION    MM
  AVERAGE WIND SPEED    MM


SKY COVER
  AVERAGE SKY COVER 0.0


WEATHER CONDITIONS
 THE FOLLOWING WEATHER WAS RECORDED YESTERDAY.
  NO SIGNIFICANT WEATHER WAS OBSERVED.


RELATIVE HUMIDITY (PERCENT)
 HIGHEST    92           300 AM
 LOWEST     83          1100 AM
 AVERAGE    88

..........................................................


THE ST. JOHNSBURY VT CLIMATE NORMALS FOR TODAY
                         NORMAL    RECORD    YEAR
 MAXIMUM TEMPERATURE (F)   65        89      2001
 MINIMUM TEMPERATURE (F)   39        20      1966


SUNRISE AND SUNSET
MAY  3 2016...........SUNRISE   535 AM EDT   SUNSET   755 PM EDT
MAY  4 2016...........SUNRISE   534 AM EDT   SUNSET   756 PM EDT


-  INDICATES NEGATIVE NUMBERS.
R  INDICATES RECORD WAS SET OR TIED.
MM INDICATES DATA IS MISSING.
T  INDICATES TRACE AMOUNT.




$$
