000
CDUS41 KBTV 250541
CLI1V4


CLIMATE REPORT
NATIONAL WEATHER SERVICE BURLINGTON VT
1240 AM EST SUN FEB 25 2018


...................................

...THE ST. JOHNSBURY VT CLIMATE SUMMARY FOR FEBRUARY 24 2018...

CLIMATE NORMAL PERIOD 1981 TO 2010
CLIMATE RECORD PERIOD 1894 TO 2018


WEATHER ITEM   OBSERVED TIME   RECORD YEAR NORMAL DEPARTURE LAST
                VALUE   (LST)  VALUE       VALUE  FROM      YEAR
                                                  NORMAL
..................................................................
TEMPERATURE (F)
 YESTERDAY
  MAXIMUM         40        MM  55    1930  34      6       53
  MINIMUM         26        MM -33    1914  10     16       29
  AVERAGE         33                        22     11       41

PRECIPITATION (IN)
  YESTERDAY        0.01          0.90 1962   0.07  -0.06     0.14
                                      1962
                                      2016
  MONTH TO DATE    2.04                      1.86   0.18     3.00
  SINCE DEC 1      8.29                      7.45   0.84     8.43
  SINCE JAN 1      5.36                      4.37   0.99     4.86

DEGREE DAYS
 HEATING
  YESTERDAY       32                        43    -11       24
  MONTH TO DATE  984                      1106   -122      985
  SINCE DEC 1   3929                      3899     30     3435
  SINCE JUL 1   5402                      5555   -153     4895

 COOLING
  YESTERDAY        0                         0      0        0
  MONTH TO DATE    0                         0      0        0
  SINCE DEC 1      0                         0      0        0
  SINCE JAN 1      0                         0      0        0
..................................................................


WIND (MPH)
  HIGHEST WIND SPEED    MM   HIGHEST WIND DIRECTION    MM
  HIGHEST GUST SPEED    MM   HIGHEST GUST DIRECTION    MM
  AVERAGE WIND SPEED    MM


SKY COVER
  AVERAGE SKY COVER 0.0


WEATHER CONDITIONS
 THE FOLLOWING WEATHER WAS RECORDED YESTERDAY.
  NO SIGNIFICANT WEATHER WAS OBSERVED.


RELATIVE HUMIDITY (PERCENT)
 HIGHEST   100          1200 AM
 LOWEST     59           500 PM
 AVERAGE    80

..........................................................


THE ST. JOHNSBURY VT CLIMATE NORMALS FOR TODAY
                         NORMAL    RECORD    YEAR
 MAXIMUM TEMPERATURE (F)   34        63      2017
 MINIMUM TEMPERATURE (F)   11       -28      1914


SUNRISE AND SUNSET
FEBRUARY 25 2018......SUNRISE   632 AM EST   SUNSET   531 PM EST
FEBRUARY 26 2018......SUNRISE   630 AM EST   SUNSET   532 PM EST


-  INDICATES NEGATIVE NUMBERS.
R  INDICATES RECORD WAS SET OR TIED.
MM INDICATES DATA IS MISSING.
T  INDICATES TRACE AMOUNT.




$$
