000
CDUS41 KBTV 270606
CLI1V4


CLIMATE REPORT
NATIONAL WEATHER SERVICE BURLINGTON VT
100 AM EST MON FEB 27 2017


...................................

...THE ST. JOHNSBURY VT CLIMATE SUMMARY FOR FEBRUARY 26 2017...

CLIMATE NORMAL PERIOD 1981 TO 2010
CLIMATE RECORD PERIOD 1894 TO 2017


WEATHER ITEM   OBSERVED TIME   RECORD YEAR NORMAL DEPARTURE LAST
                VALUE   (LST)  VALUE       VALUE  FROM      YEAR
                                                  NORMAL
..................................................................
TEMPERATURE (F)
 YESTERDAY
  MAXIMUM         35        MM  60    1957  34      1       31
  MINIMUM         17        MM -23    1928  11      6       13
  AVERAGE         26                        23      3       22

PRECIPITATION (IN)
  YESTERDAY        0.01          0.92 1918   0.08  -0.07     0.00
  MONTH TO DATE    3.88                      2.02   1.86     3.45
  SINCE DEC 1      9.31                      7.61   1.70     9.54
  SINCE JAN 1      5.74                      4.53   1.21     4.64

DEGREE DAYS
 HEATING
  YESTERDAY       39                        42     -3       43
  MONTH TO DATE 1041                      1191   -150     1060
  SINCE DEC 1   3491                      3984   -493     3308
  SINCE JUL 1   4951                      5640   -689     4785

 COOLING
  YESTERDAY        0                         0      0        0
  MONTH TO DATE    0                         0      0        0
  SINCE DEC 1      0                         0      0        0
  SINCE JAN 1      0                         0      0        0
..................................................................


WIND (MPH)
  HIGHEST WIND SPEED    MM   HIGHEST WIND DIRECTION    MM
  HIGHEST GUST SPEED    MM   HIGHEST GUST DIRECTION    MM
  AVERAGE WIND SPEED    MM


SKY COVER
  AVERAGE SKY COVER 0.0


WEATHER CONDITIONS
 THE FOLLOWING WEATHER WAS RECORDED YESTERDAY.
  NO SIGNIFICANT WEATHER WAS OBSERVED.


RELATIVE HUMIDITY (PERCENT)
 HIGHEST   100          1200 AM
 LOWEST     43           400 PM
 AVERAGE    72

..........................................................


THE ST. JOHNSBURY VT CLIMATE NORMALS FOR TODAY
                         NORMAL    RECORD    YEAR
 MAXIMUM TEMPERATURE (F)   35        56      2000
                                             1957
 MINIMUM TEMPERATURE (F)   11       -24      1963


SUNRISE AND SUNSET
FEBRUARY 27 2017......SUNRISE   628 AM EST   SUNSET   534 PM EST
FEBRUARY 28 2017......SUNRISE   627 AM EST   SUNSET   535 PM EST


-  INDICATES NEGATIVE NUMBERS.
R  INDICATES RECORD WAS SET OR TIED.
MM INDICATES DATA IS MISSING.
T  INDICATES TRACE AMOUNT.




$$
