000
CDUS43 KUNR 300832
CLI2WX


CLIMATE REPORT
NATIONAL WEATHER SERVICE RAPID CITY SD
231 AM MDT SAT AUG 30 2014


...................................

...THE BUFFALO SD CLIMATE SUMMARY FOR AUGUST 29 2014...

CLIMATE NORMAL PERIOD 1981 TO 2010
CLIMATE RECORD PERIOD 9999 TO 9999


WEATHER ITEM   OBSERVED TIME   RECORD YEAR NORMAL DEPARTURE LAST
                VALUE   (LST)  VALUE       VALUE  FROM      YEAR
                                                  NORMAL
..................................................................
TEMPERATURE (F)
 YESTERDAY
  MAXIMUM         74    157 PM              82     -8       92
  MINIMUM         54   1158 PM              52      2       63
  AVERAGE         64                        67     -3       78

PRECIPITATION (IN)
  YESTERDAY        0.00         MM      MM   0.05  -0.05     0.00
  MONTH TO DATE    3.13                      1.30   1.83     2.64
  SINCE JUN 1      9.58                      5.99   3.59     5.32
  SINCE JAN 1     13.92                     12.03   1.89     9.48

DEGREE DAYS
 HEATING
  YESTERDAY        1                         2     -1        0
  MONTH TO DATE   31                        28      3        2
  SINCE JUN 1    182                       162     20      101
  SINCE JUL 1     47                        48     -1       12

 COOLING
  YESTERDAY        0                         4     -4       13
  MONTH TO DATE  157                       190    -33      188
  SINCE JUN 1    332                       459   -127      457
  SINCE JAN 1    362                       465   -103      467
..................................................................


WIND (MPH)
  HIGHEST WIND SPEED    32   HIGHEST WIND DIRECTION    NW (320)
  HIGHEST GUST SPEED    42   HIGHEST GUST DIRECTION    NW (320)
  AVERAGE WIND SPEED    14.6




RELATIVE HUMIDITY (PERCENT)
 HIGHEST    86          1000 PM
 LOWEST     46           300 PM
 AVERAGE    66

..........................................................




SUNRISE AND SUNSET
AUGUST 30 2014........SUNRISE   613 AM MDT   SUNSET   736 PM MDT
AUGUST 31 2014........SUNRISE   614 AM MDT   SUNSET   734 PM MDT


-  INDICATES NEGATIVE NUMBERS.
R  INDICATES RECORD WAS SET OR TIED.
MM INDICATES DATA IS MISSING.
T  INDICATES TRACE AMOUNT.




$$
