000
CDUS43 KUNR 250833
CLI2WX


CLIMATE REPORT
NATIONAL WEATHER SERVICE RAPID CITY SD
133 AM MST TUE NOV 25 2014


...................................

...THE BUFFALO SD CLIMATE SUMMARY FOR NOVEMBER 24 2014...

CLIMATE NORMAL PERIOD 1981 TO 2010
CLIMATE RECORD PERIOD 9999 TO 9999


WEATHER ITEM   OBSERVED TIME   NORMAL DEPARTURE LAST
                VALUE   (LST)  VALUE  FROM      YEAR
                                      NORMAL
......................................................
TEMPERATURE (F)
 YESTERDAY
  MAXIMUM         35    304 PM  38     -3       53
  MINIMUM         14    526 AM  17     -3       17
  AVERAGE         25            27     -2       35

PRECIPITATION (IN)
  YESTERDAY        0.00          0.00   0.00     0.00
  MONTH TO DATE    0.27          0.30  -0.03     0.00
  SINCE SEP 1      2.39          2.08   0.31     2.67
  SINCE JAN 1     16.76         14.22   2.54    12.15

DEGREE DAYS
 HEATING
  YESTERDAY       40            38      2       30
  MONTH TO DATE  932           761    171      754
  SINCE SEP 1   1627          1610     17     1572
  SINCE JUL 1   1678          1662     16     1584

 COOLING
  YESTERDAY        0             0      0        0
  MONTH TO DATE    0             0      0        0
  SINCE SEP 1     55            42     13      100
  SINCE JAN 1    420           513    -93      587
......................................................


WIND (MPH)
  HIGHEST WIND SPEED    30   HIGHEST WIND DIRECTION    NW (300)
  HIGHEST GUST SPEED    34   HIGHEST GUST DIRECTION    NW (300)
  AVERAGE WIND SPEED    13.1




RELATIVE HUMIDITY (PERCENT)
 HIGHEST    92          1000 PM
 LOWEST     56           200 PM
 AVERAGE    74

..........................................................




SUNRISE AND SUNSET
NOVEMBER 25 2014......SUNRISE   707 AM MST   SUNSET   415 PM MST
NOVEMBER 26 2014......SUNRISE   708 AM MST   SUNSET   415 PM MST


-  INDICATES NEGATIVE NUMBERS.
R  INDICATES RECORD WAS SET OR TIED.
MM INDICATES DATA IS MISSING.
T  INDICATES TRACE AMOUNT.




$$
