000
CDUS43 KUNR 260834
CLI2WX


CLIMATE REPORT
NATIONAL WEATHER SERVICE RAPID CITY SD
231 AM MDT THU MAR 26 2015


...................................

...THE BUFFALO SD CLIMATE SUMMARY FOR MARCH 25 2015...

CLIMATE NORMAL PERIOD 1981 TO 2010
CLIMATE RECORD PERIOD 9999 TO 9999


WEATHER ITEM   OBSERVED TIME   NORMAL DEPARTURE LAST
                VALUE   (LST)  VALUE  FROM      YEAR
                                      NORMAL
......................................................
TEMPERATURE (F)
 YESTERDAY
  MAXIMUM         43    440 PM  47     -4       37
  MINIMUM         25   1108 PM  25      0       12
  AVERAGE         34            36     -2       25

PRECIPITATION (IN)
  YESTERDAY        0.00          0.03  -0.03     0.00
  MONTH TO DATE    0.38          0.62  -0.24     0.62
  SINCE MAR 1      0.38          0.62  -0.24     0.62
  SINCE JAN 1      0.85          1.19  -0.34     1.20

DEGREE DAYS
 HEATING
  YESTERDAY       31            29      2       40
  MONTH TO DATE  636           838   -202      913
  SINCE MAR 1    636           838   -202      913
  SINCE JUL 1   6094          6635   -541     6970

 COOLING
  YESTERDAY        0             0      0        0
  MONTH TO DATE    0             0      0        0
  SINCE MAR 1      0             0      0        0
  SINCE JAN 1      0             0      0        0
......................................................


WIND (MPH)
  HIGHEST WIND SPEED    29   HIGHEST WIND DIRECTION    NW (320)
  HIGHEST GUST SPEED    35   HIGHEST GUST DIRECTION    NW (310)
  AVERAGE WIND SPEED    13.8




RELATIVE HUMIDITY (PERCENT)
 HIGHEST    81          1100 PM
 LOWEST     45           300 PM
 AVERAGE    63

..........................................................




SUNRISE AND SUNSET
MARCH 26 2015.........SUNRISE   646 AM MDT   SUNSET   714 PM MDT
MARCH 27 2015.........SUNRISE   644 AM MDT   SUNSET   716 PM MDT


-  INDICATES NEGATIVE NUMBERS.
R  INDICATES RECORD WAS SET OR TIED.
MM INDICATES DATA IS MISSING.
T  INDICATES TRACE AMOUNT.




$$
