868
CDUS43 KUNR 220833
CLI2WX


CLIMATE REPORT
NATIONAL WEATHER SERVICE RAPID CITY SD
233 AM MDT TUE AUG 22 2017


...................................

...THE BUFFALO SD CLIMATE SUMMARY FOR AUGUST 21 2017...

CLIMATE NORMAL PERIOD 1981 TO 2010
CLIMATE RECORD PERIOD 9999 TO 9999


WEATHER ITEM   OBSERVED TIME   NORMAL DEPARTURE LAST
                VALUE   (LST)  VALUE  FROM      YEAR
                                      NORMAL
......................................................
TEMPERATURE (F)
 YESTERDAY
  MAXIMUM         80    252 PM  84     -4       87
  MINIMUM         53    430 AM  55     -2       52
  AVERAGE         67            70     -3       70

PRECIPITATION (IN)
  YESTERDAY        0.00          0.03  -0.03     0.00
  MONTH TO DATE    0.38          1.02  -0.64     0.86
  SINCE JUN 1      4.81          5.71  -0.90     3.71
  SINCE JAN 1     11.48         11.75  -0.27     7.47

DEGREE DAYS
 HEATING
  YESTERDAY        0             1     -1        0
  MONTH TO DATE   11            16     -5       15
  SINCE JUN 1     44           150   -106       24
  SINCE JUL 1     11            36    -25       15

 COOLING
  YESTERDAY        2             6     -4        5
  MONTH TO DATE   58           152    -94      159
  SINCE JUN 1    560           421    139      641
  SINCE JAN 1    573           427    146      643
......................................................


WIND (MPH)
  HIGHEST WIND SPEED    31   HIGHEST WIND DIRECTION     S (160)
  HIGHEST GUST SPEED    42   HIGHEST GUST DIRECTION     S (160)
  AVERAGE WIND SPEED    12.5




RELATIVE HUMIDITY (PERCENT)
 HIGHEST    86           600 AM
 LOWEST     23           100 PM
 AVERAGE    55

..........................................................




SUNRISE AND SUNSET
AUGUST 22 2017........SUNRISE   604 AM MDT   SUNSET   750 PM MDT
AUGUST 23 2017........SUNRISE   605 AM MDT   SUNSET   748 PM MDT


-  INDICATES NEGATIVE NUMBERS.
R  INDICATES RECORD WAS SET OR TIED.
MM INDICATES DATA IS MISSING.
T  INDICATES TRACE AMOUNT.




$$
