643
CDUS43 KUNR 280831
CLI2WX


CLIMATE REPORT
NATIONAL WEATHER SERVICE RAPID CITY SD
231 AM MDT SUN AUG 28 2016


...................................

...THE BUFFALO SD CLIMATE SUMMARY FOR AUGUST 27 2016...

CLIMATE NORMAL PERIOD 1981 TO 2010
CLIMATE RECORD PERIOD 9999 TO 9999


WEATHER ITEM   OBSERVED TIME   NORMAL DEPARTURE LAST
                VALUE   (LST)  VALUE  FROM      YEAR
                                      NORMAL
......................................................
TEMPERATURE (F)
 YESTERDAY
  MAXIMUM         83    418 PM  82      1       89
  MINIMUM         45    540 AM  53     -8       62
  AVERAGE         64            68     -4       76

PRECIPITATION (IN)
  YESTERDAY        0.00          0.05  -0.05     0.14
  MONTH TO DATE    1.07          1.21  -0.14     3.22
  SINCE JUN 1      3.92          5.90  -1.98     6.16
  SINCE JAN 1      7.68         11.94  -4.26    10.72

DEGREE DAYS
 HEATING
  YESTERDAY        1             2     -1        0
  MONTH TO DATE   30            24      6       41
  SINCE JUN 1     39           158   -119       90
  SINCE JUL 1     30            44    -14       47

 COOLING
  YESTERDAY        0             5     -5       11
  MONTH TO DATE  172           182    -10      177
  SINCE JUN 1    654           451    203      502
  SINCE JAN 1    656           457    199      502
......................................................


WIND (MPH)
  HIGHEST WIND SPEED    18   HIGHEST WIND DIRECTION     S (160)
  HIGHEST GUST SPEED    23   HIGHEST GUST DIRECTION    SE (140)
  AVERAGE WIND SPEED     8.0




RELATIVE HUMIDITY (PERCENT)
 HIGHEST   100           400 AM
 LOWEST     32           500 PM
 AVERAGE    66

..........................................................




SUNRISE AND SUNSET
AUGUST 28 2016........SUNRISE   611 AM MDT   SUNSET   738 PM MDT
AUGUST 29 2016........SUNRISE   612 AM MDT   SUNSET   737 PM MDT


-  INDICATES NEGATIVE NUMBERS.
R  INDICATES RECORD WAS SET OR TIED.
MM INDICATES DATA IS MISSING.
T  INDICATES TRACE AMOUNT.




$$
