000
CDUS43 KUNR 090834
CLI2WX


CLIMATE REPORT
NATIONAL WEATHER SERVICE RAPID CITY SD
134 AM MST TUE FEB 9 2016


...................................

...THE BUFFALO SD CLIMATE SUMMARY FOR FEBRUARY 8 2016...

CLIMATE NORMAL PERIOD 1981 TO 2010
CLIMATE RECORD PERIOD 9999 TO 9999


WEATHER ITEM   OBSERVED TIME   NORMAL DEPARTURE LAST
                VALUE   (LST)  VALUE  FROM      YEAR
                                      NORMAL
......................................................
TEMPERATURE (F)
 YESTERDAY
  MAXIMUM         40    435 PM  32      8       60
  MINIMUM         20    526 AM  12      8       34
  AVERAGE         30            22      8       47

PRECIPITATION (IN)
  YESTERDAY        0.00          0.01  -0.01     0.00
  MONTH TO DATE    0.08          0.08   0.00     0.08
  SINCE DEC 1      0.71          0.66   0.05     0.58
  SINCE JAN 1      0.25          0.37  -0.12     0.42

DEGREE DAYS
 HEATING
  YESTERDAY       35            43     -8       18
  MONTH TO DATE  283           347    -64      291
  SINCE DEC 1   2731          3088   -357     2689
  SINCE JUL 1   4193          4986   -793     4610

 COOLING
  YESTERDAY        0             0      0        0
  MONTH TO DATE    0             0      0        0
  SINCE DEC 1      0             0      0        0
  SINCE JAN 1      0             0      0        0
......................................................


WIND (MPH)
  HIGHEST WIND SPEED    30   HIGHEST WIND DIRECTION    NW (320)
  HIGHEST GUST SPEED    39   HIGHEST GUST DIRECTION    NW (330)
  AVERAGE WIND SPEED    14.8




RELATIVE HUMIDITY (PERCENT)
 HIGHEST    73           500 AM
 LOWEST     27           300 PM
 AVERAGE    50

..........................................................




SUNRISE AND SUNSET
FEBRUARY  9 2016......SUNRISE   706 AM MST   SUNSET   512 PM MST
FEBRUARY 10 2016......SUNRISE   704 AM MST   SUNSET   513 PM MST


-  INDICATES NEGATIVE NUMBERS.
R  INDICATES RECORD WAS SET OR TIED.
MM INDICATES DATA IS MISSING.
T  INDICATES TRACE AMOUNT.




$$
