000
CDUS43 KUNR 280848
CLI2WX


CLIMATE REPORT
NATIONAL WEATHER SERVICE RAPID CITY SD
246 AM MDT THU MAY 28 2015


...................................

...THE BUFFALO SD CLIMATE SUMMARY FOR MAY 27 2015...

CLIMATE NORMAL PERIOD 1981 TO 2010
CLIMATE RECORD PERIOD 9999 TO 9999


WEATHER ITEM   OBSERVED TIME   NORMAL DEPARTURE LAST
                VALUE   (LST)  VALUE  FROM      YEAR
                                      NORMAL
......................................................
TEMPERATURE (F)
 YESTERDAY
  MAXIMUM         76    207 PM  69      7       78
  MINIMUM         51   1137 PM  45      6       57
  AVERAGE         64            57      7       68

PRECIPITATION (IN)
  YESTERDAY        0.03          0.15  -0.12     0.14
  MONTH TO DATE    1.98          2.54  -0.56     1.00
  SINCE MAR 1      3.23          4.86  -1.63     3.10
  SINCE JAN 1      3.70          5.43  -1.73     3.68

DEGREE DAYS
 HEATING
  YESTERDAY        1             8     -7        0
  MONTH TO DATE  374           331     43      337
  SINCE MAR 1   1677          1987   -310     2141
  SINCE JUL 1   7135          7784   -649     8198

 COOLING
  YESTERDAY        0             0      0        3
  MONTH TO DATE    0             0      0       13
  SINCE MAR 1      0             0      0       13
  SINCE JAN 1      0             0      0       13
......................................................


WIND (MPH)
  HIGHEST WIND SPEED    20   HIGHEST WIND DIRECTION     S (180)
  HIGHEST GUST SPEED    25   HIGHEST GUST DIRECTION     S (180)
  AVERAGE WIND SPEED     6.7




RELATIVE HUMIDITY (PERCENT)
 HIGHEST   100          1000 PM
 LOWEST     46           200 PM
 AVERAGE    73

..........................................................




SUNRISE AND SUNSET
MAY 28 2015...........SUNRISE   511 AM MDT   SUNSET   832 PM MDT
MAY 29 2015...........SUNRISE   511 AM MDT   SUNSET   833 PM MDT


-  INDICATES NEGATIVE NUMBERS.
R  INDICATES RECORD WAS SET OR TIED.
MM INDICATES DATA IS MISSING.
T  INDICATES TRACE AMOUNT.




$$
