000
CDUS43 KUNR 230832
CLI2WX


CLIMATE REPORT
NATIONAL WEATHER SERVICE RAPID CITY SD
231 AM MDT MON OCT 23 2017


...................................

...THE BUFFALO SD CLIMATE SUMMARY FOR OCTOBER 22 2017...

CLIMATE NORMAL PERIOD 1981 TO 2010
CLIMATE RECORD PERIOD 9999 TO 9999


WEATHER ITEM   OBSERVED TIME   NORMAL DEPARTURE LAST
                VALUE   (LST)  VALUE  FROM      YEAR
                                      NORMAL
......................................................
TEMPERATURE (F)
 YESTERDAY
  MAXIMUM         71    153 PM  55     16       72
  MINIMUM         32    440 AM  32      0       37
  AVERAGE         52            43      9       55

PRECIPITATION (IN)
  YESTERDAY        0.03          0.04  -0.01     0.00
  MONTH TO DATE    0.12          0.38  -0.26     0.78
  SINCE SEP 1      2.82          1.46   1.36     1.80
  SINCE JAN 1     14.34         13.60   0.74     9.48

DEGREE DAYS
 HEATING
  YESTERDAY       13            22     -9       10
  MONTH TO DATE  336           397    -61      329
  SINCE SEP 1    541           636    -95      465
  SINCE JUL 1    552           688   -136      495

 COOLING
  YESTERDAY        0             0      0        0
  MONTH TO DATE    2             0      2        3
  SINCE SEP 1     93            41     52       42
  SINCE JAN 1    743           512    231      734
......................................................


WIND (MPH)
  HIGHEST WIND SPEED    45   HIGHEST WIND DIRECTION     W (270)
  HIGHEST GUST SPEED    56   HIGHEST GUST DIRECTION     W (250)
  AVERAGE WIND SPEED    18.7




RELATIVE HUMIDITY (PERCENT)
 HIGHEST    86           700 PM
 LOWEST     22          1200 PM
 AVERAGE    54

..........................................................




SUNRISE AND SUNSET
OCTOBER 23 2017.......SUNRISE   722 AM MDT   SUNSET   554 PM MDT
OCTOBER 24 2017.......SUNRISE   723 AM MDT   SUNSET   553 PM MDT


-  INDICATES NEGATIVE NUMBERS.
R  INDICATES RECORD WAS SET OR TIED.
MM INDICATES DATA IS MISSING.
T  INDICATES TRACE AMOUNT.




$$
