000
CDUS43 KUNR 300834
CLI2WX


CLIMATE REPORT
NATIONAL WEATHER SERVICE RAPID CITY SD
233 AM MDT SAT JUL 30 2016


...................................

...THE BUFFALO SD CLIMATE SUMMARY FOR JULY 29 2016...

CLIMATE NORMAL PERIOD 1981 TO 2010
CLIMATE RECORD PERIOD 9999 TO 9999


WEATHER ITEM   OBSERVED TIME   NORMAL DEPARTURE LAST
                VALUE   (LST)  VALUE  FROM      YEAR
                                      NORMAL
......................................................
TEMPERATURE (F)
 YESTERDAY
  MAXIMUM         85    414 PM  87     -2       83
  MINIMUM         60    632 AM  59      1       50
  AVERAGE         73            72      1       67

PRECIPITATION (IN)
  YESTERDAY        0.00          0.07  -0.07     0.00
  MONTH TO DATE    0.73          1.95  -1.22     0.21
  SINCE JUN 1      1.38          4.58  -3.20     2.94
  SINCE JAN 1      5.14         10.62  -5.48     7.50

DEGREE DAYS
 HEATING
  YESTERDAY        0             0      0        0
  MONTH TO DATE    0            21    -21        6
  SINCE JUN 1      9           135   -126       49
  SINCE JUL 1      0            21    -21        6

 COOLING
  YESTERDAY        8             8      0        2
  MONTH TO DATE  274           193     81      221
  SINCE JUN 1    456           255    201      312
  SINCE JAN 1    458           261    197      312
......................................................


WIND (MPH)
  HIGHEST WIND SPEED    12   HIGHEST WIND DIRECTION    NE (60)
  HIGHEST GUST SPEED    16   HIGHEST GUST DIRECTION    SW (210)
  AVERAGE WIND SPEED     6.3




RELATIVE HUMIDITY (PERCENT)
 HIGHEST   100          1200 AM
 LOWEST     32           400 PM
 AVERAGE    66

..........................................................




SUNRISE AND SUNSET
JULY 30 2016..........SUNRISE   536 AM MDT   SUNSET   824 PM MDT
JULY 31 2016..........SUNRISE   537 AM MDT   SUNSET   823 PM MDT


-  INDICATES NEGATIVE NUMBERS.
R  INDICATES RECORD WAS SET OR TIED.
MM INDICATES DATA IS MISSING.
T  INDICATES TRACE AMOUNT.




$$
