000
CDUS43 KUNR 250832
CLI2WX


CLIMATE REPORT
NATIONAL WEATHER SERVICE RAPID CITY SD
231 AM MDT SUN JUN 25 2017


...................................

...THE BUFFALO SD CLIMATE SUMMARY FOR JUNE 24 2017...

CLIMATE NORMAL PERIOD 1981 TO 2010
CLIMATE RECORD PERIOD 9999 TO 9999


WEATHER ITEM   OBSERVED TIME   NORMAL DEPARTURE LAST
                VALUE   (LST)  VALUE  FROM      YEAR
                                      NORMAL
......................................................
TEMPERATURE (F)
 YESTERDAY
  MAXIMUM         72    410 PM  79     -7       99
  MINIMUM         42    424 AM  53    -11       58
  AVERAGE         57            66     -9       79

PRECIPITATION (IN)
  YESTERDAY        0.00          0.07  -0.07     0.00
  MONTH TO DATE    0.73          2.23  -1.50     0.64
  SINCE JUN 1      0.73          2.23  -1.50     0.64
  SINCE JAN 1      7.40          8.27  -0.87     4.40

DEGREE DAYS
 HEATING
  YESTERDAY        8             2      6        0
  MONTH TO DATE   27           105    -78        9
  SINCE JUN 1     27           105    -78        9
  SINCE JUL 1   7093          7919   -826     6385

 COOLING
  YESTERDAY        0             3     -3       14
  MONTH TO DATE   83            40     43      149
  SINCE JUN 1     83            40     43      149
  SINCE JAN 1     96            46     50      151
......................................................


WIND (MPH)
  HIGHEST WIND SPEED    29   HIGHEST WIND DIRECTION     N (340)
  HIGHEST GUST SPEED    38   HIGHEST GUST DIRECTION     N (340)
  AVERAGE WIND SPEED    14.5




RELATIVE HUMIDITY (PERCENT)
 HIGHEST    62           400 AM
 LOWEST     20           200 PM
 AVERAGE    41

..........................................................




SUNRISE AND SUNSET
JUNE 25 2017..........SUNRISE   506 AM MDT   SUNSET   847 PM MDT
JUNE 26 2017..........SUNRISE   507 AM MDT   SUNSET   847 PM MDT


-  INDICATES NEGATIVE NUMBERS.
R  INDICATES RECORD WAS SET OR TIED.
MM INDICATES DATA IS MISSING.
T  INDICATES TRACE AMOUNT.




$$
