000
CDUS43 KUNR 300834
CLI2WX


CLIMATE REPORT
NATIONAL WEATHER SERVICE RAPID CITY SD
232 AM MDT FRI SEP 30 2016


...................................

...THE BUFFALO SD CLIMATE SUMMARY FOR SEPTEMBER 29 2016...

CLIMATE NORMAL PERIOD 1981 TO 2010
CLIMATE RECORD PERIOD 9999 TO 9999


WEATHER ITEM   OBSERVED TIME   NORMAL DEPARTURE LAST
                VALUE   (LST)  VALUE  FROM      YEAR
                                      NORMAL
......................................................
TEMPERATURE (F)
 YESTERDAY
  MAXIMUM         81    322 PM  65     16       69
  MINIMUM         44    548 AM  39      5       58
  AVERAGE         63            52     11       64

PRECIPITATION (IN)
  YESTERDAY        0.00          0.01  -0.01     0.00
  MONTH TO DATE    1.02          1.07  -0.05     0.78
  SINCE SEP 1      1.02          1.07  -0.05     0.78
  SINCE JAN 1      8.70         13.21  -4.51    11.50

DEGREE DAYS
 HEATING
  YESTERDAY        2            13    -11        1
  MONTH TO DATE  136           224    -88       62
  SINCE SEP 1    136           224    -88       62
  SINCE JUL 1    166           276   -110      109

 COOLING
  YESTERDAY        0             0      0        0
  MONTH TO DATE   37            40     -3       86
  SINCE SEP 1     37            40     -3       86
  SINCE JAN 1    729           511    218      624
......................................................


WIND (MPH)
  HIGHEST WIND SPEED    30   HIGHEST WIND DIRECTION    SE (150)
  HIGHEST GUST SPEED    37   HIGHEST GUST DIRECTION    SE (140)
  AVERAGE WIND SPEED    16.6




RELATIVE HUMIDITY (PERCENT)
 HIGHEST    82           600 AM
 LOWEST     28          1200 PM
 AVERAGE    55

..........................................................




SUNRISE AND SUNSET
SEPTEMBER 30 2016.....SUNRISE   652 AM MDT   SUNSET   635 PM MDT
OCTOBER  1 2016.......SUNRISE   653 AM MDT   SUNSET   633 PM MDT


-  INDICATES NEGATIVE NUMBERS.
R  INDICATES RECORD WAS SET OR TIED.
MM INDICATES DATA IS MISSING.
T  INDICATES TRACE AMOUNT.




$$
