000
CDUS43 KUNR 250836
CLI2WX


CLIMATE REPORT
NATIONAL WEATHER SERVICE RAPID CITY SD
232 AM MDT FRI JUL 25 2014


...................................

...THE BUFFALO SD CLIMATE SUMMARY FOR JULY 24 2014...

CLIMATE NORMAL PERIOD 1981 TO 2010
CLIMATE RECORD PERIOD 9999 TO 9999


WEATHER ITEM   OBSERVED TIME   RECORD YEAR NORMAL DEPARTURE LAST
                VALUE   (LST)  VALUE       VALUE  FROM      YEAR
                                                  NORMAL
..................................................................
TEMPERATURE (F)
 YESTERDAY
  MAXIMUM         91    345 PM              86      5       89
  MINIMUM         63   1159 PM              59      4       54
  AVERAGE         77                        72      5       72

PRECIPITATION (IN)
  YESTERDAY        0.09         MM      MM   0.06   0.03     0.00
  MONTH TO DATE    0.91                      1.63  -0.72     0.96
  SINCE JUN 1      6.45                      4.26   2.19     2.66
  SINCE JAN 1     10.79                     10.30   0.49     6.82

DEGREE DAYS
 HEATING
  YESTERDAY        0                         0      0        0
  MONTH TO DATE   16                        21     -5        2
  SINCE JUN 1    151                       135     16       91
  SINCE JUL 1     16                        21     -5        2

 COOLING
  YESTERDAY       12                         8      4        7
  MONTH TO DATE  136                       153    -17      209
  SINCE JUN 1    152                       215    -63      255
  SINCE JAN 1    182                       221    -39      265
..................................................................


WIND (MPH)
  HIGHEST WIND SPEED    31   HIGHEST WIND DIRECTION     N (340)
  HIGHEST GUST SPEED    44   HIGHEST GUST DIRECTION     N (340)
  AVERAGE WIND SPEED    14.0




RELATIVE HUMIDITY (PERCENT)
 HIGHEST    81          1000 PM
 LOWEST     47           300 PM
 AVERAGE    64

..........................................................




SUNRISE AND SUNSET
JULY 25 2014..........SUNRISE   530 AM MDT   SUNSET   831 PM MDT
JULY 26 2014..........SUNRISE   531 AM MDT   SUNSET   830 PM MDT


-  INDICATES NEGATIVE NUMBERS.
R  INDICATES RECORD WAS SET OR TIED.
MM INDICATES DATA IS MISSING.
T  INDICATES TRACE AMOUNT.




$$
