000
CDUS43 KABR 240905
CLI8D3


CLIMATE REPORT
NATIONAL WEATHER SERVICE ABERDEEN SD
404 AM CDT SAT JUN 24 2017


...................................

...THE SISSETON SD CLIMATE SUMMARY FOR JUNE 23 2017...

CLIMATE NORMAL PERIOD 1981 TO 2010
CLIMATE RECORD PERIOD 1900 TO 2017


WEATHER ITEM   OBSERVED TIME   RECORD YEAR NORMAL DEPARTURE LAST
                VALUE   (LST)  VALUE       VALUE  FROM      YEAR
                                                  NORMAL
..................................................................
TEMPERATURE (F)
 YESTERDAY
  MAXIMUM         71    430 PM 100    1937  79     -8       80
  MINIMUM         53   1159 PM  41    1903  57     -4       56
  AVERAGE         62                        68     -6       68

PRECIPITATION (IN)
  YESTERDAY        0.00          1.28 1959   0.12  -0.12     0.00
  MONTH TO DATE    1.95                      2.99  -1.04     1.11
  SINCE JUN 1      1.95                      2.99  -1.04     1.11
  SINCE JAN 1      6.12                      9.97  -3.85     6.15

DEGREE DAYS
 HEATING
  YESTERDAY        3                         1      2        0
  MONTH TO DATE    5                        56    -51       18
  SINCE JUN 1      5                        56    -51       18
  SINCE JUL 1   7155                      8277  -1122     6928

 COOLING
  YESTERDAY        0                         4     -4        3
  MONTH TO DATE  141                        62     79      137
  SINCE JUN 1    141                        62     79      137
  SINCE JAN 1    157                        85     72      174
..................................................................


WIND (MPH)
  HIGHEST WIND SPEED    31   HIGHEST WIND DIRECTION    NW (310)
  HIGHEST GUST SPEED    40   HIGHEST GUST DIRECTION    NW (310)
  AVERAGE WIND SPEED    18.3


SKY COVER
  POSSIBLE SUNSHINE  MM
  AVERAGE SKY COVER 0.0


WEATHER CONDITIONS
 THE FOLLOWING WEATHER WAS RECORDED YESTERDAY.
  NO SIGNIFICANT WEATHER WAS OBSERVED.


RELATIVE HUMIDITY (PERCENT)
 HIGHEST    78           600 AM
 LOWEST     34           600 PM
 AVERAGE    56

..........................................................


THE SISSETON SD CLIMATE NORMALS FOR TODAY
                         NORMAL    RECORD    YEAR
 MAXIMUM TEMPERATURE (F)   80       104      1988
 MINIMUM TEMPERATURE (F)   57        42      2004


SUNRISE AND SUNSET
JUNE 24 2017..........SUNRISE   539 AM CDT   SUNSET   921 PM CDT
JUNE 25 2017..........SUNRISE   540 AM CDT   SUNSET   922 PM CDT


-  INDICATES NEGATIVE NUMBERS.
R  INDICATES RECORD WAS SET OR TIED.
MM INDICATES DATA IS MISSING.
T  INDICATES TRACE AMOUNT.




$$
