000
CDUS43 KABR 302230
CLI8D3


CLIMATE REPORT
NATIONAL WEATHER SERVICE ABERDEEN SD
529 PM CDT MON MAY 30 2016


...................................

...THE SISSETON SD CLIMATE SUMMARY FOR MAY 30 2016...
VALID TODAY AS OF 0500 PM LOCAL TIME.

CLIMATE NORMAL PERIOD 1981 TO 2010
CLIMATE RECORD PERIOD 1900 TO 2016


WEATHER ITEM   OBSERVED TIME   RECORD YEAR NORMAL DEPARTURE LAST
                VALUE   (LST)  VALUE       VALUE  FROM      YEAR
                                                  NORMAL
..................................................................
TEMPERATURE (F)
 TODAY
  MAXIMUM         86    359 PM 113    1934  73     13       58
  MINIMUM         50    406 AM  33    1947  50              36
  AVERAGE         68                        62      6       47

PRECIPITATION (IN)
  TODAY            0.00          1.25 1951   0.10  -0.10     0.00
  MONTH TO DATE    0.50                      2.62  -2.12     5.19
  SINCE MAR 1      3.50                      6.02  -2.52     6.77
  SINCE JAN 1      4.67                      6.88  -2.21     7.65

DEGREE DAYS
 COOLING
  TODAY            3                         1      2        0
  MONTH TO DATE   36                        21     15       17
  SINCE MAR 1     36                        22     14       17
  SINCE JAN 1     36                        22     14       17
..................................................................


WIND (MPH)
  HIGHEST WIND SPEED    21   HIGHEST WIND DIRECTION     S (190)
  HIGHEST GUST SPEED    26   HIGHEST GUST DIRECTION     S (160)
  AVERAGE WIND SPEED     9.9


SKY COVER
  POSSIBLE SUNSHINE  MM
  AVERAGE SKY COVER 0.0


WEATHER CONDITIONS
 THE FOLLOWING WEATHER WAS RECORDED TODAY.
  NO SIGNIFICANT WEATHER WAS OBSERVED.


RELATIVE HUMIDITY (PERCENT)
 HIGHEST    83           500 AM
 LOWEST     26          1000 AM
 AVERAGE    55

..........................................................


THE SISSETON SD CLIMATE NORMALS FOR TOMORROW
                         NORMAL    RECORD    YEAR
 MAXIMUM TEMPERATURE (F)   73       110      1934
 MINIMUM TEMPERATURE (F)   50        35      1964


SUNRISE AND SUNSET
MAY 30 2016...........SUNRISE   543 AM CDT   SUNSET   909 PM CDT
MAY 31 2016...........SUNRISE   542 AM CDT   SUNSET   910 PM CDT


-  INDICATES NEGATIVE NUMBERS.
R  INDICATES RECORD WAS SET OR TIED.
MM INDICATES DATA IS MISSING.
T  INDICATES TRACE AMOUNT.




$$
