000
CDUS43 KABR 271033
CLI8D3


CLIMATE REPORT
NATIONAL WEATHER SERVICE ABERDEEN SD
433 AM CST FRI FEB 27 2015


...................................

...THE SISSETON SD CLIMATE SUMMARY FOR FEBRUARY 26 2015...

CLIMATE NORMAL PERIOD 1981 TO 2010
CLIMATE RECORD PERIOD 1900 TO 2015


WEATHER ITEM   OBSERVED TIME   RECORD YEAR NORMAL DEPARTURE LAST
                VALUE   (LST)  VALUE       VALUE  FROM      YEAR
                                                  NORMAL
..................................................................
TEMPERATURE (F)
 YESTERDAY
  MAXIMUM          4    453 PM  61    1958  31    -27       24
  MINIMUM        -12    702 AM -21    1934  13    -25       -5
  AVERAGE         -4                        22    -26       10

PRECIPITATION (IN)
  YESTERDAY        0.00          0.76 2009   0.02  -0.02     0.00
  MONTH TO DATE    0.41                      0.38   0.03     0.12
  SINCE DEC 1      1.48                      1.20   0.28     1.76
  SINCE JAN 1      0.88                      0.81   0.07     0.62

SNOWFALL (IN)
  YESTERDAY        0.0
  MONTH TO DATE    5.6
  SINCE OCT 1     23.1
  SINCE JUL 1     23.1
  SNOW DEPTH       2

DEGREE DAYS
 HEATING
  YESTERDAY       69                        43     26       55
  MONTH TO DATE 1418                      1229    189     1425
  SINCE DEC 1   4176                      4324   -148     4861
  SINCE JUL 1   6156                      6175    -19     6693

 COOLING
  YESTERDAY        0                         0      0        0
  MONTH TO DATE    0                         0      0        0
  SINCE DEC 1      0                         0      0        0
  SINCE JAN 1      0                         0      0        0
..................................................................


WIND (MPH)
  HIGHEST WIND SPEED    22   HIGHEST WIND DIRECTION     N (340)
  HIGHEST GUST SPEED    25   HIGHEST GUST DIRECTION     N (340)
  AVERAGE WIND SPEED    12.6


SKY COVER
  POSSIBLE SUNSHINE  MM
  AVERAGE SKY COVER 0.0


WEATHER CONDITIONS
 THE FOLLOWING WEATHER WAS RECORDED YESTERDAY.
  NO SIGNIFICANT WEATHER WAS OBSERVED.


RELATIVE HUMIDITY (PERCENT)
 HIGHEST    83           200 AM
 LOWEST     62           500 PM
 AVERAGE    73

..........................................................


THE SISSETON SD CLIMATE NORMALS FOR TODAY
                         NORMAL    RECORD    YEAR
 MAXIMUM TEMPERATURE (F)   31        60      1932
 MINIMUM TEMPERATURE (F)   14       -17      1962


SUNRISE AND SUNSET
FEBRUARY 27 2015......SUNRISE   710 AM CST   SUNSET   612 PM CST
FEBRUARY 28 2015......SUNRISE   709 AM CST   SUNSET   613 PM CST


-  INDICATES NEGATIVE NUMBERS.
R  INDICATES RECORD WAS SET OR TIED.
MM INDICATES DATA IS MISSING.
T  INDICATES TRACE AMOUNT.




$$
