486
CDUS43 KABR 161032
CLI8D3


CLIMATE REPORT
NATIONAL WEATHER SERVICE ABERDEEN SD
531 AM CDT WED AUG 16 2017


...................................

...THE SISSETON SD CLIMATE SUMMARY FOR AUGUST 15 2017...

CLIMATE NORMAL PERIOD 1981 TO 2010
CLIMATE RECORD PERIOD 1900 TO 2017


WEATHER ITEM   OBSERVED TIME   RECORD YEAR NORMAL DEPARTURE LAST
                VALUE   (LST)  VALUE       VALUE  FROM      YEAR
                                                  NORMAL
..................................................................
TEMPERATURE (F)
 YESTERDAY
  MAXIMUM         74    306 PM 106    1937  81     -7       78
  MINIMUM         54    430 AM  39    1979  58     -4       61
  AVERAGE         64                        70     -6       70

PRECIPITATION (IN)
  YESTERDAY        0.00          2.75 2011   0.06  -0.06     0.02
  MONTH TO DATE    2.59                      1.26   1.33     2.72
  SINCE JUN 1      5.84                      8.58  -2.74     8.84
  SINCE JAN 1     10.01                     15.56  -5.55    13.88

DEGREE DAYS
 HEATING
  YESTERDAY        1                         1      0        0
  MONTH TO DATE    6                         6      0        0
  SINCE JUN 1     32                        81    -49       40
  SINCE JUL 1      6                        19    -13       13

 COOLING
  YESTERDAY        0                         5     -5        5
  MONTH TO DATE   28                        90    -62       99
  SINCE JUN 1    426                       389     37      469
  SINCE JAN 1    442                       412     30      506
..................................................................


WIND (MPH)
  HIGHEST WIND SPEED    20   HIGHEST WIND DIRECTION    SE (150)
  HIGHEST GUST SPEED    24   HIGHEST GUST DIRECTION    SE (150)
  AVERAGE WIND SPEED     7.7


SKY COVER
  POSSIBLE SUNSHINE  MM
  AVERAGE SKY COVER 0.0


WEATHER CONDITIONS
 THE FOLLOWING WEATHER WAS RECORDED YESTERDAY.
  NO SIGNIFICANT WEATHER WAS OBSERVED.


RELATIVE HUMIDITY (PERCENT)
 HIGHEST   100           100 AM
 LOWEST     73           300 PM
 AVERAGE    87

..........................................................


THE SISSETON SD CLIMATE NORMALS FOR TODAY
                         NORMAL    RECORD    YEAR
 MAXIMUM TEMPERATURE (F)   81       101      1988
 MINIMUM TEMPERATURE (F)   58        45      1981


SUNRISE AND SUNSET
AUGUST 16 2017........SUNRISE   630 AM CDT   SUNSET   834 PM CDT
AUGUST 17 2017........SUNRISE   631 AM CDT   SUNSET   832 PM CDT


-  INDICATES NEGATIVE NUMBERS.
R  INDICATES RECORD WAS SET OR TIED.
MM INDICATES DATA IS MISSING.
T  INDICATES TRACE AMOUNT.




$$
