000
CDUS43 KABR 281037
CLI8D3


CLIMATE REPORT
NATIONAL WEATHER SERVICE ABERDEEN SD
536 AM CDT WED SEP 28 2016


...................................

...THE SISSETON SD CLIMATE SUMMARY FOR SEPTEMBER 27 2016...

CLIMATE NORMAL PERIOD 1981 TO 2010
CLIMATE RECORD PERIOD 1900 TO 2016


WEATHER ITEM   OBSERVED TIME   RECORD YEAR NORMAL DEPARTURE LAST
                VALUE   (LST)  VALUE       VALUE  FROM      YEAR
                                                  NORMAL
..................................................................
TEMPERATURE (F)
 YESTERDAY
  MAXIMUM         70    330 PM  96    1952  67      3       85
  MINIMUM         40    619 AM  24    1942  42     -2       62
  AVERAGE         55                        55      0       74

PRECIPITATION (IN)
  YESTERDAY        0.00          0.64 1945   0.09  -0.09     0.00
  MONTH TO DATE    2.20                      2.28  -0.08     0.34
  SINCE SEP 1      2.20                      2.28  -0.08     0.34
  SINCE JAN 1     17.64                     19.02  -1.38    14.73

DEGREE DAYS
 HEATING
  YESTERDAY       10                        11     -1        0
  MONTH TO DATE   80                       169    -89       66
  SINCE SEP 1     80                       169    -89       66
  SINCE JUL 1    107                       212   -105      124

 COOLING
  YESTERDAY        0                         0      0        9
  MONTH TO DATE   44                        44      0      118
  SINCE SEP 1     44                        44      0      118
  SINCE JAN 1    625                       523    102      619
..................................................................


WIND (MPH)
  HIGHEST WIND SPEED    24   HIGHEST WIND DIRECTION     N (350)
  HIGHEST GUST SPEED    32   HIGHEST GUST DIRECTION    NW (330)
  AVERAGE WIND SPEED    11.5


SKY COVER
  POSSIBLE SUNSHINE  MM
  AVERAGE SKY COVER 0.0


WEATHER CONDITIONS
 THE FOLLOWING WEATHER WAS RECORDED YESTERDAY.
  NO SIGNIFICANT WEATHER WAS OBSERVED.


RELATIVE HUMIDITY (PERCENT)
 HIGHEST    89          1000 PM
 LOWEST     20           400 PM
 AVERAGE    55

..........................................................


THE SISSETON SD CLIMATE NORMALS FOR TODAY
                         NORMAL    RECORD    YEAR
 MAXIMUM TEMPERATURE (F)   67        88      2011
 MINIMUM TEMPERATURE (F)   42        23      1942


SUNRISE AND SUNSET
SEPTEMBER 28 2016.....SUNRISE   723 AM CDT   SUNSET   713 PM CDT
SEPTEMBER 29 2016.....SUNRISE   724 AM CDT   SUNSET   711 PM CDT


-  INDICATES NEGATIVE NUMBERS.
R  INDICATES RECORD WAS SET OR TIED.
MM INDICATES DATA IS MISSING.
T  INDICATES TRACE AMOUNT.




$$
