000
CDUS43 KABR 121032
CLI8D3


CLIMATE REPORT
NATIONAL WEATHER SERVICE ABERDEEN SD
432 AM CST FRI FEB 12 2016


...................................

...THE SISSETON SD CLIMATE SUMMARY FOR FEBRUARY 11 2016...

CLIMATE NORMAL PERIOD 1981 TO 2010
CLIMATE RECORD PERIOD 1900 TO 2016


WEATHER ITEM   OBSERVED TIME   RECORD YEAR NORMAL DEPARTURE LAST
                VALUE   (LST)  VALUE       VALUE  FROM      YEAR
                                                  NORMAL
..................................................................
TEMPERATURE (F)
 YESTERDAY
  MAXIMUM         17    626 PM  54    2002  26     -9       16
                                      1987
  MINIMUM         -3    340 AM -28    1988   7    -10       -3
  AVERAGE          7                        17    -10        7

PRECIPITATION (IN)
  YESTERDAY       MM             0.32 2013   0.02  MM         T
  MONTH TO DATE    0.26                      0.13   0.13     0.24
  SINCE DEC 1      1.61                      0.95   0.66     1.31
  SINCE JAN 1      0.54                      0.56  -0.02     0.71

SNOWFALL (IN)
  YESTERDAY       MM
  MONTH TO DATE    3.0
  SINCE OCT 1     21.9
  SINCE JUL 1     21.9
  SNOW DEPTH       3

DEGREE DAYS
 HEATING
  YESTERDAY       58                        48     10       58
  MONTH TO DATE  499                       546    -47      557
  SINCE DEC 1   3236                      3641   -405     3315
  SINCE JUL 1   4632                      5492   -860     5295

 COOLING
  YESTERDAY        0                         0      0        0
  MONTH TO DATE    0                         0      0        0
  SINCE DEC 1      0                         0      0        0
  SINCE JAN 1      0                         0      0        0
..................................................................


WIND (MPH)
  HIGHEST WIND SPEED    16   HIGHEST WIND DIRECTION     N (350)
  HIGHEST GUST SPEED    20   HIGHEST GUST DIRECTION     N (350)
  AVERAGE WIND SPEED     6.0


SKY COVER
  POSSIBLE SUNSHINE  MM
  AVERAGE SKY COVER 0.0


WEATHER CONDITIONS
 THE FOLLOWING WEATHER WAS RECORDED YESTERDAY.
  LIGHT SNOW


RELATIVE HUMIDITY (PERCENT)
 HIGHEST    92          1100 PM
 LOWEST     76          1000 AM
 AVERAGE    84

..........................................................


THE SISSETON SD CLIMATE NORMALS FOR TODAY
                         NORMAL    RECORD    YEAR
 MAXIMUM TEMPERATURE (F)   27        51      2005
 MINIMUM TEMPERATURE (F)    7       -31      1905


SUNRISE AND SUNSET
FEBRUARY 12 2016......SUNRISE   735 AM CST   SUNSET   550 PM CST
FEBRUARY 13 2016......SUNRISE   734 AM CST   SUNSET   551 PM CST


-  INDICATES NEGATIVE NUMBERS.
R  INDICATES RECORD WAS SET OR TIED.
MM INDICATES DATA IS MISSING.
T  INDICATES TRACE AMOUNT.




$$
