011
CDUS43 KABR 101547
CLI8D3


CLIMATE REPORT
NATIONAL WEATHER SERVICE ABERDEEN SD
947 AM CST SAT DEC 10 2016


...................................

...THE SISSETON SD CLIMATE SUMMARY FOR DECEMBER 9 2016...

CLIMATE NORMAL PERIOD 1981 TO 2010
CLIMATE RECORD PERIOD 1900 TO 2016


WEATHER ITEM   OBSERVED TIME   RECORD YEAR NORMAL DEPARTURE LAST
                VALUE   (LST)  VALUE       VALUE  FROM      YEAR
                                                  NORMAL
..................................................................
TEMPERATURE (F)
 YESTERDAY
  MAXIMUM          8    217 PM  64    2006  28    -20       55
  MINIMUM         -5   1159 PM -22    1955  10    -15       31
  AVERAGE          2                        19    -17       43

PRECIPITATION (IN)
  YESTERDAY        0.00          0.42 1961   0.01  -0.01     0.00
  MONTH TO DATE    0.08                      0.15  -0.07     0.38
  SINCE DEC 1      0.08                      0.15  -0.07     0.38
  SINCE JAN 1     22.21                     22.09   0.12    17.24

SNOWFALL (IN)
  YESTERDAY        0.0
  MONTH TO DATE    0.9
  SINCE OCT 1      3.4
  SINCE JUL 1      3.4
  SNOW DEPTH       1

DEGREE DAYS
 HEATING
  YESTERDAY       63                        46     17       22
  MONTH TO DATE  393                       401     -8      287
  SINCE DEC 1    393                       401     -8      287
  SINCE JUL 1   1674                      2252   -578     1683

 COOLING
  YESTERDAY        0                         0      0        0
  MONTH TO DATE    0                         0      0        0
  SINCE DEC 1      0                         0      0        0
  SINCE JAN 1    625                       527     98      635
..................................................................


WIND (MPH)
  HIGHEST WIND SPEED    16   HIGHEST WIND DIRECTION     N (360)
  HIGHEST GUST SPEED    19   HIGHEST GUST DIRECTION     N (350)
  AVERAGE WIND SPEED     8.7


SKY COVER
  POSSIBLE SUNSHINE  MM
  AVERAGE SKY COVER 0.0


WEATHER CONDITIONS
 THE FOLLOWING WEATHER WAS RECORDED YESTERDAY.
  NO SIGNIFICANT WEATHER WAS OBSERVED.


RELATIVE HUMIDITY (PERCENT)
 HIGHEST    87           600 PM
 LOWEST     69           400 PM
 AVERAGE    78

..........................................................


THE SISSETON SD CLIMATE NORMALS FOR TODAY
                         NORMAL    RECORD    YEAR
 MAXIMUM TEMPERATURE (F)   28        55      1979
 MINIMUM TEMPERATURE (F)    9       -21      1977


SUNRISE AND SUNSET
DECEMBER 10 2016......SUNRISE   758 AM CST   SUNSET   444 PM CST
DECEMBER 11 2016......SUNRISE   759 AM CST   SUNSET   444 PM CST


-  INDICATES NEGATIVE NUMBERS.
R  INDICATES RECORD WAS SET OR TIED.
MM INDICATES DATA IS MISSING.
T  INDICATES TRACE AMOUNT.




$$
