000
CDUS43 KABR 281040
CLI8D3


CLIMATE REPORT
NATIONAL WEATHER SERVICE ABERDEEN SD
539 AM CDT FRI AUG 28 2015


...................................

...THE SISSETON SD CLIMATE SUMMARY FOR AUGUST 27 2015...

CLIMATE NORMAL PERIOD 1981 TO 2010
CLIMATE RECORD PERIOD 1900 TO 2015


WEATHER ITEM   OBSERVED TIME   RECORD YEAR NORMAL DEPARTURE LAST
                VALUE   (LST)  VALUE       VALUE  FROM      YEAR
                                                  NORMAL
..................................................................
TEMPERATURE (F)
 YESTERDAY
  MAXIMUM         78    213 PM 103    1973  79     -1       75
  MINIMUM         56   1230 AM  39    1986  55      1       53
  AVERAGE         67                        67      0       64

PRECIPITATION (IN)
  YESTERDAY        0.00          0.65 1936   0.08  -0.08     0.00
  MONTH TO DATE    2.19                      2.10   0.09     2.00
  SINCE JUN 1      6.74                      9.42  -2.68    12.41
  SINCE JAN 1     14.39                     16.40  -2.01    20.78

DEGREE DAYS
 HEATING
  YESTERDAY        0                         2     -2        1
  MONTH TO DATE   45                        20     25       16
  SINCE JUN 1     72                        95    -23       71
  SINCE JUL 1     58                        33     25       36

 COOLING
  YESTERDAY        2                         4     -2        0
  MONTH TO DATE  120                       143    -23      112
  SINCE JUN 1    452                       442     10      330
  SINCE JAN 1    469                       465      4      391
..................................................................


WIND (MPH)
  HIGHEST WIND SPEED    15   HIGHEST WIND DIRECTION    SW (210)
  HIGHEST GUST SPEED    17   HIGHEST GUST DIRECTION     S (200)
  AVERAGE WIND SPEED     5.0


SKY COVER
  POSSIBLE SUNSHINE  MM
  AVERAGE SKY COVER 0.0


WEATHER CONDITIONS
 THE FOLLOWING WEATHER WAS RECORDED YESTERDAY.
  NO SIGNIFICANT WEATHER WAS OBSERVED.


RELATIVE HUMIDITY (PERCENT)
 HIGHEST   100           600 AM
 LOWEST     69          1200 PM
 AVERAGE    85

..........................................................


THE SISSETON SD CLIMATE NORMALS FOR TODAY
                         NORMAL    RECORD    YEAR
 MAXIMUM TEMPERATURE (F)   79       101      1973
 MINIMUM TEMPERATURE (F)   55        36      1965


SUNRISE AND SUNSET
AUGUST 28 2015........SUNRISE   644 AM CDT   SUNSET   814 PM CDT
AUGUST 29 2015........SUNRISE   645 AM CDT   SUNSET   812 PM CDT


-  INDICATES NEGATIVE NUMBERS.
R  INDICATES RECORD WAS SET OR TIED.
MM INDICATES DATA IS MISSING.
T  INDICATES TRACE AMOUNT.




$$
