000
CDUS43 KABR 181033
CLI8D3


CLIMATE REPORT
NATIONAL WEATHER SERVICE ABERDEEN SD
532 AM CDT WED OCT 18 2017


...................................

...THE SISSETON SD CLIMATE SUMMARY FOR OCTOBER 17 2017...

CLIMATE NORMAL PERIOD 1981 TO 2010
CLIMATE RECORD PERIOD 1900 TO 2017


WEATHER ITEM   OBSERVED TIME   RECORD YEAR NORMAL DEPARTURE LAST
                VALUE   (LST)  VALUE       VALUE  FROM      YEAR
                                                  NORMAL
..................................................................
TEMPERATURE (F)
 YESTERDAY
  MAXIMUM         77    256 PM  86    1945  57     20       67
  MINIMUM         40    508 AM  12    1976  35      5       49
  AVERAGE         59                        46     13       58

PRECIPITATION (IN)
  YESTERDAY        0.00          1.67 1998   0.07  -0.07     0.01
  MONTH TO DATE    1.48                      1.38   0.10     0.86
  SINCE SEP 1      5.69                      3.92   1.77     3.06
  SINCE JAN 1     18.41                     20.66  -2.25    18.50

SNOWFALL (IN)
  YESTERDAY        0.0
  MONTH TO DATE    0.0
  SINCE OCT 1      0.0
  SINCE JUL 1      0.0
  SNOW DEPTH       0

DEGREE DAYS
 HEATING
  YESTERDAY        6                        19    -13        7
  MONTH TO DATE  227                       268    -41      218
  SINCE SEP 1    366                       470   -104      336
  SINCE JUL 1    380                       513   -133      363

 COOLING
  YESTERDAY        0                         0      0        0
  MONTH TO DATE    0                         0      0        0
  SINCE SEP 1     81                        44     37       44
  SINCE JAN 1    549                       523     26      625
..................................................................


WIND (MPH)
  HIGHEST WIND SPEED    24   HIGHEST WIND DIRECTION    SW (210)
  HIGHEST GUST SPEED    30   HIGHEST GUST DIRECTION    SW (210)
  AVERAGE WIND SPEED    10.1


SKY COVER
  POSSIBLE SUNSHINE  MM
  AVERAGE SKY COVER 0.0


WEATHER CONDITIONS
 THE FOLLOWING WEATHER WAS RECORDED YESTERDAY.
  NO SIGNIFICANT WEATHER WAS OBSERVED.


RELATIVE HUMIDITY (PERCENT)
 HIGHEST    82           500 AM
 LOWEST     25           100 PM
 AVERAGE    54

..........................................................


THE SISSETON SD CLIMATE NORMALS FOR TODAY
                         NORMAL    RECORD    YEAR
 MAXIMUM TEMPERATURE (F)   56        84      1953
 MINIMUM TEMPERATURE (F)   35        14      1972


SUNRISE AND SUNSET
OCTOBER 18 2017.......SUNRISE   749 AM CDT   SUNSET   636 PM CDT
OCTOBER 19 2017.......SUNRISE   750 AM CDT   SUNSET   635 PM CDT


-  INDICATES NEGATIVE NUMBERS.
R  INDICATES RECORD WAS SET OR TIED.
MM INDICATES DATA IS MISSING.
T  INDICATES TRACE AMOUNT.




$$
