000
CDUS43 KABR 251030
CLI8D3


CLIMATE REPORT
NATIONAL WEATHER SERVICE ABERDEEN SD
430 AM CST SUN JAN 25 2015


...................................

...THE SISSETON SD CLIMATE SUMMARY FOR JANUARY 24 2015...

CLIMATE NORMAL PERIOD 1981 TO 2010
CLIMATE RECORD PERIOD 1900 TO 2015


WEATHER ITEM   OBSERVED TIME   RECORD YEAR NORMAL DEPARTURE LAST
                VALUE   (LST)  VALUE       VALUE  FROM      YEAR
                                                  NORMAL
..................................................................
TEMPERATURE (F)
 YESTERDAY
  MAXIMUM         37    332 PM  65    1981  23     14       37
  MINIMUM         31    805 AM -37    1936   3     28       20
  AVERAGE         34                        13     21       29

PRECIPITATION (IN)
  YESTERDAY        0.09          0.60 1950   0.01   0.08     0.02
  MONTH TO DATE    0.46                      0.35   0.11     0.27
  SINCE DEC 1      1.06                      0.74   0.32     1.41
  SINCE JAN 1      0.46                      0.35   0.11     0.27

SNOWFALL (IN)
  YESTERDAY       MM
  MONTH TO DATE    3.0
  SINCE OCT 1     16.1
  SINCE JUL 1     16.1
  SNOW DEPTH       1

DEGREE DAYS
 HEATING
  YESTERDAY       31                        52    -21       36
  MONTH TO DATE 1166                      1248    -82     1270
  SINCE DEC 1   2496                      2736   -240     3017
  SINCE JUL 1   4476                      4587   -111     4849

 COOLING
  YESTERDAY        0                         0      0        0
  MONTH TO DATE    0                         0      0        0
  SINCE DEC 1      0                         0      0        0
  SINCE JAN 1      0                         0      0        0
..................................................................


WIND (MPH)
  HIGHEST WIND SPEED    18   HIGHEST WIND DIRECTION     W (290)
  HIGHEST GUST SPEED    23   HIGHEST GUST DIRECTION     N (10)
  AVERAGE WIND SPEED    10.0


SKY COVER
  POSSIBLE SUNSHINE  MM
  AVERAGE SKY COVER 0.0


WEATHER CONDITIONS
 THE FOLLOWING WEATHER WAS RECORDED YESTERDAY.
  NO SIGNIFICANT WEATHER WAS OBSERVED.


RELATIVE HUMIDITY (PERCENT)
 HIGHEST   100           700 PM
 LOWEST     75           900 AM
 AVERAGE    88

..........................................................


THE SISSETON SD CLIMATE NORMALS FOR TODAY
                         NORMAL    RECORD    YEAR
 MAXIMUM TEMPERATURE (F)   24        56      1981
 MINIMUM TEMPERATURE (F)    3       -30      1904


SUNRISE AND SUNSET
JANUARY 25 2015.......SUNRISE   757 AM CST   SUNSET   524 PM CST
JANUARY 26 2015.......SUNRISE   756 AM CST   SUNSET   525 PM CST


-  INDICATES NEGATIVE NUMBERS.
R  INDICATES RECORD WAS SET OR TIED.
MM INDICATES DATA IS MISSING.
T  INDICATES TRACE AMOUNT.




$$
