000
CDUS43 KABR 270910
CLI8D3


CLIMATE REPORT
NATIONAL WEATHER SERVICE ABERDEEN SD
409 AM CDT THU APR 27 2017


...................................

...THE SISSETON SD CLIMATE SUMMARY FOR APRIL 26 2017...

CLIMATE NORMAL PERIOD 1981 TO 2010
CLIMATE RECORD PERIOD 1900 TO 2017


WEATHER ITEM   OBSERVED TIME   RECORD YEAR NORMAL DEPARTURE LAST
                VALUE   (LST)  VALUE       VALUE  FROM      YEAR
                                                  NORMAL
..................................................................
TEMPERATURE (F)
 YESTERDAY
  MAXIMUM         33    120 AM  91    1962  62    -29       44
  MINIMUM         29   1121 PM  23    1932  37     -8       38
  AVERAGE         31                        50    -19       41

PRECIPITATION (IN)
  YESTERDAY        0.05          2.00 1912   0.12  -0.07     0.03
  MONTH TO DATE    1.57                      1.75  -0.18     2.37
  SINCE MAR 1      1.83                      2.87  -1.04     2.91
  SINCE JAN 1      3.03                      3.73  -0.70     4.08

SNOWFALL (IN)
  YESTERDAY        0.5
  MONTH TO DATE    0.5
  SINCE OCT 1     30.9
  SINCE JUL 1     30.9
  SNOW DEPTH       0

DEGREE DAYS
 HEATING
  YESTERDAY       34                        15     19       24
  MONTH TO DATE  473                       559    -86      528
  SINCE MAR 1   1553                      1642    -89     1334
  SINCE JUL 1   6817                      7901  -1084     6635

 COOLING
  YESTERDAY        0                         0      0        0
  MONTH TO DATE    0                         0      0        0
  SINCE MAR 1      0                         0      0        0
  SINCE JAN 1      0                         0      0        0
..................................................................


WIND (MPH)
  HIGHEST WIND SPEED    28   HIGHEST WIND DIRECTION     N (360)
  HIGHEST GUST SPEED    32   HIGHEST GUST DIRECTION     N (360)
  AVERAGE WIND SPEED    20.5


SKY COVER
  POSSIBLE SUNSHINE  MM
  AVERAGE SKY COVER 0.0


WEATHER CONDITIONS
 THE FOLLOWING WEATHER WAS RECORDED YESTERDAY.
  NO SIGNIFICANT WEATHER WAS OBSERVED.


RELATIVE HUMIDITY (PERCENT)
 HIGHEST   100           400 AM
 LOWEST     85          1200 PM
 AVERAGE    93

..........................................................


THE SISSETON SD CLIMATE NORMALS FOR TODAY
                         NORMAL    RECORD    YEAR
 MAXIMUM TEMPERATURE (F)   63        88      1952
 MINIMUM TEMPERATURE (F)   38        20      1934


SUNRISE AND SUNSET
APRIL 27 2017.........SUNRISE   621 AM CDT   SUNSET   830 PM CDT
APRIL 28 2017.........SUNRISE   620 AM CDT   SUNSET   832 PM CDT


-  INDICATES NEGATIVE NUMBERS.
R  INDICATES RECORD WAS SET OR TIED.
MM INDICATES DATA IS MISSING.
T  INDICATES TRACE AMOUNT.




$$
