444
CDUS46 KMFR 060036
CLIAAT


CLIMATE REPORT
NATIONAL WEATHER SERVICE MEDFORD, OR
436 PM PST MON DEC 5 2016


...................................

...THE ALTURAS CA CLIMATE SUMMARY FOR DECEMBER 5 2016...
VALID TODAY AS OF 0400 PM LOCAL TIME.

CLIMATE NORMAL PERIOD 1981 TO 2010
CLIMATE RECORD PERIOD 1905 TO 2016


WEATHER ITEM   OBSERVED TIME   RECORD YEAR NORMAL DEPARTURE LAST
                VALUE   (LST)  VALUE       VALUE  FROM      YEAR
                                                  NORMAL
..................................................................
TEMPERATURE (F)
 TODAY
  MAXIMUM         36    327 PM  64    1939  41     -5       44
  MINIMUM         19    749 AM -10    2013  20     -1       21
  AVERAGE         28                        30     -2       33

PRECIPITATION (IN)
  TODAY            0.00          0.56 1956   0.06  -0.06     0.00
  MONTH TO DATE    0.01                      0.26  -0.25     0.18
  SINCE OCT 1      2.01                      3.06  -1.05     2.65
  SINCE JAN 1      9.48                     12.72  -3.24     9.85

SNOWFALL (IN)
  TODAY           MM                        MM     MM       MM
  MONTH TO DATE   MM                        MM     MM       MM
  SINCE JUL 1     MM                        MM     MM       MM
  SNOW DEPTH      MM

DEGREE DAYS
 HEATING
  TODAY           37                        34      3       32
  MONTH TO DATE  172                       170      2      150
  SINCE DEC 1    172                       170      2      150
  SINCE JUL 1   1680                      1980   -300     1677

 COOLING
  TODAY            0                         0      0        0
  MONTH TO DATE    0                         0      0        0
  SINCE DEC 1      0                         0      0        0
  SINCE JAN 1    254                       156     98      333
..................................................................


WIND (MPH)
  HIGHEST WIND SPEED     9   HIGHEST WIND DIRECTION     W (270)
  HIGHEST GUST SPEED    12   HIGHEST GUST DIRECTION    NW (310)
  AVERAGE WIND SPEED     2.3


SKY COVER
  POSSIBLE SUNSHINE  MM
  AVERAGE SKY COVER 0.3


WEATHER CONDITIONS
 THE FOLLOWING WEATHER WAS RECORDED TODAY.
  FOG


RELATIVE HUMIDITY (PERCENT)
 HIGHEST    92           700 AM
 LOWEST     56          1200 PM
 AVERAGE    74

..........................................................


THE ALTURAS CA CLIMATE NORMALS FOR TOMORROW
                         NORMAL    RECORD    YEAR
 MAXIMUM TEMPERATURE (F)   41        64      1939
 MINIMUM TEMPERATURE (F)   20        -3      1909


SUNRISE AND SUNSET
DECEMBER  5 2016......SUNRISE   714 AM PST   SUNSET   432 PM PST
DECEMBER  6 2016......SUNRISE   715 AM PST   SUNSET   432 PM PST


-  INDICATES NEGATIVE NUMBERS.
R  INDICATES RECORD WAS SET OR TIED.
MM INDICATES DATA IS MISSING.
T  INDICATES TRACE AMOUNT.




$$
