000
CDUS46 KMFR 060846
CLIAAT


CLIMATE REPORT
NATIONAL WEATHER SERVICE MEDFORD, OR
146 AM PDT MON JUL 6 2015


...................................

...THE ALTURAS CA CLIMATE SUMMARY FOR JULY 5 2015...

CLIMATE NORMAL PERIOD 1981 TO 2010
CLIMATE RECORD PERIOD 1905 TO 2015


WEATHER ITEM   OBSERVED TIME   RECORD YEAR NORMAL DEPARTURE LAST
                VALUE   (LST)  VALUE       VALUE  FROM      YEAR
                                                  NORMAL
..................................................................
TEMPERATURE (F)
 YESTERDAY
  MAXIMUM         86    536 PM 106    2007  85      1       94
  MINIMUM         59   1148 PM  30    1986  44     15       44
  AVERAGE         73                        65      8       69

PRECIPITATION (IN)
  YESTERDAY        0.26          0.48 1939   0.00   0.26     0.00
  MONTH TO DATE    0.26                      0.05   0.21     0.00
  SINCE OCT 1     10.17                     13.00  -2.83     6.04
  SINCE JAN 1      5.66                      8.49  -2.83     5.41

SNOWFALL (IN)
  YESTERDAY       MM                        MM     MM       MM
  MONTH TO DATE   MM                        MM     MM       MM
  SINCE JUL 1     MM                        MM     MM       MM
  SNOW DEPTH      MM

DEGREE DAYS
 HEATING
  YESTERDAY        0                         2     -2        0
  MONTH TO DATE    0                        11    -11        0
  SINCE JUN 1     30                       191   -161       89
  SINCE JUL 1      0                        11    -11        0

 COOLING
  YESTERDAY        8                         2      6        4
  MONTH TO DATE   61                         7     54       32
  SINCE JUN 1    164                        18    146       52
  SINCE JAN 1    164                        18    146       52
..................................................................


WIND (MPH)
  HIGHEST WIND SPEED    25   HIGHEST WIND DIRECTION     E (90)
  HIGHEST GUST SPEED    36   HIGHEST GUST DIRECTION     E (90)
  AVERAGE WIND SPEED     6.1


SKY COVER
  POSSIBLE SUNSHINE  MM
  AVERAGE SKY COVER 0.6


WEATHER CONDITIONS
 THE FOLLOWING WEATHER WAS RECORDED YESTERDAY.
  THUNDERSTORM
  RAIN
  LIGHT RAIN
  FOG


RELATIVE HUMIDITY (PERCENT)
 HIGHEST   100           400 AM
 LOWEST     28           300 PM
 AVERAGE    64

..........................................................


THE ALTURAS CA CLIMATE NORMALS FOR TODAY
                         NORMAL    RECORD    YEAR
 MAXIMUM TEMPERATURE (F)   86        99      2014
 MINIMUM TEMPERATURE (F)   44        30      1961


SUNRISE AND SUNSET
JULY  6 2015..........SUNRISE   535 AM PDT   SUNSET   839 PM PDT
JULY  7 2015..........SUNRISE   536 AM PDT   SUNSET   838 PM PDT


-  INDICATES NEGATIVE NUMBERS.
R  INDICATES RECORD WAS SET OR TIED.
MM INDICATES DATA IS MISSING.
T  INDICATES TRACE AMOUNT.




$$
