000
CDUS46 KMFR 270837
CLIAAT


CLIMATE REPORT
NATIONAL WEATHER SERVICE MEDFORD, OR
137 AM PDT WED AUG 27 2014


...................................

...THE ALTURAS CA CLIMATE SUMMARY FOR AUGUST 26 2014...

CLIMATE NORMAL PERIOD 1981 TO 2010
CLIMATE RECORD PERIOD 1905 TO 2014


WEATHER ITEM   OBSERVED TIME   RECORD YEAR NORMAL DEPARTURE LAST
                VALUE   (LST)  VALUE       VALUE  FROM      YEAR
                                                  NORMAL
..................................................................
TEMPERATURE (F)
 YESTERDAY
  MAXIMUM         86    407 PM  99    1934  84      2       81
  MINIMUM         41    550 AM  29    1908  41      0       38
  AVERAGE         64                        62      2       60

PRECIPITATION (IN)
  YESTERDAY        0.00          0.10 1967   0.01  -0.01     0.00
  MONTH TO DATE    0.46                      0.29   0.17     0.72
  SINCE SEP 1      7.42                     14.10  -6.68     9.49
  SINCE JAN 1      6.28                      9.07  -2.79     5.15

SNOWFALL (IN)
  YESTERDAY       MM                        MM     MM       MM
  MONTH TO DATE   MM                        MM     MM       MM
  SINCE JUL 1     MM                        MM     MM       MM
  SNOW DEPTH      MM

DEGREE DAYS
 HEATING
  YESTERDAY        1                         4     -3        5
  MONTH TO DATE   11                        49    -38       56
  SINCE JUN 1    106                       270   -164      216
  SINCE JUL 1     17                        90    -73       60

 COOLING
  YESTERDAY        0                         1     -1        0
  MONTH TO DATE   84                        51     33       39
  SINCE JUN 1    357                       146    211      255
  SINCE JAN 1    357                       146    211      255
..................................................................


WIND (MPH)
  HIGHEST WIND SPEED    14   HIGHEST WIND DIRECTION    NW (320)
  HIGHEST GUST SPEED    17   HIGHEST GUST DIRECTION    NW (310)
  AVERAGE WIND SPEED     3.1


SKY COVER
  POSSIBLE SUNSHINE  MM
  AVERAGE SKY COVER 0.0


WEATHER CONDITIONS
 THE FOLLOWING WEATHER WAS RECORDED YESTERDAY.
  NO SIGNIFICANT WEATHER WAS OBSERVED.


RELATIVE HUMIDITY (PERCENT)
 HIGHEST    65           300 AM
 LOWEST     11           400 PM
 AVERAGE    38

..........................................................


THE ALTURAS CA CLIMATE NORMALS FOR TODAY
                         NORMAL    RECORD    YEAR
 MAXIMUM TEMPERATURE (F)   84       100      1915
 MINIMUM TEMPERATURE (F)   41        30      1995


SUNRISE AND SUNSET
AUGUST 27 2014........SUNRISE   623 AM PDT   SUNSET   743 PM PDT
AUGUST 28 2014........SUNRISE   624 AM PDT   SUNSET   742 PM PDT


-  INDICATES NEGATIVE NUMBERS.
R  INDICATES RECORD WAS SET OR TIED.
MM INDICATES DATA IS MISSING.
T  INDICATES TRACE AMOUNT.




$$
