000
CDUS46 KMFR 190855
CLIAAT


CLIMATE REPORT
NATIONAL WEATHER SERVICE MEDFORD, OR
1255 AM PST SUN NOV 19 2017


...................................

...THE ALTURAS CA CLIMATE SUMMARY FOR NOVEMBER 18 2017...

CLIMATE NORMAL PERIOD 1981 TO 2010
CLIMATE RECORD PERIOD 1905 TO 2017


WEATHER ITEM   OBSERVED TIME   RECORD YEAR NORMAL DEPARTURE LAST
                VALUE   (LST)  VALUE       VALUE  FROM      YEAR
                                                  NORMAL
..................................................................
TEMPERATURE (F)
 YESTERDAY
  MAXIMUM         49    338 PM  72    1959  48      1       54
  MINIMUM         17    645 AM   5    1985  22     -5       20
  AVERAGE         33                        35     -2       37

PRECIPITATION (IN)
  YESTERDAY        0.00          0.49 1982   0.07  -0.07     0.00
  MONTH TO DATE    1.34                      1.10   0.24     0.16
  SINCE OCT 1      2.26                      2.11   0.15     1.63
  SINCE JAN 1     14.45                     11.77   2.68     9.10

SNOWFALL (IN)
  YESTERDAY       MM                        MM     MM       MM
  MONTH TO DATE   MM                        MM     MM       MM
  SINCE JUL 1     MM                        MM     MM       MM
  SNOW DEPTH      MM

DEGREE DAYS
 HEATING
  YESTERDAY       32                        30      2       28
  MONTH TO DATE  461                       484    -23      360
  SINCE SEP 1   1283                      1316    -33     1081
  SINCE JUL 1   1284                      1427   -143     1138

 COOLING
  YESTERDAY        0                         0      0        0
  MONTH TO DATE    0                         0      0        0
  SINCE SEP 1     75                         5     70        0
  SINCE JAN 1    516                       156    360      254
..................................................................


WIND (MPH)
  HIGHEST WIND SPEED    13   HIGHEST WIND DIRECTION     S (170)
  HIGHEST GUST SPEED    17   HIGHEST GUST DIRECTION     S (180)
  AVERAGE WIND SPEED     4.6


SKY COVER
  POSSIBLE SUNSHINE  MM
  AVERAGE SKY COVER 0.0


WEATHER CONDITIONS
 THE FOLLOWING WEATHER WAS RECORDED YESTERDAY.
  FOG
  HAZE


RELATIVE HUMIDITY (PERCENT)
 HIGHEST    92          1200 AM
 LOWEST     41          1100 AM
 AVERAGE    67

..........................................................


THE ALTURAS CA CLIMATE NORMALS FOR TODAY
                         NORMAL    RECORD    YEAR
 MAXIMUM TEMPERATURE (F)   47        76      1936
 MINIMUM TEMPERATURE (F)   22        -6      1994


SUNRISE AND SUNSET
NOVEMBER 19 2017......SUNRISE   656 AM PST   SUNSET   439 PM PST
NOVEMBER 20 2017......SUNRISE   657 AM PST   SUNSET   438 PM PST


-  INDICATES NEGATIVE NUMBERS.
R  INDICATES RECORD WAS SET OR TIED.
MM INDICATES DATA IS MISSING.
T  INDICATES TRACE AMOUNT.




$$
