000
CDUS46 KMFR 210837
CLIAAT


CLIMATE REPORT
NATIONAL WEATHER SERVICE MEDFORD, OR
1237 AM PST SUN JAN 21 2018


...................................

...THE ALTURAS CA CLIMATE SUMMARY FOR JANUARY 20 2018...

CLIMATE NORMAL PERIOD 1981 TO 2010
CLIMATE RECORD PERIOD 1905 TO 2018


WEATHER ITEM   OBSERVED TIME   RECORD YEAR NORMAL DEPARTURE LAST
                VALUE   (LST)  VALUE       VALUE  FROM      YEAR
                                                  NORMAL
..................................................................
TEMPERATURE (F)
 YESTERDAY
  MAXIMUM         33    216 PM  62    1961  42     -9       41
  MINIMUM         17   1159 PM -32    1937  18     -1       30
  AVERAGE         25                        30     -5       36

PRECIPITATION (IN)
  YESTERDAY        T             0.90 1969   0.04  -0.04     0.03
  MONTH TO DATE    1.16                      1.18  -0.02     3.10
  SINCE OCT 1      4.16                      5.69  -1.53     6.85
  SINCE JAN 1      1.16                      1.18  -0.02     3.10

SNOWFALL (IN)
  YESTERDAY       MM                        MM     MM       MM
  MONTH TO DATE   MM                        MM     MM       MM
  SINCE JUL 1     MM                        MM     MM       MM
  SNOW DEPTH      MM

DEGREE DAYS
 HEATING
  YESTERDAY       40                        35      5       29
  MONTH TO DATE  525                       712   -187      816
  SINCE DEC 1   1573                      1812   -239     1975
  SINCE JUL 1   3127                      3622   -495     3483

 COOLING
  YESTERDAY        0                         0      0        0
  MONTH TO DATE    0                         0      0        0
  SINCE DEC 1      0                         0      0        0
  SINCE JAN 1      0                         0      0        0
..................................................................


WIND (MPH)
  HIGHEST WIND SPEED     8   HIGHEST WIND DIRECTION    NW (320)
  HIGHEST GUST SPEED     9   HIGHEST GUST DIRECTION    NW (320)
  AVERAGE WIND SPEED     1.3


SKY COVER
  POSSIBLE SUNSHINE  MM
  AVERAGE SKY COVER 0.9


WEATHER CONDITIONS
 THE FOLLOWING WEATHER WAS RECORDED YESTERDAY.
  LIGHT SNOW
  FOG
  FOG W/VISIBILITY <= 1/4 MILE


RELATIVE HUMIDITY (PERCENT)
 HIGHEST   100           900 AM
 LOWEST     69           200 PM
 AVERAGE    85

..........................................................


THE ALTURAS CA CLIMATE NORMALS FOR TODAY
                         NORMAL    RECORD    YEAR
 MAXIMUM TEMPERATURE (F)   42        69      1961
 MINIMUM TEMPERATURE (F)   18       -30      1937


SUNRISE AND SUNSET
JANUARY 21 2018.......SUNRISE   723 AM PST   SUNSET   505 PM PST
JANUARY 22 2018.......SUNRISE   722 AM PST   SUNSET   506 PM PST


-  INDICATES NEGATIVE NUMBERS.
R  INDICATES RECORD WAS SET OR TIED.
MM INDICATES DATA IS MISSING.
T  INDICATES TRACE AMOUNT.




$$
