000
CDUS46 KMFR 030836
CLIAAT


CLIMATE REPORT
NATIONAL WEATHER SERVICE MEDFORD, OR
136 AM PDT MON AUG 3 2015


...................................

...THE ALTURAS CA CLIMATE SUMMARY FOR AUGUST 2 2015...

CLIMATE NORMAL PERIOD 1981 TO 2010
CLIMATE RECORD PERIOD 1905 TO 2015


WEATHER ITEM   OBSERVED TIME   RECORD YEAR NORMAL DEPARTURE LAST
                VALUE   (LST)  VALUE       VALUE  FROM      YEAR
                                                  NORMAL
..................................................................
TEMPERATURE (F)
 YESTERDAY
  MAXIMUM         87   1136 AM 101    1914  90     -3       96
  MINIMUM         61   1159 PM  34    1985  45     16       46
  AVERAGE         74                        67      7       71

PRECIPITATION (IN)
  YESTERDAY        0.08          1.05 1965   0.01   0.07     0.00
  MONTH TO DATE    0.08                      0.02   0.06     0.00
  SINCE OCT 1     11.16                     13.31  -2.15     6.45
  SINCE JAN 1      6.65                      8.80  -2.15     5.82

SNOWFALL (IN)
  YESTERDAY       MM                        MM     MM       MM
  MONTH TO DATE   MM                        MM     MM       MM
  SINCE JUL 1     MM                        MM     MM       MM
  SNOW DEPTH      MM

DEGREE DAYS
 HEATING
  YESTERDAY        0                         1     -1        0
  MONTH TO DATE    0                         2     -2        0
  SINCE JUN 1     53                       223   -170       95
  SINCE JUL 1     23                        43    -20        6

 COOLING
  YESTERDAY        9                         3      6        6
  MONTH TO DATE   23                         6     17       14
  SINCE JUN 1    257                       101    156      287
  SINCE JAN 1    257                       101    156      287
..................................................................


WIND (MPH)
  HIGHEST WIND SPEED    21   HIGHEST WIND DIRECTION     S (170)
  HIGHEST GUST SPEED    28   HIGHEST GUST DIRECTION     S (170)
  AVERAGE WIND SPEED     7.0


SKY COVER
  POSSIBLE SUNSHINE  MM
  AVERAGE SKY COVER 0.4


WEATHER CONDITIONS
 THE FOLLOWING WEATHER WAS RECORDED YESTERDAY.
  THUNDERSTORM
  RAIN
  LIGHT RAIN
  FOG
  HAZE


RELATIVE HUMIDITY (PERCENT)
 HIGHEST    93           600 PM
 LOWEST     27           100 PM
 AVERAGE    60

..........................................................


THE ALTURAS CA CLIMATE NORMALS FOR TODAY
                         NORMAL    RECORD    YEAR
 MAXIMUM TEMPERATURE (F)   89       103      1961
 MINIMUM TEMPERATURE (F)   45        31      1963


SUNRISE AND SUNSET
AUGUST  3 2015........SUNRISE   559 AM PDT   SUNSET   817 PM PDT
AUGUST  4 2015........SUNRISE   600 AM PDT   SUNSET   816 PM PDT


-  INDICATES NEGATIVE NUMBERS.
R  INDICATES RECORD WAS SET OR TIED.
MM INDICATES DATA IS MISSING.
T  INDICATES TRACE AMOUNT.




$$
