000
CDUS46 KMFR 270837
CLIAAT


CLIMATE REPORT
NATIONAL WEATHER SERVICE MEDFORD, OR
137 AM PDT WED JUL 27 2016


...................................

...THE ALTURAS CA CLIMATE SUMMARY FOR JULY 26 2016...

CLIMATE NORMAL PERIOD 1981 TO 2010
CLIMATE RECORD PERIOD 1905 TO 2016


WEATHER ITEM   OBSERVED TIME   RECORD YEAR NORMAL DEPARTURE LAST
                VALUE   (LST)  VALUE       VALUE  FROM      YEAR
                                                  NORMAL
..................................................................
TEMPERATURE (F)
 YESTERDAY
  MAXIMUM         96    445 PM 100    1964  90      6       82
  MINIMUM         51    430 AM  36    1972  45      6       46
  AVERAGE         74                        68      6       64

PRECIPITATION (IN)
  YESTERDAY        0.00          0.61 1986   0.02  -0.02     0.03
  MONTH TO DATE    0.05                      0.26  -0.21     1.17
  SINCE OCT 1     13.42                     13.21   0.21    11.08
  SINCE JAN 1      7.44                      8.70  -1.26     6.57

SNOWFALL (IN)
  YESTERDAY       MM                        MM     MM       MM
  MONTH TO DATE   MM                        MM     MM       MM
  SINCE JUL 1     MM                        MM     MM       MM
  SNOW DEPTH      MM

DEGREE DAYS
 HEATING
  YESTERDAY        0                         1     -1        1
  MONTH TO DATE   40                        36      4       14
  SINCE JUN 1    158                       216    -58       44
  SINCE JUL 1     40                        36      4       14

 COOLING
  YESTERDAY        9                         3      6        0
  MONTH TO DATE   59                        64     -5      113
  SINCE JUN 1    107                        75     32      216
  SINCE JAN 1    107                        75     32      216
..................................................................


WIND (MPH)
  HIGHEST WIND SPEED    15   HIGHEST WIND DIRECTION     W (270)
  HIGHEST GUST SPEED    19   HIGHEST GUST DIRECTION     W (280)
  AVERAGE WIND SPEED     3.0


SKY COVER
  POSSIBLE SUNSHINE  MM
  AVERAGE SKY COVER 0.0


WEATHER CONDITIONS
 THE FOLLOWING WEATHER WAS RECORDED YESTERDAY.
  NO SIGNIFICANT WEATHER WAS OBSERVED.


RELATIVE HUMIDITY (PERCENT)
 HIGHEST    66           500 AM
 LOWEST     10           300 PM
 AVERAGE    38

..........................................................


THE ALTURAS CA CLIMATE NORMALS FOR TODAY
                         NORMAL    RECORD    YEAR
 MAXIMUM TEMPERATURE (F)   90       102      1934
 MINIMUM TEMPERATURE (F)   45        31      1916


SUNRISE AND SUNSET
JULY 27 2016..........SUNRISE   553 AM PDT   SUNSET   824 PM PDT
JULY 28 2016..........SUNRISE   554 AM PDT   SUNSET   823 PM PDT


-  INDICATES NEGATIVE NUMBERS.
R  INDICATES RECORD WAS SET OR TIED.
MM INDICATES DATA IS MISSING.
T  INDICATES TRACE AMOUNT.




$$
