000
CDUS46 KMFR 250835
CLIAAT


CLIMATE REPORT
NATIONAL WEATHER SERVICE MEDFORD, OR
135 AM PDT MON SEP 25 2017


...................................

...THE ALTURAS CA CLIMATE SUMMARY FOR SEPTEMBER 24 2017...

CLIMATE NORMAL PERIOD 1981 TO 2010
CLIMATE RECORD PERIOD 1905 TO 2017


WEATHER ITEM   OBSERVED TIME   RECORD YEAR NORMAL DEPARTURE LAST
                VALUE   (LST)  VALUE       VALUE  FROM      YEAR
                                                  NORMAL
..................................................................
TEMPERATURE (F)
 YESTERDAY
  MAXIMUM         64    353 PM  92    2009  75    -11       77
  MINIMUM         26    635 AM  20    1993  33     -7       34
  AVERAGE         45                        54     -9       56

PRECIPITATION (IN)
  YESTERDAY        0.00          0.24 2013   0.02  -0.02     0.00
  MONTH TO DATE    0.31                      0.40  -0.09     0.03
  SINCE OCT 1     15.94                     14.05   1.89    13.45
  SINCE JAN 1     12.19                      9.54   2.65     7.47

SNOWFALL (IN)
  YESTERDAY       MM                        MM     MM       MM
  MONTH TO DATE   MM                        MM     MM       MM
  SINCE JUL 1     MM                        MM     MM       MM
  SNOW DEPTH      MM

DEGREE DAYS
 HEATING
  YESTERDAY       20                        11      9        9
  MONTH TO DATE  173                       190    -17      197
  SINCE SEP 1    173                       190    -17      197
  SINCE JUL 1    174                       301   -127      254

 COOLING
  YESTERDAY        0                         0      0        0
  MONTH TO DATE   75                         3     72        0
  SINCE SEP 1     75                         3     72        0
  SINCE JAN 1    516                       154    362      254
..................................................................


WIND (MPH)
  HIGHEST WIND SPEED    13   HIGHEST WIND DIRECTION     N (360)
  HIGHEST GUST SPEED    16   HIGHEST GUST DIRECTION     N (350)
  AVERAGE WIND SPEED     1.9


SKY COVER
  POSSIBLE SUNSHINE  MM
  AVERAGE SKY COVER 0.0


WEATHER CONDITIONS
 THE FOLLOWING WEATHER WAS RECORDED YESTERDAY.
  NO SIGNIFICANT WEATHER WAS OBSERVED.


RELATIVE HUMIDITY (PERCENT)
 HIGHEST    92           400 AM
 LOWEST     27           200 PM
 AVERAGE    60

..........................................................


THE ALTURAS CA CLIMATE NORMALS FOR TODAY
                         NORMAL    RECORD    YEAR
 MAXIMUM TEMPERATURE (F)   75        94      2009
 MINIMUM TEMPERATURE (F)   32        15      1908


SUNRISE AND SUNSET
SEPTEMBER 25 2017.....SUNRISE   653 AM PDT   SUNSET   654 PM PDT
SEPTEMBER 26 2017.....SUNRISE   654 AM PDT   SUNSET   652 PM PDT


-  INDICATES NEGATIVE NUMBERS.
R  INDICATES RECORD WAS SET OR TIED.
MM INDICATES DATA IS MISSING.
T  INDICATES TRACE AMOUNT.




$$
