000
CDUS46 KMFR 250835
CLIAAT


CLIMATE REPORT
NATIONAL WEATHER SERVICE MEDFORD, OR
135 AM PDT SUN SEP 25 2016


...................................

...THE ALTURAS CA CLIMATE SUMMARY FOR SEPTEMBER 24 2016...

CLIMATE NORMAL PERIOD 1981 TO 2010
CLIMATE RECORD PERIOD 1905 TO 2016


WEATHER ITEM   OBSERVED TIME   RECORD YEAR NORMAL DEPARTURE LAST
                VALUE   (LST)  VALUE       VALUE  FROM      YEAR
                                                  NORMAL
..................................................................
TEMPERATURE (F)
 YESTERDAY
  MAXIMUM         77    423 PM  92    2009  75      2       86
  MINIMUM         34    335 AM  20    1993  33      1       35
  AVERAGE         56                        54      2       61

PRECIPITATION (IN)
  YESTERDAY        0.00          0.24 2013   0.02  -0.02     0.00
  MONTH TO DATE    0.03                      0.40  -0.37     0.36
  SINCE OCT 1     13.45                     14.05  -0.60    11.71
  SINCE JAN 1      7.47                      9.54  -2.07     7.20

SNOWFALL (IN)
  YESTERDAY       MM                        MM     MM       MM
  MONTH TO DATE   MM                        MM     MM       MM
  SINCE JUL 1     MM                        MM     MM       MM
  SNOW DEPTH      MM

DEGREE DAYS
 HEATING
  YESTERDAY        9                        11     -2        4
  MONTH TO DATE  197                       190      7      155
  SINCE SEP 1    197                       190      7      155
  SINCE JUL 1    254                       301    -47      196

 COOLING
  YESTERDAY        0                         0      0        0
  MONTH TO DATE    0                         3     -3       19
  SINCE SEP 1      0                         3     -3       19
  SINCE JAN 1    254                       154    100      333
..................................................................


WIND (MPH)
  HIGHEST WIND SPEED    10   HIGHEST WIND DIRECTION    NE (40)
  HIGHEST GUST SPEED    13   HIGHEST GUST DIRECTION     N (360)
  AVERAGE WIND SPEED     2.7


SKY COVER
  POSSIBLE SUNSHINE  MM
  AVERAGE SKY COVER 0.1


WEATHER CONDITIONS
 THE FOLLOWING WEATHER WAS RECORDED YESTERDAY.
  NO SIGNIFICANT WEATHER WAS OBSERVED.


RELATIVE HUMIDITY (PERCENT)
 HIGHEST    92           200 AM
 LOWEST      5           300 PM
 AVERAGE    49

..........................................................


THE ALTURAS CA CLIMATE NORMALS FOR TODAY
                         NORMAL    RECORD    YEAR
 MAXIMUM TEMPERATURE (F)   75        94      2009
 MINIMUM TEMPERATURE (F)   32        15      1908


SUNRISE AND SUNSET
SEPTEMBER 25 2016.....SUNRISE   653 AM PDT   SUNSET   653 PM PDT
SEPTEMBER 26 2016.....SUNRISE   654 AM PDT   SUNSET   651 PM PDT


-  INDICATES NEGATIVE NUMBERS.
R  INDICATES RECORD WAS SET OR TIED.
MM INDICATES DATA IS MISSING.
T  INDICATES TRACE AMOUNT.




$$
