000
CDUS46 KMFR 260858
CLIAAT


CLIMATE REPORT
NATIONAL WEATHER SERVICE MEDFORD, OR
1258 AM PST FRI DEC 26 2014


...................................

...THE ALTURAS CA CLIMATE SUMMARY FOR DECEMBER 25 2014...

CLIMATE NORMAL PERIOD 1981 TO 2010
CLIMATE RECORD PERIOD 1905 TO 2014


WEATHER ITEM   OBSERVED TIME   RECORD YEAR NORMAL DEPARTURE LAST
                VALUE   (LST)  VALUE       VALUE  FROM      YEAR
                                                  NORMAL
..................................................................
TEMPERATURE (F)
 YESTERDAY
  MAXIMUM         38    143 PM  60    1960  40     -2       53
  MINIMUM         27   1049 PM -12    1948  18      9       10
  AVERAGE         33                        29      4       32

PRECIPITATION (IN)
  YESTERDAY        0.00          0.95 1931   0.06  -0.06     0.00
  MONTH TO DATE    2.07                      1.39   0.68     0.17
  SINCE SEP 1      4.81                      4.71   0.10     1.14
  SINCE JAN 1     11.09                     13.85  -2.76     6.29

SNOWFALL (IN)
  YESTERDAY       MM                        MM     MM       MM
  MONTH TO DATE   MM                        MM     MM       MM
  SINCE JUL 1     MM                        MM     MM        0.0
  SNOW DEPTH      MM

DEGREE DAYS
 HEATING
  YESTERDAY       32                        36     -4       33
  MONTH TO DATE  619                       883   -264     1065
  SINCE DEC 1    619                       883   -264     1065
  SINCE JUL 1   1910                      2693   -783     2810

 COOLING
  YESTERDAY        0                         0      0        0
  MONTH TO DATE    0                         0      0        0
  SINCE DEC 1      0                         0      0        0
  SINCE JAN 1    380                       156    224      280
..................................................................


WIND (MPH)
  HIGHEST WIND SPEED    24   HIGHEST WIND DIRECTION    NW (300)
  HIGHEST GUST SPEED    29   HIGHEST GUST DIRECTION    NW (300)
  AVERAGE WIND SPEED     8.7


SKY COVER
  POSSIBLE SUNSHINE  MM
  AVERAGE SKY COVER 0.7


WEATHER CONDITIONS
 THE FOLLOWING WEATHER WAS RECORDED YESTERDAY.
  NO SIGNIFICANT WEATHER WAS OBSERVED.


RELATIVE HUMIDITY (PERCENT)
 HIGHEST    78           100 AM
 LOWEST     56           100 PM
 AVERAGE    67

..........................................................


THE ALTURAS CA CLIMATE NORMALS FOR TODAY
                         NORMAL    RECORD    YEAR
 MAXIMUM TEMPERATURE (F)   40        62      1960
 MINIMUM TEMPERATURE (F)   18        -7      1992


SUNRISE AND SUNSET
DECEMBER 26 2014......SUNRISE   727 AM PST   SUNSET   439 PM PST
DECEMBER 27 2014......SUNRISE   728 AM PST   SUNSET   439 PM PST


-  INDICATES NEGATIVE NUMBERS.
R  INDICATES RECORD WAS SET OR TIED.
MM INDICATES DATA IS MISSING.
T  INDICATES TRACE AMOUNT.




$$
