000
CDUS41 KPHI 162136
CLIABE


CLIMATE REPORT
NATIONAL WEATHER SERVICE MOUNT HOLLY NJ
535 PM EDT WED AUG 16 2017


...................................

...THE ALLENTOWN PA CLIMATE SUMMARY FOR AUGUST 16 2017...
VALID TODAY AS OF 0500 PM LOCAL TIME.

CLIMATE NORMAL PERIOD 1981 TO 2010
CLIMATE RECORD PERIOD 1922 TO 2017


WEATHER ITEM   OBSERVED TIME   RECORD YEAR NORMAL DEPARTURE LAST
                VALUE   (LST)  VALUE       VALUE  FROM      YEAR
                                                  NORMAL
..................................................................
TEMPERATURE (F)
 TODAY
  MAXIMUM         86    339 PM  95    1944  83      3       91
                                      1935
  MINIMUM         66   1209 AM  49    1945  61      5       70
  AVERAGE         76                        72      4       81

PRECIPITATION (IN)
  TODAY            0.00          1.62 1966   0.12  -0.12     0.19
  MONTH TO DATE    5.01                      2.07   2.94     1.12
  SINCE JUN 1     18.52                     11.33   7.19     9.71
  SINCE JAN 1     35.70                     28.15   7.55    25.54

SNOWFALL (IN)
  TODAY            0.0           0.0  2002   0.0    0.0      0.0
                                      2001
  MONTH TO DATE    0.0                       0.0    0.0      0.0
  SINCE JUN 1      0.0                       0.0    0.0      0.0
  SINCE JUL 1      0.0                       0.0    0.0      0.0
  SNOW DEPTH       0

DEGREE DAYS
 HEATING
  TODAY            0                         0      0        0
  MONTH TO DATE    0                         0      0        0
  SINCE JUN 1     27                        36     -9        9
  SINCE JUL 1      0                         3     -3        0

 COOLING
  TODAY           11                         7      4       16
  MONTH TO DATE  122                       124     -2      210
  SINCE JUN 1    666                       544    122      789
  SINCE JAN 1    726                       589    137      876
..................................................................


WIND (MPH)
  HIGHEST WIND SPEED    14   HIGHEST WIND DIRECTION     N (360)
  HIGHEST GUST SPEED    17   HIGHEST GUST DIRECTION    NW (310)
  AVERAGE WIND SPEED     3.7


SKY COVER
  POSSIBLE SUNSHINE  MM
  AVERAGE SKY COVER 0.6


WEATHER CONDITIONS
 THE FOLLOWING WEATHER WAS RECORDED TODAY.
  FOG
  FOG W/VISIBILITY <= 1/4 MILE


RELATIVE HUMIDITY (PERCENT)
 HIGHEST    93          1200 AM
 LOWEST     44           200 PM
 AVERAGE    69

..........................................................


THE ALLENTOWN PA CLIMATE NORMALS FOR TOMORROW
                         NORMAL    RECORD    YEAR
 MAXIMUM TEMPERATURE (F)   83        95      2002
                                             1944
 MINIMUM TEMPERATURE (F)   61        46      1979


SUNRISE AND SUNSET
AUGUST 16 2017........SUNRISE   613 AM EDT   SUNSET   758 PM EDT
AUGUST 17 2017........SUNRISE   614 AM EDT   SUNSET   756 PM EDT


-  INDICATES NEGATIVE NUMBERS.
R  INDICATES RECORD WAS SET OR TIED.
MM INDICATES DATA IS MISSING.
T  INDICATES TRACE AMOUNT.




$$
