000
CDUS41 KPHI 230629
CLIABE


CLIMATE REPORT
NATIONAL WEATHER SERVICE MOUNT HOLLY NJ
128 AM EST MON JAN 23 2017


...................................

...THE ALLENTOWN PA CLIMATE SUMMARY FOR JANUARY 22 2017...

CLIMATE NORMAL PERIOD 1981 TO 2010
CLIMATE RECORD PERIOD 1922 TO 2017


WEATHER ITEM   OBSERVED TIME   RECORD YEAR NORMAL DEPARTURE LAST
                VALUE   (LST)  VALUE       VALUE  FROM      YEAR
                                                  NORMAL
..................................................................
TEMPERATURE (F)
 YESTERDAY
  MAXIMUM         50   1030 PM  63    1959  36     14       27
  MINIMUM         42    957 AM -12    1961  19     23       15
  AVERAGE         46                        28     18       21

PRECIPITATION (IN)
  YESTERDAY        T             1.06 1987   0.10  -0.10     0.10
  MONTH TO DATE    2.42                      2.14   0.28     1.52
  SINCE DEC 1      4.85                      5.72  -0.87     5.72
  SINCE JAN 1      2.42                      2.14   0.28     1.52

SNOWFALL (IN)
  YESTERDAY        0.0          11.1  1987   0.4   -0.4      1.7
  MONTH TO DATE    2.1                       6.9   -4.8      2.1
  SINCE DEC 1      2.8                      12.1   -9.3      2.1
  SINCE JUL 1      2.8                      12.8  -10.0      2.1
  SNOW DEPTH       0

DEGREE DAYS
 HEATING
  YESTERDAY       19                        37    -18       44
  MONTH TO DATE  681                       822   -141      765
  SINCE DEC 1   1631                      1837   -206     1351
  SINCE JUL 1   2536                      3017   -481     2233

 COOLING
  YESTERDAY        0                         0      0        0
  MONTH TO DATE    0                         0      0        0
  SINCE DEC 1      0                         0      0        0
  SINCE JAN 1      0                         0      0        0
..................................................................


WIND (MPH)
  HIGHEST WIND SPEED    22   HIGHEST WIND DIRECTION     E (90)
  HIGHEST GUST SPEED    28   HIGHEST GUST DIRECTION     E (70)
  AVERAGE WIND SPEED     6.1


SKY COVER
  POSSIBLE SUNSHINE  MM
  AVERAGE SKY COVER 1.0


WEATHER CONDITIONS
 THE FOLLOWING WEATHER WAS RECORDED YESTERDAY.
  LIGHT RAIN
  FOG
  FOG W/VISIBILITY <= 1/4 MILE
  HAZE


RELATIVE HUMIDITY (PERCENT)
 HIGHEST    96          1200 AM
 LOWEST     74          1000 PM
 AVERAGE    85

..........................................................


THE ALLENTOWN PA CLIMATE NORMALS FOR TODAY
                         NORMAL    RECORD    YEAR
 MAXIMUM TEMPERATURE (F)   36        62      1999
 MINIMUM TEMPERATURE (F)   19        -9      1961


SUNRISE AND SUNSET
JANUARY 23 2017.......SUNRISE   719 AM EST   SUNSET   509 PM EST
JANUARY 24 2017.......SUNRISE   718 AM EST   SUNSET   510 PM EST


-  INDICATES NEGATIVE NUMBERS.
R  INDICATES RECORD WAS SET OR TIED.
MM INDICATES DATA IS MISSING.
T  INDICATES TRACE AMOUNT.




$$
