000
CDUS41 KPHI 022137
CLIABE


CLIMATE REPORT
NATIONAL WEATHER SERVICE MOUNT HOLLY NJ
536 PM EDT TUE JUN 2 2015


...................................

...THE ALLENTOWN PA CLIMATE SUMMARY FOR JUNE 2 2015...
VALID TODAY AS OF 0500 PM LOCAL TIME.

CLIMATE NORMAL PERIOD 1981 TO 2010
CLIMATE RECORD PERIOD 1922 TO 2015


WEATHER ITEM   OBSERVED TIME   RECORD YEAR NORMAL DEPARTURE LAST
                VALUE   (LST)  VALUE       VALUE  FROM      YEAR
                                                  NORMAL
..................................................................
TEMPERATURE (F)
 TODAY
  MAXIMUM         58    359 PM  96    1925  77    -19       82
  MINIMUM         51    800 AM  42    1993  54     -3       51
  AVERAGE         55                        65    -10       67

PRECIPITATION (IN)
  TODAY            0.74          2.36 1946   0.14   0.60     0.00
  MONTH TO DATE    1.96                      0.28   1.68     0.00
  SINCE JUN 1      1.96                      0.28   1.68     0.00
  SINCE JAN 1     13.57                     17.10  -3.53    22.30

SNOWFALL (IN)
  TODAY            0.0           0.0  2002   0.0    0.0      0.0
                                      2001
  MONTH TO DATE    0.0                       0.0    0.0      0.0
  SINCE JUN 1      0.0                       0.0    0.0      0.0
  SINCE JUL 1     50.1                      32.9   17.2     68.1
  SNOW DEPTH       0

DEGREE DAYS
 HEATING
  TODAY           10                         3      7        0
  MONTH TO DATE   16                         6     10        1
  SINCE JUN 1     16                         6     10        1
  SINCE JUL 1   5944                      5774    170     6154

 COOLING
  TODAY            0                         3     -3        2
  MONTH TO DATE    0                         6     -6        2
  SINCE JUN 1      0                         6     -6        2
  SINCE JAN 1    133                        51     82       41
..................................................................


WIND (MPH)
  HIGHEST WIND SPEED    16   HIGHEST WIND DIRECTION    NE (30)
  HIGHEST GUST SPEED    21   HIGHEST GUST DIRECTION    NE (30)
  AVERAGE WIND SPEED     7.5


SKY COVER
  POSSIBLE SUNSHINE  MM
  AVERAGE SKY COVER 1.0


WEATHER CONDITIONS
 THE FOLLOWING WEATHER WAS RECORDED TODAY.
  HEAVY RAIN
  RAIN
  LIGHT RAIN
  FOG


RELATIVE HUMIDITY (PERCENT)
 HIGHEST    96           200 AM
 LOWEST     83           500 AM
 AVERAGE    90

..........................................................


THE ALLENTOWN PA CLIMATE NORMALS FOR TOMORROW
                         NORMAL    RECORD    YEAR
 MAXIMUM TEMPERATURE (F)   77        98      1925
 MINIMUM TEMPERATURE (F)   54        43      1966
                                             1929


SUNRISE AND SUNSET
JUNE  2 2015..........SUNRISE   533 AM EDT   SUNSET   827 PM EDT
JUNE  3 2015..........SUNRISE   532 AM EDT   SUNSET   828 PM EDT


-  INDICATES NEGATIVE NUMBERS.
R  INDICATES RECORD WAS SET OR TIED.
MM INDICATES DATA IS MISSING.
T  INDICATES TRACE AMOUNT.




$$
