000
CDUS41 KPHI 280627
CLIABE


CLIMATE REPORT
NATIONAL WEATHER SERVICE MOUNT HOLLY NJ
227 AM EDT THU JUL 28 2016


...................................

...THE ALLENTOWN PA CLIMATE SUMMARY FOR JULY 27 2016...

CLIMATE NORMAL PERIOD 1981 TO 2010
CLIMATE RECORD PERIOD 1922 TO 2016


WEATHER ITEM   OBSERVED TIME   RECORD YEAR NORMAL DEPARTURE LAST
                VALUE   (LST)  VALUE       VALUE  FROM      YEAR
                                                  NORMAL
..................................................................
TEMPERATURE (F)
 YESTERDAY
  MAXIMUM         91    320 PM  98    1955  84      7       87
  MINIMUM         68    537 AM  52    1962  63      5       70
                                      1946
  AVERAGE         80                        74      6       79

PRECIPITATION (IN)
  YESTERDAY        0.00          2.21 2004   0.16  -0.16     0.35
  MONTH TO DATE    3.83                      4.32  -0.49     4.08
  SINCE JUN 1      5.70                      8.63  -2.93    11.67
  SINCE JAN 1     21.53                     25.45  -3.92    23.28

SNOWFALL (IN)
  YESTERDAY        0.0           0.0  2002   0.0    0.0      0.0
                                      2001
  MONTH TO DATE    0.0                       0.0    0.0      0.0
  SINCE JUN 1      0.0                       0.0    0.0      0.0
  SINCE JUL 1      0.0                       0.0    0.0      0.0
  SNOW DEPTH       0

DEGREE DAYS
 HEATING
  YESTERDAY        0                         0      0        0
  MONTH TO DATE    0                         0      0        0
  SINCE JUN 1      9                        33    -24       21
  SINCE JUL 1      0                         0      0        0

 COOLING
  YESTERDAY       15                         9      6       14
  MONTH TO DATE  323                       235     88      255
  SINCE JUN 1    521                       390    131      454
  SINCE JAN 1    608                       435    173      587
..................................................................


WIND (MPH)
  HIGHEST WIND SPEED    10   HIGHEST WIND DIRECTION     W (250)
  HIGHEST GUST SPEED    17   HIGHEST GUST DIRECTION    NW (300)
  AVERAGE WIND SPEED     1.6


SKY COVER
  POSSIBLE SUNSHINE  MM
  AVERAGE SKY COVER 0.1


WEATHER CONDITIONS
 THE FOLLOWING WEATHER WAS RECORDED YESTERDAY.
  NO SIGNIFICANT WEATHER WAS OBSERVED.


RELATIVE HUMIDITY (PERCENT)
 HIGHEST    87           500 AM
 LOWEST     34           500 PM
 AVERAGE    61

..........................................................


THE ALLENTOWN PA CLIMATE NORMALS FOR TODAY
                         NORMAL    RECORD    YEAR
 MAXIMUM TEMPERATURE (F)   84        97      1949
                                             1941
 MINIMUM TEMPERATURE (F)   63        52      1962


SUNRISE AND SUNSET
JULY 28 2016..........SUNRISE   555 AM EDT   SUNSET   821 PM EDT
JULY 29 2016..........SUNRISE   556 AM EDT   SUNSET   820 PM EDT


-  INDICATES NEGATIVE NUMBERS.
R  INDICATES RECORD WAS SET OR TIED.
MM INDICATES DATA IS MISSING.
T  INDICATES TRACE AMOUNT.




$$
