000
CDUS41 KPHI 300628
CLIABE


CLIMATE REPORT
NATIONAL WEATHER SERVICE MOUNT HOLLY NJ
228 AM EDT SAT APR 30 2016


...................................

...THE ALLENTOWN PA CLIMATE SUMMARY FOR APRIL 29 2016...

CLIMATE NORMAL PERIOD 1981 TO 2010
CLIMATE RECORD PERIOD 1922 TO 2016


WEATHER ITEM   OBSERVED TIME   RECORD YEAR NORMAL DEPARTURE LAST
                VALUE   (LST)  VALUE       VALUE  FROM      YEAR
                                                  NORMAL
..................................................................
TEMPERATURE (F)
 YESTERDAY
  MAXIMUM         55   1143 AM  86    1974  66    -11       76
  MINIMUM         45   1159 PM  29    1947  43      2       41
  AVERAGE         50                        54     -4       59

PRECIPITATION (IN)
  YESTERDAY        0.08          1.76 1923   0.12  -0.04     0.00
  MONTH TO DATE    1.79                      3.45  -1.66     1.77
  SINCE MAR 1      2.75                      6.84  -4.09     6.24
  SINCE JAN 1     11.78                     12.57  -0.79    10.79

SNOWFALL (IN)
  YESTERDAY        0.0           T    1951   0.0    0.0      0.0
  MONTH TO DATE    T                         1.0   -1.0       T
  SINCE MAR 1      0.3                       5.9   -5.6     17.8
  SINCE JUL 1     36.2                      32.9    3.3     50.1
  SNOW DEPTH       0

DEGREE DAYS
 HEATING
  YESTERDAY       15                        11      4        6
  MONTH TO DATE  422                       446    -24      404
  SINCE MAR 1    992                      1249   -257     1358
  SINCE JUL 1   4449                      5558  -1109     5839

 COOLING
  YESTERDAY        0                         0      0        0
  MONTH TO DATE    7                         0      7        0
  SINCE MAR 1      9                         0      9        0
  SINCE JAN 1      9                         0      9        0
..................................................................


WIND (MPH)
  HIGHEST WIND SPEED    16   HIGHEST WIND DIRECTION     E (110)
  HIGHEST GUST SPEED    20   HIGHEST GUST DIRECTION    SE (130)
  AVERAGE WIND SPEED     5.7


SKY COVER
  POSSIBLE SUNSHINE  MM
  AVERAGE SKY COVER 1.0


WEATHER CONDITIONS
 THE FOLLOWING WEATHER WAS RECORDED YESTERDAY.
  LIGHT RAIN
  FOG
  HAZE


RELATIVE HUMIDITY (PERCENT)
 HIGHEST    86           600 AM
 LOWEST     41           100 PM
 AVERAGE    64

..........................................................


THE ALLENTOWN PA CLIMATE NORMALS FOR TODAY
                         NORMAL    RECORD    YEAR
 MAXIMUM TEMPERATURE (F)   67        92      1942
 MINIMUM TEMPERATURE (F)   43        29      1931


SUNRISE AND SUNSET
APRIL 30 2016.........SUNRISE   601 AM EDT   SUNSET   757 PM EDT
MAY  1 2016...........SUNRISE   600 AM EDT   SUNSET   758 PM EDT


-  INDICATES NEGATIVE NUMBERS.
R  INDICATES RECORD WAS SET OR TIED.
MM INDICATES DATA IS MISSING.
T  INDICATES TRACE AMOUNT.




$$
