000
CDUS41 KPHI 030635
CLIABE


CLIMATE REPORT
NATIONAL WEATHER SERVICE MOUNT HOLLY NJ
231 AM EDT WED SEP 3 2014


...................................

...THE ALLENTOWN PA CLIMATE SUMMARY FOR SEPTEMBER 2 2014...

CLIMATE NORMAL PERIOD 1981 TO 2010
CLIMATE RECORD PERIOD 1922 TO 2014


WEATHER ITEM   OBSERVED TIME   RECORD YEAR NORMAL DEPARTURE LAST
                VALUE   (LST)  VALUE       VALUE  FROM      YEAR
                                                  NORMAL
..................................................................
TEMPERATURE (F)
 YESTERDAY
  MAXIMUM         91    326 PM  99    1980  80     11       83
                                      1953
  MINIMUM         67    512 AM  44    2001  58      9       69
                                      1949
  AVERAGE         79                        69     10       76

PRECIPITATION (IN)
  YESTERDAY        0.00          1.63 2006   0.12  -0.12     0.68
  MONTH TO DATE    0.00                      0.24  -0.24     0.79
  SINCE SEP 1      0.00                      0.24  -0.24     0.79
  SINCE JAN 1     33.99                     30.01   3.98    35.63

SNOWFALL (IN)
  YESTERDAY        0.0           0.0  2002   0.0    0.0      0.0
                                      2001
  MONTH TO DATE    0.0                       0.0    0.0      0.0
  SINCE SEP 1      0.0                       0.0    0.0      0.0
  SINCE JUL 1      0.0                       0.0    0.0      0.0
  SNOW DEPTH       0

DEGREE DAYS
 HEATING
  YESTERDAY        0                         1     -1        0
  MONTH TO DATE    0                         2     -2        0
  SINCE SEP 1      0                         2     -2        0
  SINCE JUL 1      4                        13     -9        4

 COOLING
  YESTERDAY       14                         5      9       11
  MONTH TO DATE   28                        10     18       25
  SINCE SEP 1     28                        10     18       25
  SINCE JAN 1    715                       689     26      850
..................................................................


WIND (MPH)
  HIGHEST WIND SPEED    21   HIGHEST WIND DIRECTION    SW (240)
  HIGHEST GUST SPEED    26   HIGHEST GUST DIRECTION    SW (230)
  AVERAGE WIND SPEED     7.0


SKY COVER
  POSSIBLE SUNSHINE  MM
  AVERAGE SKY COVER 0.2


WEATHER CONDITIONS
 THE FOLLOWING WEATHER WAS RECORDED YESTERDAY.
  FOG


RELATIVE HUMIDITY (PERCENT)
 HIGHEST    97           400 AM
 LOWEST     47           200 PM
 AVERAGE    72

..........................................................


THE ALLENTOWN PA CLIMATE NORMALS FOR TODAY
                         NORMAL    RECORD    YEAR
 MAXIMUM TEMPERATURE (F)   79        99      1953
 MINIMUM TEMPERATURE (F)   58        41      1967


SUNRISE AND SUNSET
SEPTEMBER  3 2014.....SUNRISE   631 AM EDT   SUNSET   731 PM EDT
SEPTEMBER  4 2014.....SUNRISE   632 AM EDT   SUNSET   729 PM EDT


-  INDICATES NEGATIVE NUMBERS.
R  INDICATES RECORD WAS SET OR TIED.
MM INDICATES DATA IS MISSING.
T  INDICATES TRACE AMOUNT.




$$
