000
CDUS44 KSJT 262226
CLIABI


CLIMATE REPORT
NATIONAL WEATHER SERVICE SAN ANGELO TX
525 PM CDT MON SEP 26 2016


...................................

...THE ABILENE CLIMATE SUMMARY FOR SEPTEMBER 26 2016...
VALID TODAY AS OF 0500 PM LOCAL TIME.

CLIMATE NORMAL PERIOD 1981 TO 2010
CLIMATE RECORD PERIOD 1886 TO 2016


WEATHER ITEM   OBSERVED TIME   RECORD YEAR NORMAL DEPARTURE LAST
                VALUE   (LST)  VALUE       VALUE  FROM      YEAR
                                                  NORMAL
..................................................................
TEMPERATURE (F)
 TODAY
  MAXIMUM         71    339 PM 105    1977  83    -12       90
  MINIMUM         60    708 AM  39    2000  61     -1       65
  AVERAGE         66                        72     -6       78

PRECIPITATION (IN)
  TODAY            T             1.11 1960   0.08  -0.08     0.17
  MONTH TO DATE    5.58                      1.96   3.62     1.09
  SINCE SEP 1      5.58                      1.96   3.62     1.09
  SINCE JAN 1     32.69                     18.92  13.77    26.26

DEGREE DAYS
 HEATING
  TODAY            0                         1     -1        0
  MONTH TO DATE    0                         7     -7        0
  SINCE SEP 1      0                         7     -7        0
  SINCE JUL 1      0                         7     -7        0

 COOLING
  TODAY            1                         8     -7       13
  MONTH TO DATE  343                       298     45      429
  SINCE SEP 1    343                       298     45      429
  SINCE JAN 1   2342                      2243     99     2514
..................................................................


WIND (MPH)
  HIGHEST WIND SPEED    17   HIGHEST WIND DIRECTION     N (20)
  HIGHEST GUST SPEED    24   HIGHEST GUST DIRECTION     N (20)
  AVERAGE WIND SPEED    11.0


SKY COVER
  POSSIBLE SUNSHINE  MM
  AVERAGE SKY COVER 0.8


WEATHER CONDITIONS
 THE FOLLOWING WEATHER WAS RECORDED TODAY.
  NO SIGNIFICANT WEATHER WAS OBSERVED.


RELATIVE HUMIDITY (PERCENT)
 HIGHEST    90          1200 AM
 LOWEST     49           300 PM
 AVERAGE    70

..........................................................


THE ABILENE CLIMATE NORMALS FOR TOMORROW
                         NORMAL    RECORD    YEAR
 MAXIMUM TEMPERATURE (F)   83       105      1953
 MINIMUM TEMPERATURE (F)   60        39      1942


SUNRISE AND SUNSET
SEPTEMBER 26 2016.....SUNRISE   730 AM CDT   SUNSET   729 PM CDT
SEPTEMBER 27 2016.....SUNRISE   730 AM CDT   SUNSET   728 PM CDT


-  INDICATES NEGATIVE NUMBERS.
R  INDICATES RECORD WAS SET OR TIED.
MM INDICATES DATA IS MISSING.
T  INDICATES TRACE AMOUNT.




$$
