000
CDUS44 KSJT 232231
CLIABI


CLIMATE REPORT
NATIONAL WEATHER SERVICE SAN ANGELO TX
530 PM CDT TUE MAY 23 2017


...................................

...THE ABILENE CLIMATE SUMMARY FOR MAY 23 2017...
VALID TODAY AS OF 0500 PM LOCAL TIME.

CLIMATE NORMAL PERIOD 1981 TO 2010
CLIMATE RECORD PERIOD 1886 TO 2017


WEATHER ITEM   OBSERVED TIME   RECORD YEAR NORMAL DEPARTURE LAST
                VALUE   (LST)  VALUE       VALUE  FROM      YEAR
                                                  NORMAL
..................................................................
TEMPERATURE (F)
 TODAY
  MAXIMUM         66    853 AM 106    2000  86    -20       82
  MINIMUM         55    416 AM  45    1893  64     -9       70
  AVERAGE         61                        75    -14       76

PRECIPITATION (IN)
  TODAY            0.41          2.46 1908   0.12   0.29     0.00
  MONTH TO DATE    2.70                      2.18   0.52     5.47
  SINCE MAR 1      4.46                      5.56  -1.10    14.02
  SINCE JAN 1      7.84                      7.94  -0.10    14.74

DEGREE DAYS
 HEATING
  TODAY            4                         0      4        0
  MONTH TO DATE   13                        13      0       37
  SINCE MAR 1    242                       422   -180      304
  SINCE JUL 1   1823                      2555   -732     2058

 COOLING
  TODAY            0                        10    -10       11
  MONTH TO DATE  108                       177    -69      119
  SINCE MAR 1    296                       305     -9      200
  SINCE JAN 1    327                       310     17      214
..................................................................


WIND (MPH)
  HIGHEST WIND SPEED    24   HIGHEST WIND DIRECTION     N (340)
  HIGHEST GUST SPEED    28   HIGHEST GUST DIRECTION     N (350)
  AVERAGE WIND SPEED     9.6


SKY COVER
  POSSIBLE SUNSHINE  MM
  AVERAGE SKY COVER 0.5


WEATHER CONDITIONS
 THE FOLLOWING WEATHER WAS RECORDED TODAY.
  THUNDERSTORM
  HEAVY RAIN
  RAIN
  LIGHT RAIN
  FOG


RELATIVE HUMIDITY (PERCENT)
 HIGHEST    93          1200 AM
 LOWEST     67           300 PM
 AVERAGE    80

..........................................................


THE ABILENE CLIMATE NORMALS FOR TOMORROW
                         NORMAL    RECORD    YEAR
 MAXIMUM TEMPERATURE (F)   86       109      2000
 MINIMUM TEMPERATURE (F)   64        48      1930


SUNRISE AND SUNSET
MAY 23 2017...........SUNRISE   636 AM CDT   SUNSET   836 PM CDT
MAY 24 2017...........SUNRISE   635 AM CDT   SUNSET   836 PM CDT


-  INDICATES NEGATIVE NUMBERS.
R  INDICATES RECORD WAS SET OR TIED.
MM INDICATES DATA IS MISSING.
T  INDICATES TRACE AMOUNT.




$$
