000
CDUS44 KSJT 250859
CLIABI


CLIMATE REPORT
NATIONAL WEATHER SERVICE SAN ANGELO TX
358 AM CDT SUN JUN 25 2017


...................................

...THE ABILENE CLIMATE SUMMARY FOR JUNE 24 2017...

CLIMATE NORMAL PERIOD 1981 TO 2010
CLIMATE RECORD PERIOD 1886 TO 2017


WEATHER ITEM   OBSERVED TIME   RECORD YEAR NORMAL DEPARTURE LAST
                VALUE   (LST)  VALUE       VALUE  FROM      YEAR
                                                  NORMAL
..................................................................
TEMPERATURE (F)
 YESTERDAY
  MAXIMUM         85    429 PM 105    1953  92     -7       93
                                      1911
  MINIMUM         63    852 AM  60    1957  70     -7       71
                                      1912
                                      1888
  AVERAGE         74                        81     -7       82

PRECIPITATION (IN)
  YESTERDAY        0.39          1.54 1915   0.10   0.29     0.00
  MONTH TO DATE    1.67                      3.05  -1.38     2.49
  SINCE JUN 1      1.67                      3.05  -1.38     2.49
  SINCE JAN 1      9.54                     11.99  -2.45    20.29

DEGREE DAYS
 HEATING
  YESTERDAY        0                         0      0        0
  MONTH TO DATE    0                         0      0        0
  SINCE JUN 1      0                         0      0        0
  SINCE JUL 1   1826                      2558   -732     2058

 COOLING
  YESTERDAY        9                        16     -7       17
  MONTH TO DATE  350                       337     13      351
  SINCE JUN 1    350                       337     13      351
  SINCE JAN 1    769                       734     35      660
..................................................................


WIND (MPH)
  HIGHEST WIND SPEED    35   HIGHEST WIND DIRECTION     N (360)
  HIGHEST GUST SPEED    41   HIGHEST GUST DIRECTION     N (360)
  AVERAGE WIND SPEED    11.0


SKY COVER
  POSSIBLE SUNSHINE  MM
  AVERAGE SKY COVER 0.6


WEATHER CONDITIONS
 THE FOLLOWING WEATHER WAS RECORDED YESTERDAY.
  THUNDERSTORM
  HEAVY RAIN
  LIGHT RAIN
  FOG


RELATIVE HUMIDITY (PERCENT)
 HIGHEST    93           600 AM
 LOWEST     55           500 PM
 AVERAGE    74

..........................................................


THE ABILENE CLIMATE NORMALS FOR TODAY
                         NORMAL    RECORD    YEAR
 MAXIMUM TEMPERATURE (F)   92       106      1902
 MINIMUM TEMPERATURE (F)   70        55      1940


SUNRISE AND SUNSET
JUNE 25 2017..........SUNRISE   633 AM CDT   SUNSET   850 PM CDT
JUNE 26 2017..........SUNRISE   634 AM CDT   SUNSET   850 PM CDT


-  INDICATES NEGATIVE NUMBERS.
R  INDICATES RECORD WAS SET OR TIED.
MM INDICATES DATA IS MISSING.
T  INDICATES TRACE AMOUNT.




$$
