959
CDUS44 KSJT 190754
CLIABI


CLIMATE REPORT
NATIONAL WEATHER SERVICE SAN ANGELO TX
153 AM CST MON FEB 19 2018


...................................

...THE ABILENE CLIMATE SUMMARY FOR FEBRUARY 18 2018...

CLIMATE NORMAL PERIOD 1981 TO 2010
CLIMATE RECORD PERIOD 1886 TO 2018


WEATHER ITEM   OBSERVED TIME   RECORD YEAR NORMAL DEPARTURE LAST
                VALUE   (LST)  VALUE       VALUE  FROM      YEAR
                                                  NORMAL
..................................................................
TEMPERATURE (F)
 YESTERDAY
  MAXIMUM         74    515 PM  85    1986  61     13       74
  MINIMUM         45    158 AM  10    1936  37      8       41
  AVERAGE         60                        49     11       58

PRECIPITATION (IN)
  YESTERDAY        0.01          0.88 1911   0.05  -0.04     0.00
  MONTH TO DATE    0.17                      0.85  -0.68     1.10
  SINCE DEC 1      1.22                      3.10  -1.88     4.42
  SINCE JAN 1      0.17                      1.87  -1.70     3.03

SNOWFALL (IN)
  YESTERDAY        0.0           0.0  2000   0.0    0.0      0.0
  MONTH TO DATE    T                         0.5   -0.5      0.0
  SINCE NOV 1      T                         3.8   -3.8       T
  SINCE JUL 1      T                         3.8   -3.8       T

DEGREE DAYS
 HEATING
  YESTERDAY        5                        16    -11        7
  MONTH TO DATE  341                       317     24      218
  SINCE DEC 1   1654                      1553    101     1332
  SINCE JUL 1   2049                      1986     63     1523

 COOLING
  YESTERDAY        0                         0      0        0
  MONTH TO DATE    8                         0      8       14
  SINCE DEC 1      9                         2      7       17
  SINCE JAN 1      8                         1      7       17
..................................................................


WIND (MPH)
  HIGHEST WIND SPEED    26   HIGHEST WIND DIRECTION     S (180)
  HIGHEST GUST SPEED    36   HIGHEST GUST DIRECTION     S (190)
  AVERAGE WIND SPEED    13.8


SKY COVER
  POSSIBLE SUNSHINE  MM
  AVERAGE SKY COVER 0.2


WEATHER CONDITIONS
 THE FOLLOWING WEATHER WAS RECORDED YESTERDAY.
  LIGHT RAIN


RELATIVE HUMIDITY (PERCENT)
 HIGHEST    93          1100 AM
 LOWEST     68           500 PM
 AVERAGE    81

..........................................................


THE ABILENE CLIMATE NORMALS FOR TODAY
                         NORMAL    RECORD    YEAR
 MAXIMUM TEMPERATURE (F)   61        88      1986
 MINIMUM TEMPERATURE (F)   38        19      2006
                                             1936
                                             1903


SUNRISE AND SUNSET
FEBRUARY 19 2018......SUNRISE   717 AM CST   SUNSET   628 PM CST
FEBRUARY 20 2018......SUNRISE   716 AM CST   SUNSET   629 PM CST


-  INDICATES NEGATIVE NUMBERS.
R  INDICATES RECORD WAS SET OR TIED.
MM INDICATES DATA IS MISSING.
T  INDICATES TRACE AMOUNT.




$$
