000
CDUS44 KSJT 250803
CLIABI


CLIMATE REPORT
NATIONAL WEATHER SERVICE SAN ANGELO TX
202 AM CST SAT FEB 25 2017


...................................

...THE ABILENE CLIMATE SUMMARY FOR FEBRUARY 24 2017...

CLIMATE NORMAL PERIOD 1981 TO 2010
CLIMATE RECORD PERIOD 1886 TO 2017


WEATHER ITEM   OBSERVED TIME   RECORD YEAR NORMAL DEPARTURE LAST
                VALUE   (LST)  VALUE       VALUE  FROM      YEAR
                                                  NORMAL
..................................................................
TEMPERATURE (F)
 YESTERDAY
  MAXIMUM         64   1219 AM  91    1918  63      1       60
  MINIMUM         40    754 AM  14    1889  39      1       34
  AVERAGE         52                        51      1       47

PRECIPITATION (IN)
  YESTERDAY        0.00          1.77 1992   0.04  -0.04     0.00
  MONTH TO DATE    1.45                      1.14   0.31     0.68
  SINCE DEC 1      4.77                      3.39   1.38     2.92
  SINCE JAN 1      3.38                      2.16   1.22     0.72

SNOWFALL (IN)
  YESTERDAY        0.0           1.2  2004   0.0    0.0      0.0
                                      1960
  MONTH TO DATE    0.0                       0.7   -0.7      0.0
  SINCE NOV 1      T                         4.0   -4.0      5.1
  SINCE JUL 1      T                         4.0   -4.0      5.1

DEGREE DAYS
 HEATING
  YESTERDAY       13                        15     -2       18
  MONTH TO DATE  244                       409   -165      296
  SINCE DEC 1   1358                      1645   -287     1360
  SINCE JUL 1   1549                      2078   -529     1703

 COOLING
  YESTERDAY        0                         0      0        0
  MONTH TO DATE   24                         0     24       14
  SINCE DEC 1     27                         2     25       14
  SINCE JAN 1     27                         1     26       14
..................................................................


WIND (MPH)
  HIGHEST WIND SPEED    26   HIGHEST WIND DIRECTION     N (360)
  HIGHEST GUST SPEED    33   HIGHEST GUST DIRECTION     N (360)
  AVERAGE WIND SPEED    11.3


SKY COVER
  POSSIBLE SUNSHINE  MM
  AVERAGE SKY COVER 0.0


WEATHER CONDITIONS
 THE FOLLOWING WEATHER WAS RECORDED YESTERDAY.
  NO SIGNIFICANT WEATHER WAS OBSERVED.


RELATIVE HUMIDITY (PERCENT)
 HIGHEST    85           700 AM
 LOWEST     22          1200 AM
 AVERAGE    54

..........................................................


THE ABILENE CLIMATE NORMALS FOR TODAY
                         NORMAL    RECORD    YEAR
 MAXIMUM TEMPERATURE (F)   63        94      1904
 MINIMUM TEMPERATURE (F)   39         9      1960


SUNRISE AND SUNSET
FEBRUARY 25 2017......SUNRISE   711 AM CST   SUNSET   633 PM CST
FEBRUARY 26 2017......SUNRISE   709 AM CST   SUNSET   634 PM CST


-  INDICATES NEGATIVE NUMBERS.
R  INDICATES RECORD WAS SET OR TIED.
MM INDICATES DATA IS MISSING.
T  INDICATES TRACE AMOUNT.




$$
