000
CDUS44 KSJT 210806
CLIABI


CLIMATE REPORT
NATIONAL WEATHER SERVICE SAN ANGELO TX
206 AM CST SAT JAN 21 2017


...................................

...THE ABILENE CLIMATE SUMMARY FOR JANUARY 20 2017...

CLIMATE NORMAL PERIOD 1981 TO 2010
CLIMATE RECORD PERIOD 1886 TO 2017


WEATHER ITEM   OBSERVED TIME   RECORD YEAR NORMAL DEPARTURE LAST
                VALUE   (LST)  VALUE       VALUE  FROM      YEAR
                                                  NORMAL
..................................................................
TEMPERATURE (F)
 YESTERDAY
  MAXIMUM         70    402 PM  82    2012  57     13       58
                                      1999
  MINIMUM         46   1157 PM  10    1985  33     13       26
  AVERAGE         58                        45     13       42

PRECIPITATION (IN)
  YESTERDAY        0.00          1.35 1968   0.04  -0.04     0.00
  MONTH TO DATE    1.93                      0.60   1.33     0.04
  SINCE DEC 1      3.32                      1.83   1.49     2.24
  SINCE JAN 1      1.93                      0.60   1.33     0.04

SNOWFALL (IN)
  YESTERDAY        0.0           3.7  1958   0.0    0.0      0.0
  MONTH TO DATE    T                         1.0   -1.0       T
  SINCE NOV 1      T                         2.8   -2.8      5.1
  SINCE JUL 1      T                         2.8   -2.8      5.1

DEGREE DAYS
 HEATING
  YESTERDAY        7                        20    -13       23
  MONTH TO DATE  378                       410    -32      424
  SINCE DEC 1    944                      1022    -78      900
  SINCE JUL 1   1135                      1455   -320     1243

 COOLING
  YESTERDAY        0                         0      0        0
  MONTH TO DATE    3                         0      3        0
  SINCE DEC 1      3                         1      2        0
  SINCE JAN 1      3                         0      3        0
..................................................................


WIND (MPH)
  HIGHEST WIND SPEED    28   HIGHEST WIND DIRECTION     W (250)
  HIGHEST GUST SPEED    33   HIGHEST GUST DIRECTION     W (270)
  AVERAGE WIND SPEED    12.2


SKY COVER
  POSSIBLE SUNSHINE  MM
  AVERAGE SKY COVER 0.0


WEATHER CONDITIONS
 THE FOLLOWING WEATHER WAS RECORDED YESTERDAY.
  NO SIGNIFICANT WEATHER WAS OBSERVED.


RELATIVE HUMIDITY (PERCENT)
 HIGHEST    66           900 PM
 LOWEST     23           300 PM
 AVERAGE    45

..........................................................


THE ABILENE CLIMATE NORMALS FOR TODAY
                         NORMAL    RECORD    YEAR
 MAXIMUM TEMPERATURE (F)   57        83      1974
 MINIMUM TEMPERATURE (F)   33         4      1888


SUNRISE AND SUNSET
JANUARY 21 2017.......SUNRISE   739 AM CST   SUNSET   602 PM CST
JANUARY 22 2017.......SUNRISE   738 AM CST   SUNSET   603 PM CST


-  INDICATES NEGATIVE NUMBERS.
R  INDICATES RECORD WAS SET OR TIED.
MM INDICATES DATA IS MISSING.
T  INDICATES TRACE AMOUNT.




$$
