000
CDUS44 KSJT 220705
CLIABI


CLIMATE REPORT
NATIONAL WEATHER SERVICE SAN ANGELO TX
204 AM CDT FRI MAY 22 2015


...................................

...THE ABILENE CLIMATE SUMMARY FOR MAY 21 2015...

CLIMATE NORMAL PERIOD 1981 TO 2010
CLIMATE RECORD PERIOD 1886 TO 2015


WEATHER ITEM   OBSERVED TIME   RECORD YEAR NORMAL DEPARTURE LAST
                VALUE   (LST)  VALUE       VALUE  FROM      YEAR
                                                  NORMAL
..................................................................
TEMPERATURE (F)
 YESTERDAY
  MAXIMUM         64    443 PM 101    1953  86    -22       93
                                      1939
  MINIMUM         53    836 AM  47    1911  63    -10       67
  AVERAGE         59                        74    -15       80

PRECIPITATION (IN)
  YESTERDAY        0.03          4.25 1938   0.11  -0.08     0.00
  MONTH TO DATE    3.15                      1.94   1.21     0.87
  SINCE MAR 1      6.93                      5.32   1.61     2.15
  SINCE JAN 1     10.44                      7.70   2.74     2.64

DEGREE DAYS
 HEATING
  YESTERDAY        6                         0      6        0
  MONTH TO DATE   12                        13     -1       24
  SINCE MAR 1    401                       422    -21      459
  SINCE JUL 1   2478                      2555    -77     2821

 COOLING
  YESTERDAY        0                        10    -10       15
  MONTH TO DATE  145                       157    -12      215
  SINCE MAR 1    312                       285     27      410
  SINCE JAN 1    316                       290     26      415
..................................................................


WIND (MPH)
  HIGHEST WIND SPEED    17   HIGHEST WIND DIRECTION     N (360)
  HIGHEST GUST SPEED    23   HIGHEST GUST DIRECTION     N (20)
  AVERAGE WIND SPEED    10.0


SKY COVER
  POSSIBLE SUNSHINE  MM
  AVERAGE SKY COVER 1.0


WEATHER CONDITIONS
 THE FOLLOWING WEATHER WAS RECORDED YESTERDAY.
  LIGHT RAIN
  FOG


RELATIVE HUMIDITY (PERCENT)
 HIGHEST    93           300 AM
 LOWEST     67           200 PM
 AVERAGE    80

..........................................................


THE ABILENE CLIMATE NORMALS FOR TODAY
                         NORMAL    RECORD    YEAR
 MAXIMUM TEMPERATURE (F)   86       104      1953
 MINIMUM TEMPERATURE (F)   63        43      2001


SUNRISE AND SUNSET
MAY 22 2015...........SUNRISE   636 AM CDT   SUNSET   835 PM CDT
MAY 23 2015...........SUNRISE   636 AM CDT   SUNSET   835 PM CDT


-  INDICATES NEGATIVE NUMBERS.
R  INDICATES RECORD WAS SET OR TIED.
MM INDICATES DATA IS MISSING.
T  INDICATES TRACE AMOUNT.




$$
