000
CDUS44 KSJT 220651
CLIABI


CLIMATE REPORT
NATIONAL WEATHER SERVICE SAN ANGELO TX
151 AM CDT WED OCT 22 2014


...................................

...THE ABILENE CLIMATE SUMMARY FOR OCTOBER 21 2014...

CLIMATE NORMAL PERIOD 1981 TO 2010
CLIMATE RECORD PERIOD 1886 TO 2014


WEATHER ITEM   OBSERVED TIME   RECORD YEAR NORMAL DEPARTURE LAST
                VALUE   (LST)  VALUE       VALUE  FROM      YEAR
                                                  NORMAL
..................................................................
TEMPERATURE (F)
 YESTERDAY
  MAXIMUM         81    255 PM  93    1979  76      5       65
                                      1933
  MINIMUM         60    727 AM  34    1917  53      7       47
  AVERAGE         71                        64      7       56

PRECIPITATION (IN)
  YESTERDAY        0.00          1.93 1972   0.10  -0.10     0.00
  MONTH TO DATE    0.77                      2.08  -1.31     1.40
  SINCE SEP 1      1.54                      4.32  -2.78     4.58
  SINCE JAN 1     12.04                     21.28  -9.24    20.91

SNOWFALL (IN)
  YESTERDAY        0.0           0.0  2002   0.0    0.0      0.0
  MONTH TO DATE    0.0                       0.0    0.0      0.0
  SINCE NOV 1      3.1                       4.7   -1.6      1.1
  SINCE JUL 1      0.0                       0.0    0.0      0.0

DEGREE DAYS
 HEATING
  YESTERDAY        0                         3     -3        9
  MONTH TO DATE   14                        45    -31       62
  SINCE SEP 1     19                        56    -37       62
  SINCE JUL 1     19                        56    -37       62

 COOLING
  YESTERDAY        6                         3      3        0
  MONTH TO DATE  167                        95     72      112
  SINCE SEP 1    565                       421    144      527
  SINCE JAN 1   2749                      2366    383     2681
..................................................................


WIND (MPH)
  HIGHEST WIND SPEED    16   HIGHEST WIND DIRECTION    SE (140)
  HIGHEST GUST SPEED    21   HIGHEST GUST DIRECTION    SE (130)
  AVERAGE WIND SPEED     7.1


SKY COVER
  POSSIBLE SUNSHINE  MM
  AVERAGE SKY COVER 0.1


WEATHER CONDITIONS
 THE FOLLOWING WEATHER WAS RECORDED YESTERDAY.
  NO SIGNIFICANT WEATHER WAS OBSERVED.


RELATIVE HUMIDITY (PERCENT)
 HIGHEST    78           200 AM
 LOWEST     33           300 PM
 AVERAGE    56

..........................................................


THE ABILENE CLIMATE NORMALS FOR TODAY
                         NORMAL    RECORD    YEAR
 MAXIMUM TEMPERATURE (F)   76        91      1934
 MINIMUM TEMPERATURE (F)   53        32      1990
                                             1911


SUNRISE AND SUNSET
OCTOBER 22 2014.......SUNRISE   748 AM CDT   SUNSET   658 PM CDT
OCTOBER 23 2014.......SUNRISE   749 AM CDT   SUNSET   657 PM CDT


-  INDICATES NEGATIVE NUMBERS.
R  INDICATES RECORD WAS SET OR TIED.
MM INDICATES DATA IS MISSING.
T  INDICATES TRACE AMOUNT.




$$
