000
CDUS44 KSJT 220806
CLIABI


CLIMATE REPORT
NATIONAL WEATHER SERVICE SAN ANGELO TX
306 AM CDT TUE AUG 22 2017


...................................

...THE ABILENE CLIMATE SUMMARY FOR AUGUST 21 2017...

CLIMATE NORMAL PERIOD 1981 TO 2010
CLIMATE RECORD PERIOD 1886 TO 2017


WEATHER ITEM   OBSERVED TIME   RECORD YEAR NORMAL DEPARTURE LAST
                VALUE   (LST)  VALUE       VALUE  FROM      YEAR
                                                  NORMAL
..................................................................
TEMPERATURE (F)
 YESTERDAY
  MAXIMUM         93    253 PM 104    1930  94     -1       84
  MINIMUM         74    655 AM  57    1956  71      3       67
  AVERAGE         84                        82      2       76

PRECIPITATION (IN)
  YESTERDAY        0.00          2.20 1937   0.09  -0.09     0.00
  MONTH TO DATE    3.39                      1.71   1.68     3.30
  SINCE JUN 1      6.11                      7.14  -1.03     7.07
  SINCE JAN 1     13.98                     16.08  -2.10    24.87

DEGREE DAYS
 HEATING
  YESTERDAY        0                         0      0        0
  MONTH TO DATE    0                         0      0        0
  SINCE JUN 1      0                         1     -1        0
  SINCE JUL 1      0                         0      0        0

 COOLING
  YESTERDAY       19                        17      2       11
  MONTH TO DATE  351                       389    -38      405
  SINCE JUN 1   1386                      1385      1     1536
  SINCE JAN 1   1805                      1782     23     1845
..................................................................


WIND (MPH)
  HIGHEST WIND SPEED    18   HIGHEST WIND DIRECTION    SE (150)
  HIGHEST GUST SPEED    25   HIGHEST GUST DIRECTION    SE (140)
  AVERAGE WIND SPEED    10.8


SKY COVER
  POSSIBLE SUNSHINE  MM
  AVERAGE SKY COVER 0.0


WEATHER CONDITIONS
 THE FOLLOWING WEATHER WAS RECORDED YESTERDAY.
  NO SIGNIFICANT WEATHER WAS OBSERVED.


RELATIVE HUMIDITY (PERCENT)
 HIGHEST    79           700 AM
 LOWEST     36           300 PM
 AVERAGE    58

..........................................................


THE ABILENE CLIMATE NORMALS FOR TODAY
                         NORMAL    RECORD    YEAR
 MAXIMUM TEMPERATURE (F)   94       104      1917
 MINIMUM TEMPERATURE (F)   71        58      1891


SUNRISE AND SUNSET
AUGUST 22 2017........SUNRISE   707 AM CDT   SUNSET   815 PM CDT
AUGUST 23 2017........SUNRISE   708 AM CDT   SUNSET   814 PM CDT


-  INDICATES NEGATIVE NUMBERS.
R  INDICATES RECORD WAS SET OR TIED.
MM INDICATES DATA IS MISSING.
T  INDICATES TRACE AMOUNT.




$$
