000
CDUS44 KSJT 120815
CLIABI


CLIMATE REPORT
NATIONAL WEATHER SERVICE SAN ANGELO TX
214 AM CST FRI FEB 12 2016


...................................

...THE ABILENE CLIMATE SUMMARY FOR FEBRUARY 11 2016...

CLIMATE NORMAL PERIOD 1981 TO 2010
CLIMATE RECORD PERIOD 1886 TO 2016


WEATHER ITEM   OBSERVED TIME   RECORD YEAR NORMAL DEPARTURE LAST
                VALUE   (LST)  VALUE       VALUE  FROM      YEAR
                                                  NORMAL
..................................................................
TEMPERATURE (F)
 YESTERDAY
  MAXIMUM         73    457 PM  91    1922  60     13       66
  MINIMUM         43   1159 PM   1    1899  36      7       44
  AVERAGE         58                        48     10       55

PRECIPITATION (IN)
  YESTERDAY        0.00          0.77 1924   0.06  -0.06     0.00
  MONTH TO DATE    0.00                      0.50  -0.50     0.00
  SINCE DEC 1      2.24                      2.75  -0.51     2.30
  SINCE JAN 1      0.04                      1.52  -1.48     1.77

SNOWFALL (IN)
  YESTERDAY        0.0           3.0  2010   0.0    0.0      0.0
  MONTH TO DATE    0.0                       0.3   -0.3      0.0
  SINCE NOV 1      5.1                       3.6    1.5      0.1
  SINCE JUL 1      5.1                       3.6    1.5      0.1

DEGREE DAYS
 HEATING
  YESTERDAY        7                        17    -10       10
  MONTH TO DATE  179                       201    -22      157
  SINCE DEC 1   1243                      1437   -194     1286
  SINCE JUL 1   1586                      1870   -284     1703

 COOLING
  YESTERDAY        0                         0      0        0
  MONTH TO DATE    0                         0      0        2
  SINCE DEC 1      0                         2     -2        2
  SINCE JAN 1      0                         1     -1        2
..................................................................


WIND (MPH)
  HIGHEST WIND SPEED    18   HIGHEST WIND DIRECTION    SW (220)
  HIGHEST GUST SPEED    22   HIGHEST GUST DIRECTION    SW (210)
  AVERAGE WIND SPEED     6.9


SKY COVER
  POSSIBLE SUNSHINE  MM
  AVERAGE SKY COVER 0.0


WEATHER CONDITIONS
 THE FOLLOWING WEATHER WAS RECORDED YESTERDAY.
  NO SIGNIFICANT WEATHER WAS OBSERVED.


RELATIVE HUMIDITY (PERCENT)
 HIGHEST    60          1100 PM
 LOWEST     19           500 PM
 AVERAGE    40

..........................................................


THE ABILENE CLIMATE NORMALS FOR TODAY
                         NORMAL    RECORD    YEAR
 MAXIMUM TEMPERATURE (F)   60        87      1962
 MINIMUM TEMPERATURE (F)   36        -6      1899


SUNRISE AND SUNSET
FEBRUARY 12 2016......SUNRISE   725 AM CST   SUNSET   622 PM CST
FEBRUARY 13 2016......SUNRISE   724 AM CST   SUNSET   623 PM CST


-  INDICATES NEGATIVE NUMBERS.
R  INDICATES RECORD WAS SET OR TIED.
MM INDICATES DATA IS MISSING.
T  INDICATES TRACE AMOUNT.




$$
