000
CDUS44 KSJT 040703
CLIABI


CLIMATE REPORT
NATIONAL WEATHER SERVICE SAN ANGELO TX
203 AM CDT WED MAY 4 2016


...................................

...THE ABILENE CLIMATE SUMMARY FOR MAY 3 2016...

CLIMATE NORMAL PERIOD 1981 TO 2010
CLIMATE RECORD PERIOD 1886 TO 2016


WEATHER ITEM   OBSERVED TIME   RECORD YEAR NORMAL DEPARTURE LAST
                VALUE   (LST)  VALUE       VALUE  FROM      YEAR
                                                  NORMAL
..................................................................
TEMPERATURE (F)
 YESTERDAY
  MAXIMUM         76    441 PM  99    1920  82     -6       84
  MINIMUM         46    530 AM  33    2013  57    -11       57
  AVERAGE         61                        70     -9       71

PRECIPITATION (IN)
  YESTERDAY        0.08          2.80 1913   0.09  -0.01     0.00
  MONTH TO DATE    0.51                      0.26   0.25     0.00
  SINCE MAR 1      9.06                      3.64   5.42     3.78
  SINCE JAN 1      9.78                      6.02   3.76     7.29

DEGREE DAYS
 HEATING
  YESTERDAY        4                         1      3        0
  MONTH TO DATE   17                         3     14        0
  SINCE MAR 1    284                       412   -128      389
  SINCE JUL 1   2038                      2545   -507     2466

 COOLING
  YESTERDAY        0                         6     -6        6
  MONTH TO DATE    0                        17    -17       13
  SINCE MAR 1     81                       145    -64      180
  SINCE JAN 1     95                       150    -55      184
..................................................................


WIND (MPH)
  HIGHEST WIND SPEED    26   HIGHEST WIND DIRECTION     N (350)
  HIGHEST GUST SPEED    33   HIGHEST GUST DIRECTION     N (10)
  AVERAGE WIND SPEED     6.5


SKY COVER
  POSSIBLE SUNSHINE  MM
  AVERAGE SKY COVER 0.2


WEATHER CONDITIONS
 THE FOLLOWING WEATHER WAS RECORDED YESTERDAY.
  LIGHT RAIN
  FOG


RELATIVE HUMIDITY (PERCENT)
 HIGHEST    93           100 AM
 LOWEST     38           400 PM
 AVERAGE    66

..........................................................


THE ABILENE CLIMATE NORMALS FOR TODAY
                         NORMAL    RECORD    YEAR
 MAXIMUM TEMPERATURE (F)   82       101      1947
 MINIMUM TEMPERATURE (F)   58        33      1907


SUNRISE AND SUNSET
MAY  4 2016...........SUNRISE   649 AM CDT   SUNSET   822 PM CDT
MAY  5 2016...........SUNRISE   648 AM CDT   SUNSET   823 PM CDT


-  INDICATES NEGATIVE NUMBERS.
R  INDICATES RECORD WAS SET OR TIED.
MM INDICATES DATA IS MISSING.
T  INDICATES TRACE AMOUNT.




$$
