000
CDUS45 KABQ 280832
CLIABQ


CLIMATE REPORT
NATIONAL WEATHER SERVICE ALBUQUERQUE NM
228 AM MDT FRI JUL 28 2017


...................................

...THE ALBUQUERQUE  NM CLIMATE SUMMARY FOR JULY 27 2017...

CLIMATE NORMAL PERIOD 1981 TO 2010
CLIMATE RECORD PERIOD 1891 TO 2017


WEATHER ITEM   OBSERVED TIME   RECORD YEAR NORMAL DEPARTURE LAST
                VALUE   (LST)  VALUE       VALUE  FROM      YEAR
                                                  NORMAL
..................................................................
TEMPERATURE (F)
 YESTERDAY
  MAXIMUM         89    514 PM 103    1995  89      0       93
                                      1979
  MINIMUM         67   1159 PM  46    1913  67      0       68
  AVERAGE         78                        78      0       81

PRECIPITATION (IN)
  YESTERDAY        0.05          0.88 1964   0.06  -0.01
  MONTH TO DATE    0.46                      1.27  -0.81
  SINCE JUN 1      0.94                      1.93  -0.99
  SINCE JAN 1      3.55                      4.47  -0.92

SNOWFALL (IN)
  YESTERDAY        0.0
  MONTH TO DATE    0.0
  SINCE JUN 1      T
  SINCE JUL 1      0.0
  SNOW DEPTH       0

DEGREE DAYS
 HEATING
  YESTERDAY        0                         0      0        0
  MONTH TO DATE    0                         0      0        0
  SINCE JUN 1      0                         4     -4        0
  SINCE JUL 1      0                         0      0        0

 COOLING
  YESTERDAY       13                        13      0       16
  MONTH TO DATE  415                       362     53      451
  SINCE JUN 1    827                       664    163      890
  SINCE JAN 1    906                       762    144      961
..................................................................


WIND (MPH)
  HIGHEST WIND SPEED    33   HIGHEST WIND DIRECTION     E (80)
  HIGHEST GUST SPEED    39   HIGHEST GUST DIRECTION    SE (140)
  AVERAGE WIND SPEED    11.1


SKY COVER
  POSSIBLE SUNSHINE  MM
  AVERAGE SKY COVER 0.7


WEATHER CONDITIONS
 THE FOLLOWING WEATHER WAS RECORDED YESTERDAY.
  THUNDERSTORM
  RAIN
  LIGHT RAIN
  FOG


RELATIVE HUMIDITY (PERCENT)
 HIGHEST    73           800 PM
 LOWEST     27           500 PM
 AVERAGE    50

..........................................................


THE ALBUQUERQUE  NM CLIMATE NORMALS FOR TODAY
                         NORMAL    RECORD    YEAR
 MAXIMUM TEMPERATURE (F)   89       103      1995
 MINIMUM TEMPERATURE (F)   67        44      1913


SUNRISE AND SUNSET
JULY 28 2017..........SUNRISE   613 AM MDT   SUNSET   812 PM MDT
JULY 29 2017..........SUNRISE   614 AM MDT   SUNSET   812 PM MDT


-  INDICATES NEGATIVE NUMBERS.
R  INDICATES RECORD WAS SET OR TIED.
MM INDICATES DATA IS MISSING.
T  INDICATES TRACE AMOUNT.


$$
