000
CDUS45 KABQ 250015
CLIABQ


CLIMATE REPORT
NATIONAL WEATHER SERVICE ALBUQUERQUE NM
515 PM MST FRI NOV 24 2017


...................................

...THE ALBUQUERQUE  NM CLIMATE SUMMARY FOR NOVEMBER 24 2017...
VALID TODAY AS OF 0500 PM LOCAL TIME.

CLIMATE NORMAL PERIOD 1981 TO 2010
CLIMATE RECORD PERIOD 1891 TO 2017


WEATHER ITEM   OBSERVED TIME   RECORD YEAR NORMAL DEPARTURE LAST
                VALUE   (LST)  VALUE       VALUE  FROM      YEAR
                                                  NORMAL
..................................................................
TEMPERATURE (F)
 TODAY
  MAXIMUM         69    333 PM  76    1909  52     17       53
  MINIMUM         35    734 AM   5    1931  31      4       34
  AVERAGE         52                        41     11       44

PRECIPITATION (IN)
  TODAY            0.00          0.50 1895   0.01  -0.01
  MONTH TO DATE    0.00                      0.46  -0.46
  SINCE SEP 1      2.24                      2.56  -0.32
  SINCE JAN 1      7.67                      8.84  -1.17

SNOWFALL (IN)
  TODAY            0.0
  MONTH TO DATE    0.0
  SINCE SEP 1      0.0
  SINCE JUL 1      0.0
  SNOW DEPTH       0

DEGREE DAYS
 HEATING
  TODAY           13                        24    -11       21
  MONTH TO DATE  275                       453   -178      328
  SINCE SEP 1    487                       719   -232      414
  SINCE JUL 1    487                       719   -232      414

 COOLING
  TODAY            0                         0      0        0
  MONTH TO DATE    0                         0      0        0
  SINCE SEP 1    247                       165     82      213
  SINCE JAN 1   1557                      1322    235     1525
..................................................................


WIND (MPH)
  HIGHEST WIND SPEED     8   HIGHEST WIND DIRECTION     S (170)
  HIGHEST GUST SPEED    11   HIGHEST GUST DIRECTION     S (160)
  AVERAGE WIND SPEED     3.3


SKY COVER
  POSSIBLE SUNSHINE  MM
  AVERAGE SKY COVER 0.2



RELATIVE HUMIDITY (PERCENT)
 HIGHEST    64           500 AM
 LOWEST     19           300 PM
 AVERAGE    42

..........................................................


THE ALBUQUERQUE  NM CLIMATE NORMALS FOR TOMORROW
                         NORMAL    RECORD    YEAR
 MAXIMUM TEMPERATURE (F)   51        70      1909
 MINIMUM TEMPERATURE (F)   31        13      1952


SUNRISE AND SUNSET
NOVEMBER 24 2017......SUNRISE   650 AM MST   SUNSET   456 PM MST
NOVEMBER 25 2017......SUNRISE   651 AM MST   SUNSET   456 PM MST


-  INDICATES NEGATIVE NUMBERS.
R  INDICATES RECORD WAS SET OR TIED.
MM INDICATES DATA IS MISSING.
T  INDICATES TRACE AMOUNT.




$$
