000
CDUS45 KABQ 040826
CLIABQ


CLIMATE REPORT
NATIONAL WEATHER SERVICE ALBUQUERQUE NM
226 AM MDT WED MAY 4 2016


...................................

...THE ALBUQUERQUE  NM CLIMATE SUMMARY FOR MAY 3 2016...

CLIMATE NORMAL PERIOD 1981 TO 2010
CLIMATE RECORD PERIOD 1891 TO 2016


WEATHER ITEM   OBSERVED TIME   RECORD YEAR NORMAL DEPARTURE LAST
                VALUE   (LST)  VALUE       VALUE  FROM      YEAR
                                                  NORMAL
..................................................................
TEMPERATURE (F)
 YESTERDAY
  MAXIMUM         73    531 PM  92    1947  75     -2       78
  MINIMUM         46    609 AM  28    1915  49     -3       50
  AVERAGE         60                        62     -2       64

PRECIPITATION (IN)
  YESTERDAY        0.00          0.68 1941   0.02  -0.02
  MONTH TO DATE    0.02                      0.05  -0.03
  SINCE MAR 1      0.68                      1.23  -0.55
  SINCE JAN 1      1.10                      2.09  -0.99

SNOWFALL (IN)
  YESTERDAY        0.0
  MONTH TO DATE    T
  SINCE MAR 1      T
  SINCE JUL 1      9.8
  SNOW DEPTH       0

DEGREE DAYS
 HEATING
  YESTERDAY        5                         4      1        1
  MONTH TO DATE   37                        14     23        1
  SINCE MAR 1    721                       815    -94      606
  SINCE JUL 1   3731                      4118   -387     3527

 COOLING
  YESTERDAY        0                         1     -1        0
  MONTH TO DATE    0                         3     -3        4
  SINCE MAR 1      5                        10     -5        4
  SINCE JAN 1      5                        10     -5        4
..................................................................


WIND (MPH)
  HIGHEST WIND SPEED    18   HIGHEST WIND DIRECTION     E (90)
  HIGHEST GUST SPEED    23   HIGHEST GUST DIRECTION     E (90)
  AVERAGE WIND SPEED     7.9


SKY COVER
  POSSIBLE SUNSHINE  MM
  AVERAGE SKY COVER 0.3


WEATHER CONDITIONS
 THE FOLLOWING WEATHER WAS RECORDED YESTERDAY.
  NO SIGNIFICANT WEATHER WAS OBSERVED.


RELATIVE HUMIDITY (PERCENT)
 HIGHEST    71           600 AM
 LOWEST     14           400 PM
 AVERAGE    43

..........................................................


THE ALBUQUERQUE  NM CLIMATE NORMALS FOR TODAY
                         NORMAL    RECORD    YEAR
 MAXIMUM TEMPERATURE (F)   75        94      1947
 MINIMUM TEMPERATURE (F)   49        30      1912


SUNRISE AND SUNSET
MAY  4 2016...........SUNRISE   612 AM MDT   SUNSET   755 PM MDT
MAY  5 2016...........SUNRISE   611 AM MDT   SUNSET   756 PM MDT


-  INDICATES NEGATIVE NUMBERS.
R  INDICATES RECORD WAS SET OR TIED.
MM INDICATES DATA IS MISSING.
T  INDICATES TRACE AMOUNT.




$$
