000
CDUS45 KABQ 270831
CLIABQ


CLIMATE REPORT
NATIONAL WEATHER SERVICE ALBUQUERQUE NM
231 AM MDT SAT MAY 27 2017


...................................

...THE ALBUQUERQUE  NM CLIMATE SUMMARY FOR MAY 26 2017...

CLIMATE NORMAL PERIOD 1981 TO 2010
CLIMATE RECORD PERIOD 1891 TO 2017


WEATHER ITEM   OBSERVED TIME   RECORD YEAR NORMAL DEPARTURE LAST
                VALUE   (LST)  VALUE       VALUE  FROM      YEAR
                                                  NORMAL
..................................................................
TEMPERATURE (F)
 YESTERDAY
  MAXIMUM         86    454 PM  95    1951  82      4       74
  MINIMUM         52    526 AM  34    1917  55     -3       49
  AVERAGE         69                        69      0       62

PRECIPITATION (IN)
  YESTERDAY        0.00          0.73 1926   0.02  -0.02
  MONTH TO DATE    0.16                      0.42  -0.26
  SINCE MAR 1      1.14                      1.60  -0.46
  SINCE JAN 1      2.53                      2.46   0.07

SNOWFALL (IN)
  YESTERDAY        0.0
  MONTH TO DATE    0.0
  SINCE MAR 1      0.7
  SINCE JUL 1      3.6
  SNOW DEPTH       0

DEGREE DAYS
 HEATING
  YESTERDAY        0                         1     -1        3
  MONTH TO DATE   72                        67      5       86
  SINCE MAR 1    618                       868   -250      770
  SINCE JUL 1   3300                      4171   -871     3780

 COOLING
  YESTERDAY        4                         5     -1        0
  MONTH TO DATE   55                        65    -10       48
  SINCE MAR 1     60                        72    -12       53
  SINCE JAN 1     60                        72    -12       53
..................................................................


WIND (MPH)
  HIGHEST WIND SPEED    28   HIGHEST WIND DIRECTION     W (260)
  HIGHEST GUST SPEED    35   HIGHEST GUST DIRECTION     W (270)
  AVERAGE WIND SPEED     8.5


SKY COVER
  POSSIBLE SUNSHINE  MM
  AVERAGE SKY COVER 0.2


WEATHER CONDITIONS
 THE FOLLOWING WEATHER WAS RECORDED YESTERDAY.
  NO SIGNIFICANT WEATHER WAS OBSERVED.


RELATIVE HUMIDITY (PERCENT)
 HIGHEST    19           500 AM
 LOWEST      5           500 PM
 AVERAGE    12

..........................................................


THE ALBUQUERQUE  NM CLIMATE NORMALS FOR TODAY
                         NORMAL    RECORD    YEAR
 MAXIMUM TEMPERATURE (F)   83        98      1951
 MINIMUM TEMPERATURE (F)   56        30      1917


SUNRISE AND SUNSET
MAY 27 2017...........SUNRISE   555 AM MDT   SUNSET   812 PM MDT
MAY 28 2017...........SUNRISE   555 AM MDT   SUNSET   813 PM MDT


-  INDICATES NEGATIVE NUMBERS.
R  INDICATES RECORD WAS SET OR TIED.
MM INDICATES DATA IS MISSING.
T  INDICATES TRACE AMOUNT.




$$
