000
CDUS45 KABQ 020010
CLIABQ


CLIMATE REPORT
NATIONAL WEATHER SERVICE ALBUQUERQUE NM
610 PM MDT WED OCT 1 2014


...................................

...THE ALBUQUERQUE  NM CLIMATE SUMMARY FOR OCTOBER 1 2014...
VALID TODAY AS OF 0500 PM LOCAL TIME.

CLIMATE NORMAL PERIOD 1981 TO 2010
CLIMATE RECORD PERIOD 1897 TO 2014


WEATHER ITEM   OBSERVED TIME   RECORD YEAR NORMAL DEPARTURE LAST
                VALUE   (LST)  VALUE       VALUE  FROM      YEAR
                                                  NORMAL
..................................................................
TEMPERATURE (F)
 TODAY
  MAXIMUM         78    346 PM  90    1980  75      3       83
  MINIMUM         48    650 AM  32    1907  52     -4       49
  AVERAGE         63                        63      0       66

PRECIPITATION (IN)
  TODAY            0.00          0.46 1983   0.04  -0.04
  MONTH TO DATE    0.00                      0.04  -0.04
  SINCE SEP 1      0.73                      1.12  -0.39
  SINCE JAN 1      6.79                      7.40  -0.61

SNOWFALL (IN)
  TODAY            0.0
  MONTH TO DATE    0.0
  SINCE SEP 1      0.0
  SINCE JUL 1      0.0
  SNOW DEPTH       0

DEGREE DAYS
 HEATING
  TODAY            2                         3     -1        0
  MONTH TO DATE    2                         3     -1        0
  SINCE SEP 1     11                        29    -18       24
  SINCE JUL 1     11                        29    -18       24

 COOLING
  TODAY            0                         1     -1        1
  MONTH TO DATE    0                         1     -1        1
  SINCE SEP 1    211                       156     55      190
  SINCE JAN 1   1441                      1313    128     1565
..................................................................


WIND (MPH)
  HIGHEST WIND SPEED    22   HIGHEST WIND DIRECTION     W (250)
  HIGHEST GUST SPEED    28   HIGHEST GUST DIRECTION     W (250)
  AVERAGE WIND SPEED     5.7


SKY COVER
  POSSIBLE SUNSHINE  MM
  AVERAGE SKY COVER 0.1



RELATIVE HUMIDITY (PERCENT)
 HIGHEST    56           700 AM
 LOWEST     15           300 PM
 AVERAGE    36

..........................................................


THE ALBUQUERQUE  NM CLIMATE NORMALS FOR TOMORROW
                         NORMAL    RECORD    YEAR
 MAXIMUM TEMPERATURE (F)   74        90      1979
 MINIMUM TEMPERATURE (F)   52        32      1893


SUNRISE AND SUNSET
OCTOBER  1 2014.......SUNRISE   701 AM MDT   SUNSET   650 PM MDT
OCTOBER  2 2014.......SUNRISE   702 AM MDT   SUNSET   649 PM MDT


-  INDICATES NEGATIVE NUMBERS.
R  INDICATES RECORD WAS SET OR TIED.
MM INDICATES DATA IS MISSING.
T  INDICATES TRACE AMOUNT.




$$
