000
CDUS45 KABQ 260844
CLIABQ


CLIMATE REPORT
NATIONAL WEATHER SERVICE ALBUQUERQUE NM
142 AM MST FRI DEC 26 2014


...................................

...THE ALBUQUERQUE  NM CLIMATE SUMMARY FOR DECEMBER 25 2014...

CLIMATE NORMAL PERIOD 1981 TO 2010
CLIMATE RECORD PERIOD 1897 TO 2014


WEATHER ITEM   OBSERVED TIME   RECORD YEAR NORMAL DEPARTURE LAST
                VALUE   (LST)  VALUE       VALUE  FROM      YEAR
                                                  NORMAL
..................................................................
TEMPERATURE (F)
 YESTERDAY
  MAXIMUM         52    213 PM  63    1955  45      7       46
  MINIMUM         30    709 AM  -8    1924  26      4       28
  AVERAGE         41                        35      6       37

PRECIPITATION (IN)
  YESTERDAY        T             0.35 1942   0.01  -0.01
  MONTH TO DATE    1.11                      0.41   0.70
  SINCE DEC 1      1.11                      0.41   0.70
  SINCE JAN 1      8.78                      9.36  -0.58

SNOWFALL (IN)
  YESTERDAY        T
  MONTH TO DATE    0.9
  SINCE DEC 1      0.9
  SINCE JUL 1      0.9
  SNOW DEPTH       0

DEGREE DAYS
 HEATING
  YESTERDAY       24                        30     -6       28
  MONTH TO DATE  556                       711   -155      729
  SINCE DEC 1    556                       711   -155      729
  SINCE JUL 1   1239                      1578   -339     1619

 COOLING
  YESTERDAY        0                         0      0        0
  MONTH TO DATE    0                         0      0        0
  SINCE DEC 1      0                         0      0        0
  SINCE JAN 1   1444                      1322    122     1565
..................................................................


WIND (MPH)
  HIGHEST WIND SPEED    23   HIGHEST WIND DIRECTION     W (280)
  HIGHEST GUST SPEED    37   HIGHEST GUST DIRECTION     W (290)
  AVERAGE WIND SPEED     9.2


SKY COVER
  POSSIBLE SUNSHINE  MM
  AVERAGE SKY COVER 0.7


WEATHER CONDITIONS
 THE FOLLOWING WEATHER WAS RECORDED YESTERDAY.
  LIGHT SNOW
  FOG


RELATIVE HUMIDITY (PERCENT)
 HIGHEST    76           900 PM
 LOWEST     21          1200 PM
 AVERAGE    49

..........................................................


THE ALBUQUERQUE  NM CLIMATE NORMALS FOR TODAY
                         NORMAL    RECORD    YEAR
 MAXIMUM TEMPERATURE (F)   45        63      2005
                                             1969
                                             1933
 MINIMUM TEMPERATURE (F)   26       -16      1911


SUNRISE AND SUNSET
DECEMBER 26 2014......SUNRISE   713 AM MST   SUNSET   501 PM MST
DECEMBER 27 2014......SUNRISE   713 AM MST   SUNSET   502 PM MST


-  INDICATES NEGATIVE NUMBERS.
R  INDICATES RECORD WAS SET OR TIED.
MM INDICATES DATA IS MISSING.
T  INDICATES TRACE AMOUNT.




$$
