492
CDUS45 KABQ 260035
CLIABQ


CLIMATE REPORT
NATIONAL WEATHER SERVICE ALBUQUERQUE NM
634 PM MDT TUE APR 25 2017


...................................

...THE ALBUQUERQUE  NM CLIMATE SUMMARY FOR APRIL 25 2017...
VALID TODAY AS OF 0500 PM LOCAL TIME.

CLIMATE NORMAL PERIOD 1981 TO 2010
CLIMATE RECORD PERIOD 1891 TO 2017


WEATHER ITEM   OBSERVED TIME   RECORD YEAR NORMAL DEPARTURE LAST
                VALUE   (LST)  VALUE       VALUE  FROM      YEAR
                                                  NORMAL
..................................................................
TEMPERATURE (F)
 TODAY
  MAXIMUM         65   1240 AM  86    2012  72     -7       80
                                      1981
  MINIMUM         46    911 AM  25    1921  46      0       46
  AVERAGE         56                        59     -3       63

PRECIPITATION (IN)
  TODAY            0.18          0.86 1990   0.02   0.16
  MONTH TO DATE    0.39                      0.52  -0.13
  SINCE MAR 1      0.59                      1.09  -0.50
  SINCE JAN 1      1.98                      1.95   0.03

SNOWFALL (IN)
  TODAY            0.0
  MONTH TO DATE    T
  SINCE MAR 1      T
  SINCE JUL 1      2.9
  SNOW DEPTH       0

DEGREE DAYS
 HEATING
  TODAY            9                         7      2        2
  MONTH TO DATE  165                       249    -84      222
  SINCE MAR 1    473                       773   -300      634
  SINCE JUL 1   3155                      4076   -921     3644

 COOLING
  TODAY            0                         1     -1        0
  MONTH TO DATE    4                         1      3        4
  SINCE MAR 1      5                         1      4        4
  SINCE JAN 1      5                         1      4        4
..................................................................


WIND (MPH)
  HIGHEST WIND SPEED    28   HIGHEST WIND DIRECTION     N (360)
  HIGHEST GUST SPEED    39   HIGHEST GUST DIRECTION     W (290)
  AVERAGE WIND SPEED     9.5


SKY COVER
  POSSIBLE SUNSHINE  MM
  AVERAGE SKY COVER 0.9



RELATIVE HUMIDITY (PERCENT)
 HIGHEST    93           900 AM
 LOWEST     18          1200 AM
 AVERAGE    56

..........................................................


THE ALBUQUERQUE  NM CLIMATE NORMALS FOR TOMORROW
                         NORMAL    RECORD    YEAR
 MAXIMUM TEMPERATURE (F)   72        87      2012
 MINIMUM TEMPERATURE (F)   46        28      1984


SUNRISE AND SUNSET
APRIL 25 2017.........SUNRISE   622 AM MDT   SUNSET   747 PM MDT
APRIL 26 2017.........SUNRISE   621 AM MDT   SUNSET   748 PM MDT


-  INDICATES NEGATIVE NUMBERS.
R  INDICATES RECORD WAS SET OR TIED.
MM INDICATES DATA IS MISSING.
T  INDICATES TRACE AMOUNT.




$$
