000
CDUS45 KABQ 030021
CLIABQ


CLIMATE REPORT
NATIONAL WEATHER SERVICE ALBUQUERQUE NM
618 PM MDT SUN AUG 2 2015


...................................

...THE ALBUQUERQUE  NM CLIMATE SUMMARY FOR AUGUST 2 2015...
VALID TODAY AS OF 0500 PM LOCAL TIME.

CLIMATE NORMAL PERIOD 1981 TO 2010
CLIMATE RECORD PERIOD 1891 TO 2015


WEATHER ITEM   OBSERVED TIME   RECORD YEAR NORMAL DEPARTURE LAST
                VALUE   (LST)  VALUE       VALUE  FROM      YEAR
                                                  NORMAL
..................................................................
TEMPERATURE (F)
 TODAY
  MAXIMUM         83    242 PM 101    1979  88     -5       79
  MINIMUM         66    443 AM  47    1911  66      0       62
  AVERAGE         75                        77     -2       71

PRECIPITATION (IN)
  TODAY            0.00          1.09 1935   0.06  -0.06
  MONTH TO DATE    0.08                      0.12  -0.04
  SINCE JUN 1      3.92                      2.28   1.64
  SINCE JAN 1      7.56                      4.82   2.74

SNOWFALL (IN)
  TODAY            0.0
  MONTH TO DATE    0.0
  SINCE JUN 1      0.0
  SINCE JUL 1      0.0
  SNOW DEPTH       0

DEGREE DAYS
 HEATING
  TODAY            0                         0      0        0
  MONTH TO DATE    0                         0      0        0
  SINCE JUN 1      0                         4     -4        0
  SINCE JUL 1      0                         0      0        0

 COOLING
  TODAY           10                        12     -2        6
  MONTH TO DATE   22                        24     -2       12
  SINCE JUN 1    784                       737     47      837
  SINCE JAN 1    817                       835    -18      949
..................................................................


WIND (MPH)
  HIGHEST WIND SPEED    20   HIGHEST WIND DIRECTION    SW (220)
  HIGHEST GUST SPEED    24   HIGHEST GUST DIRECTION    SW (220)
  AVERAGE WIND SPEED     5.4


SKY COVER
  POSSIBLE SUNSHINE  MM
  AVERAGE SKY COVER 0.6



RELATIVE HUMIDITY (PERCENT)
 HIGHEST    81           200 AM
 LOWEST     34           200 PM
 AVERAGE    58

..........................................................


THE ALBUQUERQUE  NM CLIMATE NORMALS FOR TOMORROW
                         NORMAL    RECORD    YEAR
 MAXIMUM TEMPERATURE (F)   88        99      1981
                                             1977
 MINIMUM TEMPERATURE (F)   66        52      1913


SUNRISE AND SUNSET
AUGUST  2 2015........SUNRISE   616 AM MDT   SUNSET   809 PM MDT
AUGUST  3 2015........SUNRISE   617 AM MDT   SUNSET   808 PM MDT


-  INDICATES NEGATIVE NUMBERS.
R  INDICATES RECORD WAS SET OR TIED.
MM INDICATES DATA IS MISSING.
T  INDICATES TRACE AMOUNT.




$$
