000
CDUS45 KABQ 020018
CLIABQ


CLIMATE REPORT
NATIONAL WEATHER SERVICE ALBUQUERQUE NM
517 PM MST SUN FEB 1 2015


...................................

...THE ALBUQUERQUE  NM CLIMATE SUMMARY FOR FEBRUARY 1 2015...
VALID TODAY AS OF 0500 PM LOCAL TIME.

CLIMATE NORMAL PERIOD 1981 TO 2010
CLIMATE RECORD PERIOD 1897 TO 2015


WEATHER ITEM   OBSERVED TIME   RECORD YEAR NORMAL DEPARTURE LAST
                VALUE   (LST)  VALUE       VALUE  FROM      YEAR
                                                  NORMAL
..................................................................
TEMPERATURE (F)
 TODAY
  MAXIMUM         51    405 PM  70    1963  49      2       50
  MINIMUM         32    733 AM  -5    1951  28      4       37
  AVERAGE         42                        38      4       44

PRECIPITATION (IN)
  TODAY            0.00          0.37 1956   0.02  -0.02
  MONTH TO DATE    0.00                      0.02  -0.02
  SINCE DEC 1      1.84                      0.90   0.94
  SINCE JAN 1      0.70                      0.40   0.30

SNOWFALL (IN)
  TODAY            0.0
  MONTH TO DATE    0.0
  SINCE DEC 1      5.4
  SINCE JUL 1      5.4
  SNOW DEPTH       0

DEGREE DAYS
 HEATING
  TODAY           23                        27     -4       21
  MONTH TO DATE   23                        27     -4       21
  SINCE DEC 1   1661                      1802   -141     1727
  SINCE JUL 1   2344                      2669   -325     2617

 COOLING
  TODAY            0                         0      0        0
  MONTH TO DATE    0                         0      0        0
  SINCE DEC 1      0                         0      0        0
  SINCE JAN 1      0                         0      0        0
..................................................................


WIND (MPH)
  HIGHEST WIND SPEED    16   HIGHEST WIND DIRECTION    NW (310)
  HIGHEST GUST SPEED    19   HIGHEST GUST DIRECTION    NW (310)
  AVERAGE WIND SPEED     6.9


SKY COVER
  POSSIBLE SUNSHINE  MM
  AVERAGE SKY COVER 0.3



RELATIVE HUMIDITY (PERCENT)
 HIGHEST    89           600 AM
 LOWEST     46           200 PM
 AVERAGE    68

..........................................................


THE ALBUQUERQUE  NM CLIMATE NORMALS FOR TOMORROW
                         NORMAL    RECORD    YEAR
 MAXIMUM TEMPERATURE (F)   49        68      2003
 MINIMUM TEMPERATURE (F)   28        -4      1951


SUNRISE AND SUNSET
FEBRUARY  1 2015......SUNRISE   705 AM MST   SUNSET   535 PM MST
FEBRUARY  2 2015......SUNRISE   705 AM MST   SUNSET   536 PM MST


-  INDICATES NEGATIVE NUMBERS.
R  INDICATES RECORD WAS SET OR TIED.
MM INDICATES DATA IS MISSING.
T  INDICATES TRACE AMOUNT.




$$
