650
CDUS43 KABR 291034
CLIABR


CLIMATE REPORT
NATIONAL WEATHER SERVICE ABERDEEN SD
534 AM CDT THU JUN 29 2017


...................................

...THE ABERDEEN SD CLIMATE SUMMARY FOR JUNE 28 2017...

CLIMATE NORMAL PERIOD 1981 TO 2010
CLIMATE RECORD PERIOD 1893 TO 2017


WEATHER ITEM   OBSERVED TIME   RECORD YEAR NORMAL DEPARTURE LAST
                VALUE   (LST)  VALUE       VALUE  FROM      YEAR
                                                  NORMAL
..................................................................
TEMPERATURE (F)
 YESTERDAY
  MAXIMUM         85    314 PM 112    1931  81      4       82
  MINIMUM         55   1126 PM  40    1951  57     -2       50
                                      1895
  AVERAGE         70                        69      1       66

PRECIPITATION (IN)
  YESTERDAY        0.00          1.80 1915   0.13  -0.13     0.00
  MONTH TO DATE    3.83                      3.47   0.36     1.41
  SINCE JUN 1      3.83                      3.47   0.36     1.41
  SINCE JAN 1      7.21                     10.61  -3.40     8.35

DEGREE DAYS
 HEATING
  YESTERDAY        0                         1     -1        0
  MONTH TO DATE   44                        74    -30       18
  SINCE JUN 1     44                        74    -30       18
  SINCE JUL 1   7544                      8532   -988     6785

 COOLING
  YESTERDAY        5                         5      0        1
  MONTH TO DATE  133                        82     51      187
  SINCE JUN 1    133                        82     51      187
  SINCE JAN 1    145                       105     40      220
..................................................................


WIND (MPH)
  HIGHEST WIND SPEED    22   HIGHEST WIND DIRECTION    NW (330)
  HIGHEST GUST SPEED    29   HIGHEST GUST DIRECTION    NW (330)
  AVERAGE WIND SPEED    12.4


SKY COVER
  POSSIBLE SUNSHINE  MM
  AVERAGE SKY COVER 0.1


WEATHER CONDITIONS
 THE FOLLOWING WEATHER WAS RECORDED YESTERDAY.
  NO SIGNIFICANT WEATHER WAS OBSERVED.


RELATIVE HUMIDITY (PERCENT)
 HIGHEST    87           400 AM
 LOWEST     25           600 PM
 AVERAGE    56

..........................................................


THE ABERDEEN SD CLIMATE NORMALS FOR TODAY
                         NORMAL    RECORD    YEAR
 MAXIMUM TEMPERATURE (F)   81       107      1931
 MINIMUM TEMPERATURE (F)   57        42      1900


SUNRISE AND SUNSET
JUNE 29 2017..........SUNRISE   548 AM CDT   SUNSET   926 PM CDT
JUNE 30 2017..........SUNRISE   549 AM CDT   SUNSET   926 PM CDT


-  INDICATES NEGATIVE NUMBERS.
R  INDICATES RECORD WAS SET OR TIED.
MM INDICATES DATA IS MISSING.
T  INDICATES TRACE AMOUNT.




$$
