000
CDUS43 KABR 191032
CLIABR


CLIMATE REPORT
NATIONAL WEATHER SERVICE ABERDEEN SD
431 AM CST THU JAN 19 2017


...................................

...THE ABERDEEN SD CLIMATE SUMMARY FOR JANUARY 18 2017...

CLIMATE NORMAL PERIOD 1981 TO 2010
CLIMATE RECORD PERIOD 1893 TO 2017


WEATHER ITEM   OBSERVED TIME   RECORD YEAR NORMAL DEPARTURE LAST
                VALUE   (LST)  VALUE       VALUE  FROM      YEAR
                                                  NORMAL
..................................................................
TEMPERATURE (F)
 YESTERDAY
  MAXIMUM         33    340 PM  51    1944  22     11        9
  MINIMUM         12   1150 PM -34    1970   1     11       -1
  AVERAGE         23                        12     11        4

PRECIPITATION (IN)
  YESTERDAY        0.00          0.40 1913   0.02  -0.02     0.00
  MONTH TO DATE    0.46                      0.30   0.16     0.09
  SINCE DEC 1      2.24                      0.82   1.42     0.73
  SINCE JAN 1      0.46                      0.30   0.16     0.09

SNOWFALL (IN)
  YESTERDAY        0.0           4.0  1913   0.1   -0.1      0.0
  MONTH TO DATE    8.5                       4.1    4.4      1.9
  SINCE OCT 1     24.5                      18.7    5.8     17.0
  SINCE JUL 1     24.5                      18.7    5.8     17.0
  SNOW DEPTH       7

DEGREE DAYS
 HEATING
  YESTERDAY       42                        53    -11       61
  MONTH TO DATE 1109                       954    155      956
  SINCE DEC 1   2706                      2482    224     2263
  SINCE JUL 1   4056                      4445   -389     3675

 COOLING
  YESTERDAY        0                         0      0        0
  MONTH TO DATE    0                         0      0        0
  SINCE DEC 1      0                         0      0        0
  SINCE JAN 1      0                         0      0        0
..................................................................


WIND (MPH)
  HIGHEST WIND SPEED    17   HIGHEST WIND DIRECTION     S (180)
  HIGHEST GUST SPEED    20   HIGHEST GUST DIRECTION     S (180)
  AVERAGE WIND SPEED     8.0


SKY COVER
  POSSIBLE SUNSHINE  MM
  AVERAGE SKY COVER 0.0


WEATHER CONDITIONS
 THE FOLLOWING WEATHER WAS RECORDED YESTERDAY.
  FOG
  FOG W/VISIBILITY <= 1/4 MILE


RELATIVE HUMIDITY (PERCENT)
 HIGHEST    91           900 PM
 LOWEST     63           300 PM
 AVERAGE    77

..........................................................


THE ABERDEEN SD CLIMATE NORMALS FOR TODAY
                         NORMAL    RECORD    YEAR
 MAXIMUM TEMPERATURE (F)   22        60      1921
 MINIMUM TEMPERATURE (F)    1       -36      1943


SUNRISE AND SUNSET
JANUARY 19 2017.......SUNRISE   807 AM CST   SUNSET   523 PM CST
JANUARY 20 2017.......SUNRISE   806 AM CST   SUNSET   524 PM CST


-  INDICATES NEGATIVE NUMBERS.
R  INDICATES RECORD WAS SET OR TIED.
MM INDICATES DATA IS MISSING.
T  INDICATES TRACE AMOUNT.




$$
