000
CDUS43 KABR 161027
CLIABR


CLIMATE REPORT
NATIONAL WEATHER SERVICE ABERDEEN SD
527 AM CDT TUE SEP 16 2014


...................................

...THE ABERDEEN SD CLIMATE SUMMARY FOR SEPTEMBER 15 2014...

CLIMATE NORMAL PERIOD 1981 TO 2010
CLIMATE RECORD PERIOD 1893 TO 2014


WEATHER ITEM   OBSERVED TIME   RECORD YEAR NORMAL DEPARTURE LAST
                VALUE   (LST)  VALUE       VALUE  FROM      YEAR
                                                  NORMAL
..................................................................
TEMPERATURE (F)
 YESTERDAY
  MAXIMUM         64    437 PM 100    1955  73     -9       63
                                      1948
  MINIMUM         36   1159 PM  28    1964  46    -10       41
                                      1916
  AVERAGE         50                        59     -9       52

PRECIPITATION (IN)
  YESTERDAY        T             1.30 1921   0.08  -0.08      T
  MONTH TO DATE    0.22                      1.13  -0.91     0.68
  SINCE SEP 1      0.22                      1.13  -0.91     0.68
  SINCE JAN 1     15.85                     17.42  -1.57    14.44

DEGREE DAYS
 HEATING
  YESTERDAY       15                         7      8       13
  MONTH TO DATE  134                        74     60       33
  SINCE SEP 1    134                        74     60       33
  SINCE JUL 1    196                       125     71       84

 COOLING
  YESTERDAY        0                         1     -1        0
  MONTH TO DATE    5                        31    -26       64
  SINCE SEP 1      5                        31    -26       64
  SINCE JAN 1    309                       514   -205      553
..................................................................


WIND (MPH)
  HIGHEST WIND SPEED     9   HIGHEST WIND DIRECTION    NW (310)
  HIGHEST GUST SPEED    15   HIGHEST GUST DIRECTION     N (350)
  AVERAGE WIND SPEED     5.7


SKY COVER
  POSSIBLE SUNSHINE  MM
  AVERAGE SKY COVER 0.2


WEATHER CONDITIONS
 THE FOLLOWING WEATHER WAS RECORDED YESTERDAY.
  LIGHT RAIN


RELATIVE HUMIDITY (PERCENT)
 HIGHEST   100          1200 AM
 LOWEST     34           300 PM
 AVERAGE    67

..........................................................


THE ABERDEEN SD CLIMATE NORMALS FOR TODAY
                         NORMAL    RECORD    YEAR
 MAXIMUM TEMPERATURE (F)   72        96      1925
                                             1895
 MINIMUM TEMPERATURE (F)   46        20      1916


SUNRISE AND SUNSET
SEPTEMBER 16 2014.....SUNRISE   713 AM CDT   SUNSET   743 PM CDT
SEPTEMBER 17 2014.....SUNRISE   715 AM CDT   SUNSET   741 PM CDT


-  INDICATES NEGATIVE NUMBERS.
R  INDICATES RECORD WAS SET OR TIED.
MM INDICATES DATA IS MISSING.
T  INDICATES TRACE AMOUNT.




$$
