000
CDUS43 KABR 052353
CLIABR


CLIMATE REPORT
NATIONAL WEATHER SERVICE ABERDEEN SD
553 PM CST THU MAR 5 2015


...................................

...THE ABERDEEN SD CLIMATE SUMMARY FOR MARCH 5 2015...
VALID TODAY AS OF 0500 PM LOCAL TIME.

CLIMATE NORMAL PERIOD 1981 TO 2010
CLIMATE RECORD PERIOD 1893 TO 2015


WEATHER ITEM   OBSERVED TIME   RECORD YEAR NORMAL DEPARTURE LAST
                VALUE   (LST)  VALUE       VALUE  FROM      YEAR
                                                  NORMAL
..................................................................
TEMPERATURE (F)
 TODAY
  MAXIMUM         28    459 PM  74    2000  35     -7       21
  MINIMUM        -19    351 AM -22    1919  15    -34       11
  AVERAGE          5                        25    -20       16

PRECIPITATION (IN)
  TODAY            0.00          1.02 1983   0.03  -0.03      T
  MONTH TO DATE    0.08                      0.14  -0.06     0.30
  SINCE MAR 1      0.08                      0.14  -0.06     0.30
  SINCE JAN 1      1.13                      1.16  -0.03     0.74

SNOWFALL (IN)
  TODAY            0.0
  MONTH TO DATE    0.8
  SINCE OCT 1     19.3
  SINCE JUL 1     19.3
  SNOW DEPTH       0

DEGREE DAYS
 HEATING
  TODAY           60                        40     20       49
  MONTH TO DATE  279                       205     74      307
  SINCE MAR 1    279                       205     74      307
  SINCE JUL 1   6547                      6668   -121     7466

 COOLING
  TODAY            0                         0      0        0
  MONTH TO DATE    0                         0      0        0
  SINCE MAR 1      0                         0      0        0
  SINCE JAN 1      0                         0      0        0
..................................................................


WIND (MPH)
  HIGHEST WIND SPEED    25   HIGHEST WIND DIRECTION     S (190)
  HIGHEST GUST SPEED    25   HIGHEST GUST DIRECTION     S (190)
  AVERAGE WIND SPEED    10.9


SKY COVER
  POSSIBLE SUNSHINE  MM
  AVERAGE SKY COVER 0.0


WEATHER CONDITIONS
 THE FOLLOWING WEATHER WAS RECORDED TODAY.
  NO SIGNIFICANT WEATHER WAS OBSERVED.


RELATIVE HUMIDITY (PERCENT)
 HIGHEST    81           300 AM
 LOWEST     50           500 PM
 AVERAGE    66

..........................................................


THE ABERDEEN SD CLIMATE NORMALS FOR TOMORROW
                         NORMAL    RECORD    YEAR
 MAXIMUM TEMPERATURE (F)   35        69      2000
 MINIMUM TEMPERATURE (F)   16       -16      1899


SUNRISE AND SUNSET
MARCH  5 2015.........SUNRISE   705 AM CST   SUNSET   626 PM CST
MARCH  6 2015.........SUNRISE   703 AM CST   SUNSET   627 PM CST


-  INDICATES NEGATIVE NUMBERS.
R  INDICATES RECORD WAS SET OR TIED.
MM INDICATES DATA IS MISSING.
T  INDICATES TRACE AMOUNT.




$$
