829
CDUS43 KABR 241035
CLIABR


CLIMATE REPORT
NATIONAL WEATHER SERVICE ABERDEEN SD
534 AM CDT TUE MAY 24 2016


...................................

...THE ABERDEEN SD CLIMATE SUMMARY FOR MAY 23 2016...

CLIMATE NORMAL PERIOD 1981 TO 2010
CLIMATE RECORD PERIOD 1893 TO 2016


WEATHER ITEM   OBSERVED TIME   RECORD YEAR NORMAL DEPARTURE LAST
                VALUE   (LST)  VALUE       VALUE  FROM      YEAR
                                                  NORMAL
..................................................................
TEMPERATURE (F)
 YESTERDAY
  MAXIMUM         82    527 PM  94    1950  71     11       67
  MINIMUM         56   1159 PM  26    1897  47      9       41
  AVERAGE         69                        59     10       54

PRECIPITATION (IN)
  YESTERDAY        0.26          1.04 1936   0.09   0.17     0.00
  MONTH TO DATE    1.10                      2.34  -1.24     5.12
  SINCE MAR 1      5.22                      5.35  -0.13     5.90
  SINCE JAN 1      5.91                      6.37  -0.46     6.95

DEGREE DAYS
 HEATING
  YESTERDAY        0                         7     -7       11
  MONTH TO DATE  201                       237    -36      256
  SINCE MAR 1   1523                      1945   -422     1669
  SINCE JUL 1   6760                      8408  -1648     7937

 COOLING
  YESTERDAY        4                         1      3        0
  MONTH TO DATE   20                        13      7        2
  SINCE MAR 1     21                        15      6        2
  SINCE JAN 1     21                        15      6        2
..................................................................


WIND (MPH)
  HIGHEST WIND SPEED    25   HIGHEST WIND DIRECTION     W (280)
  HIGHEST GUST SPEED    32   HIGHEST GUST DIRECTION     W (290)
  AVERAGE WIND SPEED     8.7


SKY COVER
  POSSIBLE SUNSHINE  MM
  AVERAGE SKY COVER 0.3


WEATHER CONDITIONS
 THE FOLLOWING WEATHER WAS RECORDED YESTERDAY.
  THUNDERSTORM
  RAIN
  LIGHT RAIN
  FOG
  HAZE


RELATIVE HUMIDITY (PERCENT)
 HIGHEST    93           500 AM
 LOWEST     35           400 PM
 AVERAGE    64

..........................................................


THE ABERDEEN SD CLIMATE NORMALS FOR TODAY
                         NORMAL    RECORD    YEAR
 MAXIMUM TEMPERATURE (F)   71        99      1926
 MINIMUM TEMPERATURE (F)   47        25      1897


SUNRISE AND SUNSET
MAY 24 2016...........SUNRISE   554 AM CDT   SUNSET   908 PM CDT
MAY 25 2016...........SUNRISE   553 AM CDT   SUNSET   909 PM CDT


-  INDICATES NEGATIVE NUMBERS.
R  INDICATES RECORD WAS SET OR TIED.
MM INDICATES DATA IS MISSING.
T  INDICATES TRACE AMOUNT.




$$
