000
CDUS43 KABR 122343
CLIABR


CLIMATE REPORT
NATIONAL WEATHER SERVICE ABERDEEN SD
534 PM CST TUE DEC 12 2017


...................................

...THE ABERDEEN SD CLIMATE SUMMARY FOR DECEMBER 12 2017...
VALID TODAY AS OF 0500 PM LOCAL TIME.

CLIMATE NORMAL PERIOD 1981 TO 2010
CLIMATE RECORD PERIOD 1893 TO 2017


WEATHER ITEM   OBSERVED TIME   RECORD YEAR NORMAL DEPARTURE LAST
                VALUE   (LST)  VALUE       VALUE  FROM      YEAR
                                                  NORMAL
..................................................................
TEMPERATURE (F)
 TODAY
  MAXIMUM         47    324 PM  54    1924  26     21       10
  MINIMUM          5   1218 AM -28    1893   7     -2      -19
  AVERAGE         26                        16     10       -4

PRECIPITATION (IN)
  TODAY            0.00          0.11 1968   0.02  -0.02     0.04
  MONTH TO DATE    0.08                      0.21  -0.13     0.24
  SINCE DEC 1      0.08                      0.21  -0.13     0.24
  SINCE JAN 1     14.95                     21.41  -6.46    19.05

SNOWFALL (IN)
  TODAY            0.0
  MONTH TO DATE    0.8
  SINCE OCT 1      1.6
  SINCE JUL 1      1.6
  SNOW DEPTH       0

DEGREE DAYS
 HEATING
  TODAY           39                        49    -10       69
  MONTH TO DATE  472                       559    -87      608
  SINCE DEC 1    472                       559    -87      608
  SINCE JUL 1   2249                      2522   -273     1958
..................................................................


WIND (MPH)
  HIGHEST WIND SPEED    18   HIGHEST WIND DIRECTION    SW (230)
  HIGHEST GUST SPEED    24   HIGHEST GUST DIRECTION    SW (230)
  AVERAGE WIND SPEED     9.3


SKY COVER
  POSSIBLE SUNSHINE  MM
  AVERAGE SKY COVER 0.4


WEATHER CONDITIONS
 THE FOLLOWING WEATHER WAS RECORDED TODAY.
  NO SIGNIFICANT WEATHER WAS OBSERVED.


RELATIVE HUMIDITY (PERCENT)
 HIGHEST   100          1200 AM
 LOWEST     45           300 PM
 AVERAGE    73

..........................................................


THE ABERDEEN SD CLIMATE NORMALS FOR TOMORROW
                         NORMAL    RECORD    YEAR
 MAXIMUM TEMPERATURE (F)   26        57      1921
 MINIMUM TEMPERATURE (F)    6       -34      1917


SUNRISE AND SUNSET
DECEMBER 12 2017......SUNRISE   805 AM CST   SUNSET   451 PM CST
DECEMBER 13 2017......SUNRISE   805 AM CST   SUNSET   451 PM CST


-  INDICATES NEGATIVE NUMBERS.
R  INDICATES RECORD WAS SET OR TIED.
MM INDICATES DATA IS MISSING.
T  INDICATES TRACE AMOUNT.




$$
