000
CDUS43 KABR 200926
CLIABR


CLIMATE REPORT
NATIONAL WEATHER SERVICE ABERDEEN SD
426 AM CDT WED AUG 20 2014


...................................

...THE ABERDEEN SD CLIMATE SUMMARY FOR AUGUST 19 2014...

CLIMATE NORMAL PERIOD 1981 TO 2010
CLIMATE RECORD PERIOD 1893 TO 2014


WEATHER ITEM   OBSERVED TIME   RECORD YEAR NORMAL DEPARTURE LAST
                VALUE   (LST)  VALUE       VALUE  FROM      YEAR
                                                  NORMAL
..................................................................
TEMPERATURE (F)
 YESTERDAY
  MAXIMUM         85    117 PM 103    1976  82      3       87
  MINIMUM         55    557 AM  34    2004  56     -1       63
  AVERAGE         70                        69      1       75

PRECIPITATION (IN)
  YESTERDAY        0.00          2.72 1930   0.08  -0.08     0.00
  MONTH TO DATE    1.08                      1.48  -0.40     0.05
  SINCE JUN 1      5.09                      8.20  -3.11     4.95
  SINCE JAN 1     10.52                     15.34  -4.82    13.47

DEGREE DAYS
 HEATING
  YESTERDAY        0                         1     -1        0
  MONTH TO DATE    3                        15    -12       19
  SINCE JUN 1    123                       105     18      132
  SINCE JUL 1     40                        29     11       51

 COOLING
  YESTERDAY        5                         5      0       10
  MONTH TO DATE   70                       114    -44       32
  SINCE JUN 1    230                       414   -184      322
  SINCE JAN 1    272                       437   -165      343
..................................................................


WIND (MPH)
  HIGHEST WIND SPEED    10   HIGHEST WIND DIRECTION    NW (310)
  HIGHEST GUST SPEED    13   HIGHEST GUST DIRECTION     N (350)
  AVERAGE WIND SPEED     5.4


SKY COVER
  POSSIBLE SUNSHINE  MM
  AVERAGE SKY COVER 0.0


WEATHER CONDITIONS
 THE FOLLOWING WEATHER WAS RECORDED YESTERDAY.
  NO SIGNIFICANT WEATHER WAS OBSERVED.


RELATIVE HUMIDITY (PERCENT)
 HIGHEST   100          1200 AM
 LOWEST     46           200 PM
 AVERAGE    73

..........................................................


THE ABERDEEN SD CLIMATE NORMALS FOR TODAY
                         NORMAL    RECORD    YEAR
 MAXIMUM TEMPERATURE (F)   81       103      1976
 MINIMUM TEMPERATURE (F)   56        33      1950


SUNRISE AND SUNSET
AUGUST 20 2014........SUNRISE   641 AM CDT   SUNSET   833 PM CDT
AUGUST 21 2014........SUNRISE   642 AM CDT   SUNSET   831 PM CDT


-  INDICATES NEGATIVE NUMBERS.
R  INDICATES RECORD WAS SET OR TIED.
MM INDICATES DATA IS MISSING.
T  INDICATES TRACE AMOUNT.




$$
