000
CDUS43 KABR 231035
CLIABR


CLIMATE REPORT
NATIONAL WEATHER SERVICE ABERDEEN SD
535 AM CDT TUE MAY 23 2017


...................................

...THE ABERDEEN SD CLIMATE SUMMARY FOR MAY 22 2017...

CLIMATE NORMAL PERIOD 1981 TO 2010
CLIMATE RECORD PERIOD 1893 TO 2017


WEATHER ITEM   OBSERVED TIME   RECORD YEAR NORMAL DEPARTURE LAST
                VALUE   (LST)  VALUE       VALUE  FROM      YEAR
                                                  NORMAL
..................................................................
TEMPERATURE (F)
 YESTERDAY
  MAXIMUM         65    228 PM  92    1928  70     -5       86
  MINIMUM         33    514 AM  22    1963  46    -13       57
  AVERAGE         49                        58     -9       72

PRECIPITATION (IN)
  YESTERDAY        0.01          1.23 2010   0.10  -0.09     0.15
  MONTH TO DATE    0.57                      2.25  -1.68     0.84
  SINCE MAR 1      2.62                      5.26  -2.64     4.96
  SINCE JAN 1      3.30                      6.28  -2.98     5.65

DEGREE DAYS
 HEATING
  YESTERDAY       16                         7      9        0
  MONTH TO DATE  186                       230    -44      201
  SINCE MAR 1   1813                      1938   -125     1523
  SINCE JUL 1   7428                      8401   -973     6760

 COOLING
  YESTERDAY        0                         1     -1        7
  MONTH TO DATE   12                        12      0       16
  SINCE MAR 1     12                        14     -2       17
  SINCE JAN 1     12                        14     -2       17
..................................................................


WIND (MPH)
  HIGHEST WIND SPEED    23   HIGHEST WIND DIRECTION     N (360)
  HIGHEST GUST SPEED    28   HIGHEST GUST DIRECTION     N (360)
  AVERAGE WIND SPEED     9.1


SKY COVER
  POSSIBLE SUNSHINE  MM
  AVERAGE SKY COVER 0.8


WEATHER CONDITIONS
 THE FOLLOWING WEATHER WAS RECORDED YESTERDAY.
  LIGHT RAIN
  FOG
  FOG W/VISIBILITY <= 1/4 MILE


RELATIVE HUMIDITY (PERCENT)
 HIGHEST    96           500 AM
 LOWEST     40           100 PM
 AVERAGE    68

..........................................................


THE ABERDEEN SD CLIMATE NORMALS FOR TODAY
                         NORMAL    RECORD    YEAR
 MAXIMUM TEMPERATURE (F)   71        94      1950
 MINIMUM TEMPERATURE (F)   47        26      1897


SUNRISE AND SUNSET
MAY 23 2017...........SUNRISE   555 AM CDT   SUNSET   907 PM CDT
MAY 24 2017...........SUNRISE   554 AM CDT   SUNSET   908 PM CDT


-  INDICATES NEGATIVE NUMBERS.
R  INDICATES RECORD WAS SET OR TIED.
MM INDICATES DATA IS MISSING.
T  INDICATES TRACE AMOUNT.




$$
