000
CDUS43 KABR 271034
CLIABR


CLIMATE REPORT
NATIONAL WEATHER SERVICE ABERDEEN SD
533 AM CDT MON MAR 27 2017


...................................

...THE ABERDEEN SD CLIMATE SUMMARY FOR MARCH 26 2017...

CLIMATE NORMAL PERIOD 1981 TO 2010
CLIMATE RECORD PERIOD 1893 TO 2017


WEATHER ITEM   OBSERVED TIME   RECORD YEAR NORMAL DEPARTURE LAST
                VALUE   (LST)  VALUE       VALUE  FROM      YEAR
                                                  NORMAL
..................................................................
TEMPERATURE (F)
 YESTERDAY
  MAXIMUM         51    459 PM  74    1905  45      6       42
  MINIMUM         35    708 AM -13    1964  24     11       17
  AVERAGE         43                        34      9       30

PRECIPITATION (IN)
  YESTERDAY        0.00          0.98 1942   0.04  -0.04     0.00
  MONTH TO DATE    0.67                      0.92  -0.25     0.24
  SINCE MAR 1      0.67                      0.92  -0.25     0.24
  SINCE JAN 1      1.35                      1.94  -0.59     0.93

SNOWFALL (IN)
  YESTERDAY        0.0           6.0  1942   0.2   -0.2      0.0
  MONTH TO DATE   10.8                       6.2    4.6      0.6
  SINCE OCT 1     38.1                      34.0    4.1     26.5
  SINCE JUL 1     38.1                      34.0    4.1     26.5
  SNOW DEPTH       0

DEGREE DAYS
 HEATING
  YESTERDAY       22                        30     -8       35
  MONTH TO DATE  944                       942      2      645
  SINCE MAR 1    944                       942      2      645
  SINCE JUL 1   6559                      7405   -846     5882

 COOLING
  YESTERDAY        0                         0      0        0
  MONTH TO DATE    0                         0      0        0
  SINCE MAR 1      0                         0      0        0
  SINCE JAN 1      0                         0      0        0
..................................................................


WIND (MPH)
  HIGHEST WIND SPEED     8   HIGHEST WIND DIRECTION     W (250)
  HIGHEST GUST SPEED    13   HIGHEST GUST DIRECTION     W (280)
  AVERAGE WIND SPEED     4.4


SKY COVER
  POSSIBLE SUNSHINE  MM
  AVERAGE SKY COVER 0.9


WEATHER CONDITIONS
 THE FOLLOWING WEATHER WAS RECORDED YESTERDAY.
  FOG


RELATIVE HUMIDITY (PERCENT)
 HIGHEST    92          1200 AM
 LOWEST     56           500 PM
 AVERAGE    74

..........................................................


THE ABERDEEN SD CLIMATE NORMALS FOR TODAY
                         NORMAL    RECORD    YEAR
 MAXIMUM TEMPERATURE (F)   46        83      1946
 MINIMUM TEMPERATURE (F)   24       -12      1913


SUNRISE AND SUNSET
MARCH 27 2017.........SUNRISE   723 AM CDT   SUNSET   756 PM CDT
MARCH 28 2017.........SUNRISE   721 AM CDT   SUNSET   757 PM CDT


-  INDICATES NEGATIVE NUMBERS.
R  INDICATES RECORD WAS SET OR TIED.
MM INDICATES DATA IS MISSING.
T  INDICATES TRACE AMOUNT.




$$
