000
CDUS42 KTAE 282126
CLIABY


CLIMATE REPORT
NATIONAL WEATHER SERVICE TALLAHASSEE FL
525 PM EDT MON JUL 28 2014


...................................

...THE ALBANY CLIMATE SUMMARY FOR JULY 28 2014...
VALID TODAY AS OF 0500 PM LOCAL TIME.

CLIMATE NORMAL PERIOD 1981 TO 2010
CLIMATE RECORD PERIOD 1930 TO 2014


WEATHER ITEM   OBSERVED TIME   RECORD YEAR NORMAL DEPARTURE LAST
                VALUE   (LST)  VALUE       VALUE  FROM      YEAR
                                                  NORMAL
..................................................................
TEMPERATURE (F)
 TODAY
  MAXIMUM         97    328 PM 101    2010  93      4       89
                                      1968
  MINIMUM         76    619 AM  66    1990  72      4       71
  AVERAGE         87                        82      5       80

PRECIPITATION (IN)
  TODAY            0.00                      0.16  -0.16     0.02
  MONTH TO DATE    0.53                      4.93  -4.40     6.61
  SINCE JUN 1      5.29                      9.87  -4.58    15.39
  SINCE JAN 1     24.35                     30.23  -5.88    31.91

..................................................................







THE ALBANY CLIMATE NORMALS FOR TOMORROW
                         NORMAL    RECORD    YEAR
 MAXIMUM TEMPERATURE (F)   93       102      2010
 MINIMUM TEMPERATURE (F)   72        63      1992



-  INDICATES NEGATIVE NUMBERS.
R  INDICATES RECORD WAS SET OR TIED.
MM INDICATES DATA IS MISSING.
T  INDICATES TRACE AMOUNT.




$$
