000
CDUS42 KTAE 290631
CLIABY


CLIMATE REPORT
NATIONAL WEATHER SERVICE TALLAHASSEE FL
231 AM EDT SAT APR 29 2017


...................................

...THE ALBANY CLIMATE SUMMARY FOR APRIL 28 2017...

CLIMATE NORMAL PERIOD 1981 TO 2010
CLIMATE RECORD PERIOD 1930 TO 2017


WEATHER ITEM   OBSERVED TIME   RECORD YEAR NORMAL DEPARTURE LAST
                VALUE   (LST)  VALUE       VALUE  FROM      YEAR
                                                  NORMAL
..................................................................
TEMPERATURE (F)
 YESTERDAY
  MAXIMUM         92    337 PM  94    1986  83      9       83
  MINIMUM         68    339 AM  40    1978  56     12       69
  AVERAGE         80                        70     10       76

PRECIPITATION (IN)
  YESTERDAY        0.00                      0.07  -0.07      T
  MONTH TO DATE    2.13                      3.49  -1.36     6.87
  SINCE MAR 1      3.35                      8.54  -5.19    11.64
  SINCE JAN 1     15.17                     17.52  -2.35    21.95

SNOWFALL (IN)
  YESTERDAY        0.0

DEGREE DAYS
 HEATING
  YESTERDAY        0                         1     -1        0
  MONTH TO DATE   26                        65    -39       36
  SINCE MAR 1    189                       274    -85      151
  SINCE JUL 1    992                      1834   -842     1286

 COOLING
  YESTERDAY       15                         5     10       11
  MONTH TO DATE  173                        91     82       75
  SINCE MAR 1    250                       120    130      157
  SINCE JAN 1    288                       129    159      160
..................................................................


WIND (MPH)
  HIGHEST WIND SPEED    18   HIGHEST WIND DIRECTION     S (200)
  HIGHEST GUST SPEED    24   HIGHEST GUST DIRECTION    SW (220)
  AVERAGE WIND SPEED     6.5




RELATIVE HUMIDITY (PERCENT)
 HIGHEST   100
 LOWEST     47
 AVERAGE    74

..........................................................


THE ALBANY CLIMATE NORMALS FOR TODAY
                         NORMAL    RECORD    YEAR
 MAXIMUM TEMPERATURE (F)   83        92      2012
                                             1989
 MINIMUM TEMPERATURE (F)   57        35      1993


SUNRISE AND SUNSET
APRIL 29 2017.........SUNRISE   653 AM EDT   SUNSET   815 PM EDT
APRIL 30 2017.........SUNRISE   652 AM EDT   SUNSET   816 PM EDT


-  INDICATES NEGATIVE NUMBERS.
R  INDICATES RECORD WAS SET OR TIED.
MM INDICATES DATA IS MISSING.
T  INDICATES TRACE AMOUNT.




$$
