000
CDUS42 KTAE 310635
CLIABY


CLIMATE REPORT
NATIONAL WEATHER SERVICE TALLAHASSEE FL
234 AM EDT WED AUG 31 2016


...................................

...THE ALBANY CLIMATE SUMMARY FOR AUGUST 30 2016...

CLIMATE NORMAL PERIOD 1981 TO 2010
CLIMATE RECORD PERIOD 1930 TO 2016


WEATHER ITEM   OBSERVED TIME   RECORD YEAR NORMAL DEPARTURE LAST
                VALUE   (LST)  VALUE       VALUE  FROM      YEAR
                                                  NORMAL
..................................................................
TEMPERATURE (F)
 YESTERDAY
  MAXIMUM         95    301 PM 103    1990  91      4       91
  MINIMUM         75    653 AM  56    1986  71      4       71
  AVERAGE         85                        81      4       81

PRECIPITATION (IN)
  YESTERDAY        0.00                      0.11  -0.11     1.04
  MONTH TO DATE    4.04                      4.71  -0.67     5.42
  SINCE JUN 1     10.68                     15.11  -4.43    15.32
  SINCE JAN 1     33.41                     35.47  -2.06    31.18

SNOWFALL (IN)
  YESTERDAY        0.0

DEGREE DAYS
 HEATING
  YESTERDAY        0                         0      0        0
  MONTH TO DATE    0                         0      0        0
  SINCE JUN 1      0                         0      0        0
  SINCE JUL 1      0                         0      0        0

 COOLING
  YESTERDAY       20                        16      4       16
  MONTH TO DATE  586                       506     80      540
  SINCE JUN 1   1727                      1512    215     1631
  SINCE JAN 1   2219                      1952    267     2235
..................................................................


WIND (MPH)
  HIGHEST WIND SPEED    25   HIGHEST WIND DIRECTION    NE (50)
  HIGHEST GUST SPEED    31   HIGHEST GUST DIRECTION    NE (40)
  AVERAGE WIND SPEED     9.2




RELATIVE HUMIDITY (PERCENT)
 HIGHEST    87
 LOWEST     39
 AVERAGE    63

..........................................................


THE ALBANY CLIMATE NORMALS FOR TODAY
                         NORMAL    RECORD    YEAR
 MAXIMUM TEMPERATURE (F)   91        99      1948
 MINIMUM TEMPERATURE (F)   71        56      1986


SUNRISE AND SUNSET
AUGUST 31 2016........SUNRISE   712 AM EDT   SUNSET   801 PM EDT
SEPTEMBER  1 2016.....SUNRISE   713 AM EDT   SUNSET   800 PM EDT


-  INDICATES NEGATIVE NUMBERS.
R  INDICATES RECORD WAS SET OR TIED.
MM INDICATES DATA IS MISSING.
T  INDICATES TRACE AMOUNT.




$$
