000
CDUS42 KTAE 230632
CLIABY


CLIMATE REPORT
NATIONAL WEATHER SERVICE TALLAHASSEE FL
132 AM EST MON JAN 23 2017


...................................

...THE ALBANY CLIMATE SUMMARY FOR JANUARY 22 2017...

CLIMATE NORMAL PERIOD 1981 TO 2010
CLIMATE RECORD PERIOD 1930 TO 2017


WEATHER ITEM   OBSERVED TIME   RECORD YEAR NORMAL DEPARTURE LAST
                VALUE   (LST)  VALUE       VALUE  FROM      YEAR
                                                  NORMAL
..................................................................
TEMPERATURE (F)
 YESTERDAY
  MAXIMUM         70    458 PM  80    1990  61      9       67
  MINIMUM         51   1033 PM   1    1985  38     13       38
  AVERAGE         61                        49     12       53

PRECIPITATION (IN)
  YESTERDAY        3.28                      0.17   3.11     0.43
  MONTH TO DATE    8.68                      3.03   5.65     2.60
  SINCE DEC 1     19.36                      6.78  12.58     9.46
  SINCE JAN 1      8.68                      3.03   5.65     2.60

SNOWFALL (IN)
  YESTERDAY        0.0

DEGREE DAYS
 HEATING
  YESTERDAY        4                        16    -12       12
  MONTH TO DATE  163                       352   -189      374
  SINCE DEC 1    416                       795   -379      527
  SINCE JUL 1    557                      1065   -508      651

 COOLING
  YESTERDAY        0                         0      0        0
  MONTH TO DATE   20                         0     20        0
  SINCE DEC 1     43                         9     34       76
  SINCE JAN 1     20                         0     20        0
..................................................................


WIND (MPH)
  HIGHEST WIND SPEED    52   HIGHEST WIND DIRECTION    NW (300)
  HIGHEST GUST SPEED    74   HIGHEST GUST DIRECTION    NW (300)
  AVERAGE WIND SPEED     6.6




RELATIVE HUMIDITY (PERCENT)
 HIGHEST   100
 LOWEST     67
 AVERAGE    84

..........................................................


THE ALBANY CLIMATE NORMALS FOR TODAY
                         NORMAL    RECORD    YEAR
 MAXIMUM TEMPERATURE (F)   61        80      1937
 MINIMUM TEMPERATURE (F)   38        12      1985


SUNRISE AND SUNSET
JANUARY 23 2017.......SUNRISE   734 AM EST   SUNSET   604 PM EST
JANUARY 24 2017.......SUNRISE   734 AM EST   SUNSET   604 PM EST


-  INDICATES NEGATIVE NUMBERS.
R  INDICATES RECORD WAS SET OR TIED.
MM INDICATES DATA IS MISSING.
T  INDICATES TRACE AMOUNT.




$$
