000
CDUS42 KTAE 230632
CLIABY


CLIMATE REPORT
NATIONAL WEATHER SERVICE TALLAHASSEE FL
232 AM EDT SAT MAY 23 2015


...................................

...THE ALBANY CLIMATE SUMMARY FOR MAY 22 2015...

CLIMATE NORMAL PERIOD 1981 TO 2010
CLIMATE RECORD PERIOD 1930 TO 2015


WEATHER ITEM   OBSERVED TIME   RECORD YEAR NORMAL DEPARTURE LAST
                VALUE   (LST)  VALUE       VALUE  FROM      YEAR
                                                  NORMAL
..................................................................
TEMPERATURE (F)
 YESTERDAY
  MAXIMUM         85    500 PM 100    1962  89     -4       92
  MINIMUM         59    604 AM  45    1981  64     -5       66
  AVERAGE         72                        76     -4       79

PRECIPITATION (IN)
  YESTERDAY        0.00                      0.07  -0.07     0.00
  MONTH TO DATE    0.11                      1.62  -1.51     2.08
  SINCE MAR 1      7.46                     10.31  -2.85    12.81
  SINCE JAN 1     14.79                     19.29  -4.50    18.05

SNOWFALL (IN)
  YESTERDAY        0.0

DEGREE DAYS
 HEATING
  YESTERDAY        0                         0      0        0
  MONTH TO DATE    2                         0      2       11
  SINCE MAR 1    125                       274   -149      349
  SINCE JUL 1   1849                      1834     15     1945

 COOLING
  YESTERDAY        7                        11     -4       14
  MONTH TO DATE  228                       189     39      165
  SINCE MAR 1    474                       320    154      261
  SINCE JAN 1    476                       329    147      265
..................................................................


WIND (MPH)
  HIGHEST WIND SPEED    13   HIGHEST WIND DIRECTION    NW (320)
  HIGHEST GUST SPEED    18   HIGHEST GUST DIRECTION     N (350)
  AVERAGE WIND SPEED     5.7




RELATIVE HUMIDITY (PERCENT)
 HIGHEST    73
 LOWEST     29
 AVERAGE    51

..........................................................


THE ALBANY CLIMATE NORMALS FOR TODAY
                         NORMAL    RECORD    YEAR
 MAXIMUM TEMPERATURE (F)   89        99      1962
 MINIMUM TEMPERATURE (F)   64        46      1993


SUNRISE AND SUNSET
MAY 23 2015...........SUNRISE   636 AM EDT   SUNSET   831 PM EDT
MAY 24 2015...........SUNRISE   635 AM EDT   SUNSET   832 PM EDT


-  INDICATES NEGATIVE NUMBERS.
R  INDICATES RECORD WAS SET OR TIED.
MM INDICATES DATA IS MISSING.
T  INDICATES TRACE AMOUNT.




$$
