000
CDUS42 KTAE 190633
CLIABY


CLIMATE REPORT
NATIONAL WEATHER SERVICE TALLAHASSEE FL
132 AM EST MON FEB 19 2018


...................................

...THE ALBANY CLIMATE SUMMARY FOR FEBRUARY 18 2018...

CLIMATE NORMAL PERIOD 1981 TO 2010
CLIMATE RECORD PERIOD 1930 TO 2018


WEATHER ITEM   OBSERVED TIME   RECORD YEAR NORMAL DEPARTURE LAST
                VALUE   (LST)  VALUE       VALUE  FROM      YEAR
                                                  NORMAL
..................................................................
TEMPERATURE (F)
 YESTERDAY
  MAXIMUM         82    310 PM  85    1956  65     17       70
  MINIMUM         60    228 AM  15    1958  41     19       50
  AVERAGE         71                        53     18       60

PRECIPITATION (IN)
  YESTERDAY        0.00                      0.17  -0.17     0.02
  MONTH TO DATE    4.70                      2.52   2.18     2.11
  SINCE DEC 1     10.69                     11.09  -0.40    21.57
  SINCE JAN 1      7.57                      7.34   0.23    10.89

SNOWFALL (IN)
  YESTERDAY        0.0
  MONTH TO DATE    0.0
  SINCE DEC 1      0.1
  SINCE JUL 1      0.1

DEGREE DAYS
 HEATING
  YESTERDAY        0                        12    -12        5
  MONTH TO DATE  101                       245   -144      120
  SINCE DEC 1   1024                      1179   -155      643
  SINCE JUL 1   1239                      1449   -210      784

 COOLING
  YESTERDAY        6                         0      6        0
  MONTH TO DATE   23                         0     23        6
  SINCE DEC 1     41                        13     28       49
  SINCE JAN 1     28                         4     24       26
..................................................................


WIND (MPH)
  HIGHEST WIND SPEED    12   HIGHEST WIND DIRECTION     S (200)
  HIGHEST GUST SPEED    17   HIGHEST GUST DIRECTION    SW (210)
  AVERAGE WIND SPEED     3.6




RELATIVE HUMIDITY (PERCENT)
 HIGHEST   100
 LOWEST     54
 AVERAGE    77

..........................................................


THE ALBANY CLIMATE NORMALS FOR TODAY
                         NORMAL    RECORD    YEAR
 MAXIMUM TEMPERATURE (F)   65        82      2011
                                             1951
 MINIMUM TEMPERATURE (F)   41        19      1958


SUNRISE AND SUNSET
FEBRUARY 19 2018......SUNRISE   714 AM EST   SUNSET   627 PM EST
FEBRUARY 20 2018......SUNRISE   713 AM EST   SUNSET   628 PM EST


-  INDICATES NEGATIVE NUMBERS.
R  INDICATES RECORD WAS SET OR TIED.
MM INDICATES DATA IS MISSING.
T  INDICATES TRACE AMOUNT.




$$
