000
CDUS42 KTAE 250637
CLIABY


CLIMATE REPORT
NATIONAL WEATHER SERVICE TALLAHASSEE FL
237 AM EDT MON JUL 25 2016


...................................

...THE ALBANY CLIMATE SUMMARY FOR JULY 24 2016...

CLIMATE NORMAL PERIOD 1981 TO 2010
CLIMATE RECORD PERIOD 1930 TO 2016


WEATHER ITEM   OBSERVED TIME   RECORD YEAR NORMAL DEPARTURE LAST
                VALUE   (LST)  VALUE       VALUE  FROM      YEAR
                                                  NORMAL
..................................................................
TEMPERATURE (F)
 YESTERDAY
  MAXIMUM         97    451 PM 102    1940  93      4       94
  MINIMUM         76   1159 PM  65    1981  72      4       73
  AVERAGE         87                        83      4       84

PRECIPITATION (IN)
  YESTERDAY        0.36                      0.18   0.18     0.02
  MONTH TO DATE    1.70                      4.30  -2.60     3.55
  SINCE JUN 1      6.11                      9.24  -3.13     8.92
  SINCE JAN 1     28.84                     29.60  -0.76    24.78

SNOWFALL (IN)
  YESTERDAY        0.0

DEGREE DAYS
 HEATING
  YESTERDAY        0                         0      0        0
  MONTH TO DATE    0                         0      0        0
  SINCE JUN 1      0                         0      0        0
  SINCE JUL 1      0                         0      0        0

 COOLING
  YESTERDAY       22                        18      4       19
  MONTH TO DATE  484                       420     64      449
  SINCE JUN 1   1000                       885    115      951
  SINCE JAN 1   1492                      1325    167     1555
..................................................................


WIND (MPH)
  HIGHEST WIND SPEED    24   HIGHEST WIND DIRECTION    SE (130)
  HIGHEST GUST SPEED    27   HIGHEST GUST DIRECTION    SE (130)
  AVERAGE WIND SPEED     4.1




RELATIVE HUMIDITY (PERCENT)
 HIGHEST    94
 LOWEST     35
 AVERAGE    65

..........................................................


THE ALBANY CLIMATE NORMALS FOR TODAY
                         NORMAL    RECORD    YEAR
 MAXIMUM TEMPERATURE (F)   93       103      1940
 MINIMUM TEMPERATURE (F)   72        66      1990


SUNRISE AND SUNSET
JULY 25 2016..........SUNRISE   649 AM EDT   SUNSET   837 PM EDT
JULY 26 2016..........SUNRISE   649 AM EDT   SUNSET   837 PM EDT


-  INDICATES NEGATIVE NUMBERS.
R  INDICATES RECORD WAS SET OR TIED.
MM INDICATES DATA IS MISSING.
T  INDICATES TRACE AMOUNT.




$$
