000
CDUS42 KTAE 232127
CLIABY


CLIMATE REPORT
NATIONAL WEATHER SERVICE TALLAHASSEE FL
524 PM EDT WED JUL 23 2014

...................................

...THE ALBANY CLIMATE SUMMARY FOR JULY 23 2014...
VALID TODAY AS OF 0500 PM LOCAL TIME.

CLIMATE NORMAL PERIOD 1981 TO 2010
CLIMATE RECORD PERIOD 1930 TO 2014


WEATHER ITEM   OBSERVED TIME   RECORD YEAR NORMAL DEPARTURE LAST
                VALUE   (LST)  VALUE       VALUE  FROM      YEAR
                                                  NORMAL
..................................................................
TEMPERATURE (F)
 TODAY
  MAXIMUM         93    300 PM 103    1943  93      0       89
  MINIMUM         72    626 AM  63    1965  72      0       71
  AVERAGE         83                        83      0       80

PRECIPITATION (IN)
  TODAY            0.00                      0.17  -0.17     0.04
  MONTH TO DATE    0.53                      4.12  -3.59     6.38
  SINCE JUN 1      5.29                      9.06  -3.77    15.16
  SINCE JAN 1     24.35                     29.42  -5.07    31.68

..................................................................

THE ALBANY CLIMATE NORMALS FOR TOMORROW
                         NORMAL    RECORD    YEAR
 MAXIMUM TEMPERATURE (F)   93       102      1940
 MINIMUM TEMPERATURE (F)   72        65      1981



-  INDICATES NEGATIVE NUMBERS.
R  INDICATES RECORD WAS SET OR TIED.
MM INDICATES DATA IS MISSING.
T  INDICATES TRACE AMOUNT.

$$
