000
CDUS44 KFWD 280720
CLIACT


CLIMATE REPORT
NATIONAL WEATHER SERVICE FORT WORTH TX
220 AM CDT THU APR 28 2016


...................................

...THE WACO CLIMATE SUMMARY FOR APRIL 27 2016...

CLIMATE NORMAL PERIOD 1981 TO 2010
CLIMATE RECORD PERIOD 1901 TO 2016


WEATHER ITEM   OBSERVED TIME   RECORD YEAR NORMAL DEPARTURE LAST
                VALUE   (LST)  VALUE       VALUE  FROM      YEAR
                                                  NORMAL
..................................................................
TEMPERATURE (F)
 YESTERDAY
  MAXIMUM         85    320 PM  94    1971  80      5       79
  MINIMUM         60    629 AM  42    1910  58      2       60
  AVERAGE         73                        69      4       70

PRECIPITATION (IN)
  YESTERDAY        0.01          3.46 1930   0.11  -0.10     0.47
  MONTH TO DATE    5.88                      2.36   3.52     4.38
  SINCE MAR 1     11.21                      5.51   5.70     7.23
  SINCE JAN 1     13.66                     10.26   3.40    11.96

SNOWFALL (IN)
  YESTERDAY        0.0           0.0    MM   0.0    0.0      0.0
  MONTH TO DATE    0.0                       0.1   -0.1      0.0
  SINCE MAR 1      0.0                       0.2   -0.2      0.7
  SINCE JUL 1      0.0                       1.0   -1.0      1.4
  SNOW DEPTH       0

DEGREE DAYS
 HEATING
  YESTERDAY        0                         1     -1        0
  MONTH TO DATE   52                        75    -23       40
  SINCE MAR 1    203                       321   -118      335
  SINCE JUL 1   1680                      2133   -453     2289

 COOLING
  YESTERDAY        8                         5      3        5
  MONTH TO DATE   82                        93    -11      134
  SINCE MAR 1    113                       127    -14      161
  SINCE JAN 1    121                       136    -15      161
..................................................................


WIND (MPH)
  HIGHEST WIND SPEED    17   HIGHEST WIND DIRECTION    SW (230)
  HIGHEST GUST SPEED    23   HIGHEST GUST DIRECTION    SW (240)
  AVERAGE WIND SPEED     7.6


SKY COVER
  POSSIBLE SUNSHINE  MM
  AVERAGE SKY COVER 0.0


WEATHER CONDITIONS
 THE FOLLOWING WEATHER WAS RECORDED YESTERDAY.
  THUNDERSTORM
  LIGHT RAIN
  FOG


RELATIVE HUMIDITY (PERCENT)
 HIGHEST    93           500 AM
 LOWEST     23          1200 PM
 AVERAGE    58

..........................................................


THE WACO CLIMATE NORMALS FOR TODAY
                         NORMAL    RECORD    YEAR
 MAXIMUM TEMPERATURE (F)   81        94      1987
                                             1933
 MINIMUM TEMPERATURE (F)   58        41      2008


SUNRISE AND SUNSET
APRIL 28 2016.........SUNRISE   646 AM CDT   SUNSET   807 PM CDT
APRIL 29 2016.........SUNRISE   645 AM CDT   SUNSET   808 PM CDT


-  INDICATES NEGATIVE NUMBERS.
R  INDICATES RECORD WAS SET OR TIED.
MM INDICATES DATA IS MISSING.
T  INDICATES TRACE AMOUNT.




$$
