000
CDUS44 KFWD 130639
CLIACT

FTWCLIACT
TTAA00 KFWD 130637


CLIMATE REPORT
NATIONAL WEATHER SERVICE FORT WORTH TX
137 AM CDT SUN JUL 13 2014


...................................

...THE WACO CLIMATE SUMMARY FOR JULY 12 2014...

CLIMATE NORMAL PERIOD 1981 TO 2010
CLIMATE RECORD PERIOD 1901 TO 2014


WEATHER ITEM   OBSERVED TIME   RECORD YEAR NORMAL DEPARTURE LAST
                VALUE   (LST)  VALUE       VALUE  FROM      YEAR
                                                  NORMAL
..................................................................
TEMPERATURE (F)
 YESTERDAY
  MAXIMUM         96    423 PM 109    1998  96      0      103
  MINIMUM         68    544 AM  65    1905  74     -6       74
  AVERAGE         82                        85     -3       89

PRECIPITATION (IN)
  YESTERDAY        0.00          2.33 1982   0.05  -0.05     0.00
  MONTH TO DATE    T                         0.73  -0.73     0.00
  SINCE JUN 1      8.31                      4.16   4.15     1.62
  SINCE JAN 1     19.45                     19.05   0.40    15.71

DEGREE DAYS
 HEATING
  YESTERDAY        0                         0      0        0
  MONTH TO DATE    0                         0      0        0
  SINCE JUN 1      0                         0      0        0
  SINCE JUL 1      0                         0      0        0

 COOLING
  YESTERDAY       17                        20     -3       24
  MONTH TO DATE  215                       233    -18      234
  SINCE JUN 1    696                       721    -25      786
  SINCE JAN 1   1083                      1173    -90     1203
..................................................................


WIND (MPH)
  HIGHEST WIND SPEED    16   HIGHEST WIND DIRECTION     S (170)
  HIGHEST GUST SPEED    23   HIGHEST GUST DIRECTION    SE (140)
  AVERAGE WIND SPEED     6.8


SKY COVER
  POSSIBLE SUNSHINE  MM
  AVERAGE SKY COVER 0.0


WEATHER CONDITIONS
 THE FOLLOWING WEATHER WAS RECORDED YESTERDAY.
  NO SIGNIFICANT WEATHER WAS OBSERVED.


RELATIVE HUMIDITY (PERCENT)
 HIGHEST    84           400 AM
 LOWEST     30           300 PM
 AVERAGE    57

..........................................................


THE WACO CLIMATE NORMALS FOR TODAY
                         NORMAL    RECORD    YEAR
 MAXIMUM TEMPERATURE (F)   96       107      1933
 MINIMUM TEMPERATURE (F)   74        63      1975


SUNRISE AND SUNSET
JULY 13 2014..........SUNRISE   633 AM CDT   SUNSET   836 PM CDT
JULY 14 2014..........SUNRISE   634 AM CDT   SUNSET   835 PM CDT


-  INDICATES NEGATIVE NUMBERS.
R  INDICATES RECORD WAS SET OR TIED.
MM INDICATES DATA IS MISSING.
T  INDICATES TRACE AMOUNT.




$$
