000
CDUS44 KFWD 200638
CLIACT


CLIMATE REPORT
NATIONAL WEATHER SERVICE FORT WORTH TX
1238 AM CST MON FEB 20 2017


...................................

...THE WACO CLIMATE SUMMARY FOR FEBRUARY 19 2017...

CLIMATE NORMAL PERIOD 1981 TO 2010
CLIMATE RECORD PERIOD 1901 TO 2017


WEATHER ITEM   OBSERVED TIME   RECORD YEAR NORMAL DEPARTURE LAST
                VALUE   (LST)  VALUE       VALUE  FROM      YEAR
                                                  NORMAL
..................................................................
TEMPERATURE (F)
 YESTERDAY
  MAXIMUM         80    259 PM  88    1986  63     17       78
  MINIMUM         62    331 AM  12    1910  41     21       61
  AVERAGE         71                        52     19       70

PRECIPITATION (IN)
  YESTERDAY        T             2.53 1932   0.09  -0.09     0.00
  MONTH TO DATE    2.09                      1.72   0.37     0.03
  SINCE DEC 1      6.47                      6.59  -0.12     3.94
  SINCE JAN 1      5.20                      3.84   1.36     0.32

SNOWFALL (IN)
  YESTERDAY        0.0           0.2  1942   0.0    0.0      0.0
  MONTH TO DATE    0.0                       0.3   -0.3      0.0
  SINCE DEC 1      T                         0.6   -0.6      0.0
  SINCE JUL 1      T                         0.7   -0.7      0.0
  SNOW DEPTH       0

DEGREE DAYS
 HEATING
  YESTERDAY        0                        14    -14        0
  MONTH TO DATE  120                       292   -172      228
  SINCE DEC 1    979                      1372   -393     1158
  SINCE JUL 1   1122                      1700   -578     1393

 COOLING
  YESTERDAY        6                         0      6        5
  MONTH TO DATE   32                         0     32        5
  SINCE DEC 1     64                         8     56       10
  SINCE JAN 1     41                         3     38        5
..................................................................


WIND (MPH)
  HIGHEST WIND SPEED    23   HIGHEST WIND DIRECTION    SE (140)
  HIGHEST GUST SPEED    29   HIGHEST GUST DIRECTION    SE (140)
  AVERAGE WIND SPEED    14.7


SKY COVER
  POSSIBLE SUNSHINE  MM
  AVERAGE SKY COVER 0.8


WEATHER CONDITIONS
 THE FOLLOWING WEATHER WAS RECORDED YESTERDAY.
  THUNDERSTORM
  LIGHT RAIN
  FOG
  HAZE


RELATIVE HUMIDITY (PERCENT)
 HIGHEST   100           800 AM
 LOWEST     62           300 PM
 AVERAGE    81

..........................................................


THE WACO CLIMATE NORMALS FOR TODAY
                         NORMAL    RECORD    YEAR
 MAXIMUM TEMPERATURE (F)   63        92      1986
 MINIMUM TEMPERATURE (F)   41        25      1908


SUNRISE AND SUNSET
FEBRUARY 20 2017......SUNRISE   705 AM CST   SUNSET   620 PM CST
FEBRUARY 21 2017......SUNRISE   704 AM CST   SUNSET   621 PM CST


-  INDICATES NEGATIVE NUMBERS.
R  INDICATES RECORD WAS SET OR TIED.
MM INDICATES DATA IS MISSING.
T  INDICATES TRACE AMOUNT.




$$
