000
CDUS44 KFWD 300636
CLIACT


CLIMATE REPORT
NATIONAL WEATHER SERVICE FORT WORTH TX
136 AM CDT SUN AUG 30 2015


...................................

...THE WACO CLIMATE SUMMARY FOR AUGUST 29 2015...

CLIMATE NORMAL PERIOD 1981 TO 2010
CLIMATE RECORD PERIOD 1901 TO 2015


WEATHER ITEM   OBSERVED TIME   RECORD YEAR NORMAL DEPARTURE LAST
                VALUE   (LST)  VALUE       VALUE  FROM      YEAR
                                                  NORMAL
..................................................................
TEMPERATURE (F)
 YESTERDAY
  MAXIMUM         96    313 PM 106    2011  95      1       95
  MINIMUM         76    552 AM  59    1992  72      4       70
  AVERAGE         86                        84      2       83

PRECIPITATION (IN)
  YESTERDAY        0.00          2.08 1914   0.08  -0.08     0.52
  MONTH TO DATE    0.77                      1.87  -1.10     0.98
  SINCE JUN 1      6.74                      7.09  -0.35     9.44
  SINCE JAN 1     28.08                     21.98   6.10    20.58

DEGREE DAYS
 HEATING
  YESTERDAY        0                         0      0        0
  MONTH TO DATE    0                         0      0        0
  SINCE JUN 1      0                         0      0        0
  SINCE JUL 1      0                         0      0        0

 COOLING
  YESTERDAY       21                        18      3       18
  MONTH TO DATE  633                       591     42      604
  SINCE JUN 1   1786                      1705     81     1648
  SINCE JAN 1   2221                      2157     64     2035
..................................................................


WIND (MPH)
  HIGHEST WIND SPEED    17   HIGHEST WIND DIRECTION     S (170)
  HIGHEST GUST SPEED    20   HIGHEST GUST DIRECTION     S (160)
  AVERAGE WIND SPEED     9.2


SKY COVER
  POSSIBLE SUNSHINE  MM
  AVERAGE SKY COVER 0.1


WEATHER CONDITIONS
 THE FOLLOWING WEATHER WAS RECORDED YESTERDAY.
  NO SIGNIFICANT WEATHER WAS OBSERVED.


RELATIVE HUMIDITY (PERCENT)
 HIGHEST    69           500 AM
 LOWEST     31           400 PM
 AVERAGE    50

..........................................................


THE WACO CLIMATE NORMALS FOR TODAY
                         NORMAL    RECORD    YEAR
 MAXIMUM TEMPERATURE (F)   95       106      1954
 MINIMUM TEMPERATURE (F)   72        57      1986


SUNRISE AND SUNSET
AUGUST 30 2015........SUNRISE   703 AM CDT   SUNSET   755 PM CDT
AUGUST 31 2015........SUNRISE   704 AM CDT   SUNSET   754 PM CDT


-  INDICATES NEGATIVE NUMBERS.
R  INDICATES RECORD WAS SET OR TIED.
MM INDICATES DATA IS MISSING.
T  INDICATES TRACE AMOUNT.




$$
