000
CDUS44 KFWD 270648
CLIACT


CLIMATE REPORT
NATIONAL WEATHER SERVICE FORT WORTH TX
148 AM CDT SAT MAY 27 2017

...THE WACO CLIMATE SUMMARY FOR MAY 26 2017...

CLIMATE NORMAL PERIOD 1981 TO 2010
CLIMATE RECORD PERIOD 1901 TO 2017


WEATHER ITEM   OBSERVED TIME   RECORD YEAR NORMAL DEPARTURE LAST
                VALUE   (LST)  VALUE       VALUE  FROM      YEAR
                                                  NORMAL
..................................................................
TEMPERATURE (F)
 YESTERDAY
  MAXIMUM         89    530 PM  98    1904  87      2       78
  MINIMUM         75    605 AM  54    1947  67      8       68
  AVERAGE         82                        77      5       73

PRECIPITATION (IN)
  YESTERDAY        0.00          3.29 2007   0.14  -0.14     2.17
  MONTH TO DATE    2.47                      3.57  -1.10     6.04
  SINCE MAR 1     12.82                      9.41   3.41    17.92
  SINCE JAN 1     18.98                     14.16   4.82    20.37

DEGREE DAYS
 HEATING
  YESTERDAY        0                         0      0        0
  MONTH TO DATE    3                         4     -1       11
  SINCE MAR 1    159                       328   -169      214
  SINCE JUL 1   1335                      2140   -805     1691

 COOLING
  YESTERDAY       17                        12      5        8
  MONTH TO DATE  208                       234    -26      185
  SINCE MAR 1    439                       379     60      321
  SINCE JAN 1    497                       388    109      329
..................................................................


WIND (MPH)
  HIGHEST WIND SPEED    24   HIGHEST WIND DIRECTION     S (180)
  HIGHEST GUST SPEED    28   HIGHEST GUST DIRECTION     S (180)
  AVERAGE WIND SPEED    15.9


SKY COVER
  POSSIBLE SUNSHINE  MM
  AVERAGE SKY COVER 0.5


WEATHER CONDITIONS
 THE FOLLOWING WEATHER WAS RECORDED YESTERDAY.
  NO SIGNIFICANT WEATHER WAS OBSERVED.


RELATIVE HUMIDITY (PERCENT)
 HIGHEST    87           300 AM
 LOWEST     61           600 PM
 AVERAGE    74

..........................................................


THE WACO CLIMATE NORMALS FOR TODAY
                         NORMAL    RECORD    YEAR
 MAXIMUM TEMPERATURE (F)   88       100      1928
 MINIMUM TEMPERATURE (F)   67        55      1961


SUNRISE AND SUNSET
MAY 27 2017...........SUNRISE   626 AM CDT   SUNSET   826 PM CDT
MAY 28 2017...........SUNRISE   626 AM CDT   SUNSET   827 PM CDT


-  INDICATES NEGATIVE NUMBERS.
R  INDICATES RECORD WAS SET OR TIED.
MM INDICATES DATA IS MISSING.
T  INDICATES TRACE AMOUNT.




$$
