000
CDUS44 KFWD 232124
CLIACT


CLIMATE REPORT
NATIONAL WEATHER SERVICE FORT WORTH TX
423 PM CDT SUN APR 23 2017


...................................

...THE WACO CLIMATE SUMMARY FOR APRIL 23 2017...
VALID AS OF 0400 PM LOCAL TIME.

CLIMATE NORMAL PERIOD 1981 TO 2010
CLIMATE RECORD PERIOD 1901 TO 2017


WEATHER ITEM   OBSERVED TIME   RECORD YEAR NORMAL DEPARTURE LAST
                VALUE   (LST)  VALUE       VALUE  FROM      YEAR
                                                  NORMAL
..................................................................
TEMPERATURE (F)
 TODAY
  MAXIMUM         74    304 PM  94    2000  80     -6       81
                                      1940
  MINIMUM         45    239 AM  40    1984  57    -12       52
  AVERAGE         60

PRECIPITATION (IN)
  TODAY            0.00          2.84 1957   0.10  -0.10     0.00
  MONTH TO DATE    6.96                      1.93   5.03     5.43
  SINCE MAR 1     10.28                      5.08   5.20    10.76
  SINCE JAN 1     16.44                      9.83   6.61    13.21

SNOWFALL (IN)
  TODAY            0.0           0.0    MM   0.0    0.0      0.0
  MONTH TO DATE    0.0                       0.1   -0.1      0.0
  SINCE MAR 1      0.0                       0.2   -0.2      0.0
  SINCE JUL 1      T                         1.0   -1.0      0.0
  SNOW DEPTH       0

..................................................................


WIND (MPH)
  HIGHEST WIND SPEED    17   HIGHEST WIND DIRECTION     N (360)
  HIGHEST GUST SPEED    25   HIGHEST GUST DIRECTION     N (340)
  AVERAGE WIND SPEED     9.9




..........................................................


THE WACO CLIMATE NORMALS FOR TOMORROW
                         NORMAL    RECORD    YEAR
 MAXIMUM TEMPERATURE (F)   80        92      2003
                                             1984
 MINIMUM TEMPERATURE (F)   57        39      2013
                                             1995


SUNRISE AND SUNSET
APRIL 23 2017.........SUNRISE   651 AM CDT   SUNSET   803 PM CDT
APRIL 24 2017.........SUNRISE   650 AM CDT   SUNSET   804 PM CDT


-  INDICATES NEGATIVE NUMBERS.
R  INDICATES RECORD WAS SET OR TIED.
MM INDICATES DATA IS MISSING.
T  INDICATES TRACE AMOUNT.




$$
