000
CDUS44 KFWD 260646
CLIACT


CLIMATE REPORT
NATIONAL WEATHER SERVICE FORT WORTH TX
146 AM CDT THU MAY 26 2016


...................................

...THE WACO CLIMATE SUMMARY FOR MAY 25 2016...

CLIMATE NORMAL PERIOD 1981 TO 2010
CLIMATE RECORD PERIOD 1901 TO 2016


WEATHER ITEM   OBSERVED TIME   RECORD YEAR NORMAL DEPARTURE LAST
                VALUE   (LST)  VALUE       VALUE  FROM      YEAR
                                                  NORMAL
..................................................................
TEMPERATURE (F)
 YESTERDAY
  MAXIMUM         89    218 PM  98    2011  87      2       78
  MINIMUM         76    617 AM  53    1979  66     10       64
  AVERAGE         83                        77      6       71

PRECIPITATION (IN)
  YESTERDAY        0.00          2.67 1933   0.14  -0.14     1.70
  MONTH TO DATE    3.87                      3.43   0.44     7.97
  SINCE MAR 1     15.75                      9.27   6.48    15.31
  SINCE JAN 1     18.20                     14.02   4.18    20.04

DEGREE DAYS
 HEATING
  YESTERDAY        0                         0      0        0
  MONTH TO DATE   11                         4      7        2
  SINCE MAR 1    214                       328   -114      352
  SINCE JUL 1   1691                      2140   -449     2306

 COOLING
  YESTERDAY       18                        12      6        6
  MONTH TO DATE  177                       222    -45      207
  SINCE MAR 1    313                       367    -54      368
  SINCE JAN 1    321                       376    -55      368
..................................................................


WIND (MPH)
  HIGHEST WIND SPEED    23   HIGHEST WIND DIRECTION     S (170)
  HIGHEST GUST SPEED    28   HIGHEST GUST DIRECTION     S (180)
  AVERAGE WIND SPEED    14.0


SKY COVER
  POSSIBLE SUNSHINE  MM
  AVERAGE SKY COVER 0.8


WEATHER CONDITIONS
 THE FOLLOWING WEATHER WAS RECORDED YESTERDAY.
  HAZE


RELATIVE HUMIDITY (PERCENT)
 HIGHEST    88           700 AM
 LOWEST     63           300 PM
 AVERAGE    76

..........................................................


THE WACO CLIMATE NORMALS FOR TODAY
                         NORMAL    RECORD    YEAR
 MAXIMUM TEMPERATURE (F)   87        98      1904
 MINIMUM TEMPERATURE (F)   67        54      1947


SUNRISE AND SUNSET
MAY 26 2016...........SUNRISE   626 AM CDT   SUNSET   826 PM CDT
MAY 27 2016...........SUNRISE   626 AM CDT   SUNSET   827 PM CDT


-  INDICATES NEGATIVE NUMBERS.
R  INDICATES RECORD WAS SET OR TIED.
MM INDICATES DATA IS MISSING.
T  INDICATES TRACE AMOUNT.




$$
