000
CDUS44 KFWD 230650
CLIACT


CLIMATE REPORT
NATIONAL WEATHER SERVICE FORT WORTH TX
149 AM CDT SUN JUL 23 2017


...................................

...THE WACO CLIMATE SUMMARY FOR JULY 22 2017...

CLIMATE NORMAL PERIOD 1981 TO 2010
CLIMATE RECORD PERIOD 1901 TO 2017


WEATHER ITEM   OBSERVED TIME   RECORD YEAR NORMAL DEPARTURE LAST
                VALUE   (LST)  VALUE       VALUE  FROM      YEAR
                                                  NORMAL
..................................................................
TEMPERATURE (F)
 YESTERDAY
  MAXIMUM        101    342 PM 106    1974  97      4      101
  MINIMUM         78    612 AM  61    1970  75      3       76
  AVERAGE         90                        86      4       89

PRECIPITATION (IN)
  YESTERDAY        0.00          1.44 1904   0.05  -0.05     0.00
  MONTH TO DATE    2.09                      1.28   0.81      T
  SINCE JUN 1      6.83                      4.71   2.12     4.59
  SINCE JAN 1     26.14                     19.60   6.54    27.23

DEGREE DAYS
 HEATING
  YESTERDAY        0                         0      0        0
  MONTH TO DATE    0                         0      0        0
  SINCE JUN 1      0                         0      0        0
  SINCE JUL 1      0                         0      0        0

 COOLING
  YESTERDAY       25                        21      4       24
  MONTH TO DATE  455                       437     18      496
  SINCE JUN 1    972                       925     47     1025
  SINCE JAN 1   1541                      1377    164     1416
..................................................................


WIND (MPH)
  HIGHEST WIND SPEED    18   HIGHEST WIND DIRECTION     S (160)
  HIGHEST GUST SPEED    24   HIGHEST GUST DIRECTION    SE (150)
  AVERAGE WIND SPEED    10.3


SKY COVER
  POSSIBLE SUNSHINE  MM
  AVERAGE SKY COVER 0.0


WEATHER CONDITIONS
 THE FOLLOWING WEATHER WAS RECORDED YESTERDAY.
  NO SIGNIFICANT WEATHER WAS OBSERVED.


RELATIVE HUMIDITY (PERCENT)
 HIGHEST    85           600 AM
 LOWEST     31           400 PM
 AVERAGE    58

..........................................................


THE WACO CLIMATE NORMALS FOR TODAY
                         NORMAL    RECORD    YEAR
 MAXIMUM TEMPERATURE (F)   97       107      1974
 MINIMUM TEMPERATURE (F)   75        62      1915


SUNRISE AND SUNSET
JULY 23 2017..........SUNRISE   639 AM CDT   SUNSET   831 PM CDT
JULY 24 2017..........SUNRISE   640 AM CDT   SUNSET   830 PM CDT


-  INDICATES NEGATIVE NUMBERS.
R  INDICATES RECORD WAS SET OR TIED.
MM INDICATES DATA IS MISSING.
T  INDICATES TRACE AMOUNT.




$$
