000
CDUS44 KFWD 010642
CLIACT


CLIMATE REPORT
NATIONAL WEATHER SERVICE FORT WORTH TX
141 AM CDT WED JUL 1 2015


...................................

...THE WACO CLIMATE SUMMARY FOR JUNE 30 2015...

CLIMATE NORMAL PERIOD 1981 TO 2010
CLIMATE RECORD PERIOD 1901 TO 2015


WEATHER ITEM   OBSERVED TIME   RECORD YEAR NORMAL DEPARTURE LAST
                VALUE   (LST)  VALUE       VALUE  FROM      YEAR
                                                  NORMAL
..................................................................
TEMPERATURE (F)
 YESTERDAY
  MAXIMUM         92    325 PM 103    1980  94     -2       94
  MINIMUM         71    818 AM  63    1985  73     -2       76
  AVERAGE         82                        84     -2       85

PRECIPITATION (IN)
  YESTERDAY        0.01          1.17 2002   0.07  -0.06     0.00
  MONTH TO DATE    5.97                      3.43   2.54     8.31
  SINCE JUN 1      5.97                      3.43   2.54     8.31
  SINCE JAN 1     27.31                     18.32   8.99    19.45

DEGREE DAYS
 HEATING
  YESTERDAY        0                         0      0        0
  MONTH TO DATE    0                         0      0        0
  SINCE JUN 1      0                         0      0        0
  SINCE JUL 1   2306                      2142    164     2611

 COOLING
  YESTERDAY       17                        19     -2       20
  MONTH TO DATE  504                       488     16      481
  SINCE JUN 1    504                       488     16      481
  SINCE JAN 1    939                       940     -1      868
..................................................................


WIND (MPH)
  HIGHEST WIND SPEED    32   HIGHEST WIND DIRECTION     S (200)
  HIGHEST GUST SPEED    41   HIGHEST GUST DIRECTION     S (170)
  AVERAGE WIND SPEED     9.5


SKY COVER
  POSSIBLE SUNSHINE  MM
  AVERAGE SKY COVER 0.2


WEATHER CONDITIONS
 THE FOLLOWING WEATHER WAS RECORDED YESTERDAY.
  THUNDERSTORM
  LIGHT RAIN


RELATIVE HUMIDITY (PERCENT)
 HIGHEST    94           600 AM
 LOWEST     52           300 PM
 AVERAGE    73

..........................................................


THE WACO CLIMATE NORMALS FOR TODAY
                         NORMAL    RECORD    YEAR
 MAXIMUM TEMPERATURE (F)   94       105      1980
 MINIMUM TEMPERATURE (F)   73        61      1908


SUNRISE AND SUNSET
JULY  1 2015..........SUNRISE   627 AM CDT   SUNSET   838 PM CDT
JULY  2 2015..........SUNRISE   628 AM CDT   SUNSET   838 PM CDT


-  INDICATES NEGATIVE NUMBERS.
R  INDICATES RECORD WAS SET OR TIED.
MM INDICATES DATA IS MISSING.
T  INDICATES TRACE AMOUNT.




$$
