000
CDUS44 KFWD 060717
CLIACT


CLIMATE REPORT
NATIONAL WEATHER SERVICE FORT WORTH TX
117 AM CST FRI MAR 6 2015


...................................

...THE WACO CLIMATE SUMMARY FOR MARCH 5 2015...

CLIMATE NORMAL PERIOD 1981 TO 2010
CLIMATE RECORD PERIOD 1901 TO 2015


WEATHER ITEM   OBSERVED TIME   RECORD YEAR NORMAL DEPARTURE LAST
                VALUE   (LST)  VALUE       VALUE  FROM      YEAR
                                                  NORMAL
..................................................................
TEMPERATURE (F)
 YESTERDAY
  MAXIMUM         42    353 PM  97    1991  66    -24       49
  MINIMUM         26    757 AM  23    1989  45    -19       32
  AVERAGE         34                        55    -21       41

PRECIPITATION (IN)
  YESTERDAY        0.25          1.11 1937   0.11   0.14     0.03
  MONTH TO DATE    0.80                      0.56   0.24     0.05
  SINCE MAR 1      0.80                      0.56   0.24     0.05
  SINCE JAN 1      5.53                      5.31   0.22     0.81

SNOWFALL (IN)
  YESTERDAY        0.7 R         0.3  1989   0.0    0.7      0.0
  MONTH TO DATE    0.7                       0.0    0.7      0.1
  SINCE MAR 1      0.7                       0.0    0.7      0.1
  SINCE JUL 1      1.4                       0.9    0.5      0.1
  SNOW DEPTH       1

DEGREE DAYS
 HEATING
  YESTERDAY       31                        10     21       24
  MONTH TO DATE  124                        54     70      112
  SINCE MAR 1    124                        54     70      112
  SINCE JUL 1   2078                      1866    212     2255

 COOLING
  YESTERDAY        0                         1     -1        0
  MONTH TO DATE    0                         4     -4        0
  SINCE MAR 1      0                         4     -4        0
  SINCE JAN 1      0                        13    -13        0
..................................................................


WIND (MPH)
  HIGHEST WIND SPEED    26   HIGHEST WIND DIRECTION     N (350)
  HIGHEST GUST SPEED    35   HIGHEST GUST DIRECTION     N (340)
  AVERAGE WIND SPEED    16.1


SKY COVER
  POSSIBLE SUNSHINE  MM
  AVERAGE SKY COVER 0.3


WEATHER CONDITIONS
 THE FOLLOWING WEATHER WAS RECORDED YESTERDAY.
  FREEZING RAIN
  LT FREEZING RAIN
  LIGHT SNOW
  SLEET
  FOG


RELATIVE HUMIDITY (PERCENT)
 HIGHEST    92           200 AM
 LOWEST     41           500 PM
 AVERAGE    67

..........................................................


THE WACO CLIMATE NORMALS FOR TODAY
                         NORMAL    RECORD    YEAR
 MAXIMUM TEMPERATURE (F)   66        91      1991
                                             1916
 MINIMUM TEMPERATURE (F)   45        23      2013


SUNRISE AND SUNSET
MARCH  6 2015.........SUNRISE   650 AM CST   SUNSET   630 PM CST
MARCH  7 2015.........SUNRISE   649 AM CST   SUNSET   631 PM CST


-  INDICATES NEGATIVE NUMBERS.
R  INDICATES RECORD WAS SET OR TIED.
MM INDICATES DATA IS MISSING.
T  INDICATES TRACE AMOUNT.




$$
