000
CDUS41 KPHI 230634
CLIACY


CLIMATE REPORT
NATIONAL WEATHER SERVICE MOUNT HOLLY NJ
233 AM EDT TUE MAY 23 2017


...................................

...THE ATLANTIC CITY NJ CLIMATE SUMMARY FOR MAY 22 2017...

CLIMATE NORMAL PERIOD 1981 TO 2010
CLIMATE RECORD PERIOD 1874 TO 2017


WEATHER ITEM   OBSERVED TIME   RECORD YEAR NORMAL DEPARTURE LAST
                VALUE   (LST)  VALUE       VALUE  FROM      YEAR
                                                  NORMAL
..................................................................
TEMPERATURE (F)
 YESTERDAY
  MAXIMUM         65    353 PM  91    1992  73     -8       60
  MINIMUM         57    448 AM  36    2002  53      4       53
  AVERAGE         61                        63     -2       57

PRECIPITATION (IN)
  YESTERDAY        1.85R         1.19 1909   0.12   1.73     0.17
  MONTH TO DATE    6.07                      2.30   3.77     4.61
  SINCE MAR 1     14.66                     10.14   4.52    10.64
  SINCE JAN 1     20.21                     16.23   3.98    17.99

SNOWFALL (IN)
  YESTERDAY        0.0           0.0    MM   0.0    0.0      0.0
  MONTH TO DATE    0.0                       0.0    0.0      0.0
  SINCE MAR 1      0.2                       1.4   -1.2      6.9
  SINCE JUL 1      7.7                      16.5   -8.8     27.5
  SNOW DEPTH       0

DEGREE DAYS
 HEATING
  YESTERDAY        4                         4      0        8
  MONTH TO DATE  139                       145     -6      191
  SINCE MAR 1   1107                      1258   -151     1166
  SINCE JUL 1   4103                      4849   -746     4047

 COOLING
  YESTERDAY        0                         2     -2        0
  MONTH TO DATE   46                        30     16        0
  SINCE MAR 1     78                        39     39       14
  SINCE JAN 1     78                        39     39       14
..................................................................


WIND (MPH)
  HIGHEST WIND SPEED    10   HIGHEST WIND DIRECTION    SE (130)
  HIGHEST GUST SPEED    13   HIGHEST GUST DIRECTION    SE (130)
  AVERAGE WIND SPEED     4.5


SKY COVER
  POSSIBLE SUNSHINE  MM
  AVERAGE SKY COVER 1.0


WEATHER CONDITIONS
 THE FOLLOWING WEATHER WAS RECORDED YESTERDAY.
  HEAVY RAIN
  RAIN
  LIGHT RAIN
  FOG
  FOG W/VISIBILITY <= 1/4 MILE


RELATIVE HUMIDITY (PERCENT)
 HIGHEST   100           700 PM
 LOWEST     72           100 AM
 AVERAGE    86

..........................................................


THE ATLANTIC CITY NJ CLIMATE NORMALS FOR TODAY
                         NORMAL    RECORD    YEAR
 MAXIMUM TEMPERATURE (F)   73        95      1925
 MINIMUM TEMPERATURE (F)   53        39      1981


SUNRISE AND SUNSET
MAY 23 2017...........SUNRISE   538 AM EDT   SUNSET   813 PM EDT
MAY 24 2017...........SUNRISE   537 AM EDT   SUNSET   813 PM EDT


-  INDICATES NEGATIVE NUMBERS.
R  INDICATES RECORD WAS SET OR TIED.
MM INDICATES DATA IS MISSING.
T  INDICATES TRACE AMOUNT.




$$
