000
CDUS41 KPHI 010627
CLIACY


CLIMATE REPORT
NATIONAL WEATHER SERVICE MOUNT HOLLY NJ
227 AM EDT TUE SEP 1 2015


...................................

...THE ATLANTIC CITY NJ CLIMATE SUMMARY FOR AUGUST 31 2015...

CLIMATE NORMAL PERIOD 1981 TO 2010
CLIMATE RECORD PERIOD 1874 TO 2015


WEATHER ITEM   OBSERVED TIME   RECORD YEAR NORMAL DEPARTURE LAST
                VALUE   (LST)  VALUE       VALUE  FROM      YEAR
                                                  NORMAL
..................................................................
TEMPERATURE (F)
 YESTERDAY
  MAXIMUM         91    223 PM  99    2010  82      9       89
  MINIMUM         74   1159 PM  40    1976  63     11       71
                                      1965
  AVERAGE         83                        72     11       80

PRECIPITATION (IN)
  YESTERDAY        0.00          2.48 1954   0.10  -0.10     0.63
                                      1911
  MONTH TO DATE    1.25                      4.11  -2.86     9.91
  SINCE JUN 1     16.20                     10.94   5.26    16.54
  SINCE JAN 1     32.45                     28.22   4.23    36.72

SNOWFALL (IN)
  YESTERDAY        0.0           0.0  1903   0.0    0.0      0.0
  MONTH TO DATE    0.0                       0.0    0.0      0.0
  SINCE JUN 1      0.0                       0.0    0.0      0.0
  SINCE JUL 1      0.0                       0.0    0.0      0.0
  SNOW DEPTH       0

DEGREE DAYS
 HEATING
  YESTERDAY        0                         0      0        0
  MONTH TO DATE    0                         0      0        0
  SINCE JUN 1     26                        30     -4       10
  SINCE JUL 1      0                         3     -3        0

 COOLING
  YESTERDAY       18                         7     11       15
  MONTH TO DATE  341                       295     46      189
  SINCE JUN 1    946                       845    101      676
  SINCE JAN 1   1080                       909    171      712
..................................................................


WIND (MPH)
  HIGHEST WIND SPEED    15   HIGHEST WIND DIRECTION    SW (220)
  HIGHEST GUST SPEED    22   HIGHEST GUST DIRECTION     W (250)
  AVERAGE WIND SPEED     8.1


SKY COVER
  POSSIBLE SUNSHINE  MM
  AVERAGE SKY COVER 0.2


WEATHER CONDITIONS
 THE FOLLOWING WEATHER WAS RECORDED YESTERDAY.
  NO SIGNIFICANT WEATHER WAS OBSERVED.


RELATIVE HUMIDITY (PERCENT)
 HIGHEST    87           600 AM
 LOWEST     45           500 PM
 AVERAGE    66

..........................................................


THE ATLANTIC CITY NJ CLIMATE NORMALS FOR TODAY
                         NORMAL    RECORD    YEAR
 MAXIMUM TEMPERATURE (F)   81        97      2010
 MINIMUM TEMPERATURE (F)   62        47      1991


SUNRISE AND SUNSET
SEPTEMBER  1 2015.....SUNRISE   626 AM EDT   SUNSET   730 PM EDT
SEPTEMBER  2 2015.....SUNRISE   627 AM EDT   SUNSET   728 PM EDT


-  INDICATES NEGATIVE NUMBERS.
R  INDICATES RECORD WAS SET OR TIED.
MM INDICATES DATA IS MISSING.
T  INDICATES TRACE AMOUNT.




$$
