000
CDUS41 KPHI 280633
CLIACY


CLIMATE REPORT
NATIONAL WEATHER SERVICE MOUNT HOLLY NJ
232 AM EDT THU APR 28 2016


...................................

...THE ATLANTIC CITY NJ CLIMATE SUMMARY FOR APRIL 27 2016...

CLIMATE NORMAL PERIOD 1981 TO 2010
CLIMATE RECORD PERIOD 1874 TO 2016


WEATHER ITEM   OBSERVED TIME   RECORD YEAR NORMAL DEPARTURE LAST
                VALUE   (LST)  VALUE       VALUE  FROM      YEAR
                                                  NORMAL
..................................................................
TEMPERATURE (F)
 YESTERDAY
  MAXIMUM         52    127 PM  94    1969  66    -14       62
  MINIMUM         44   1157 PM  33    2001  45     -1       38
                                      1964
  AVERAGE         48                        55     -7       50

PRECIPITATION (IN)
  YESTERDAY        T             4.03 1952   0.10  -0.10     0.00
  MONTH TO DATE    2.75                      3.31  -0.56     2.55
  SINCE MAR 1      5.87                      7.52  -1.65     7.48
  SINCE JAN 1     13.22                     13.61  -0.39    15.54

SNOWFALL (IN)
  YESTERDAY        0.0           T    1992   0.0    0.0      0.0
                                      1967
  MONTH TO DATE    1.8                       0.3    1.5      0.0
  SINCE MAR 1      6.9                       1.4    5.5      7.4
  SINCE JUL 1     27.5                      16.5   11.0     22.4
  SNOW DEPTH       0

DEGREE DAYS
 HEATING
  YESTERDAY       17                        10      7       15
  MONTH TO DATE  398                       378     20      355
  SINCE MAR 1    929                      1084   -155     1182
  SINCE JUL 1   3810                      4675   -865     5057

 COOLING
  YESTERDAY        0                         1     -1        0
  MONTH TO DATE   11                         1     10        0
  SINCE MAR 1     14                         1     13        0
  SINCE JAN 1     14                         1     13        0
..................................................................


WIND (MPH)
  HIGHEST WIND SPEED    17   HIGHEST WIND DIRECTION    NE (40)
  HIGHEST GUST SPEED    23   HIGHEST GUST DIRECTION    NE (60)
  AVERAGE WIND SPEED     7.7


SKY COVER
  POSSIBLE SUNSHINE  MM
  AVERAGE SKY COVER 0.9


WEATHER CONDITIONS
 THE FOLLOWING WEATHER WAS RECORDED YESTERDAY.
  LIGHT RAIN
  FOG


RELATIVE HUMIDITY (PERCENT)
 HIGHEST   100          1200 AM
 LOWEST     71          1000 AM
 AVERAGE    86

..........................................................


THE ATLANTIC CITY NJ CLIMATE NORMALS FOR TODAY
                         NORMAL    RECORD    YEAR
 MAXIMUM TEMPERATURE (F)   66        88      2009
 MINIMUM TEMPERATURE (F)   46        28      2012


SUNRISE AND SUNSET
APRIL 28 2016.........SUNRISE   603 AM EDT   SUNSET   749 PM EDT
APRIL 29 2016.........SUNRISE   601 AM EDT   SUNSET   750 PM EDT


-  INDICATES NEGATIVE NUMBERS.
R  INDICATES RECORD WAS SET OR TIED.
MM INDICATES DATA IS MISSING.
T  INDICATES TRACE AMOUNT.




$$
