000
CDAK48 PADQ 262322
CLIADQ

CLIMATE REPORT
NATIONAL WEATHER SERVICE KODIAK, AK
322 PM AKDT FRI AUG 26 2016

...................................
...THE KODIAK AP CLIMATE SUMMARY FOR AUGUST 26 2016...
VALID TODAY AS OF 2:00 PM LOCAL TIME

CLIMATE NORMAL PERIOD  1981 TO  2010
CLIMATE RECORD PERIOD  1913 TO  2016

WEATHER ITEM   OBSERVED TIME    RECORD YEAR NORMAL DEPARTURE LAST
               VALUE    (LST)   VALUE       VALUE  FROM      YEAR
                                                   NORMAL
...................................................................
TEMPERATURE
TODAY
 MAXIMUM            63  0159 PM    77  1990     61       2     70
 MINIMUM            49  0610 AM    38  1998     48       1     52
 AVERAGE            56                          54       2     61

PRECIPITATION
(INCHES)
 TODAY            0.01           1.91  1917   0.16   -0.15      T
 MONTH TO DATE    3.28                        3.71   -0.43   1.85
 SINCE JUN 1      9.22                       14.55   -5.33   8.25
 SINCE JAN 1     52.00                       45.94    6.06  47.37

SNOWFALL
(INCHES)
 TODAY             0.0            0.0  2016    0.0     0.0    0.0
 MONTH TO DATE     0.0                         0.0     0.0    0.0
 SINCE JUN 1       0.0                         0.0     0.0    0.0
 SINCE JUL 1       0.0                         0.0     0.0    0.0
 SNOW DEPTH (IN)     0                                          0

DEGREE DAYS
 HEATING
  TODAY              9                          11      -2      4
  MONTH TO DATE    180                         248     -68    145
  SINCE JUN 1      677                        1035    -358    683
  SINCE JUL 1      351                         574    -223    372

 COOLING
  TODAY              0                           0       0      0
  MONTH TO DATE      0                           0       0      0
  SINCE JUN 1       20                           0      20      1
  SINCE JAN 1       20                           0      20      1
...................................................................

WIND (MPH)
 HIGHEST WIND SPEED     8     HIGHEST WIND DIRECTION    280
 HIGHEST GUST SPEED    10     HIGHEST GUST DIRECTION    320
 AVERAGE WIND SPEED    MM

SKY COVER
  POSSIBLE SUNSHINE  MM            AVERAGE SKY COVER MM

WEATHER CONDITIONS
 THE FOLLOWING WEATHER WAS RECORDED TODAY.
RAIN


RELATIVE HUMIDITY
 HIGHEST RH     MM PERCENT       MM
 LOWEST  RH     MM PERCENT       MM
 AVERAGE RH     MM PERCENT       MM
...................................................................

THE KODIAK CLIMATE NORMALS FOR TOMORROW
                        NORMAL    RECORD   YEAR
 MAXIMUM TEMPERATURE      61        81     1930
 MINIMUM TEMPERATURE      48        35     1998

SUNRISE AND SUNSET
 AUG 26 2016..........SUNRISE  7:00 AM      SUNSET  9:23 PM
 AUG 27 2016..........SUNRISE  7:02 AM      SUNSET  9:20 PM

-  INDICATES NEGATIVE NUMBERS.
R  INDICATES RECORD HAS BEEN SET OR TIED.
MM INDICATES DATA IS MISSING.
T  INDICATES TRACE OF PRECIPITATION.

&&
-------------------------------------------------------------------

AMOUNT OF DAYLIGHT TODAY  (HOUR:MIN)........14 HOURS 23 MINUTES
GAIN/LOSS SINCE YESTERDAY (HOUR:MIN:SEC)....-0:04:49

$$
JTS AUG 16
