000
CDAK48 PADQ 301209
CLIADQ

CLIMATE REPORT
NATIONAL WEATHER SERVICE KODIAK, AK
409 AM AKDT TUE JUN 30 2015

...................................
...THE KODIAK AP CLIMATE SUMMARY FOR JUNE 29 2015...

CLIMATE NORMAL PERIOD  1981 TO  2010
CLIMATE RECORD PERIOD  1949 TO  2015

WEATHER ITEM   OBSERVED TIME    RECORD YEAR NORMAL DEPARTURE LAST
               VALUE    (LST)   VALUE       VALUE  FROM      YEAR
                                                   NORMAL
...................................................................
TEMPERATURE
YESTERDAY
 MAXIMUM            56  0456 PM    76  1968     57      -1     67
 MINIMUM            51  1110 AM    38  1952     47       4     50
 AVERAGE            54                          52       2     59

PRECIPITATION
(INCHES)
 YESTERDAY        0.79           1.84  1965   0.17    0.62   0.00
 MONTH TO DATE    3.00                        5.74   -2.74   6.20
 SINCE JUN 1      3.00                        5.74   -2.74   6.20
 SINCE JAN 1     42.12                       37.13    4.99  39.73

SNOWFALL
(INCHES)
 YESTERDAY         0.0            0.0  2015    0.0     0.0    0.0
 MONTH TO DATE     0.0                         0.0     0.0    0.0
 SINCE JUN 1       0.0                         0.0     0.0    0.0
 SINCE JUL 1      20.1                        68.9   -48.8     MM
 SNOW DEPTH (IN)     0                                          0

DEGREE DAYS
 HEATING
  YESTERDAY         11                          13      -2      6
  MONTH TO DATE    300                         448    -148    413
  SINCE JUN 1      300                         448    -148    413
  SINCE JUL 1     7419                        8782   -1363   7890

 COOLING
  YESTERDAY          0                           0       0      0
  MONTH TO DATE      1                           0       1      0
  SINCE JUN 1        1                           0       1      0
  SINCE JAN 1        1                           0       1      4
...................................................................

WIND (MPH)
 HIGHEST WIND SPEED    17     HIGHEST WIND DIRECTION     50
 HIGHEST GUST SPEED    21     HIGHEST GUST DIRECTION     40
 AVERAGE WIND SPEED  10.0

SKY COVER
  POSSIBLE SUNSHINE    MM          AVERAGE SKY COVER     MM

WEATHER CONDITIONS
 THE FOLLOWING WEATHER WAS RECORDED YESTERDAY.
  FOG
RAIN


RELATIVE HUMIDITY
 HIGHEST RH     MM PERCENT       MM
 LOWEST  RH     MM PERCENT       MM
 AVERAGE RH     MM PERCENT       MM
...................................................................

THE KODIAK CLIMATE NORMALS FOR TODAY
                           NORMAL    RECORD   YEAR
 MAXIMUM TEMPERATURE (F)     57        79     1974
 MINIMUM TEMPERATURE (F)     47        37     2008

SUNRISE AND SUNSET
 JUN 30 2015..........SUNRISE  5:14 AM      SUNSET 11:14 PM
 JUL 1 2015..........SUNRISE  5:15 AM      SUNSET 11:14 PM

-  INDICATES NEGATIVE NUMBERS.
R  INDICATES RECORD HAS BEEN SET OR TIED.
MM INDICATES DATA IS MISSING.
T  INDICATES TRACE OF PRECIPITATION.

&&
-------------------------------------------------------------------

AMOUNT OF DAYLIGHT TODAY  (HOUR:MIN)........18 HOURS 0 MINUTES
GAIN/LOSS SINCE YESTERDAY (HOUR:MIN:SEC)....-0:01:16

$$
*** JUN 15
