960
CDAK48 PAFC 211515
CLIADQ


CLIMATE REPORT
NATIONAL WEATHER SERVICE ANCHORAGE, AK
615 AM AKST WED FEB 21 2018


...................................

...THE KODIAK CLIMATE SUMMARY FOR FEBRUARY 20 2018...

CLIMATE NORMAL PERIOD 1981 TO 2010
CLIMATE RECORD PERIOD 1913 TO 2018


WEATHER ITEM   OBSERVED TIME   RECORD YEAR NORMAL DEPARTURE LAST
                VALUE   (LST)  VALUE       VALUE  FROM      YEAR
                                                  NORMAL
..................................................................
TEMPERATURE (F)
 YESTERDAY
  MAXIMUM         45        MM  48    1942  36      9       24
                                      1919
  MINIMUM         32        MM   0    1975  26      6       18
  AVERAGE         39                        31      8       21

PRECIPITATION (IN)
  YESTERDAY        T             2.32 2015   0.20  -0.20     0.00
  MONTH TO DATE    4.59                      4.48   0.11     2.50
  SINCE SEP 1     38.05                     43.98  -5.93    35.44
  SINCE JAN 1     10.86                     12.77  -1.91     5.45

SNOWFALL (IN)
  YESTERDAY        0.0           7.4  1975   0.5   -0.5      0.0
  MONTH TO DATE    5.2                      10.8   -5.6     12.2
  SINCE SEP 1     16.8                      45.1  -28.3     25.2
  SINCE JUL 1     16.8                      45.1  -28.3     25.2
  SNOW DEPTH       T

DEGREE DAYS
 HEATING
  YESTERDAY       26                        34     -8       44
  MONTH TO DATE  588                       689   -101      713
  SINCE DEC 1   2503                      2808   -305     2878
  SINCE JUL 1   5066                      5603   -537     5080

 COOLING
  YESTERDAY        0                         0      0        0
  MONTH TO DATE    0                         0      0        0
  SINCE DEC 1      0                         0      0        0
  SINCE JAN 1      0                         0      0        0
..................................................................


WIND (MPH)
  RESULTANT WIND SPEED   1   RESULTANT WIND DIRECTION   W (290)
  HIGHEST WIND SPEED     9   HIGHEST WIND DIRECTION    NW (330)
  HIGHEST GUST SPEED    MM   HIGHEST GUST DIRECTION    MM
  AVERAGE WIND SPEED     3.5



WEATHER CONDITIONS
 THE FOLLOWING WEATHER WAS RECORDED YESTERDAY.
  LIGHT RAIN


RELATIVE HUMIDITY (PERCENT)
 HIGHEST    96
 LOWEST     70
 AVERAGE    83

..........................................................


THE KODIAK CLIMATE NORMALS FOR TODAY
                         NORMAL    RECORD    YEAR
 MAXIMUM TEMPERATURE (F)   36        52      1944
 MINIMUM TEMPERATURE (F)   26         3      2002


SUNRISE AND SUNSET
FEBRUARY 21 2018......SUNRISE   825 AM AKST  SUNSET   624 PM AKST
FEBRUARY 22 2018......SUNRISE   822 AM AKST  SUNSET   626 PM AKST


-  INDICATES NEGATIVE NUMBERS.
R  INDICATES RECORD WAS SET OR TIED.
MM INDICATES DATA IS MISSING.
T  INDICATES TRACE AMOUNT.




$$
