000
CDAK48 PADQ 251139
CLIADQ

CLIMATE REPORT
NATIONAL WEATHER SERVICE KODIAK, AK
239 AM AKST SUN JAN 25 2015

...................................
...THE KODIAK AP CLIMATE SUMMARY FOR JANUARY 24 2015...

CLIMATE NORMAL PERIOD  1981 TO  2010
CLIMATE RECORD PERIOD  1949 TO  2015

WEATHER ITEM   OBSERVED TIME    RECORD YEAR NORMAL DEPARTURE LAST
               VALUE    (LST)   VALUE       VALUE  FROM      YEAR
                                                   NORMAL
...................................................................
TEMPERATURE
YESTERDAY
 MAXIMUM            33  1243 AM    50  1950     35      -2     44
 MINIMUM            23  0732 PM    -2  1973     26      -3     32
 AVERAGE            28                          30      -2     38

PRECIPITATION
(INCHES)
 YESTERDAY           T           2.16  1976   0.25   -0.25   0.29
 MONTH TO DATE    9.05                        6.59    2.46  12.49
 SINCE DEC 1     22.84                       15.32    7.52  16.94
 SINCE JAN 1      9.05                        6.59    2.46  12.49

SNOWFALL
(INCHES)
 YESTERDAY           T            5.0  1976    0.4    -0.4    0.0
 MONTH TO DATE     1.4                         9.7    -8.3    5.1
 SINCE DEC 1       1.7                        23.5   -21.8   16.7
 SINCE JUL 1       2.4                        31.0   -28.6   24.0
 SNOW DEPTH (IN)     T                                          0

DEGREE DAYS
 HEATING
  YESTERDAY         37                          35       2     27
  MONTH TO DATE    656                         828    -172    695
  SINCE DEC 1     1478                        1877    -399   1735
  SINCE JUL 1     3874                        4669    -795   4142

 COOLING
  YESTERDAY          0                           0       0      0
  MONTH TO DATE      0                           0       0      0
  SINCE DEC 1        0                           0       0      0
  SINCE JAN 1        0                           0       0      0
...................................................................

WIND (MPH)
 HIGHEST WIND SPEED    31     HIGHEST WIND DIRECTION    290
 HIGHEST GUST SPEED    40     HIGHEST GUST DIRECTION    290
 AVERAGE WIND SPEED  17.0

SKY COVER
  POSSIBLE SUNSHINE    MM          AVERAGE SKY COVER     MM

WEATHER CONDITIONS
 THE FOLLOWING WEATHER WAS RECORDED YESTERDAY.
  FOG
SNOW


RELATIVE HUMIDITY
 HIGHEST RH     MM PERCENT       MM
 LOWEST  RH     MM PERCENT       MM
 AVERAGE RH     MM PERCENT       MM
...................................................................

THE KODIAK CLIMATE NORMALS FOR TODAY
                           NORMAL    RECORD   YEAR
 MAXIMUM TEMPERATURE (F)     35        43     2014
 MINIMUM TEMPERATURE (F)     26        -2     1973

SUNRISE AND SUNSET
 JAN 25 2015..........SUNRISE  9:27 AM      SUNSET  5:20 PM
 JAN 26 2015..........SUNRISE  9:25 AM      SUNSET  5:22 PM

-  INDICATES NEGATIVE NUMBERS.
R  INDICATES RECORD HAS BEEN SET OR TIED.
MM INDICATES DATA IS MISSING.
T  INDICATES TRACE OF PRECIPITATION.

&&
-------------------------------------------------------------------

AMOUNT OF DAYLIGHT TODAY  (HOUR:MIN)........7 HOURS 53 MINUTES
GAIN/LOSS SINCE YESTERDAY (HOUR:MIN:SEC)....+0:04:02

$$
*** JAN 15
