000
CDAK48 PADQ 271303
CLIADQ


CLIMATE REPORT
NATIONAL WEATHER SERVICE ANCHORAGE, AK
503 AM AKDT MON MAR 27 2017


...................................

...THE KODIAK CLIMATE SUMMARY FOR MARCH 26 2017...

CLIMATE NORMAL PERIOD 1981 TO 2010
CLIMATE RECORD PERIOD 1913 TO 2017


WEATHER ITEM   OBSERVED TIME   RECORD YEAR NORMAL DEPARTURE LAST
                VALUE   (LST)  VALUE       VALUE  FROM      YEAR
                                                  NORMAL
..................................................................
TEMPERATURE (F)
 YESTERDAY
  MAXIMUM         38    509 PM  50    1981  39     -1       48
                                      1979
                                      1924
  MINIMUM         27    432 AM  10    1925  29     -2       31
  AVERAGE         33                        34     -1       40

PRECIPITATION (IN)
  YESTERDAY        0.01          0.94 1940   0.18  -0.17     0.00
  MONTH TO DATE    0.01                      4.65  -4.64     5.98
  SINCE MAR 1      0.01                      4.65  -4.64     5.98
  SINCE JAN 1      5.55                     19.08 -13.53    28.58

SNOWFALL (IN)
  YESTERDAY        0.1           7.9  1971   0.4   -0.3      0.0
  MONTH TO DATE    0.3                       9.5   -9.2      3.6
  SINCE MAR 1      0.3                       9.5   -9.2      3.6
  SINCE JUL 1     26.1                      58.9  -32.8     20.6
  SNOW DEPTH       T

DEGREE DAYS
 HEATING
  YESTERDAY       32                        31      1       25
  MONTH TO DATE  956                       843    113      495
  SINCE MAR 1    956                       843    113      495
  SINCE JUL 1   6297                      6715   -418     5003

 COOLING
  YESTERDAY        0                         0      0        0
  MONTH TO DATE    0                         0      0        0
  SINCE MAR 1      0                         0      0        0
  SINCE JAN 1      0                         0      0        0
..................................................................


WIND (MPH)
  RESULTANT WIND SPEED  11   RESULTANT WIND DIRECTION  NW (300)
  HIGHEST WIND SPEED    21   HIGHEST WIND DIRECTION     W (270)
  HIGHEST GUST SPEED    26   HIGHEST GUST DIRECTION     W (270)
  AVERAGE WIND SPEED    11.1



WEATHER CONDITIONS
 THE FOLLOWING WEATHER WAS RECORDED YESTERDAY.
  LIGHT SNOW
  FOG


RELATIVE HUMIDITY (PERCENT)
 HIGHEST    85
 LOWEST     50
 AVERAGE    68

..........................................................


THE KODIAK CLIMATE NORMALS FOR TODAY
                         NORMAL    RECORD    YEAR
 MAXIMUM TEMPERATURE (F)   39        50      1934
                                             1924
 MINIMUM TEMPERATURE (F)   29        12      1925


SUNRISE AND SUNSET
MARCH 27 2017.........SUNRISE   751 AM AKDT  SUNSET   841 PM AKDT
MARCH 28 2017.........SUNRISE   748 AM AKDT  SUNSET   843 PM AKDT


-  INDICATES NEGATIVE NUMBERS.
R  INDICATES RECORD WAS SET OR TIED.
MM INDICATES DATA IS MISSING.
T  INDICATES TRACE AMOUNT.




$$
