640
CDAK48 PAFC 041301
CLIADQ

CLIMATE REPORT
NATIONAL WEATHER SERVICE ANCHORAGE, AK
400 AM AKST SUN DEC 4 2016


...................................

...THE KODIAK CLIMATE SUMMARY FOR DECEMBER 3 2016...

CLIMATE NORMAL PERIOD 1981 TO 2010
CLIMATE RECORD PERIOD 1913 TO 2016


WEATHER ITEM   OBSERVED TIME   RECORD YEAR NORMAL DEPARTURE LAST
                VALUE   (LST)  VALUE       VALUE  FROM      YEAR
                                                  NORMAL
..................................................................
TEMPERATURE (F)
 YESTERDAY
  MAXIMUM         22   1245 AM  48    1947  37    -15       36
  MINIMUM         17    855 PM   0    1971  27    -10       21
  AVERAGE         20                        32    -12       29

PRECIPITATION (IN)
  YESTERDAY        0.00          1.99 2008   0.28  -0.28     0.00
  MONTH TO DATE    0.03                      0.82  -0.79     1.35
  SINCE DEC 1      0.03                      0.82  -0.79     1.35
  SINCE JAN 1     77.21                     70.09   7.12    71.57

SNOWFALL (IN)
  YESTERDAY        0.0           6.7  1985   0.4   -0.4      0.0
  MONTH TO DATE    0.5                       1.3   -0.8       T
  SINCE DEC 1      0.5                       1.3   -0.8       T
  SINCE JUL 1      2.5                       8.8   -6.3      1.0
  SNOW DEPTH       0

DEGREE DAYS
 HEATING
  YESTERDAY       45                        33     12       36
  MONTH TO DATE  113                        99     14       92
  SINCE DEC 1    113                        99     14       92
  SINCE JUL 1   2315                      2894   -579     2310

 COOLING
  YESTERDAY        0                         0      0        0
  MONTH TO DATE    0                         0      0        0
  SINCE DEC 1      0                         0      0        0
  SINCE JAN 1     29                         1     28        1
..................................................................


WIND (MPH)
  RESULTANT WIND SPEED  32   RESULTANT WIND DIRECTION   W (280)
  HIGHEST WIND SPEED    52   HIGHEST WIND DIRECTION     W (280)
  HIGHEST GUST SPEED    75   HIGHEST GUST DIRECTION     W (290)
  AVERAGE WIND SPEED    31.3



WEATHER CONDITIONS
 THE FOLLOWING WEATHER WAS RECORDED YESTERDAY.
  NO SIGNIFICANT WEATHER WAS OBSERVED.


RELATIVE HUMIDITY (PERCENT)
 HIGHEST    56
 LOWEST     41
 AVERAGE    49

..........................................................


THE KODIAK CLIMATE NORMALS FOR TODAY
                         NORMAL    RECORD    YEAR
 MAXIMUM TEMPERATURE (F)   37        48      1978
 MINIMUM TEMPERATURE (F)   27         4      2005
                                             1988


SUNRISE AND SUNSET
DECEMBER  4 2016......SUNRISE   935 AM AKST  SUNSET   426 PM AKST
DECEMBER  5 2016......SUNRISE   936 AM AKST  SUNSET   426 PM AKST

CIVIL TWILIGHT
DECEMBER 4 2016         START    845 AM GMT     END    516 PM GMT
DECEMBER 5 2016         START    847 AM GMT     END    516 PM GMT



-  INDICATES NEGATIVE NUMBERS.
R  INDICATES RECORD WAS SET OR TIED.
MM INDICATES DATA IS MISSING.
T  INDICATES TRACE AMOUNT.




$$
&&
------------------------------------------------------
AMOUNT OF DAYLIGHT TODAY  (HOUR:MIN)........ 6:51
GAIN/LOSS SINCE YESTERDAY (HOUR:MIN:SEC)....-0:02:26

$$
