000
CDAK48 PADQ 282324
CLIADQ

CLIMATE REPORT
NATIONAL WEATHER SERVICE KODIAK, AK
224 PM AKST SUN DEC 28 2014

...................................
...THE KODIAK AP CLIMATE SUMMARY FOR DECEMBER 28 2014...
VALID TODAY AS OF 2:00 PM LOCAL TIME

CLIMATE NORMAL PERIOD  1981 TO  2010
CLIMATE RECORD PERIOD  1949 TO  2014

WEATHER ITEM   OBSERVED TIME    RECORD YEAR NORMAL DEPARTURE LAST
               VALUE    (LST)   VALUE       VALUE  FROM      YEAR
                                                   NORMAL
...................................................................
TEMPERATURE
TODAY
 MAXIMUM            43  0159 PM    49  1990     36       7     39
 MINIMUM            41  0750 AM     5  1979     26      15     29
 AVERAGE            42                          31      11     34

PRECIPITATION
(INCHES)
 TODAY            1.12           1.82  1978   0.27    0.85   0.00
 MONTH TO DATE    8.39                        7.89    0.50   2.91
 SINCE DEC 1      8.39                        7.89    0.50   2.91
 SINCE JAN 1     84.04                       77.16    6.88  63.92

SNOWFALL
(INCHES)
 TODAY             0.0            4.3  1955    0.3    -0.3    0.0
 MONTH TO DATE     0.3                        12.6   -12.3   11.4
 SINCE DEC 1       0.3                        12.6   -12.3   11.4
 SINCE JUL 1       1.0                        20.1   -19.1   18.7
 SNOW DEPTH (IN)     0                                          1

DEGREE DAYS
 HEATING
  TODAY             23                          34     -11     31
  MONTH TO DATE    751                         947    -196    955
  SINCE DEC 1      751                         947    -196    955
  SINCE JUL 1     3147                        3739    -592   3362

 COOLING
  TODAY              0                           0       0      0
  MONTH TO DATE      0                           0       0      0
  SINCE DEC 1        0                           0       0      0
  SINCE JAN 1        4                           0       4      6
...................................................................

WIND (MPH)
 HIGHEST WIND SPEED    33     HIGHEST WIND DIRECTION     90
 HIGHEST GUST SPEED    41     HIGHEST GUST DIRECTION    110
 AVERAGE WIND SPEED    MM

SKY COVER
  POSSIBLE SUNSHINE  MM            AVERAGE SKY COVER MM

WEATHER CONDITIONS
 THE FOLLOWING WEATHER WAS RECORDED TODAY.
FOG
RAIN


RELATIVE HUMIDITY
 HIGHEST RH     MM PERCENT       MM
 LOWEST  RH     MM PERCENT       MM
 AVERAGE RH     MM PERCENT       MM
...................................................................

THE KODIAK CLIMATE NORMALS FOR TOMORROW
                        NORMAL    RECORD   YEAR
 MAXIMUM TEMPERATURE      36        54     1967
 MINIMUM TEMPERATURE      26         3     1979

SUNRISE AND SUNSET
 DEC 28 2014..........SUNRISE  9:55 AM      SUNSET  4:30 PM
 DEC 29 2014..........SUNRISE  9:55 AM      SUNSET  4:31 PM

-  INDICATES NEGATIVE NUMBERS.
R  INDICATES RECORD HAS BEEN SET OR TIED.
MM INDICATES DATA IS MISSING.
T  INDICATES TRACE OF PRECIPITATION.

&&
-------------------------------------------------------------------

AMOUNT OF DAYLIGHT TODAY  (HOUR:MIN)........6 HOURS 35 MINUTES
GAIN/LOSS SINCE YESTERDAY (HOUR:MIN:SEC)....+0:00:59

$$
*** DEC 14
