000
CDAK48 PAFC 211252
CLIADQ


CLIMATE REPORT
NATIONAL WEATHER SERVICE ANCHORAGE, AK
452 AM AKDT THU SEP 21 2017


...................................

...THE KODIAK CLIMATE SUMMARY FOR SEPTEMBER 20 2017...

CLIMATE NORMAL PERIOD 1981 TO 2010
CLIMATE RECORD PERIOD 1913 TO 2017


WEATHER ITEM   OBSERVED TIME   RECORD YEAR NORMAL DEPARTURE LAST
                VALUE   (LST)  VALUE       VALUE  FROM      YEAR
                                                  NORMAL
..................................................................
TEMPERATURE (F)
 YESTERDAY
  MAXIMUM         53        MM  65    1942  54     -1       58
  MINIMUM         39        MM  30    1992  42     -3       53
  AVERAGE         46                        48     -2       56

PRECIPITATION (IN)
  YESTERDAY        0.36          1.95 2016   0.27   0.09     1.95
  MONTH TO DATE    5.22                      4.55   0.67     4.91
  SINCE SEP 1      5.22                      4.55   0.67     4.91
  SINCE JAN 1     45.74                     51.34  -5.60    56.21

SNOWFALL (IN)
  YESTERDAY        0.0          MM      MM   0.0    0.0      0.0
  MONTH TO DATE    0.0                       0.0    0.0      0.0
  SINCE SEP 1      0.0                       0.0    0.0      0.0
  SINCE JUL 1      0.0                       0.0    0.0      0.0
  SNOW DEPTH       0

DEGREE DAYS
 HEATING
  YESTERDAY       19                        17      2        9
  MONTH TO DATE  288                       283      5      212
  SINCE SEP 1    288                       283      5      212
  SINCE JUL 1    893                       916    -23      553

 COOLING
  YESTERDAY        0                         0      0        0
  MONTH TO DATE    0                         0      0        0
  SINCE SEP 1      0                         0      0        0
  SINCE JAN 1      0                         1     -1       29
..................................................................


WIND (MPH)
  RESULTANT WIND SPEED   2   RESULTANT WIND DIRECTION  SW (230)
  HIGHEST WIND SPEED    13   HIGHEST WIND DIRECTION    SE (140)
  HIGHEST GUST SPEED    MM   HIGHEST GUST DIRECTION    MM
  AVERAGE WIND SPEED     5.5



WEATHER CONDITIONS
 THE FOLLOWING WEATHER WAS RECORDED YESTERDAY.
  RAIN
  LIGHT RAIN
  FOG


RELATIVE HUMIDITY (PERCENT)
 HIGHEST    93
 LOWEST     66
 AVERAGE    80

..........................................................


THE KODIAK CLIMATE NORMALS FOR TODAY
                         NORMAL    RECORD    YEAR
 MAXIMUM TEMPERATURE (F)   54        63      2000
                                             1965
                                             1945
 MINIMUM TEMPERATURE (F)   42        26      1992


SUNRISE AND SUNSET
SEPTEMBER 21 2017.....SUNRISE   754 AM AKDT  SUNSET   811 PM AKDT
SEPTEMBER 22 2017.....SUNRISE   756 AM AKDT  SUNSET   808 PM AKDT


-  INDICATES NEGATIVE NUMBERS.
R  INDICATES RECORD WAS SET OR TIED.
MM INDICATES DATA IS MISSING.
T  INDICATES TRACE AMOUNT.




$$
