000
CDAK48 PADQ 250053
CLIADQ


CLIMATE REPORT
NATIONAL WEATHER SERVICE ANCHORAGE, AK
453 PM AKDT SAT JUN 24 2017


...................................

...THE KODIAK CLIMATE SUMMARY FOR JUNE 24 2017...
VALID TODAY AS OF 0400 PM LOCAL TIME.

CLIMATE NORMAL PERIOD 1981 TO 2010
CLIMATE RECORD PERIOD 1913 TO 2017


WEATHER ITEM   OBSERVED TIME   RECORD YEAR NORMAL DEPARTURE LAST
                VALUE   (LST)  VALUE       VALUE  FROM      YEAR
                                                  NORMAL
..................................................................
TEMPERATURE (F)
 TODAY
  MAXIMUM         70        MM  81    1953  56     14       55
  MINIMUM         46   1200 AM  39    1992  46      0       51
                                      1956
  AVERAGE         58                        51      7       53

PRECIPITATION (IN)
  TODAY            0.00          1.70 1920   0.18  -0.18     0.14
  MONTH TO DATE    3.11                      4.87  -1.76     1.94
  SINCE JUN 1      3.11                      4.87  -1.76     1.94
  SINCE JAN 1     23.87                     36.26 -12.39    44.03

SNOWFALL (IN)
  TODAY            0.0          MM      MM   0.0    0.0      0.0
  MONTH TO DATE    0.0                       0.0    0.0      0.0
  SINCE JUN 1      0.0                       0.0    0.0      0.0
  SINCE JUL 1     28.4                      68.9  -40.5     20.6
  SNOW DEPTH       0

DEGREE DAYS
 HEATING
  TODAY            7                        14     -7       12
  MONTH TO DATE  342                       382    -40      246
  SINCE JUN 1    342                       382    -40      246
  SINCE JUL 1   8150                      8716   -566     6361

 COOLING
  TODAY            0                         0      0        0
  MONTH TO DATE    0                         0      0        0
  SINCE JUN 1      0                         0      0        0
  SINCE JAN 1      0                         0      0        0
..................................................................


WIND (MPH)
  RESULTANT WIND SPEED  10   RESULTANT WIND DIRECTION  NW (300)
  HIGHEST WIND SPEED    16   HIGHEST WIND DIRECTION     W (290)
  HIGHEST GUST SPEED    21   HIGHEST GUST DIRECTION     W (280)
  AVERAGE WIND SPEED    10.4



WEATHER CONDITIONS
 THE FOLLOWING WEATHER WAS RECORDED TODAY.
  NO SIGNIFICANT WEATHER WAS OBSERVED.


RELATIVE HUMIDITY (PERCENT)
 HIGHEST    86
 LOWEST     39
 AVERAGE    63

..........................................................


THE KODIAK CLIMATE NORMALS FOR TOMORROW
                         NORMAL    RECORD    YEAR
 MAXIMUM TEMPERATURE (F)   56        82      1953
 MINIMUM TEMPERATURE (F)   46        39      2009


SUNRISE AND SUNSET
JUNE 24 2017..........SUNRISE   510 AM AKDT  SUNSET  1115 PM AKDT
JUNE 25 2017..........SUNRISE   510 AM AKDT  SUNSET  1115 PM AKDT


-  INDICATES NEGATIVE NUMBERS.
R  INDICATES RECORD WAS SET OR TIED.
MM INDICATES DATA IS MISSING.
T  INDICATES TRACE AMOUNT.




$$
