000
CDUS44 KLCH 230859
CLIAEX


CLIMATE REPORT
NATIONAL WEATHER SERVICE LAKE CHARLES, LA
359 AM CDT WED APR 23 2014


...................................

...THE ALEXANDRIA CLIMATE SUMMARY FOR APRIL 22 2014...

CLIMATE NORMAL PERIOD 1981 TO 2010
CLIMATE RECORD PERIOD 1892 TO 2014


WEATHER ITEM   OBSERVED TIME   RECORD YEAR NORMAL DEPARTURE LAST
                VALUE   (LST)  VALUE       VALUE  FROM      YEAR
                                                  NORMAL
..................................................................
TEMPERATURE (F)
 YESTERDAY
  MAXIMUM         83    355 PM  94    1987  80      3       79
  MINIMUM         60   1159 PM  36    1931  56      4       45
  AVERAGE         72                        68      4       62

PRECIPITATION (IN)
  YESTERDAY        0.07          3.05 1921   0.14  -0.07     0.00
  MONTH TO DATE    2.99                      3.62  -0.63     2.74
  SINCE MAR 1      6.90                      8.67  -1.77     4.13
  SINCE JAN 1     13.28                     18.35  -5.07    20.58

SNOWFALL (IN)
  YESTERDAY        0.0           0.0    MM  MM     MM       MM
  MONTH TO DATE    0.0                      MM     MM        0.0
  SINCE MAR 1      0.2                      MM     MM        0.0
  SINCE JUL 1      5.0                      MM     MM        0.0
  SNOW DEPTH       0

DEGREE DAYS
 HEATING
  YESTERDAY        0                         1     -1        3
  MONTH TO DATE   81                        60     21       94
  SINCE MAR 1    398                       275    123      400
  SINCE JUL 1   2414                      1940    474     1833

 COOLING
  YESTERDAY        7                         4      3        0
  MONTH TO DATE   55                        66    -11       60
  SINCE MAR 1     68                       102    -34       76
  SINCE JAN 1     79                       119    -40       94
..................................................................


WIND (MPH)
  HIGHEST WIND SPEED    15   HIGHEST WIND DIRECTION     N (350)
  HIGHEST GUST SPEED    20   HIGHEST GUST DIRECTION     N (360)
  AVERAGE WIND SPEED     5.8


SKY COVER
  POSSIBLE SUNSHINE  MM
  AVERAGE SKY COVER 0.6


WEATHER CONDITIONS
 THE FOLLOWING WEATHER WAS RECORDED YESTERDAY.
  THUNDERSTORM
  HEAVY RAIN
  LIGHT RAIN
  FOG


RELATIVE HUMIDITY (PERCENT)
 HIGHEST   100           400 AM
 LOWEST     47           400 PM
 AVERAGE    74

..........................................................


THE ALEXANDRIA CLIMATE NORMALS FOR TODAY
                         NORMAL    RECORD    YEAR
 MAXIMUM TEMPERATURE (F)   80        92      1925
 MINIMUM TEMPERATURE (F)   57        42      1907
                                             1903


SUNRISE AND SUNSET
APRIL 23 2014.........SUNRISE   633 AM CDT   SUNSET   744 PM CDT
APRIL 24 2014.........SUNRISE   632 AM CDT   SUNSET   745 PM CDT


-  INDICATES NEGATIVE NUMBERS.
R  INDICATES RECORD WAS SET OR TIED.
MM INDICATES DATA IS MISSING.
T  INDICATES TRACE AMOUNT.




$$
