000
CDUS44 KLCH 182204
CLIAEX


CLIMATE REPORT
NATIONAL WEATHER SERVICE LAKE CHARLES, LA
503 PM CDT FRI AUG 18 2017


...................................

...THE ALEXANDRIA CLIMATE SUMMARY FOR AUGUST 18 2017...
VALID TODAY AS OF 0500 PM LOCAL TIME.

CLIMATE NORMAL PERIOD 1981 TO 2010
CLIMATE RECORD PERIOD 1892 TO 2017


WEATHER ITEM   OBSERVED TIME   RECORD YEAR NORMAL DEPARTURE LAST
                VALUE   (LST)  VALUE       VALUE  FROM      YEAR
                                                  NORMAL
..................................................................
TEMPERATURE (F)
 TODAY
  MAXIMUM         94    234 PM 106    2011  94      0       90
  MINIMUM         76    614 AM  62    2004  72      4       72
  AVERAGE         85                        83      2       81

PRECIPITATION (IN)
  TODAY            0.00          2.74 1897   0.12  -0.12     0.17
  MONTH TO DATE    3.16                      1.93   1.23     6.72
  SINCE JUN 1     11.83                     10.66   1.17    14.76
  SINCE JAN 1     36.54                     34.66   1.88    37.11

DEGREE DAYS
 COOLING
  TODAY           20                        18      2       16
  MONTH TO DATE  308                       324    -16      337
  SINCE JUN 1   1277                      1316    -39     1407
  SINCE JAN 1   1852                      1770     82     1874
..................................................................


WIND (MPH)
  HIGHEST WIND SPEED    12   HIGHEST WIND DIRECTION     W (270)
  HIGHEST GUST SPEED    16   HIGHEST GUST DIRECTION     W (270)
  AVERAGE WIND SPEED     4.2


SKY COVER
  POSSIBLE SUNSHINE  MM
  AVERAGE SKY COVER 0.1


WEATHER CONDITIONS
 THE FOLLOWING WEATHER WAS RECORDED TODAY.
  FOG
  HAZE


RELATIVE HUMIDITY (PERCENT)
 HIGHEST   100           600 AM
 LOWEST     56           200 PM
 AVERAGE    78

..........................................................


THE ALEXANDRIA CLIMATE NORMALS FOR TOMORROW
                         NORMAL    RECORD    YEAR
 MAXIMUM TEMPERATURE (F)   94       106      1909
 MINIMUM TEMPERATURE (F)   72        63      1943


SUNRISE AND SUNSET
AUGUST 18 2017........SUNRISE   638 AM CDT   SUNSET   750 PM CDT
AUGUST 19 2017........SUNRISE   638 AM CDT   SUNSET   749 PM CDT


-  INDICATES NEGATIVE NUMBERS.
R  INDICATES RECORD WAS SET OR TIED.
MM INDICATES DATA IS MISSING.
T  INDICATES TRACE AMOUNT.




$$
