000
CDUS44 KLCH 252310
CLIAEX


CLIMATE REPORT
NATIONAL WEATHER SERVICE LAKE CHARLES, LA
608 PM CDT TUE APR 25 2017


...................................

...THE ALEXANDRIA CLIMATE SUMMARY FOR APRIL 25 2017...
VALID TODAY AS OF 0500 PM LOCAL TIME.

CLIMATE NORMAL PERIOD 1981 TO 2010
CLIMATE RECORD PERIOD 1892 TO 2017


WEATHER ITEM   OBSERVED TIME   RECORD YEAR NORMAL DEPARTURE LAST
                VALUE   (LST)  VALUE       VALUE  FROM      YEAR
                                                  NORMAL
..................................................................
TEMPERATURE (F)
 TODAY
  MAXIMUM         84    134 PM  93    1925  81      3       85
  MINIMUM         53    544 AM  32    1910  57     -4       61
  AVERAGE         69                        69      0       73

PRECIPITATION (IN)
  TODAY            0.00          3.16 1946   0.09  -0.09     0.19
  MONTH TO DATE    9.83                      3.94   5.89     2.90
  SINCE MAR 1     11.98                      8.99   2.99    11.65
  SINCE JAN 1     19.69                     18.67   1.02    18.13

SNOWFALL (IN)
  TODAY            0.0           0.0    MM  MM     MM        0.0
  MONTH TO DATE    0.0                      MM     MM        0.0
  SINCE MAR 1      0.0                      MM     MM        0.0
  SINCE JUL 1      0.5                      MM     MM        0.0
  SNOW DEPTH       0

DEGREE DAYS
 HEATING
  TODAY            0                         1     -1        0
  MONTH TO DATE   16                        63    -47       26
  SINCE MAR 1    145                       278   -133      125
  SINCE JUL 1   1121                      1943   -822     1325

 COOLING
  TODAY            4                         5     -1        8
  MONTH TO DATE  120                        79     41       70
  SINCE MAR 1    225                       115    110      124
  SINCE JAN 1    307                       132    175      132
..................................................................


WIND (MPH)
  HIGHEST WIND SPEED    21   HIGHEST WIND DIRECTION     S (170)
  HIGHEST GUST SPEED    26   HIGHEST GUST DIRECTION     S (190)
  AVERAGE WIND SPEED     9.6


SKY COVER
  POSSIBLE SUNSHINE  MM
  AVERAGE SKY COVER 0.2


WEATHER CONDITIONS
 THE FOLLOWING WEATHER WAS RECORDED TODAY.
  NO SIGNIFICANT WEATHER WAS OBSERVED.


RELATIVE HUMIDITY (PERCENT)
 HIGHEST    93           300 AM
 LOWEST     45          1200 PM
 AVERAGE    69

..........................................................


THE ALEXANDRIA CLIMATE NORMALS FOR TOMORROW
                         NORMAL    RECORD    YEAR
 MAXIMUM TEMPERATURE (F)   81        91      1944
                                             1925
 MINIMUM TEMPERATURE (F)   58        35      1910


SUNRISE AND SUNSET
APRIL 25 2017.........SUNRISE   631 AM CDT   SUNSET   746 PM CDT
APRIL 26 2017.........SUNRISE   630 AM CDT   SUNSET   746 PM CDT


-  INDICATES NEGATIVE NUMBERS.
R  INDICATES RECORD WAS SET OR TIED.
MM INDICATES DATA IS MISSING.
T  INDICATES TRACE AMOUNT.




$$
