000
CDUS44 KLCH 200818
CLIAEX


CLIMATE REPORT
NATIONAL WEATHER SERVICE LAKE CHARLES, LA
317 AM CDT SAT SEP 20 2014


...................................

...THE ALEXANDRIA CLIMATE SUMMARY FOR SEPTEMBER 19 2014...

CLIMATE NORMAL PERIOD 1981 TO 2010
CLIMATE RECORD PERIOD 1892 TO 2014


WEATHER ITEM   OBSERVED TIME   RECORD YEAR NORMAL DEPARTURE LAST
                VALUE   (LST)  VALUE       VALUE  FROM      YEAR
                                                  NORMAL
..................................................................
TEMPERATURE (F)
 YESTERDAY
  MAXIMUM         89    253 PM  99    2005  87      2       95
  MINIMUM         69    523 AM  45    1981  65      4       75
  AVERAGE         79                        76      3       85

PRECIPITATION (IN)
  YESTERDAY        0.00          1.82 2002   0.09  -0.09      T
  MONTH TO DATE    0.87                      1.56  -0.69     0.02
  SINCE SEP 1      0.87                      1.56  -0.69     0.02
  SINCE JAN 1     32.22                     37.79  -5.57    37.61

DEGREE DAYS
 HEATING
  YESTERDAY        0                         0      0        0
  MONTH TO DATE    0                         0      0        0
  SINCE SEP 1      0                         0      0        0
  SINCE JUL 1      0                         0      0        0

 COOLING
  YESTERDAY       14                        11      3       20
  MONTH TO DATE  268                       261      7      347
  SINCE SEP 1    268                       261      7      347
  SINCE JAN 1   2176                      2248    -72     2312
..................................................................


WIND (MPH)
  HIGHEST WIND SPEED    14   HIGHEST WIND DIRECTION    SE (130)
  HIGHEST GUST SPEED    18   HIGHEST GUST DIRECTION     E (110)
  AVERAGE WIND SPEED     4.9


SKY COVER
  POSSIBLE SUNSHINE  MM
  AVERAGE SKY COVER 0.2


WEATHER CONDITIONS
 THE FOLLOWING WEATHER WAS RECORDED YESTERDAY.
  FOG


RELATIVE HUMIDITY (PERCENT)
 HIGHEST   100           400 AM
 LOWEST     47           300 PM
 AVERAGE    74

..........................................................


THE ALEXANDRIA CLIMATE NORMALS FOR TODAY
                         NORMAL    RECORD    YEAR
 MAXIMUM TEMPERATURE (F)   87       101      2005
 MINIMUM TEMPERATURE (F)   65        47      1903


SUNRISE AND SUNSET
SEPTEMBER 20 2014.....SUNRISE   657 AM CDT   SUNSET   709 PM CDT
SEPTEMBER 21 2014.....SUNRISE   658 AM CDT   SUNSET   708 PM CDT


-  INDICATES NEGATIVE NUMBERS.
R  INDICATES RECORD WAS SET OR TIED.
MM INDICATES DATA IS MISSING.
T  INDICATES TRACE AMOUNT.




$$
