000
CDUS44 KLCH 270915
CLIAEX


CLIMATE REPORT
NATIONAL WEATHER SERVICE LAKE CHARLES, LA
415 AM CDT SAT AUG 27 2016


...................................

...THE ALEXANDRIA CLIMATE SUMMARY FOR AUGUST 26 2016...

CLIMATE NORMAL PERIOD 1981 TO 2010
CLIMATE RECORD PERIOD 1892 TO 2016


WEATHER ITEM   OBSERVED TIME   RECORD YEAR NORMAL DEPARTURE LAST
                VALUE   (LST)  VALUE       VALUE  FROM      YEAR
                                                  NORMAL
..................................................................
TEMPERATURE (F)
 YESTERDAY
  MAXIMUM         90    253 PM 106    1902  93     -3       93
  MINIMUM         73    722 AM  57    2015  71      2       57
  AVERAGE         82                        82      0       75

PRECIPITATION (IN)
  YESTERDAY        0.00          1.65 1921   0.12  -0.12     0.00
  MONTH TO DATE    8.57                      2.93   5.64     0.97
  SINCE JUN 1     16.61                     11.66   4.95     9.31
  SINCE JAN 1     38.96                     35.66   3.30    34.56

DEGREE DAYS
 COOLING
  YESTERDAY       17                        17      0       10
  MONTH TO DATE  475                       462     13      496
  SINCE JUN 1   1545                      1454     91     1589
  SINCE JAN 1   2012                      1908    104     2111
..................................................................


WIND (MPH)
  HIGHEST WIND SPEED     9   HIGHEST WIND DIRECTION    SE (120)
  HIGHEST GUST SPEED    12   HIGHEST GUST DIRECTION    SE (130)
  AVERAGE WIND SPEED     3.6


SKY COVER
  POSSIBLE SUNSHINE  MM
  AVERAGE SKY COVER 0.4


WEATHER CONDITIONS
 THE FOLLOWING WEATHER WAS RECORDED YESTERDAY.
  FOG


RELATIVE HUMIDITY (PERCENT)
 HIGHEST   100          1200 AM
 LOWEST     56           200 PM
 AVERAGE    78

..........................................................


THE ALEXANDRIA CLIMATE NORMALS FOR TODAY
                         NORMAL    RECORD    YEAR
 MAXIMUM TEMPERATURE (F)   93       104      1999
                                             1943
                                             1902
 MINIMUM TEMPERATURE (F)   71        60      2015


SUNRISE AND SUNSET
AUGUST 27 2016........SUNRISE   643 AM CDT   SUNSET   739 PM CDT
AUGUST 28 2016........SUNRISE   644 AM CDT   SUNSET   738 PM CDT


-  INDICATES NEGATIVE NUMBERS.
R  INDICATES RECORD WAS SET OR TIED.
MM INDICATES DATA IS MISSING.
T  INDICATES TRACE AMOUNT.




$$
