000
CDUS44 KLCH 291245
CLIAEX


CLIMATE REPORT
NATIONAL WEATHER SERVICE LAKE CHARLES, LA
745 AM CDT SAT AUG 29 2015


...................................

...THE ALEXANDRIA CLIMATE SUMMARY FOR AUGUST 28 2015...

CLIMATE NORMAL PERIOD 1981 TO 2010
CLIMATE RECORD PERIOD 1892 TO 2015


WEATHER ITEM   OBSERVED TIME   RECORD YEAR NORMAL DEPARTURE LAST
                VALUE   (LST)  VALUE       VALUE  FROM      YEAR
                                                  NORMAL
..................................................................
TEMPERATURE (F)
 YESTERDAY
  MAXIMUM         92    424 PM 105    1943  93     -1       93
  MINIMUM         57    544 AM  56    1896  71    -14       72
  AVERAGE         75                        82     -7       83

PRECIPITATION (IN)
  YESTERDAY        0.00          1.49 2003   0.11  -0.11     0.00
  MONTH TO DATE    0.97                      3.16  -2.19     2.54
  SINCE JUN 1      9.31                     11.89  -2.58    10.57
  SINCE JAN 1     34.56                     35.89  -1.33    28.79

DEGREE DAYS
 COOLING
  YESTERDAY       10                        17     -7       18
  MONTH TO DATE  517                       496     21      484
  SINCE JUN 1   1610                      1488    122     1452
  SINCE JAN 1   2132                      1942    190     1863
..................................................................


WIND (MPH)
  HIGHEST WIND SPEED     9   HIGHEST WIND DIRECTION    SE (120)
  HIGHEST GUST SPEED    14   HIGHEST GUST DIRECTION    SE (120)
  AVERAGE WIND SPEED     1.8


SKY COVER
  POSSIBLE SUNSHINE  MM
  AVERAGE SKY COVER 0.0


WEATHER CONDITIONS
 THE FOLLOWING WEATHER WAS RECORDED YESTERDAY.
  FOG


RELATIVE HUMIDITY (PERCENT)
 HIGHEST   100           500 AM
 LOWEST     32          1200 PM
 AVERAGE    66

..........................................................


THE ALEXANDRIA CLIMATE NORMALS FOR TODAY
                         NORMAL    RECORD    YEAR
 MAXIMUM TEMPERATURE (F)   93       103      1954
 MINIMUM TEMPERATURE (F)   70        55      1896


SUNRISE AND SUNSET
AUGUST 29 2015........SUNRISE   644 AM CDT   SUNSET   738 PM CDT
AUGUST 30 2015........SUNRISE   645 AM CDT   SUNSET   736 PM CDT


-  INDICATES NEGATIVE NUMBERS.
R  INDICATES RECORD WAS SET OR TIED.
MM INDICATES DATA IS MISSING.
T  INDICATES TRACE AMOUNT.




$$
