000
CDUS44 KLCH 041245
CLIAEX


CLIMATE REPORT
NATIONAL WEATHER SERVICE LAKE CHARLES, LA
745 AM CDT WED MAY 4 2016


...................................

...THE ALEXANDRIA CLIMATE SUMMARY FOR MAY 3 2016...

CLIMATE NORMAL PERIOD 1981 TO 2010
CLIMATE RECORD PERIOD 1892 TO 2016


WEATHER ITEM   OBSERVED TIME   RECORD YEAR NORMAL DEPARTURE LAST
                VALUE   (LST)  VALUE       VALUE  FROM      YEAR
                                                  NORMAL
..................................................................
TEMPERATURE (F)
 YESTERDAY
  MAXIMUM         76    248 PM  96    1955  83     -7       84
  MINIMUM         56   1159 PM  43    2013  60     -4       59
  AVERAGE         66                        71     -5       72

PRECIPITATION (IN)
  YESTERDAY        0.00          3.25 1916   0.14  -0.14     0.00
  MONTH TO DATE    0.82                      0.40   0.42      T
  SINCE MAR 1     13.02                     10.00   3.02    13.10
  SINCE JAN 1     19.50                     19.68  -0.18    18.20

DEGREE DAYS
 COOLING
  YESTERDAY        1                         6     -5        7
  MONTH TO DATE   15                        18     -3       17
  SINCE MAR 1    203                       160     43      213
  SINCE JAN 1    211                       177     34      214
..................................................................


WIND (MPH)
  HIGHEST WIND SPEED    15   HIGHEST WIND DIRECTION    NW (320)
  HIGHEST GUST SPEED    24   HIGHEST GUST DIRECTION     N (350)
  AVERAGE WIND SPEED     7.0


SKY COVER
  POSSIBLE SUNSHINE  MM
  AVERAGE SKY COVER 0.4


WEATHER CONDITIONS
 THE FOLLOWING WEATHER WAS RECORDED YESTERDAY.
  NO SIGNIFICANT WEATHER WAS OBSERVED.


RELATIVE HUMIDITY (PERCENT)
 HIGHEST   100           600 AM
 LOWEST     49           500 PM
 AVERAGE    75

..........................................................


THE ALEXANDRIA CLIMATE NORMALS FOR TODAY
                         NORMAL    RECORD    YEAR
 MAXIMUM TEMPERATURE (F)   83        94      1952
                                             1943
 MINIMUM TEMPERATURE (F)   60        38      2013


SUNRISE AND SUNSET
MAY  4 2016...........SUNRISE   622 AM CDT   SUNSET   752 PM CDT
MAY  5 2016...........SUNRISE   621 AM CDT   SUNSET   753 PM CDT


-  INDICATES NEGATIVE NUMBERS.
R  INDICATES RECORD WAS SET OR TIED.
MM INDICATES DATA IS MISSING.
T  INDICATES TRACE AMOUNT.




$$
