000
CDUS42 KCAE 050636
CLIAGS


CLIMATE REPORT
NATIONAL WEATHER SERVICE COLUMBIA SC
236 AM EDT THU MAY 5 2016


...................................

...THE AUGUSTA REGIONAL BUSH FIELD GA CLIMATE SUMMARY FOR MAY 4 2016...

CLIMATE NORMAL PERIOD 1981 TO 2010
CLIMATE RECORD PERIOD 1873 TO 2016


WEATHER ITEM   OBSERVED TIME   RECORD YEAR NORMAL DEPARTURE LAST
                VALUE   (LST)  VALUE       VALUE  FROM      YEAR
                                                  NORMAL
..................................................................
TEMPERATURE (F)
 YESTERDAY
  MAXIMUM         77    311 PM  94    1902  82     -5       83
  MINIMUM         56    938 PM  35    1971  53      3       49
  AVERAGE         67                        68     -1       66

PRECIPITATION (IN)
  YESTERDAY        0.00          1.82 1874   0.08  -0.08     0.00
  MONTH TO DATE    1.16                      0.30   0.86     0.00
  SINCE MAR 1      8.76                      7.32   1.44     7.90
  SINCE JAN 1     14.18                     15.15  -0.97    14.70

SNOWFALL (IN)
  YESTERDAY        0.0          MM      MM   0.0             0.0
  MONTH TO DATE    0.0                       0.0             0.0
  SINCE MAR 1      0.0                       0.0             0.0
  SINCE JUL 1      0.5                       0.9              T

DEGREE DAYS
 HEATING
  YESTERDAY        0                         1     -1        0
  MONTH TO DATE    0                         7     -7       10
  SINCE MAR 1    266                       427   -161      277
  SINCE JUL 1   1843                      2459   -616     2563

 COOLING
  YESTERDAY        2                         4     -2        1
  MONTH TO DATE   37                        15     22        1
  SINCE MAR 1    152                        85     67      115
  SINCE JAN 1    155                        88     67      115
..................................................................


WIND (MPH)
  HIGHEST WIND SPEED    21   HIGHEST WIND DIRECTION     W (280)
  HIGHEST GUST SPEED    27   HIGHEST GUST DIRECTION     W (280)
  AVERAGE WIND SPEED    10.0


SKY COVER
  AVERAGE SKY COVER 0.3


WEATHER CONDITIONS
 THE FOLLOWING WEATHER WAS RECORDED YESTERDAY.
  NO SIGNIFICANT WEATHER WAS OBSERVED.


RELATIVE HUMIDITY (PERCENT)
 HIGHEST    90          1200 AM
 LOWEST     29           100 PM
 AVERAGE    60

..........................................................


THE AUGUSTA REGIONAL BUSH FIELD GA CLIMATE NORMALS FOR TODAY
                         NORMAL    RECORD    YEAR
 MAXIMUM TEMPERATURE (F)   82        96      2012
 MINIMUM TEMPERATURE (F)   54        39      1997
                                             1973


SUNRISE AND SUNSET
MAY  5 2016...........SUNRISE   635 AM EDT   SUNSET   814 PM EDT
MAY  6 2016...........SUNRISE   635 AM EDT   SUNSET   815 PM EDT


-  INDICATES NEGATIVE NUMBERS.
R  INDICATES RECORD WAS SET OR TIED.
MM INDICATES DATA IS MISSING.
T  INDICATES TRACE AMOUNT.




$$
