000
CDUS42 KCAE 032244
CLIAGS


CLIMATE REPORT
NATIONAL WEATHER SERVICE COLUMBIA SC
541 PM EST TUE MAR 3 2015


...................................

...THE AUGUSTA BUSH FIELD GA CLIMATE SUMMARY FOR MARCH 3 2015...
VALID TODAY AS OF 0500 PM LOCAL TIME.

CLIMATE NORMAL PERIOD 1981 TO 2010
CLIMATE RECORD PERIOD 1873 TO 2015


WEATHER ITEM   OBSERVED TIME   RECORD YEAR NORMAL DEPARTURE LAST
                VALUE   (LST)  VALUE       VALUE  FROM      YEAR
                                                  NORMAL
..................................................................
TEMPERATURE (F)
 TODAY
  MAXIMUM         59    529 AM  86    1997  66     -7       67
  MINIMUM         54    359 PM  12    1980  39     15       37
  AVERAGE         57                        53      4       52

PRECIPITATION (IN)
  TODAY            T             3.73 1991   0.15  -0.15      T
  MONTH TO DATE    0.23                      0.44  -0.21      T
  SINCE MAR 1      0.23                      0.44  -0.21      T
  SINCE JAN 1      7.03                      8.27  -1.24     6.21

SNOWFALL (IN)
  TODAY            0.0          MM      MM   0.0             0.0
  MONTH TO DATE    0.0                       0.0             0.0
  SINCE MAR 1      0.0                       0.0             0.0
  SINCE JUL 1      T                         0.9             3.3

DEGREE DAYS
 HEATING
  TODAY            8                        12     -4       13
  MONTH TO DATE   38                        38      0       38
  SINCE MAR 1     38                        38      0       38
  SINCE JUL 1   2324                      2070    254     2200

 COOLING
  TODAY            0                         0      0        0
  MONTH TO DATE    0                         0      0        0
  SINCE MAR 1      0                         0      0        0
  SINCE JAN 1      0                         3     -3        2
..................................................................


WIND (MPH)
  HIGHEST WIND SPEED    10   HIGHEST WIND DIRECTION    NE (60)
  HIGHEST GUST SPEED    12   HIGHEST GUST DIRECTION     E (70)
  AVERAGE WIND SPEED     4.1


SKY COVER
  AVERAGE SKY COVER 1.0


WEATHER CONDITIONS
 THE FOLLOWING WEATHER WAS RECORDED TODAY.
  LIGHT RAIN
  FOG


RELATIVE HUMIDITY (PERCENT)
 HIGHEST   100           800 AM
 LOWEST     86           600 AM
 AVERAGE    93

..........................................................


THE AUGUSTA BUSH FIELD GA CLIMATE NORMALS FOR TOMORROW
                         NORMAL    RECORD    YEAR
 MAXIMUM TEMPERATURE (F)   67        85      1976
 MINIMUM TEMPERATURE (F)   40        19      1980


SUNRISE AND SUNSET
MARCH  3 2015.........SUNRISE   654 AM EST   SUNSET   626 PM EST
MARCH  4 2015.........SUNRISE   653 AM EST   SUNSET   627 PM EST


-  INDICATES NEGATIVE NUMBERS.
R  INDICATES RECORD WAS SET OR TIED.
MM INDICATES DATA IS MISSING.
T  INDICATES TRACE AMOUNT.




$$
