000
CDUS42 KFFC 310821
CLIAHN


CLIMATE REPORT
NATIONAL WEATHER SERVICE PEACHTREE CITY GA
420 AM EDT TUE MAY 31 2016


...................................

...THE ATHENS CLIMATE SUMMARY FOR MAY 30 2016...

CLIMATE NORMAL PERIOD 1981 TO 2010
CLIMATE RECORD PERIOD 1898 TO 2016


WEATHER ITEM   OBSERVED TIME   RECORD YEAR NORMAL DEPARTURE LAST
                VALUE   (LST)  VALUE       VALUE  FROM      YEAR
                                                  NORMAL
..................................................................
TEMPERATURE (F)
 YESTERDAY
  MAXIMUM         93    320 PM  97    1941  85      8       87
  MINIMUM         61    537 AM  46    1984  62     -1       63
  AVERAGE         77                        74      3       75

PRECIPITATION (IN)
  YESTERDAY        0.00          3.58 1873   0.11  -0.11     0.00
  MONTH TO DATE    2.33                      2.90  -0.57     2.49
  SINCE MAR 1      6.85                     10.48  -3.63    13.29
  SINCE JAN 1     15.02                     19.01  -3.99    20.26

DEGREE DAYS
 COOLING
  YESTERDAY       12                         9      3       10
  MONTH TO DATE  179                       173      6      233
  SINCE MAR 1    286                       230     56      312
  SINCE JAN 1    286                       231     55      312
..................................................................


WIND (MPH)
  RESULTANT WIND SPEED   2   RESULTANT WIND DIRECTION   E (80)
  HIGHEST WIND SPEED     9   HIGHEST WIND DIRECTION     E (70)
  HIGHEST GUST SPEED    14   HIGHEST GUST DIRECTION     N (360)
  AVERAGE WIND SPEED     2.7


SKY COVER
  POSSIBLE SUNSHINE  MM
  AVERAGE SKY COVER 0.1


WEATHER CONDITIONS
 THE FOLLOWING WEATHER WAS RECORDED YESTERDAY.
  NO SIGNIFICANT WEATHER WAS OBSERVED.


RELATIVE HUMIDITY (PERCENT)
 HIGHEST    93           100 AM
 LOWEST     32           400 PM
 AVERAGE    63

..........................................................


THE ATHENS CLIMATE NORMALS FOR TODAY
                         NORMAL    RECORD    YEAR
 MAXIMUM TEMPERATURE (F)   86       100      1918
 MINIMUM TEMPERATURE (F)   63        43      1984


SUNRISE AND SUNSET
MAY 31 2016...........SUNRISE   623 AM EDT   SUNSET   839 PM EDT
JUNE  1 2016..........SUNRISE   623 AM EDT   SUNSET   840 PM EDT


-  INDICATES NEGATIVE NUMBERS.
R  INDICATES RECORD WAS SET OR TIED.
MM INDICATES DATA IS MISSING.
T  INDICATES TRACE AMOUNT.




$$
