000
CDUS42 KFFC 270923
CLIAHN


CLIMATE REPORT
NATIONAL WEATHER SERVICE PEACHTREE CITY GA
422 AM EST FRI FEB 27 2015


...................................

...THE ATHENS CLIMATE SUMMARY FOR FEBRUARY 26 2015...

CLIMATE NORMAL PERIOD 1981 TO 2010
CLIMATE RECORD PERIOD 1898 TO 2015


WEATHER ITEM   OBSERVED TIME   RECORD YEAR NORMAL DEPARTURE LAST
                VALUE   (LST)  VALUE       VALUE  FROM      YEAR
                                                  NORMAL
..................................................................
TEMPERATURE (F)
 YESTERDAY
  MAXIMUM         43    202 PM  81    1996  61    -18       50
  MINIMUM         32   1149 PM  10    1967  39     -7       34
  AVERAGE         38                        50    -12       42

PRECIPITATION (IN)
  YESTERDAY        0.03          2.50 1899   0.15  -0.12     0.05
  MONTH TO DATE    3.99                      4.16  -0.17     3.96
  SINCE DEC 1     11.66                     11.94  -0.28    16.26
  SINCE JAN 1      6.97                      8.21  -1.24     8.64

SNOWFALL (IN)
  YESTERDAY        0.0           0.0  2002   0.0    0.0      0.0
  MONTH TO DATE    T                         0.5   -0.5      1.0
  SINCE DEC 1      T                         2.0   -2.0      2.8
  SINCE JUL 1      T                         2.0   -2.0      2.8
  SNOW DEPTH       0

DEGREE DAYS
 HEATING
  YESTERDAY       27                        15     12       23
  MONTH TO DATE  639                       467    172      449
  SINCE DEC 1   1849                      1744    105     1851
  SINCE JUL 1   2462                      2224    238     2413
..................................................................


WIND (MPH)
  RESULTANT WIND SPEED   3   RESULTANT WIND DIRECTION  NW (310)
  HIGHEST WIND SPEED    13   HIGHEST WIND DIRECTION     N (10)
  HIGHEST GUST SPEED    19   HIGHEST GUST DIRECTION     N (10)
  AVERAGE WIND SPEED     4.2


SKY COVER
  POSSIBLE SUNSHINE  MM
  AVERAGE SKY COVER 0.8


WEATHER CONDITIONS
 THE FOLLOWING WEATHER WAS RECORDED YESTERDAY.
  RAIN
  LIGHT RAIN
  FOG


RELATIVE HUMIDITY (PERCENT)
 HIGHEST   100           700 AM
 LOWEST     70           300 PM
 AVERAGE    85

..........................................................


THE ATHENS CLIMATE NORMALS FOR TODAY
                         NORMAL    RECORD    YEAR
 MAXIMUM TEMPERATURE (F)   61        79      2011
                                             1962
 MINIMUM TEMPERATURE (F)   39        14      1963


SUNRISE AND SUNSET
FEBRUARY 27 2015......SUNRISE   705 AM EST   SUNSET   628 PM EST
FEBRUARY 28 2015......SUNRISE   703 AM EST   SUNSET   629 PM EST


-  INDICATES NEGATIVE NUMBERS.
R  INDICATES RECORD WAS SET OR TIED.
MM INDICATES DATA IS MISSING.
T  INDICATES TRACE AMOUNT.




$$
