000
CDUS42 KFFC 290022
CLIAHN


CLIMATE REPORT
NATIONAL WEATHER SERVICE PEACHTREE CITY GA
722 PM EST WED JAN 28 2015


...................................

...THE ATHENS CLIMATE SUMMARY FOR JANUARY 28 2015...
VALID AS OF 0700 PM LOCAL TIME.

CLIMATE NORMAL PERIOD 1981 TO 2010
CLIMATE RECORD PERIOD 1898 TO 2015


WEATHER ITEM   OBSERVED TIME   RECORD YEAR NORMAL DEPARTURE LAST
                VALUE   (LST)  VALUE       VALUE  FROM      YEAR
                                                  NORMAL
..................................................................
TEMPERATURE (F)
 TODAY
  MAXIMUM         53    452 PM  77    1911  55     -2       38
  MINIMUM         26    729 AM   4    1940  34     -8       26
  AVERAGE         40                        44     -4       32

PRECIPITATION (IN)
  TODAY            0.00          3.72 1886   0.14  -0.14     0.12
  MONTH TO DATE    2.98                      3.61  -0.63     4.68
  SINCE DEC 1      7.67                      7.34   0.33    12.30
  SINCE JAN 1      2.98                      3.61  -0.63     4.68

SNOWFALL (IN)
  TODAY            0.0           T    2005   0.1   -0.1      1.8
  MONTH TO DATE    0.0                       1.3   -1.3      1.8
  SINCE DEC 1      0.0                       1.4   -1.4      1.8
  SINCE JUL 1      0.0                       1.4   -1.4      1.8
  SNOW DEPTH       0

DEGREE DAYS
 HEATING
  TODAY           25                        21      4       33
  MONTH TO DATE  639                       607     32      759
  SINCE DEC 1   1142                      1217    -75     1298
  SINCE JUL 1   1755                      1697     58     1860

 COOLING
  TODAY            0                         0      0        0
  MONTH TO DATE    0                         0      0        0
  SINCE DEC 1      0                         1     -1        6
  SINCE JAN 1      0                         0      0        0
..................................................................


WIND (MPH)
  HIGHEST WIND SPEED    13   HIGHEST WIND DIRECTION    NW (300)
  HIGHEST GUST SPEED    16   HIGHEST GUST DIRECTION    NW (300)
  AVERAGE WIND SPEED     4.3


SKY COVER
  AVERAGE SKY COVER 0.0


WEATHER CONDITIONS
 THE FOLLOWING WEATHER WAS RECORDED TODAY.
  NO SIGNIFICANT WEATHER WAS OBSERVED.


RELATIVE HUMIDITY (PERCENT)
 HIGHEST    84           800 AM
 LOWEST     28           400 PM

..........................................................


THE ATHENS CLIMATE NORMALS FOR TOMORROW
                         NORMAL    RECORD    YEAR
 MAXIMUM TEMPERATURE (F)   55        78      2002
                                             1975
 MINIMUM TEMPERATURE (F)   34         8      1966


SUNRISE AND SUNSET
JANUARY 28 2015.......SUNRISE   733 AM EST   SUNSET   600 PM EST
JANUARY 29 2015.......SUNRISE   732 AM EST   SUNSET   601 PM EST


-  INDICATES NEGATIVE NUMBERS.
R  INDICATES RECORD WAS SET OR TIED.
MM INDICATES DATA IS MISSING.
T  INDICATES TRACE AMOUNT.




$$
