645
CDUS42 KFFC 180818
CLIAHN


CLIMATE REPORT
NATIONAL WEATHER SERVICE PEACHTREE CITY GA
417 AM EDT WED OCT 18 2017


...................................

...THE ATHENS CLIMATE SUMMARY FOR OCTOBER 17 2017...

CLIMATE NORMAL PERIOD 1981 TO 2010
CLIMATE RECORD PERIOD 1898 TO 2017


WEATHER ITEM   OBSERVED TIME   RECORD YEAR NORMAL DEPARTURE LAST
                VALUE   (LST)  VALUE       VALUE  FROM      YEAR
                                                  NORMAL
..................................................................
TEMPERATURE (F)
 YESTERDAY
  MAXIMUM         69    406 PM  88    1920  74     -5       85
  MINIMUM         46   1139 PM  34    1954  51     -5       55
                                      1927
  AVERAGE         58                        62     -4       70

PRECIPITATION (IN)
  YESTERDAY        0.00          2.71 1932   0.11  -0.11     0.00
  MONTH TO DATE    2.90                      2.11   0.79     0.03
  SINCE SEP 1      7.09                      6.05   1.04     1.25
  SINCE JAN 1     49.08                     37.34  11.74    32.22

SNOWFALL (IN)
  YESTERDAY        0.0           0.0  2002   0.0    0.0      0.0
                                      2001
                                      2000
  MONTH TO DATE    0.0                       0.0    0.0      0.0
  SINCE SEP 1      0.0                       0.0    0.0      0.0
  SINCE JUL 1      0.0                       0.0    0.0      0.0
  SNOW DEPTH       0

DEGREE DAYS
 HEATING
  YESTERDAY        7                         4      3        0
  MONTH TO DATE    8                        46    -38       11
  SINCE SEP 1     17                        56    -39       11
  SINCE JUL 1     17                        56    -39       11

 COOLING
  YESTERDAY        0                         2     -2        5
  MONTH TO DATE  111                        48     63       75
  SINCE SEP 1    354                       308     46      461
  SINCE JAN 1   1993                      1863    130     2375
..................................................................


WIND (MPH)
  RESULTANT WIND SPEED   5   RESULTANT WIND DIRECTION   E (70)
  HIGHEST WIND SPEED    16   HIGHEST WIND DIRECTION     E (70)
  HIGHEST GUST SPEED    21   HIGHEST GUST DIRECTION     E (80)
  AVERAGE WIND SPEED     5.6


SKY COVER
  POSSIBLE SUNSHINE  MM
  AVERAGE SKY COVER 0.0


WEATHER CONDITIONS
 THE FOLLOWING WEATHER WAS RECORDED YESTERDAY.
  NO SIGNIFICANT WEATHER WAS OBSERVED.


RELATIVE HUMIDITY (PERCENT)
 HIGHEST    93           900 PM
 LOWEST     37           200 PM
 AVERAGE    65

..........................................................


THE ATHENS CLIMATE NORMALS FOR TODAY
                         NORMAL    RECORD    YEAR
 MAXIMUM TEMPERATURE (F)   74        88      2016
 MINIMUM TEMPERATURE (F)   51        31      1943


SUNRISE AND SUNSET
OCTOBER 18 2017.......SUNRISE   741 AM EDT   SUNSET   655 PM EDT
OCTOBER 19 2017.......SUNRISE   742 AM EDT   SUNSET   654 PM EDT


-  INDICATES NEGATIVE NUMBERS.
R  INDICATES RECORD WAS SET OR TIED.
MM INDICATES DATA IS MISSING.
T  INDICATES TRACE AMOUNT.




$$
