000
CDUS42 KFFC 290822
CLIAHN


CLIMATE REPORT
NATIONAL WEATHER SERVICE PEACHTREE CITY GA
421 AM EDT WED MAR 29 2017


...................................

...THE ATHENS CLIMATE SUMMARY FOR MARCH 28 2017...

CLIMATE NORMAL PERIOD 1981 TO 2010
CLIMATE RECORD PERIOD 1898 TO 2017


WEATHER ITEM   OBSERVED TIME   RECORD YEAR NORMAL DEPARTURE LAST
                VALUE   (LST)  VALUE       VALUE  FROM      YEAR
                                                  NORMAL
..................................................................
TEMPERATURE (F)
 YESTERDAY
  MAXIMUM         83    332 PM  85    2007  70     13       76
                                      1921
  MINIMUM         60    639 AM  27    2013  45     15       52
  AVERAGE         72                        57     15       64

PRECIPITATION (IN)
  YESTERDAY        T             2.41 1946   0.14  -0.14     0.00
  MONTH TO DATE    4.08                      4.03   0.05     1.86
  SINCE MAR 1      4.08                      4.03   0.05     1.86
  SINCE JAN 1     11.78                     12.56  -0.78    10.03

SNOWFALL (IN)
  YESTERDAY        0.0           0.0  2002   0.0    0.0      0.0
                                      2001
                                      2000
  MONTH TO DATE    0.0                       0.7   -0.7      0.0
  SINCE MAR 1      0.0                       0.7   -0.7      0.0
  SINCE JUL 1      0.0                       2.8   -2.8      0.1
  SNOW DEPTH       0

DEGREE DAYS
 HEATING
  YESTERDAY        0                         8     -8        1
  MONTH TO DATE  281                       316    -35      171
  SINCE MAR 1    281                       316    -35      171
  SINCE JUL 1   1805                      2571   -766     2014

 COOLING
  YESTERDAY        7                         0      7        0
  MONTH TO DATE   26                         0     26       34
  SINCE MAR 1     26                         0     26       34
  SINCE JAN 1     35                         1     34       34
..................................................................


WIND (MPH)
  RESULTANT WIND SPEED   3   RESULTANT WIND DIRECTION   W (280)
  HIGHEST WIND SPEED    15   HIGHEST WIND DIRECTION    NW (300)
  HIGHEST GUST SPEED    22   HIGHEST GUST DIRECTION    NW (310)
  AVERAGE WIND SPEED     4.8


SKY COVER
  POSSIBLE SUNSHINE  MM
  AVERAGE SKY COVER 0.5


WEATHER CONDITIONS
 THE FOLLOWING WEATHER WAS RECORDED YESTERDAY.
  THUNDERSTORM
  LIGHT RAIN


RELATIVE HUMIDITY (PERCENT)
 HIGHEST   100           200 AM
 LOWEST     42           400 PM
 AVERAGE    71

..........................................................


THE ATHENS CLIMATE NORMALS FOR TODAY
                         NORMAL    RECORD    YEAR
 MAXIMUM TEMPERATURE (F)   70        85      1928
 MINIMUM TEMPERATURE (F)   45        25      1887


SUNRISE AND SUNSET
MARCH 29 2017.........SUNRISE   724 AM EDT   SUNSET   752 PM EDT
MARCH 30 2017.........SUNRISE   723 AM EDT   SUNSET   753 PM EDT


-  INDICATES NEGATIVE NUMBERS.
R  INDICATES RECORD WAS SET OR TIED.
MM INDICATES DATA IS MISSING.
T  INDICATES TRACE AMOUNT.




$$
