000
CDUS42 KFFC 210821
CLIAHN


CLIMATE REPORT
NATIONAL WEATHER SERVICE PEACHTREE CITY GA
421 AM EDT MON AUG 21 2017


...................................

...THE ATHENS CLIMATE SUMMARY FOR AUGUST 20 2017...

CLIMATE NORMAL PERIOD 1981 TO 2010
CLIMATE RECORD PERIOD 1898 TO 2017


WEATHER ITEM   OBSERVED TIME   RECORD YEAR NORMAL DEPARTURE LAST
                VALUE   (LST)  VALUE       VALUE  FROM      YEAR
                                                  NORMAL
..................................................................
TEMPERATURE (F)
 YESTERDAY
  MAXIMUM         94    353 PM 107    1925  90      4       88
  MINIMUM         68    609 AM  59    1943  69     -1       73
  AVERAGE         81                        80      1       81

PRECIPITATION (IN)
  YESTERDAY        0.00          2.00 1999   0.11  -0.11     0.49
  MONTH TO DATE    4.28                      2.37   1.91     9.71
  SINCE JUN 1     15.69                     11.02   4.67    15.40
  SINCE JAN 1     40.80                     30.13  10.67    30.58

DEGREE DAYS
 COOLING
  YESTERDAY       16                        14      2       16
  MONTH TO DATE  289                       301    -12      362
  SINCE JUN 1   1134                      1163    -29     1438
  SINCE JAN 1   1499                      1403     96     1739
..................................................................


WIND (MPH)
  RESULTANT WIND SPEED   1   RESULTANT WIND DIRECTION   E (80)
  HIGHEST WIND SPEED     7   HIGHEST WIND DIRECTION    NE (60)
  HIGHEST GUST SPEED    10   HIGHEST GUST DIRECTION     E (70)
  AVERAGE WIND SPEED     1.4


SKY COVER
  POSSIBLE SUNSHINE  MM
  AVERAGE SKY COVER 0.0


WEATHER CONDITIONS
 THE FOLLOWING WEATHER WAS RECORDED YESTERDAY.
  NO SIGNIFICANT WEATHER WAS OBSERVED.


RELATIVE HUMIDITY (PERCENT)
 HIGHEST   100          1200 AM
 LOWEST     46           300 PM
 AVERAGE    73

..........................................................


THE ATHENS CLIMATE NORMALS FOR TODAY
                         NORMAL    RECORD    YEAR
 MAXIMUM TEMPERATURE (F)   90       107      1983
 MINIMUM TEMPERATURE (F)   69        55      1918


SUNRISE AND SUNSET
AUGUST 21 2017........SUNRISE   659 AM EDT   SUNSET   813 PM EDT
AUGUST 22 2017........SUNRISE   700 AM EDT   SUNSET   811 PM EDT


-  INDICATES NEGATIVE NUMBERS.
R  INDICATES RECORD WAS SET OR TIED.
MM INDICATES DATA IS MISSING.
T  INDICATES TRACE AMOUNT.




$$
