000
CDUS42 KFFC 252032
CLIAHN


CLIMATE REPORT
NATIONAL WEATHER SERVICE PEACHTREE CITY GA
432 PM EDT THU AUG 25 2016


...................................

...THE ATHENS CLIMATE SUMMARY FOR AUGUST 25 2016...
VALID TODAY AS OF 0400 PM LOCAL TIME.

CLIMATE NORMAL PERIOD 1981 TO 2010
CLIMATE RECORD PERIOD 1898 TO 2016


WEATHER ITEM   OBSERVED TIME   RECORD YEAR NORMAL DEPARTURE LAST
                VALUE   (LST)  VALUE       VALUE  FROM      YEAR
                                                  NORMAL
..................................................................
TEMPERATURE (F)
 TODAY
  MAXIMUM         92    308 PM 100    1933  89      3       89
  MINIMUM         69    637 AM  59    1997  69      0       65
                                      1952
  AVERAGE         81                        79      2       77

PRECIPITATION (IN)
  TODAY            0.00          5.60 1908   0.11  -0.11     0.00
  MONTH TO DATE    9.97                      2.92   7.05     6.21
  SINCE JUN 1     15.66                     11.57   4.09    14.05
  SINCE JAN 1     30.84                     30.68   0.16    34.45

DEGREE DAYS
 HEATING
  TODAY            0                         0      0        0
  MONTH TO DATE    0                         0      0        0
  SINCE JUN 1      0                         1     -1        0
  SINCE JUL 1      0                         0      0        0

 COOLING
  TODAY           16                        14      2       12
  MONTH TO DATE  438                       371     67      406
  SINCE JUN 1   1514                      1233    281     1412
  SINCE JAN 1   1815                      1473    342     1737
..................................................................


WIND (MPH)
  HIGHEST WIND SPEED     6   HIGHEST WIND DIRECTION    NE (30)
  HIGHEST GUST SPEED     9   HIGHEST GUST DIRECTION    NE (30)
  AVERAGE WIND SPEED     0.8


SKY COVER
  AVERAGE SKY COVER 0.0


WEATHER CONDITIONS
 THE FOLLOWING WEATHER WAS RECORDED TODAY.
  FOG


RELATIVE HUMIDITY (PERCENT)
 HIGHEST   100          1200 AM
 LOWEST     52           300 PM
 AVERAGE    76

..........................................................


THE ATHENS CLIMATE NORMALS FOR TOMORROW
                         NORMAL    RECORD    YEAR
 MAXIMUM TEMPERATURE (F)   89        99      2007
 MINIMUM TEMPERATURE (F)   69        56      1917


SUNRISE AND SUNSET
AUGUST 25 2016........SUNRISE   702 AM EDT   SUNSET   807 PM EDT
AUGUST 26 2016........SUNRISE   703 AM EDT   SUNSET   806 PM EDT


-  INDICATES NEGATIVE NUMBERS.
R  INDICATES RECORD WAS SET OR TIED.
MM INDICATES DATA IS MISSING.
T  INDICATES TRACE AMOUNT.




$$
