000
CDUS42 KFFC 300818
CLIAHN


CLIMATE REPORT
NATIONAL WEATHER SERVICE PEACHTREE CITY GA
417 AM EDT SAT APR 30 2016


...................................

...THE ATHENS CLIMATE SUMMARY FOR APRIL 29 2016...

CLIMATE NORMAL PERIOD 1981 TO 2010
CLIMATE RECORD PERIOD 1898 TO 2016


WEATHER ITEM   OBSERVED TIME   RECORD YEAR NORMAL DEPARTURE LAST
                VALUE   (LST)  VALUE       VALUE  FROM      YEAR
                                                  NORMAL
..................................................................
TEMPERATURE (F)
 YESTERDAY
  MAXIMUM         90R   308 PM  90    1915  77     13       64
  MINIMUM         59    554 AM  38    1973  53      6       53
                                      1928
  AVERAGE         75                        65     10       59

PRECIPITATION (IN)
  YESTERDAY        0.00          2.98 1963   0.10  -0.10     0.62
  MONTH TO DATE    1.98                      3.05  -1.07     8.01
  SINCE MAR 1      3.93                      7.48  -3.55    10.80
  SINCE JAN 1     12.10                     16.01  -3.91    17.77

SNOWFALL (IN)
  YESTERDAY        0.0           0.0  2002   0.0    0.0      0.0
                                      2001
                                      2000
  MONTH TO DATE    0.0                       0.1   -0.1      0.0
  SINCE MAR 1      0.0                       0.9   -0.9      0.0
  SINCE JUL 1      0.1                       3.0   -2.9       T
  SNOW DEPTH       0

DEGREE DAYS
 HEATING
  YESTERDAY        0                         3     -3        6
  MONTH TO DATE  110                       145    -35       61
  SINCE MAR 1    297                       485   -188      314
  SINCE JUL 1   2140                      2740   -600     2820

 COOLING
  YESTERDAY       10                         3      7        0
  MONTH TO DATE   61                        44     17       72
  SINCE MAR 1     98                        54     44       79
  SINCE JAN 1     98                        55     43       79
..................................................................


WIND (MPH)
  RESULTANT WIND SPEED   1   RESULTANT WIND DIRECTION  NW (300)
  HIGHEST WIND SPEED     8   HIGHEST WIND DIRECTION    NW (310)
  HIGHEST GUST SPEED    14   HIGHEST GUST DIRECTION    NW (310)
  AVERAGE WIND SPEED     2.4


SKY COVER
  POSSIBLE SUNSHINE  MM
  AVERAGE SKY COVER 0.0


WEATHER CONDITIONS
 THE FOLLOWING WEATHER WAS RECORDED YESTERDAY.
  NO SIGNIFICANT WEATHER WAS OBSERVED.


RELATIVE HUMIDITY (PERCENT)
 HIGHEST    93           600 AM
 LOWEST     24           400 PM
 AVERAGE    59

..........................................................


THE ATHENS CLIMATE NORMALS FOR TODAY
                         NORMAL    RECORD    YEAR
 MAXIMUM TEMPERATURE (F)   78        91      1917
 MINIMUM TEMPERATURE (F)   53        37      2008


SUNRISE AND SUNSET
APRIL 30 2016.........SUNRISE   645 AM EDT   SUNSET   817 PM EDT
MAY  1 2016...........SUNRISE   644 AM EDT   SUNSET   817 PM EDT


-  INDICATES NEGATIVE NUMBERS.
R  INDICATES RECORD WAS SET OR TIED.
MM INDICATES DATA IS MISSING.
T  INDICATES TRACE AMOUNT.




$$
