000
CDUS45 KCYS 200726
CLIAIA


CLIMATE REPORT
NATIONAL WEATHER SERVICE CHEYENNE WY
126 AM MDT WED AUG 20 2014


...................................

...THE ALLIANCE NE AIRPORT CLIMATE SUMMARY FOR AUGUST 19 2014...

CLIMATE NORMAL PERIOD 1981 TO 2010
CLIMATE RECORD PERIOD 1896 TO 2014


WEATHER ITEM   OBSERVED TIME   RECORD YEAR NORMAL DEPARTURE LAST
                VALUE   (LST)  VALUE       VALUE  FROM      YEAR
                                                  NORMAL
..................................................................
TEMPERATURE (F)
 YESTERDAY
  MAXIMUM         94    310 PM 100    1952  86      8       95
  MINIMUM         50    435 AM  38    2004  54     -4       53
  AVERAGE         72                        70      2       74

PRECIPITATION (IN)
  YESTERDAY        0.00          0.98 1979   0.05  -0.05     0.00
  MONTH TO DATE    0.46                      1.06  -0.60     2.34
  SINCE JAN 1     12.81                     11.77   1.04     9.06

DEGREE DAYS
 HEATING
  YESTERDAY        0                         1     -1        0
  MONTH TO DATE    0                         8     -8        0
  SINCE JUN 1    126                       113     13       70
  SINCE JUL 1     27                        20      7        8

 COOLING
  YESTERDAY        7                         6      1        9
  MONTH TO DATE  143                       137      6      119
  SINCE JUN 1    401                       459    -58      493
  SINCE JAN 1    415                       469    -54      515
..................................................................


WIND (MPH)
  HIGHEST WIND SPEED    36   HIGHEST WIND DIRECTION     S (160)
  HIGHEST GUST SPEED    42   HIGHEST GUST DIRECTION     S (170)
  AVERAGE WIND SPEED    10.3


SKY COVER
  AVERAGE SKY COVER 0.1


WEATHER CONDITIONS
 THE FOLLOWING WEATHER WAS RECORDED YESTERDAY.
  THUNDERSTORM


RELATIVE HUMIDITY (PERCENT)
 HIGHEST   100           500 AM
 LOWEST     24           400 PM
 AVERAGE    62

..........................................................


THE ALLIANCE NE AIRPORT CLIMATE NORMALS FOR TODAY
                         NORMAL    RECORD    YEAR
 MAXIMUM TEMPERATURE (F)   86       102      2013
 MINIMUM TEMPERATURE (F)   54        38      2004


SUNRISE AND SUNSET
AUGUST 20 2014........SUNRISE   604 AM MDT   SUNSET   744 PM MDT
AUGUST 21 2014........SUNRISE   605 AM MDT   SUNSET   743 PM MDT


-  INDICATES NEGATIVE NUMBERS.
R  INDICATES RECORD WAS SET OR TIED.
MM INDICATES DATA IS MISSING.
T  INDICATES TRACE AMOUNT.




$$
