000
CDUS45 KCYS 230733
CLIAIA


CLIMATE REPORT
NATIONAL WEATHER SERVICE CHEYENNE WY
131 AM MDT WED APR 23 2014


...................................

...THE ALLIANCE NE AIRPORT CLIMATE SUMMARY FOR APRIL 22 2014...

CLIMATE NORMAL PERIOD 1981 TO 2010
CLIMATE RECORD PERIOD 1896 TO 2014


WEATHER ITEM   OBSERVED TIME   RECORD YEAR NORMAL DEPARTURE LAST
                VALUE   (LST)  VALUE       VALUE  FROM      YEAR
                                                  NORMAL
..................................................................
TEMPERATURE (F)
 YESTERDAY
  MAXIMUM         80    318 PM  90    1989  62     18       41
  MINIMUM         42   1208 AM  11    1927  31     11       21
                                      1998
  AVERAGE         61                        46     15       31

PRECIPITATION (IN)
  YESTERDAY        0.01          2.25 1988   0.05  -0.04     0.02
  MONTH TO DATE    0.03                      1.04  -1.01     1.96
  SINCE JAN 1      1.77                      2.45  -0.68     2.53

DEGREE DAYS
 HEATING
  YESTERDAY        4                        18    -14       34
  MONTH TO DATE  459                       466     -7      647
  SINCE MAR 1   1376                      1348     28     1566
  SINCE JUL 1   6940                      6752    188     6679

 COOLING
  YESTERDAY        0                         0      0        0
  MONTH TO DATE    0                         0      0        0
  SINCE MAR 1      0                         0      0        0
  SINCE JAN 1      0                         0      0        0
..................................................................


WIND (MPH)
  HIGHEST WIND SPEED    35   HIGHEST WIND DIRECTION     S (180)
  HIGHEST GUST SPEED    41   HIGHEST GUST DIRECTION     S (170)
  AVERAGE WIND SPEED    19.2


SKY COVER
  AVERAGE SKY COVER 0.1


WEATHER CONDITIONS
 THE FOLLOWING WEATHER WAS RECORDED YESTERDAY.
  THUNDERSTORM
  LIGHT RAIN


RELATIVE HUMIDITY (PERCENT)
 HIGHEST    58           500 AM
 LOWEST     23           300 PM
 AVERAGE    41

..........................................................


THE ALLIANCE NE AIRPORT CLIMATE NORMALS FOR TODAY
                         NORMAL    RECORD    YEAR
 MAXIMUM TEMPERATURE (F)   62        90      1989
 MINIMUM TEMPERATURE (F)   32        13      1988


SUNRISE AND SUNSET
APRIL 23 2014.........SUNRISE   558 AM MDT   SUNSET   741 PM MDT
APRIL 24 2014.........SUNRISE   557 AM MDT   SUNSET   742 PM MDT


-  INDICATES NEGATIVE NUMBERS.
R  INDICATES RECORD WAS SET OR TIED.
MM INDICATES DATA IS MISSING.
T  INDICATES TRACE AMOUNT.




$$
