000
CDAK48 PAKN 271200
CLIAKN

CLIMATE REPORT
NATIONAL WEATHER SERVICE KING SALMON, AK
400 AM AKDT FRI MAY 27 2016

...................................
...THE KING SALMON AP CLIMATE SUMMARY FOR MAY 26 2016...

CLIMATE NORMAL PERIOD  1981 TO  2016
CLIMATE RECORD PERIOD  1917 TO  2016

WEATHER ITEM   OBSERVED TIME    RECORD YEAR NORMAL DEPARTURE LAST
               VALUE    (LST)   VALUE       VALUE  FROM      YEAR
                                                   NORMAL
...................................................................
TEMPERATURE
YESTERDAY
 MAXIMUM            72  0550 PM    85  2006     57      15     59
 MINIMUM            38  0432 AM    20  1931     37       1     41
 AVERAGE            55                          47       8     50

PRECIPITATION
(INCHES)
 YESTERDAY        0.00           0.53  1962   0.04   -0.04      T
 MONTH TO DATE    3.05                        1.02    2.03   3.32
 SINCE MAR 1      5.85                        2.69    3.16   6.45
 SINCE JAN 1      7.29                        4.47    2.82   7.24

SNOWFALL
(INCHES)
 YESTERDAY         0.0            0.2  1971    0.1    -0.1    0.0
 MONTH TO DATE     0.0                         0.8    -0.8    0.0
 SINCE MAR 1       4.2                        11.1    -6.9   12.4
 SINCE JUL 1      38.8                        46.6    -7.8   26.1
 SNOW DEPTH (IN)     0                                          0

DEGREE DAYS
 HEATING
  YESTERDAY         10                          18      -8     15
  MONTH TO DATE    433                         558    -125    468
  SINCE MAR 1     2065                        2763    -698   2393
  SINCE JUL 1     7999                       10381   -2382   8591

 COOLING
  YESTERDAY          0                           0       0      0
  MONTH TO DATE      0                           0       0      0
  SINCE MAR 1        0                           0       0      0
  SINCE JAN 1        0                           0       0      0
...................................................................

WIND (MPH)
 HIGHEST WIND SPEED    18     HIGHEST WIND DIRECTION     20
 HIGHEST GUST SPEED    24     HIGHEST GUST DIRECTION     20
 AVERAGE WIND SPEED   6.0

SKY COVER
  POSSIBLE SUNSHINE    MM          AVERAGE SKY COVER     MM

WEATHER CONDITIONS
 THE FOLLOWING WEATHER WAS RECORDED YESTERDAY.
  FOG


RELATIVE HUMIDITY
 HIGHEST RH     MM PERCENT       MM
 LOWEST  RH     MM PERCENT       MM
 AVERAGE RH     MM PERCENT       MM
...................................................................

THE KING SALMON CLIMATE NORMALS FOR TODAY
                           NORMAL    RECORD   YEAR
 MAXIMUM TEMPERATURE (F)     57        76     2006
 MINIMUM TEMPERATURE (F)     37        27     1976

SUNRISE AND SUNSET
 MAY 27 2016..........SUNRISE  5:35 AM      SUNSET 11:15 PM
 MAY 28 2016..........SUNRISE  5:33 AM      SUNSET 11:17 PM

-  INDICATES NEGATIVE NUMBERS.
R  INDICATES RECORD HAS BEEN SET OR TIED.
MM INDICATES DATA IS MISSING.
T  INDICATES TRACE OF PRECIPITATION.

&&
-------------------------------------------------------------------

AMOUNT OF DAYLIGHT TODAY  (HOUR:MIN)........17 HOURS 40 MINUTES
GAIN SINCE YESTERDAY (HOUR:MIN:SEC).........+0:03:22

$$

DT MAY 16
