000
CDAK48 PAKN 280041
CLIAKN


CLIMATE REPORT
NATIONAL WEATHER SERVICE ANCHORAGE, AK
439 PM AKDT SAT MAY 27 2017


...................................

...THE KING SALMON CLIMATE SUMMARY FOR MAY 27 2017...
VALID TODAY AS OF 0400 PM LOCAL TIME.

CLIMATE NORMAL PERIOD 1981 TO 2010
CLIMATE RECORD PERIOD 1917 TO 2017


WEATHER ITEM   OBSERVED TIME   RECORD YEAR NORMAL DEPARTURE LAST
                VALUE   (LST)  VALUE       VALUE  FROM      YEAR
                                                  NORMAL
..................................................................
TEMPERATURE (F)
 TODAY
  MAXIMUM         55        MM  77    2016  57     -2       77
  MINIMUM         31        MM  27    1976  37     -6       38
                                      1955
  AVERAGE         43                        47     -4       58

PRECIPITATION (IN)
  TODAY            0.01          0.57 1978   0.05  -0.04     0.00
  MONTH TO DATE    1.05                      1.07  -0.02     3.05
  SINCE MAR 1      1.85                      2.74  -0.89     5.85
  SINCE JAN 1      3.05                      4.52  -1.47     7.29

SNOWFALL (IN)
  TODAY            0.0          MM      MM   0.0    0.0      0.0
  MONTH TO DATE    0.0                       0.8   -0.8      0.0
  SINCE MAR 1      3.3                      11.1   -7.8      0.0
  SINCE JUL 1     26.0                      46.6  -20.6     13.1
  SNOW DEPTH       0

DEGREE DAYS
 HEATING
  TODAY           22                        18      4        7
  MONTH TO DATE  544                       576    -32      404
  SINCE MAR 1   2943                      2781    162     2000
  SINCE JUL 1  10076                     10401   -325     7691

 COOLING
  TODAY            0                         0      0        0
  MONTH TO DATE    0                         0      0        0
  SINCE MAR 1      0                         0      0        0
  SINCE JAN 1      0                         0      0        0
..................................................................


WIND (MPH)
  RESULTANT WIND SPEED   3   RESULTANT WIND DIRECTION  SE (120)
  HIGHEST WIND SPEED    12   HIGHEST WIND DIRECTION     S (160)
  HIGHEST GUST SPEED    MM   HIGHEST GUST DIRECTION    MM
  AVERAGE WIND SPEED     5.8



WEATHER CONDITIONS
 THE FOLLOWING WEATHER WAS RECORDED TODAY.
  LIGHT RAIN


RELATIVE HUMIDITY (PERCENT)
 HIGHEST   100
 LOWEST     38
 AVERAGE    69

..........................................................


THE KING SALMON CLIMATE NORMALS FOR TOMORROW
                         NORMAL    RECORD    YEAR
 MAXIMUM TEMPERATURE (F)   57        83      2006
 MINIMUM TEMPERATURE (F)   37        28      2000


SUNRISE AND SUNSET
MAY 27 2017...........SUNRISE   534 AM AKDT  SUNSET  1114 PM AKDT
MAY 28 2017...........SUNRISE   533 AM AKDT  SUNSET  1116 PM AKDT


-  INDICATES NEGATIVE NUMBERS.
R  INDICATES RECORD WAS SET OR TIED.
MM INDICATES DATA IS MISSING.
T  INDICATES TRACE AMOUNT.




$$
