533
CDAK48 PAFC 251329 RRA
CLIAKN

CLIMATE REPORT
NATIONAL WEATHER SERVICE ANCHORAGE, AK
426 AM AKST SAT FEB 25 2017


...................................

...THE KING SALMON CLIMATE SUMMARY FOR FEBRUARY 24 2017...

CLIMATE NORMAL PERIOD 1981 TO 2010
CLIMATE RECORD PERIOD 1917 TO 2017


WEATHER ITEM   OBSERVED TIME   RECORD YEAR NORMAL DEPARTURE LAST
                VALUE   (LST)  VALUE       VALUE  FROM      YEAR
                                                  NORMAL
..................................................................
TEMPERATURE (F)
 YESTERDAY
  MAXIMUM         40    401 PM  47    2003  29     11       46
  MINIMUM         31   1159 PM -36    1976  12     19       32
  AVERAGE         36                        20     16       39

PRECIPITATION (IN)
  YESTERDAY        0.12          1.28 1969   0.03   0.09      T
  MONTH TO DATE    0.92                      0.66   0.26     0.94
  SINCE DEC 1      2.16                      2.91  -0.75     2.92
  SINCE JAN 1      1.07                      1.68  -0.61     1.42

SNOWFALL (IN)
  YESTERDAY        0.0          MM      MM   0.2   -0.2     MM
  MONTH TO DATE    8.8                       5.1    3.7      0.0
  SINCE DEC 1     17.3                      24.8   -7.5      0.0
  SINCE JUL 1     21.9                      34.6  -12.7     13.1
  SNOW DEPTH       T

DEGREE DAYS
 HEATING
  YESTERDAY       29                        45    -16       26
  MONTH TO DATE 1218                      1116    102      736
  SINCE DEC 1   4256                      4067    189     2964
  SINCE JUL 1   6982                      7444   -462     5561

 COOLING
  YESTERDAY        0                         0      0        0
  MONTH TO DATE    0                         0      0        0
  SINCE DEC 1      0                         0      0        0
  SINCE JAN 1      0                         0      0        0
..................................................................


WIND (MPH)
  RESULTANT WIND SPEED   7   RESULTANT WIND DIRECTION  SW (230)
  HIGHEST WIND SPEED    13   HIGHEST WIND DIRECTION    SW (230)
  HIGHEST GUST SPEED    16   HIGHEST GUST DIRECTION     W (250)
  AVERAGE WIND SPEED     7.0



WEATHER CONDITIONS
 THE FOLLOWING WEATHER WAS RECORDED YESTERDAY.
  LIGHT RAIN
  FOG


RELATIVE HUMIDITY (PERCENT)
 HIGHEST   100
 LOWEST     79
 AVERAGE    90

..........................................................


THE KING SALMON CLIMATE NORMALS FOR TODAY
                         NORMAL    RECORD    YEAR
 MAXIMUM TEMPERATURE (F)   29        46      1997
                                             1970
                                             1943
 MINIMUM TEMPERATURE (F)   12       -35      1954


SUNRISE AND SUNSET
FEBRUARY 25 2017......SUNRISE   832 AM AKST  SUNSET   648 PM AKST
FEBRUARY 26 2017......SUNRISE   829 AM AKST  SUNSET   651 PM AKST

CIVIL TWILIGHT
FEBRUARY 25 2017        START    752 AM GMT     END    729 PM GMT
FEBRUARY 26 2017        START    749 AM GMT     END    732 PM GMT



-  INDICATES NEGATIVE NUMBERS.
R  INDICATES RECORD WAS SET OR TIED.
MM INDICATES DATA IS MISSING.
T  INDICATES TRACE AMOUNT.




$$
&&
------------------------------------------------------
AMOUNT OF DAYLIGHT TODAY  (HOUR:MIN)........10:16
GAIN/LOSS SINCE YESTERDAY (HOUR:MIN:SEC)....+0:05:08

$$
