000
CDAK48 PAKN 011214
CLIAKN

CLIMATE REPORT
NATIONAL WEATHER SERVICE KING SALMON, AK
314 AM AKST SUN MAR 1 2015

...................................
...THE KING SALMON AP CLIMATE SUMMARY FOR FEBRUARY 28 2015...

CLIMATE NORMAL PERIOD  1981 TO  2010
CLIMATE RECORD PERIOD  1917 TO  2015

WEATHER ITEM   OBSERVED TIME    RECORD YEAR NORMAL DEPARTURE LAST
               VALUE    (LST)   VALUE       VALUE  FROM      YEAR
                                                   NORMAL
...................................................................
TEMPERATURE
YESTERDAY
 MAXIMUM            47  0407 PM    51  1991     30      17     44
 MINIMUM            30  1159 PM   -31  1956     13      17     28
 AVERAGE            39                          21      18     36

PRECIPITATION
(INCHES)
 YESTERDAY        0.01           0.52  1953   0.02   -0.01   0.00
 MONTH TO DATE    0.27                        0.76   -0.49   0.06
 SINCE DEC 1      2.75                        3.01   -0.26   2.94
 SINCE JAN 1      0.79                        1.78   -0.99   1.81

SNOWFALL
(INCHES)
 YESTERDAY         0.0            5.8  2010    0.2    -0.2    0.0
 MONTH TO DATE     2.0                         6.0    -4.0    1.3
 SINCE DEC 1      10.2                        25.7   -15.5   15.1
 SINCE JUL 1      13.7                        35.5   -21.8   26.7
 SNOW DEPTH (IN)     T                                          0

DEGREE DAYS
 HEATING
  YESTERDAY         26                          44     -18     29
  MONTH TO DATE   1063                        1292    -229   1187
  SINCE DEC 1     3446                        4243    -797   3454
  SINCE JUL 1     6197                        7618   -1421   6360

 COOLING
  YESTERDAY          0                           0       0      0
  MONTH TO DATE      0                           0       0      0
  SINCE DEC 1        0                           0       0      0
  SINCE JAN 1        0                           0       0      0
...................................................................

WIND (MPH)
 HIGHEST WIND SPEED    14     HIGHEST WIND DIRECTION    340
 HIGHEST GUST SPEED    17     HIGHEST GUST DIRECTION    340
 AVERAGE WIND SPEED   4.6

SKY COVER
  POSSIBLE SUNSHINE    MM          AVERAGE SKY COVER     MM

WEATHER CONDITIONS
 THE FOLLOWING WEATHER WAS RECORDED YESTERDAY.
  FOG
RAIN


RELATIVE HUMIDITY
 HIGHEST RH     MM PERCENT       MM
 LOWEST  RH     MM PERCENT       MM
 AVERAGE RH     MM PERCENT       MM
...................................................................

THE KING SALMON CLIMATE NORMALS FOR TODAY
                           NORMAL    RECORD   YEAR
 MAXIMUM TEMPERATURE (F)     30        52     2014
 MINIMUM TEMPERATURE (F)     13       -34     1992

SUNRISE AND SUNSET
 MAR 1 2015..........SUNRISE  8:23 AM      SUNSET  6:57 PM
 MAR 2 2015..........SUNRISE  8:20 AM      SUNSET  6:59 PM

-  INDICATES NEGATIVE NUMBERS.
R  INDICATES RECORD HAS BEEN SET OR TIED.
MM INDICATES DATA IS MISSING.
T  INDICATES TRACE OF PRECIPITATION.

&&
-------------------------------------------------------------------

AMOUNT OF DAYLIGHT TODAY  (HOUR:MIN)........10 HOURS 34 MINUTES
GAIN SINCE YESTERDAY (HOUR:MIN:SEC).........+0:05:09

$$
AM MAR 15
