000
CDAK48 PAKN 281024
CLIAKN

CLIMATE REPORT
NATIONAL WEATHER SERVICE KING SALMON, AK
124 AM AKST WED JAN 28 2015

...................................
...THE KING SALMON AP CLIMATE SUMMARY FOR JANUARY 27 2015...

CLIMATE NORMAL PERIOD  1981 TO  2010
CLIMATE RECORD PERIOD  1917 TO  2015

WEATHER ITEM   OBSERVED TIME    RECORD YEAR NORMAL DEPARTURE LAST
               VALUE    (LST)   VALUE       VALUE  FROM      YEAR
                                                   NORMAL
...................................................................
TEMPERATURE
YESTERDAY
 MAXIMUM            32  0653 AM    53  1963     24       8     50
 MINIMUM            23  0900 PM   -43  1989      9      14     41
 AVERAGE            28                          16      12     46

PRECIPITATION
(INCHES)
 YESTERDAY        0.00           0.33  2008   0.04   -0.04      T
 MONTH TO DATE    0.52                        0.89   -0.37   1.73
 SINCE DEC 1      2.48                        2.12    0.36   2.86
 SINCE JAN 1      0.52                        0.89   -0.37   1.73

SNOWFALL
(INCHES)
 YESTERDAY         0.0            3.7  1993    0.4    -0.4    0.0
 MONTH TO DATE     0.7                         8.9    -8.2   10.6
 SINCE DEC 1       8.2                        18.4   -10.2   13.8
 SINCE JUL 1      11.7                        28.2   -16.5   25.4
 SNOW DEPTH (IN)     T                                          0

DEGREE DAYS
 HEATING
  YESTERDAY         37                          49     -12     19
  MONTH TO DATE   1143                        1319    -176    830
  SINCE DEC 1     2170                        2757    -587   2172
  SINCE JUL 1     4921                        6132   -1211   5076

 COOLING
  YESTERDAY          0                           0       0      0
  MONTH TO DATE      0                           0       0      0
  SINCE DEC 1        0                           0       0      0
  SINCE JAN 1        0                           0       0      0
...................................................................

WIND (MPH)
 HIGHEST WIND SPEED    14     HIGHEST WIND DIRECTION     90
 HIGHEST GUST SPEED    18     HIGHEST GUST DIRECTION     30
 AVERAGE WIND SPEED   8.1

SKY COVER
  POSSIBLE SUNSHINE    MM          AVERAGE SKY COVER     MM

WEATHER CONDITIONS
 THE FOLLOWING WEATHER WAS RECORDED YESTERDAY.
  NO SIGNIFICANT WEATHER WAS OBSERVED.

RELATIVE HUMIDITY
 HIGHEST RH     MM PERCENT       MM
 LOWEST  RH     MM PERCENT       MM
 AVERAGE RH     MM PERCENT       MM
...................................................................

THE KING SALMON CLIMATE NORMALS FOR TODAY
                           NORMAL    RECORD   YEAR
 MAXIMUM TEMPERATURE (F)     24        48     1963
 MINIMUM TEMPERATURE (F)      9       -48     1989

SUNRISE AND SUNSET
 JAN 28 2015..........SUNRISE  9:42 AM      SUNSET  5:39 PM
 JAN 29 2015..........SUNRISE  9:40 AM      SUNSET  5:41 PM

-  INDICATES NEGATIVE NUMBERS.
R  INDICATES RECORD HAS BEEN SET OR TIED.
MM INDICATES DATA IS MISSING.
T  INDICATES TRACE OF PRECIPITATION.

&&
-------------------------------------------------------------------

AMOUNT OF DAYLIGHT TODAY  (HOUR:MIN)........7 HOURS 57 MINUTES
GAIN/LOSS SINCE YESTERDAY (HOUR:MIN:SEC)....+0:04:26

$$
FS JAN 15
