918
CDAK48 PAFC 230052
CLIAKN


CLIMATE REPORT
NATIONAL WEATHER SERVICE ANCHORAGE, AK
352 PM AKST WED NOV 22 2017


...................................

...THE KING SALMON CLIMATE SUMMARY FOR NOVEMBER 22 2017...
VALID TODAY AS OF 0300 PM LOCAL TIME.

CLIMATE NORMAL PERIOD 1981 TO 2010
CLIMATE RECORD PERIOD 1917 TO 2017


WEATHER ITEM   OBSERVED TIME   RECORD YEAR NORMAL DEPARTURE LAST
                VALUE   (LST)  VALUE       VALUE  FROM      YEAR
                                                  NORMAL
..................................................................
TEMPERATURE (F)
 TODAY
  MAXIMUM         30    211 PM  52    2010  29      1       28
  MINIMUM          4    232 AM -28    1988  14    -10       12
  AVERAGE         17                        21     -4       20

PRECIPITATION (IN)
  TODAY            0.00          0.66 1967   0.05  -0.05      T
  MONTH TO DATE    0.78                      1.04  -0.26     0.58
  SINCE SEP 1      8.09                      6.31   1.78     6.53
  SINCE JAN 1     18.78                     17.91   0.87    24.50

SNOWFALL (IN)
  TODAY            0.0           3.5  1993   0.2   -0.2       T
  MONTH TO DATE    1.0                       4.5   -3.5      0.8
  SINCE SEP 1      3.6                       7.4   -3.8      0.8
  SINCE JUL 1      3.6                       7.4   -3.8      0.8
  SNOW DEPTH       T

DEGREE DAYS
 HEATING
  TODAY           48                        44      4       45
  MONTH TO DATE  833                       909    -76      838
  SINCE SEP 1   2129                      2407   -278     1992
  SINCE JUL 1   2626                      3023   -397     2309

 COOLING
  TODAY            0                         0      0        0
  MONTH TO DATE    0                         0      0        0
  SINCE SEP 1      0                         0      0        0
  SINCE JAN 1      1                         1      0        0
..................................................................


WIND (MPH)
  RESULTANT WIND SPEED   3   RESULTANT WIND DIRECTION  SE (120)
  HIGHEST WIND SPEED    10   HIGHEST WIND DIRECTION     S (180)
  HIGHEST GUST SPEED    13   HIGHEST GUST DIRECTION     S (160)
  AVERAGE WIND SPEED     4.2



WEATHER CONDITIONS
 THE FOLLOWING WEATHER WAS RECORDED TODAY.
  FOG


RELATIVE HUMIDITY (PERCENT)
 HIGHEST   100
 LOWEST     83
 AVERAGE    92

..........................................................


THE KING SALMON CLIMATE NORMALS FOR TOMORROW
                         NORMAL    RECORD    YEAR
 MAXIMUM TEMPERATURE (F)   29        51      2010
 MINIMUM TEMPERATURE (F)   14       -19      2011
                                             2005


SUNRISE AND SUNSET
NOVEMBER 22 2017......SUNRISE   934 AM AKST  SUNSET   451 PM AKST
NOVEMBER 23 2017......SUNRISE   936 AM AKST  SUNSET   450 PM AKST


-  INDICATES NEGATIVE NUMBERS.
R  INDICATES RECORD WAS SET OR TIED.
MM INDICATES DATA IS MISSING.
T  INDICATES TRACE AMOUNT.




$$
