000
CDAK48 PAKN 220919
CLIAKN

CLIMATE REPORT
NATIONAL WEATHER SERVICE KING SALMON, AK
120 AM AKDT WED OCT 22 2014

...................................
...THE KING SALMON AP CLIMATE SUMMARY FOR OCTOBER 21 2014...

CLIMATE NORMAL PERIOD  1981 TO  2010
CLIMATE RECORD PERIOD  1917 TO  2014

WEATHER ITEM   OBSERVED TIME    RECORD YEAR NORMAL DEPARTURE LAST
               VALUE    (LST)   VALUE       VALUE  FROM      YEAR
                                                   NORMAL
...................................................................
TEMPERATURE
YESTERDAY
 MAXIMUM            42  0259 PM    53  2002     39       3     43
 MINIMUM            21  0842 AM     3  2001     23      -2     32
 AVERAGE            32                          31       1     38

PRECIPITATION
(INCHES)
 YESTERDAY        0.00           0.98  1974   0.06   -0.06   0.08
 MONTH TO DATE    0.02                        1.55   -1.53   3.81
 SINCE SEP 1      3.39                        4.74   -1.35   5.89
 SINCE JAN 1     17.66                       16.34    1.32  19.98

SNOWFALL
(INCHES)
 YESTERDAY         0.0            8.7  1983    0.1    -0.1      T
 MONTH TO DATE     0.2                         1.3    -1.1      T
 SINCE SEP 1       0.2                         1.4    -1.2    0.0
 SINCE JUL 1       0.2                         1.4    -1.2      T
 SNOW DEPTH (IN)     0                                          0

DEGREE DAYS
 HEATING
  YESTERDAY         33                          34      -1     27
  MONTH TO DATE    649                         614      35    430
  SINCE SEP 1     1063                        1137     -74    964
  SINCE JUL 1     1537                        1749    -212   1467

 COOLING
  YESTERDAY          0                           0       0      0
  MONTH TO DATE      0                           0       0      0
  SINCE SEP 1        0                           0       0      0
  SINCE JAN 1        0                           0       0      4
...................................................................

WIND (MPH)
 HIGHEST WIND SPEED    15     HIGHEST WIND DIRECTION     10
 HIGHEST GUST SPEED    18     HIGHEST GUST DIRECTION     20
 AVERAGE WIND SPEED   7.2

SKY COVER
  POSSIBLE SUNSHINE    MM          AVERAGE SKY COVER     MM

WEATHER CONDITIONS
 THE FOLLOWING WEATHER WAS RECORDED YESTERDAY.
  NO SIGNIFICANT WEATHER WAS OBSERVED.

RELATIVE HUMIDITY
 HIGHEST RH     MM PERCENT       MM
 LOWEST  RH     MM PERCENT       MM
 AVERAGE RH     MM PERCENT       MM
...................................................................

THE KING SALMON CLIMATE NORMALS FOR TODAY
                           NORMAL    RECORD   YEAR
 MAXIMUM TEMPERATURE (F)     38        52     1929
 MINIMUM TEMPERATURE (F)     23         2     2008

SUNRISE AND SUNSET
 OCT 22 2014..........SUNRISE  9:21 AM      SUNSET  7:01 PM
 OCT 23 2014..........SUNRISE  9:23 AM      SUNSET  6:59 PM

-  INDICATES NEGATIVE NUMBERS.
R  INDICATES RECORD HAS BEEN SET OR TIED.
MM INDICATES DATA IS MISSING.
T  INDICATES TRACE OF PRECIPITATION.

&&
-------------------------------------------------------------------

AMOUNT OF DAYLIGHT TODAY  (HOUR:MIN)........9 HOURS 40 MINUTES
GAIN/LOSS SINCE YESTERDAY (HOUR:MIN:SEC)....-0:05:01

$$
FS OCT 14
