000
CDAK48 PAKN 260912
CLIAKN

CLIMATE REPORT
NATIONAL WEATHER SERVICE KING SALMON, AK
112 AM AKDT SAT JUL 26 2014

...................................
...THE KING SALMON AP CLIMATE SUMMARY FOR JULY 25 2014...

CLIMATE NORMAL PERIOD  1981 TO  2010
CLIMATE RECORD PERIOD  1949 TO  2014

WEATHER ITEM   OBSERVED TIME    RECORD YEAR NORMAL DEPARTURE LAST
               VALUE    (LST)   VALUE       VALUE  FROM      YEAR
                                                   NORMAL
...................................................................
TEMPERATURE
YESTERDAY
 MAXIMUM            65  0554 PM    80  2013     64       1     80
 MINIMUM            49  0700 AM    36  1976     48       1     52
 AVERAGE            57                          56       1     66

PRECIPITATION
(INCHES)
 YESTERDAY        0.05           0.67  2010   0.08   -0.03   0.00
 MONTH TO DATE    2.20                        1.79    0.41   1.30
 SINCE JUN 1      5.45                        3.44    2.01   2.35
 SINCE JAN 1     10.58                        8.14    2.44   8.71

SNOWFALL
(INCHES)
 YESTERDAY         0.0            0.0  2014    0.0     0.0    0.0
 MONTH TO DATE     0.0                         0.0     0.0    0.0
 SINCE JUN 1       0.0                         0.0     0.0    0.0
 SINCE JUL 1       0.0                         0.0     0.0    0.0
 SNOW DEPTH (IN)     0                                          0

DEGREE DAYS
 HEATING
  YESTERDAY          8                           9      -1      0
  MONTH TO DATE    194                         236     -42    217
  SINCE JUN 1      625                         643     -18    499
  SINCE JUL 1      194                         236     -42    217

 COOLING
  YESTERDAY          0                           0       0      1
  MONTH TO DATE      0                           0       0      1
  SINCE JUN 1        0                           0       0      1
  SINCE JAN 1        0                           0       0      1
...................................................................

WIND (MPH)
 HIGHEST WIND SPEED    21     HIGHEST WIND DIRECTION    360
 HIGHEST GUST SPEED    26     HIGHEST GUST DIRECTION    350
 AVERAGE WIND SPEED  10.3

SKY COVER
  POSSIBLE SUNSHINE    MM          AVERAGE SKY COVER     MM

WEATHER CONDITIONS
 THE FOLLOWING WEATHER WAS RECORDED YESTERDAY.
  FOG
RAIN


RELATIVE HUMIDITY
 HIGHEST RH     MM PERCENT       MM
 LOWEST  RH     MM PERCENT       MM
 AVERAGE RH     MM PERCENT       MM
...................................................................

THE KING SALMON CLIMATE NORMALS FOR TODAY
                           NORMAL    RECORD   YEAR
 MAXIMUM TEMPERATURE (F)     64        82     2013
 MINIMUM TEMPERATURE (F)     48        36     1970

SUNRISE AND SUNSET
 JUL 26 2014..........SUNRISE  6:04 AM      SUNSET 11:02 PM
 JUL 27 2014..........SUNRISE  6:06 AM      SUNSET 11:00 PM

-  INDICATES NEGATIVE NUMBERS.
R  INDICATES RECORD HAS BEEN SET OR TIED.
MM INDICATES DATA IS MISSING.
T  INDICATES TRACE OF PRECIPITATION.

&&
-------------------------------------------------------------------

AMOUNT OF DAYLIGHT TODAY  (HOUR:MIN)........16 HOURS 58 MINUTES
GAIN/LOSS SINCE YESTERDAY (HOUR:MIN:SEC)....-0:04:09

$$
DJH JUL 14
