000
CDAK48 PAKN 311047
CLIAKN

CLIMATE REPORT
NATIONAL WEATHER SERVICE KING SALMON, AK
247 AM AKDT THU JUL 31 2014

...................................
...THE KING SALMON AP CLIMATE SUMMARY FOR JULY 30 2014...

CLIMATE NORMAL PERIOD  1981 TO  2010
CLIMATE RECORD PERIOD  1917 TO  2013

WEATHER ITEM   OBSERVED TIME    RECORD YEAR NORMAL DEPARTURE LAST
               VALUE    (LST)   VALUE       VALUE  FROM      YEAR
                                                   NORMAL
...................................................................
TEMPERATURE
YESTERDAY
 MAXIMUM            80R 0423 PM    79  2002     64      16     77
 MINIMUM            41  0607 AM    38  1931     48      -7     46
 AVERAGE            61                          56       5     62

PRECIPITATION
(INCHES)
 YESTERDAY        0.00           0.83  1928   0.08   -0.08   0.00
 MONTH TO DATE    2.38                        2.21    0.17   1.30
 SINCE JUN 1      5.63                        3.86    1.77   2.35
 SINCE JAN 1     10.76                        8.56    2.20   8.71

SNOWFALL
(INCHES)
 YESTERDAY         0.0            0.0  2014    0.0     0.0    0.0
 MONTH TO DATE     0.0                         0.0     0.0    0.0
 SINCE JUN 1       0.0                         0.0     0.0    0.0
 SINCE JUL 1       0.0                         0.0     0.0    0.0
 SNOW DEPTH (IN)     0                                          0

DEGREE DAYS
 HEATING
  YESTERDAY          4                           9      -5      3
  MONTH TO DATE    232                         281     -49    221
  SINCE JUN 1      663                         688     -25    503
  SINCE JUL 1      232                         281     -49    221

 COOLING
  YESTERDAY          0                           0       0      0
  MONTH TO DATE      0                           0       0      4
  SINCE JUN 1        0                           0       0      4
  SINCE JAN 1        0                           0       0      4
...................................................................

WIND (MPH)
 HIGHEST WIND SPEED    10     HIGHEST WIND DIRECTION    120
 HIGHEST GUST SPEED    15     HIGHEST GUST DIRECTION    150
 AVERAGE WIND SPEED   3.7

SKY COVER
  POSSIBLE SUNSHINE    MM          AVERAGE SKY COVER     MM

WEATHER CONDITIONS
 THE FOLLOWING WEATHER WAS RECORDED YESTERDAY.
  FOG


RELATIVE HUMIDITY
 HIGHEST RH     MM PERCENT       MM
 LOWEST  RH     MM PERCENT       MM
 AVERAGE RH     MM PERCENT       MM
...................................................................

THE KING SALMON CLIMATE NORMALS FOR TODAY
                           NORMAL    RECORD   YEAR
 MAXIMUM TEMPERATURE (F)     64        80     2002
 MINIMUM TEMPERATURE (F)     48        38     1982

SUNRISE AND SUNSET
 JUL 31 2014..........SUNRISE  6:15 AM      SUNSET 10:51 PM
 AUG  1 2014..........SUNRISE  6:17 AM      SUNSET 10:48 PM

-  INDICATES NEGATIVE NUMBERS.
R  INDICATES RECORD HAS BEEN SET OR TIED.
MM INDICATES DATA IS MISSING.
T  INDICATES TRACE OF PRECIPITATION.

&&
-------------------------------------------------------------------

AMOUNT OF DAYLIGHT TODAY  (HOUR:MIN)........16 HOURS 36 MINUTES
GAIN/LOSS SINCE YESTERDAY (HOUR:MIN:SEC)....-0:04:25

$$
FONTENOT
