000
CDUS45 KBOU 220725
CLIAKO


CLIMATE REPORT
NATIONAL WEATHER SERVICE DENVER/BOULDER CO
125 AM MDT MON MAY 22 2017


...................................

...THE AKRON CO CLIMATE SUMMARY FOR MAY 21 2017...

CLIMATE NORMAL PERIOD 1981 TO 2010
CLIMATE RECORD PERIOD 9999 TO 9999


WEATHER ITEM   OBSERVED TIME   RECORD YEAR NORMAL DEPARTURE LAST
                VALUE   (LST)  VALUE       VALUE  FROM      YEAR
                                                  NORMAL
..................................................................
TEMPERATURE (F)
 YESTERDAY
  MAXIMUM         66    111 PM  90    2006  72     -6
  MINIMUM         37    304 AM  32    1974  45     -8
  AVERAGE         52                        59     -7

PRECIPITATION (IN)
  YESTERDAY        0.03          1.38 1961   0.11  -0.08     0.00
  MONTH TO DATE    2.73                      1.88   0.85     1.06
  SINCE MAR 1      6.45                      4.40   2.05     4.34
  SINCE JAN 1      6.56                      5.14   1.42     4.45

DEGREE DAYS
 HEATING
  YESTERDAY       13
  MONTH TO DATE  209

 COOLING
  YESTERDAY        0
  MONTH TO DATE    9
..................................................................


WIND (MPH)
  HIGHEST WIND SPEED    28   HIGHEST WIND DIRECTION     N (350)
  HIGHEST GUST SPEED    33   HIGHEST GUST DIRECTION    NW (330)




RELATIVE HUMIDITY (PERCENT)
 HIGHEST    86
 LOWEST     37
 AVERAGE    62

..........................................................


THE AKRON CO CLIMATE NORMALS FOR TODAY
                         NORMAL    RECORD    YEAR
 MAXIMUM TEMPERATURE (F)   72        95      1939
 MINIMUM TEMPERATURE (F)   46        32      1963


SUNRISE AND SUNSET
MAY 22 2017...........SUNRISE   531 AM MDT   SUNSET   808 PM MDT
MAY 23 2017...........SUNRISE   530 AM MDT   SUNSET   809 PM MDT


-  INDICATES NEGATIVE NUMBERS.
R  INDICATES RECORD WAS SET OR TIED.
MM INDICATES DATA IS MISSING.
T  INDICATES TRACE AMOUNT.




$$
