118
CDUS45 KBOU 290725
CLIAKO


CLIMATE REPORT
NATIONAL WEATHER SERVICE DENVER/BOULDER CO
125 AM MDT FRI JUL 29 2016


...................................

...THE AKRON CO CLIMATE SUMMARY FOR JULY 28 2016...

CLIMATE NORMAL PERIOD 1981 TO 2010
CLIMATE RECORD PERIOD 9999 TO 9999


WEATHER ITEM   OBSERVED TIME   RECORD YEAR NORMAL DEPARTURE LAST
                VALUE   (LST)  VALUE       VALUE  FROM      YEAR
                                                  NORMAL
..................................................................
TEMPERATURE (F)
 YESTERDAY
  MAXIMUM         78    348 PM 100    1959  88    -10
  MINIMUM         60    533 AM  50    1971  60      0
  AVERAGE         69                        74     -5

PRECIPITATION (IN)
  YESTERDAY        T             1.16   MM   0.09  -0.09     0.00
  MONTH TO DATE    2.58                      2.29   0.29     1.82
  SINCE JUN 1      6.52                      4.75   1.77     2.87
  SINCE JAN 1     13.03                     10.93   2.10    10.88

DEGREE DAYS
 HEATING
  YESTERDAY        0
  MONTH TO DATE    0

 COOLING
  YESTERDAY        4
  MONTH TO DATE  260
..................................................................


WIND (MPH)
  HIGHEST WIND SPEED    24   HIGHEST WIND DIRECTION    NE (40)
  HIGHEST GUST SPEED    32   HIGHEST GUST DIRECTION     N (20)




RELATIVE HUMIDITY (PERCENT)
 HIGHEST    90
 LOWEST     50
 AVERAGE    70

..........................................................


THE AKRON CO CLIMATE NORMALS FOR TODAY
                         NORMAL    RECORD    YEAR
 MAXIMUM TEMPERATURE (F)   88       100      2005
 MINIMUM TEMPERATURE (F)   60        47      1917


SUNRISE AND SUNSET
JULY 29 2016..........SUNRISE   549 AM MDT   SUNSET   809 PM MDT
JULY 30 2016..........SUNRISE   550 AM MDT   SUNSET   808 PM MDT


-  INDICATES NEGATIVE NUMBERS.
R  INDICATES RECORD WAS SET OR TIED.
MM INDICATES DATA IS MISSING.
T  INDICATES TRACE AMOUNT.




$$
