000
CDUS45 KBOU 230725
CLIAKO


CLIMATE REPORT
NATIONAL WEATHER SERVICE DENVER/BOULDER CO
125 AM MDT MON OCT 23 2017


...................................

...THE AKRON CO CLIMATE SUMMARY FOR OCTOBER 22 2017...

CLIMATE NORMAL PERIOD 1981 TO 2010
CLIMATE RECORD PERIOD 9999 TO 9999


WEATHER ITEM   OBSERVED TIME   RECORD YEAR NORMAL DEPARTURE LAST
                VALUE   (LST)  VALUE       VALUE  FROM      YEAR
                                                  NORMAL
..................................................................
TEMPERATURE (F)
 YESTERDAY
  MAXIMUM         69    305 PM  84    2003  62      7
  MINIMUM         30   1223 AM  24    1984  35     -5
  AVERAGE         50                        48      2

PRECIPITATION (IN)
  YESTERDAY        0.00          0.58 2015   0.04  -0.04     0.00
  MONTH TO DATE    0.50                      0.88  -0.38     0.46
  SINCE SEP 1      1.79                      2.04  -0.25     1.83
  SINCE JAN 1     13.58                     15.53  -1.95    16.56

DEGREE DAYS
 HEATING
  YESTERDAY       15
  MONTH TO DATE  277

 COOLING
  YESTERDAY        0
  MONTH TO DATE    0
..................................................................


WIND (MPH)
  HIGHEST WIND SPEED    23   HIGHEST WIND DIRECTION    SW (210)
  HIGHEST GUST SPEED    27   HIGHEST GUST DIRECTION    SW (210)




RELATIVE HUMIDITY (PERCENT)
 HIGHEST    54
 LOWEST     17
 AVERAGE    36

..........................................................


THE AKRON CO CLIMATE NORMALS FOR TODAY
                         NORMAL    RECORD    YEAR
 MAXIMUM TEMPERATURE (F)   61        86      2003
 MINIMUM TEMPERATURE (F)   35        17      1938


SUNRISE AND SUNSET
OCTOBER 23 2017.......SUNRISE   712 AM MDT   SUNSET   601 PM MDT
OCTOBER 24 2017.......SUNRISE   714 AM MDT   SUNSET   600 PM MDT


-  INDICATES NEGATIVE NUMBERS.
R  INDICATES RECORD WAS SET OR TIED.
MM INDICATES DATA IS MISSING.
T  INDICATES TRACE AMOUNT.




$$
