000
CDUS45 KBOU 200725
CLIAKO


CLIMATE REPORT
NATIONAL WEATHER SERVICE BOULDER, CO
125 AM MDT MON OCT 20 2014


...................................

...THE AKRON CO CLIMATE SUMMARY FOR OCTOBER 19 2014...

CLIMATE NORMAL PERIOD 1981 TO 2010
CLIMATE RECORD PERIOD 9999 TO 9999


WEATHER ITEM   OBSERVED TIME   RECORD YEAR NORMAL DEPARTURE LAST
                VALUE   (LST)  VALUE       VALUE  FROM      YEAR
                                                  NORMAL
..................................................................
TEMPERATURE (F)
 YESTERDAY
  MAXIMUM         74    253 PM  86    2003  63     11
  MINIMUM         40    522 AM  17    1976  36      4
  AVERAGE         57                        49      8

PRECIPITATION (IN)
  YESTERDAY        0.00          0.22 1990   0.03  -0.03     0.00
  MONTH TO DATE    0.22                      0.77  -0.55     1.07
  SINCE SEP 1      2.16                      1.93   0.23     5.36
  SINCE JAN 1     17.76                     15.42   2.34    16.78

DEGREE DAYS
 HEATING
  YESTERDAY        8
  MONTH TO DATE  203

 COOLING
  YESTERDAY        0
  MONTH TO DATE    0
..................................................................


WIND (MPH)
  HIGHEST WIND SPEED    16   HIGHEST WIND DIRECTION     W (270)
  HIGHEST GUST SPEED    19   HIGHEST GUST DIRECTION     W (270)




RELATIVE HUMIDITY (PERCENT)
 HIGHEST    89
 LOWEST     25
 AVERAGE    57

..........................................................


THE AKRON CO CLIMATE NORMALS FOR TODAY
                         NORMAL    RECORD    YEAR
 MAXIMUM TEMPERATURE (F)   62        87      1947
 MINIMUM TEMPERATURE (F)   35        22      1982


SUNRISE AND SUNSET
OCTOBER 20 2014.......SUNRISE   709 AM MDT   SUNSET   606 PM MDT
OCTOBER 21 2014.......SUNRISE   710 AM MDT   SUNSET   604 PM MDT


-  INDICATES NEGATIVE NUMBERS.
R  INDICATES RECORD WAS SET OR TIED.
MM INDICATES DATA IS MISSING.
T  INDICATES TRACE AMOUNT.




$$
