000
CDUS45 KBOU 230734
CLIAKO


CLIMATE REPORT
NATIONAL WEATHER SERVICE DENVER/BOULDER CO
1233 AM MST TUE JAN 23 2018


...................................

...THE AKRON CO CLIMATE SUMMARY FOR JANUARY 22 2018...

CLIMATE NORMAL PERIOD 1981 TO 2010
CLIMATE RECORD PERIOD 9999 TO 9999


WEATHER ITEM   OBSERVED TIME   RECORD YEAR NORMAL DEPARTURE LAST
                VALUE   (LST)  VALUE       VALUE  FROM      YEAR
                                                  NORMAL
..................................................................
TEMPERATURE (F)
 YESTERDAY
  MAXIMUM         33    339 PM  70    1950  40     -7
  MINIMUM         15   1054 PM -11    1962  17     -2
  AVERAGE         24                        29     -5

PRECIPITATION (IN)
  YESTERDAY        T             0.19 1965   0.01  -0.01     0.00
  MONTH TO DATE    0.18                      0.19  -0.01     0.11
  SINCE DEC 1      0.20                      0.59  -0.39     0.25
  SINCE JAN 1      0.18                      0.19  -0.01     0.11

SNOWFALL (IN)
  YESTERDAY       MM
  SNOW DEPTH       0

DEGREE DAYS
 HEATING
  YESTERDAY       41
  MONTH TO DATE  740

 COOLING
  YESTERDAY        0
  MONTH TO DATE    0
..................................................................


WIND (MPH)
  HIGHEST WIND SPEED    33   HIGHEST WIND DIRECTION    NW (330)
  HIGHEST GUST SPEED    41   HIGHEST GUST DIRECTION    NW (330)




RELATIVE HUMIDITY (PERCENT)
 HIGHEST    96
 LOWEST     54
 AVERAGE    75

..........................................................


THE AKRON CO CLIMATE NORMALS FOR TODAY
                         NORMAL    RECORD    YEAR
 MAXIMUM TEMPERATURE (F)   40        64      1970
 MINIMUM TEMPERATURE (F)   17       -14      1963


SUNRISE AND SUNSET
JANUARY 23 2018.......SUNRISE   709 AM MST   SUNSET   501 PM MST
JANUARY 24 2018.......SUNRISE   708 AM MST   SUNSET   502 PM MST


-  INDICATES NEGATIVE NUMBERS.
R  INDICATES RECORD WAS SET OR TIED.
MM INDICATES DATA IS MISSING.
T  INDICATES TRACE AMOUNT.




$$
