000
CDUS45 KBOU 180725
CLIAKO


CLIMATE REPORT
NATIONAL WEATHER SERVICE DENVER/BOULDER CO
125 AM MDT FRI AUG 18 2017


...................................

...THE AKRON CO CLIMATE SUMMARY FOR AUGUST 17 2017...

CLIMATE NORMAL PERIOD 1981 TO 2010
CLIMATE RECORD PERIOD 9999 TO 9999


WEATHER ITEM   OBSERVED TIME   RECORD YEAR NORMAL DEPARTURE LAST
                VALUE   (LST)  VALUE       VALUE  FROM      YEAR
                                                  NORMAL
..................................................................
TEMPERATURE (F)
 YESTERDAY
  MAXIMUM         87    310 PM  98    1939  86      1
  MINIMUM         55    404 AM  41    1960  59     -4
  AVERAGE         71                        72     -1

PRECIPITATION (IN)
  YESTERDAY        0.00          2.49 1949   0.07  -0.07     0.00
  MONTH TO DATE    2.28                      1.44   0.84     1.35
  SINCE JUN 1      5.11                      6.45  -1.34     7.98
  SINCE JAN 1     11.76                     12.63  -0.87    14.49

DEGREE DAYS
 HEATING
  YESTERDAY        0
  MONTH TO DATE    9

 COOLING
  YESTERDAY        6
  MONTH TO DATE   71
..................................................................


WIND (MPH)
  HIGHEST WIND SPEED    30   HIGHEST WIND DIRECTION     N (340)
  HIGHEST GUST SPEED    36   HIGHEST GUST DIRECTION     N (340)




RELATIVE HUMIDITY (PERCENT)
 HIGHEST    83
 LOWEST     18
 AVERAGE    51

..........................................................


THE AKRON CO CLIMATE NORMALS FOR TODAY
                         NORMAL    RECORD    YEAR
 MAXIMUM TEMPERATURE (F)   86       100      1938
 MINIMUM TEMPERATURE (F)   58        47      1978


SUNRISE AND SUNSET
AUGUST 18 2017........SUNRISE   607 AM MDT   SUNSET   745 PM MDT
AUGUST 19 2017........SUNRISE   608 AM MDT   SUNSET   744 PM MDT


-  INDICATES NEGATIVE NUMBERS.
R  INDICATES RECORD WAS SET OR TIED.
MM INDICATES DATA IS MISSING.
T  INDICATES TRACE AMOUNT.




$$
