000
CDUS45 KBOU 310725
CLIAKO


CLIMATE REPORT
NATIONAL WEATHER SERVICE BOULDER, CO
1225 AM MST SAT JAN 31 2015


...................................

...THE AKRON CO CLIMATE SUMMARY FOR JANUARY 30 2015...

CLIMATE NORMAL PERIOD 1981 TO 2010
CLIMATE RECORD PERIOD 9999 TO 9999


WEATHER ITEM   OBSERVED TIME   RECORD YEAR NORMAL DEPARTURE LAST
                VALUE   (LST)  VALUE       VALUE  FROM      YEAR
                                                  NORMAL
..................................................................
TEMPERATURE (F)
 YESTERDAY
  MAXIMUM         46    237 PM  65    1986  40      6
  MINIMUM         29    529 AM -10    1945  17     12
  AVERAGE         38                        29      9

PRECIPITATION (IN)
  YESTERDAY        0.00          0.48 1941   0.02  -0.02     0.09
  MONTH TO DATE    0.16                      0.29  -0.13     0.21
  SINCE DEC 1      0.40                      0.69  -0.29     0.23
  SINCE JAN 1      0.16                      0.29  -0.13     0.21

DEGREE DAYS
 HEATING
  YESTERDAY       27
  MONTH TO DATE 1083

 COOLING
  YESTERDAY        0
  MONTH TO DATE    0
..................................................................


WIND (MPH)
  HIGHEST WIND SPEED    22   HIGHEST WIND DIRECTION    SW (210)
  HIGHEST GUST SPEED    25   HIGHEST GUST DIRECTION    SW (220)




RELATIVE HUMIDITY (PERCENT)
 HIGHEST    82
 LOWEST     51
 AVERAGE    67

..........................................................


THE AKRON CO CLIMATE NORMALS FOR TODAY
                         NORMAL    RECORD    YEAR
 MAXIMUM TEMPERATURE (F)   41        62      1986
 MINIMUM TEMPERATURE (F)   17       -25      1951


SUNRISE AND SUNSET
JANUARY 31 2015.......SUNRISE   703 AM MST   SUNSET   510 PM MST
FEBRUARY  1 2015......SUNRISE   702 AM MST   SUNSET   511 PM MST


-  INDICATES NEGATIVE NUMBERS.
R  INDICATES RECORD WAS SET OR TIED.
MM INDICATES DATA IS MISSING.
T  INDICATES TRACE AMOUNT.




$$
