294
CDUS45 KBOU 040725
CLIAKO


CLIMATE REPORT
NATIONAL WEATHER SERVICE DENVER/BOULDER CO
125 AM MDT WED MAY 4 2016


...................................

...THE AKRON CO CLIMATE SUMMARY FOR MAY 3 2016...

CLIMATE NORMAL PERIOD 1981 TO 2010
CLIMATE RECORD PERIOD 9999 TO 9999


WEATHER ITEM   OBSERVED TIME   RECORD YEAR NORMAL DEPARTURE LAST
                VALUE   (LST)  VALUE       VALUE  FROM      YEAR
                                                  NORMAL
..................................................................
TEMPERATURE (F)
 YESTERDAY
  MAXIMUM         68    422 PM  91    1949  67      1
  MINIMUM         36    511 AM  24    1954  39     -3
  AVERAGE         52                        53     -1

PRECIPITATION (IN)
  YESTERDAY        0.00          1.25 1987   0.08  -0.08      T
  MONTH TO DATE    0.02                      0.23  -0.21     0.04
  SINCE MAR 1      3.30                      2.75   0.55     1.75
  SINCE JAN 1      3.41                      3.49  -0.08     2.03

DEGREE DAYS
 HEATING
  YESTERDAY       13
  MONTH TO DATE   65

 COOLING
  YESTERDAY        0
  MONTH TO DATE    0
..................................................................


WIND (MPH)
  HIGHEST WIND SPEED    25   HIGHEST WIND DIRECTION     N (360)
  HIGHEST GUST SPEED    34   HIGHEST GUST DIRECTION     N (350)




RELATIVE HUMIDITY (PERCENT)
 HIGHEST    85
 LOWEST     22
 AVERAGE    54

..........................................................


THE AKRON CO CLIMATE NORMALS FOR TODAY
                         NORMAL    RECORD    YEAR
 MAXIMUM TEMPERATURE (F)   67        87      2012
                                             2000
 MINIMUM TEMPERATURE (F)   40        26      1955


SUNRISE AND SUNSET
MAY  4 2016...........SUNRISE   548 AM MDT   SUNSET   751 PM MDT
MAY  5 2016...........SUNRISE   547 AM MDT   SUNSET   753 PM MDT


-  INDICATES NEGATIVE NUMBERS.
R  INDICATES RECORD WAS SET OR TIED.
MM INDICATES DATA IS MISSING.
T  INDICATES TRACE AMOUNT.




$$
