000
CDUS45 KBOU 260725
CLIAKO


CLIMATE REPORT
NATIONAL WEATHER SERVICE BOULDER, CO
1225 AM MST WED NOV 26 2014


...................................

...THE AKRON CO CLIMATE SUMMARY FOR NOVEMBER 25 2014...

CLIMATE NORMAL PERIOD 1981 TO 2010
CLIMATE RECORD PERIOD 9999 TO 9999


WEATHER ITEM   OBSERVED TIME   RECORD YEAR NORMAL DEPARTURE LAST
                VALUE   (LST)  VALUE       VALUE  FROM      YEAR
                                                  NORMAL
..................................................................
TEMPERATURE (F)
 YESTERDAY
  MAXIMUM         47    249 PM  74    1960  45      2
  MINIMUM         18   1234 AM  -6    1993  21     -3
  AVERAGE         33                        33      0

PRECIPITATION (IN)
  YESTERDAY        0.05          0.55 1944   0.02   0.03     0.00
  MONTH TO DATE    0.26                      0.50  -0.24     0.16
  SINCE SEP 1      2.42                      2.77  -0.35     5.54
  SINCE JAN 1     18.02                     16.26   1.76    16.96

DEGREE DAYS
 HEATING
  YESTERDAY       32
  MONTH TO DATE  785

 COOLING
  YESTERDAY        0
  MONTH TO DATE    0
..................................................................


WIND (MPH)
  HIGHEST WIND SPEED    25   HIGHEST WIND DIRECTION     N (10)
  HIGHEST GUST SPEED    31   HIGHEST GUST DIRECTION     N (360)




RELATIVE HUMIDITY (PERCENT)
 HIGHEST   100
 LOWEST     23
 AVERAGE    62

..........................................................


THE AKRON CO CLIMATE NORMALS FOR TODAY
                         NORMAL    RECORD    YEAR
 MAXIMUM TEMPERATURE (F)   44        71      1960
 MINIMUM TEMPERATURE (F)   21        -8      1952


SUNRISE AND SUNSET
NOVEMBER 26 2014......SUNRISE   651 AM MST   SUNSET   429 PM MST
NOVEMBER 27 2014......SUNRISE   652 AM MST   SUNSET   429 PM MST


-  INDICATES NEGATIVE NUMBERS.
R  INDICATES RECORD WAS SET OR TIED.
MM INDICATES DATA IS MISSING.
T  INDICATES TRACE AMOUNT.




$$
