000
CDUS45 KBOU 280725
CLIAKO


CLIMATE REPORT
NATIONAL WEATHER SERVICE BOULDER, CO
1225 AM MST SUN DEC 28 2014


...................................

...THE AKRON CO CLIMATE SUMMARY FOR DECEMBER 27 2014...

CLIMATE NORMAL PERIOD 1981 TO 2010
CLIMATE RECORD PERIOD 9999 TO 9999


WEATHER ITEM   OBSERVED TIME   RECORD YEAR NORMAL DEPARTURE LAST
                VALUE   (LST)  VALUE       VALUE  FROM      YEAR
                                                  NORMAL
..................................................................
TEMPERATURE (F)
 YESTERDAY
  MAXIMUM         23    328 PM  73    1980  40    -17
  MINIMUM          3    304 AM -10    1941  16    -13
  AVERAGE         13                        28    -15

PRECIPITATION (IN)
  YESTERDAY        0.00          0.33 1987   0.01  -0.01     0.00
  MONTH TO DATE    0.24                      0.36  -0.12     0.02
  SINCE DEC 1      0.24                      0.36  -0.12     0.02
  SINCE JAN 1     18.35                     16.70   1.65    16.98

DEGREE DAYS
 HEATING
  YESTERDAY       52
  MONTH TO DATE  887

 COOLING
  YESTERDAY        0
  MONTH TO DATE    0
..................................................................


WIND (MPH)
  HIGHEST WIND SPEED    20   HIGHEST WIND DIRECTION     W (270)
  HIGHEST GUST SPEED    22   HIGHEST GUST DIRECTION     W (270)




RELATIVE HUMIDITY (PERCENT)
 HIGHEST   100
 LOWEST     59
 AVERAGE    80

..........................................................


THE AKRON CO CLIMATE NORMALS FOR TODAY
                         NORMAL    RECORD    YEAR
 MAXIMUM TEMPERATURE (F)   40        65      1947
 MINIMUM TEMPERATURE (F)   16       -10      1941


SUNRISE AND SUNSET
DECEMBER 28 2014......SUNRISE   714 AM MST   SUNSET   435 PM MST
DECEMBER 29 2014......SUNRISE   715 AM MST   SUNSET   435 PM MST


-  INDICATES NEGATIVE NUMBERS.
R  INDICATES RECORD WAS SET OR TIED.
MM INDICATES DATA IS MISSING.
T  INDICATES TRACE AMOUNT.




$$
