000
CDUS45 KBOU 220725
CLIAKO


CLIMATE REPORT
NATIONAL WEATHER SERVICE BOULDER, CO
125 AM MDT TUE JUL 22 2014


...................................

...THE AKRON CO CLIMATE SUMMARY FOR JULY 21 2014...

CLIMATE NORMAL PERIOD 1981 TO 2010
CLIMATE RECORD PERIOD 9999 TO 9999


WEATHER ITEM   OBSERVED TIME   RECORD YEAR NORMAL DEPARTURE LAST
                VALUE   (LST)  VALUE       VALUE  FROM      YEAR
                                                  NORMAL
..................................................................
TEMPERATURE (F)
 YESTERDAY
  MAXIMUM         98   1243 PM 103    2005  89      9
  MINIMUM         67    521 AM  48    1990  60      7
  AVERAGE         83                        75      8

PRECIPITATION (IN)
  YESTERDAY        0.00          2.30 1974   0.09  -0.09     0.00
  MONTH TO DATE    1.12                      1.65  -0.53     3.01
  SINCE JUN 1      4.94                      4.11   0.83     4.21
  SINCE JAN 1      9.64                     10.29  -0.65     8.10

DEGREE DAYS
 HEATING
  YESTERDAY        0
  MONTH TO DATE   10

 COOLING
  YESTERDAY       18
  MONTH TO DATE  176
..................................................................


WIND (MPH)
  HIGHEST WIND SPEED    21   HIGHEST WIND DIRECTION     N (340)
  HIGHEST GUST SPEED    25   HIGHEST GUST DIRECTION     S (200)




RELATIVE HUMIDITY (PERCENT)
 HIGHEST    53
 LOWEST     13
 AVERAGE    33

..........................................................


THE AKRON CO CLIMATE NORMALS FOR TODAY
                         NORMAL    RECORD    YEAR
 MAXIMUM TEMPERATURE (F)   89       104      2005
 MINIMUM TEMPERATURE (F)   60        46      1990


SUNRISE AND SUNSET
JULY 22 2014..........SUNRISE   542 AM MDT   SUNSET   816 PM MDT
JULY 23 2014..........SUNRISE   543 AM MDT   SUNSET   815 PM MDT


-  INDICATES NEGATIVE NUMBERS.
R  INDICATES RECORD WAS SET OR TIED.
MM INDICATES DATA IS MISSING.
T  INDICATES TRACE AMOUNT.




$$
