000
CDUS41 KALY 260625
CLIALB


CLIMATE REPORT
NATIONAL WEATHER SERVICE ALBANY NY
125 AM EST FRI DEC 26 2014


...................................

...THE ALBANY NY CLIMATE SUMMARY FOR DECEMBER 25 2014...

CLIMATE NORMAL PERIOD 1981 TO 2010
CLIMATE RECORD PERIOD 1874 TO 2014


WEATHER ITEM   OBSERVED TIME   RECORD YEAR NORMAL DEPARTURE LAST
                VALUE   (LST)  VALUE       VALUE  FROM      YEAR
                                                  NORMAL
..................................................................
TEMPERATURE (F)
 YESTERDAY
  MAXIMUM         58    447 AM  66    1889  33     25       23
  MINIMUM         42   1155 PM -22    1969  18     24        9
  AVERAGE         50                        25     25       16

PRECIPITATION (IN)
  YESTERDAY        T             3.30 1945   0.09  -0.09      T
  MONTH TO DATE    4.75                      2.42   2.33     2.47
  SINCE DEC 1      4.75                      2.42   2.33     2.47
  SINCE JAN 1     39.08                     38.84   0.24    42.92

SNOWFALL (IN)
  YESTERDAY        0.0          19.2  2002   0.6   -0.6       T
  MONTH TO DATE   12.2                      10.5    1.7     18.8
  SINCE DEC 1     12.2                      10.5    1.7     18.8
  SINCE JUL 1     24.5                      13.3   11.2     20.9
  SNOW DEPTH       0

DEGREE DAYS
 HEATING
  YESTERDAY       15                        40    -25       49
  MONTH TO DATE  796                       887    -91      925
  SINCE DEC 1    796                       887    -91      925
  SINCE JUL 1   2071                      2291   -220     2295

 COOLING
  YESTERDAY        0                         0      0        0
  MONTH TO DATE    0                         0      0        0
  SINCE DEC 1      0                         0      0        0
  SINCE JAN 1    659                       598     61      763
..................................................................


WIND (MPH)
  HIGHEST WIND SPEED    31   HIGHEST WIND DIRECTION     W (270)
  HIGHEST GUST SPEED    40   HIGHEST GUST DIRECTION     W (270)
  AVERAGE WIND SPEED    16.3


SKY COVER
  AVERAGE SKY COVER 0.9



RELATIVE HUMIDITY (PERCENT)
 HIGHEST    93
 LOWEST     46
 AVERAGE    70

..........................................................


THE ALBANY NY CLIMATE NORMALS FOR TODAY
                         NORMAL    RECORD    YEAR
 MAXIMUM TEMPERATURE (F)   33        59      1895
 MINIMUM TEMPERATURE (F)   18       -17      1914


SUNRISE AND SUNSET
DECEMBER 26 2014......SUNRISE   724 AM EST   SUNSET   427 PM EST
DECEMBER 27 2014......SUNRISE   725 AM EST   SUNSET   428 PM EST


-  INDICATES NEGATIVE NUMBERS.
R  INDICATES RECORD WAS SET OR TIED.
MM INDICATES DATA IS MISSING.
T  INDICATES TRACE AMOUNT.




$$
