000
CDUS43 KDMX 280647 RRB
CLIALO

CLIMATE REPORT
NATIONAL WEATHER SERVICE DES MOINES IA
147 AM CDT MON JUL 28 2014


...................................

...THE WATERLOO IA CLIMATE SUMMARY FOR JULY 27 2014...

CLIMATE NORMAL PERIOD 1981 TO 2010
CLIMATE RECORD PERIOD 1895 TO 2014


WEATHER ITEM   OBSERVED TIME   RECORD YEAR NORMAL DEPARTURE LAST
                VALUE   (LST)  VALUE       VALUE  FROM      YEAR
                                                  NORMAL
..................................................................
TEMPERATURE (F)
 YESTERDAY
  MAXIMUM         76    451 PM 102    1916  84     -8       68
  MINIMUM         63   1159 PM  45    1971  62      1       50
  AVERAGE         70                        73     -3       59

PRECIPITATION (IN)
  YESTERDAY        0.01          2.31 1990   0.14  -0.13     0.00
  MONTH TO DATE    1.14                      4.34  -3.20     4.03
  SINCE JUN 1     10.77                      9.32   1.45     8.71
  SINCE JAN 1     24.80                     21.44   3.36    32.29

SNOWFALL (IN)
  YESTERDAY        0.0          MM      MM   0.0    0.0      0.0
  MONTH TO DATE    0.0                       0.0    0.0      0.0
  SINCE JUN 1      0.0                       0.0    0.0      0.0
  SINCE JUL 1      0.0                       0.0    0.0      0.0
  SNOW DEPTH       0

DEGREE DAYS
 HEATING
  YESTERDAY        0                         0      0        6
  MONTH TO DATE   17                         0     17        6
  SINCE JUN 1     24                        26     -2       44
  SINCE JUL 1     17                         0     17        6

 COOLING
  YESTERDAY        5                         8     -3        0
  MONTH TO DATE  139                       239   -100      249
  SINCE JUN 1    310                       416   -106      417
  SINCE JAN 1    377                       472    -95      470
..................................................................


WIND (MPH)
  HIGHEST WIND SPEED    26   HIGHEST WIND DIRECTION    NW (310)
  HIGHEST GUST SPEED    35   HIGHEST GUST DIRECTION    NW (320)
  AVERAGE WIND SPEED    12.8


SKY COVER
  POSSIBLE SUNSHINE  MM
  AVERAGE SKY COVER 0.4


WEATHER CONDITIONS
 THE FOLLOWING WEATHER WAS RECORDED YESTERDAY.
  LIGHT RAIN
  FOG


RELATIVE HUMIDITY (PERCENT)
 HIGHEST    97           100 AM
 LOWEST     57          1100 AM
 AVERAGE    77

..........................................................


THE WATERLOO IA CLIMATE NORMALS FOR TODAY
                         NORMAL    RECORD    YEAR
 MAXIMUM TEMPERATURE (F)   84       102      1916
 MINIMUM TEMPERATURE (F)   62        45      1925


SUNRISE AND SUNSET
JULY 28 2014..........SUNRISE   558 AM CDT   SUNSET   834 PM CDT
JULY 29 2014..........SUNRISE   559 AM CDT   SUNSET   833 PM CDT


-  INDICATES NEGATIVE NUMBERS.
R  INDICATES RECORD WAS SET OR TIED.
MM INDICATES DATA IS MISSING.
T  INDICATES TRACE AMOUNT.




$$
