000
CDUS43 KDMX 110636 RRA
CLIALO

CLIMATE REPORT
NATIONAL WEATHER SERVICE DES MOINES IA
1234 AM CST THU FEB 11 2016

...................................

...THE WATERLOO IA CLIMATE SUMMARY FOR FEBRUARY 10 2016...

CLIMATE NORMAL PERIOD 1981 TO 2010
CLIMATE RECORD PERIOD 1895 TO 2016


WEATHER ITEM   OBSERVED TIME   RECORD YEAR NORMAL DEPARTURE LAST
                VALUE   (LST)  VALUE       VALUE  FROM      YEAR
                                                  NORMAL
..................................................................
TEMPERATURE (F)
 YESTERDAY
  MAXIMUM         15    351 PM  57    1977  30    -15       32
  MINIMUM          1    458 AM -22    1994  13    -12       17
  AVERAGE          8                        22    -14       25

PRECIPITATION (IN)
  YESTERDAY        0.00          0.47 2013   0.03  -0.03      T
  MONTH TO DATE    0.67                      0.30   0.37     0.58
  SINCE DEC 1      7.37                      2.33   5.04     3.22
  SINCE JAN 1      1.45                      1.13   0.32     1.58

SNOWFALL (IN)
  YESTERDAY        0.0           4.1  1981   0.3   -0.3       T
  MONTH TO DATE    8.7                       3.0    5.7      6.7
  SINCE DEC 1     26.2                      21.1    5.1     17.9
  SINCE JUL 1     38.9                      24.5   14.4     23.3
  SNOW DEPTH       4

DEGREE DAYS
 HEATING
  YESTERDAY       57                        43     14       40
  MONTH TO DATE  437                       445     -8      490
  SINCE DEC 1   2819                      3216   -397     2996
  SINCE JUL 1   4034                      4699   -665     4745

 COOLING
  YESTERDAY        0                         0      0        0
  MONTH TO DATE    0                         0      0        0
  SINCE DEC 1      0                         0      0        0
  SINCE JAN 1      0                         0      0        0
..................................................................


WIND (MPH)
  HIGHEST WIND SPEED    12   HIGHEST WIND DIRECTION     N (350)
  HIGHEST GUST SPEED    13   HIGHEST GUST DIRECTION     N (350)
  AVERAGE WIND SPEED     5.8


SKY COVER
  POSSIBLE SUNSHINE  MM
  AVERAGE SKY COVER 0.5


WEATHER CONDITIONS
 THE FOLLOWING WEATHER WAS RECORDED YESTERDAY.
  NO SIGNIFICANT WEATHER WAS OBSERVED.


RELATIVE HUMIDITY (PERCENT)
 HIGHEST    87           400 AM
 LOWEST     55           400 PM
 AVERAGE    71

..........................................................


THE WATERLOO IA CLIMATE NORMALS FOR TODAY
                         NORMAL    RECORD    YEAR
 MAXIMUM TEMPERATURE (F)   31        58      1999
 MINIMUM TEMPERATURE (F)   13       -25      2014


SUNRISE AND SUNSET
FEBRUARY 11 2016......SUNRISE   712 AM CST   SUNSET   536 PM CST
FEBRUARY 12 2016......SUNRISE   711 AM CST   SUNSET   537 PM CST


-  INDICATES NEGATIVE NUMBERS.
R  INDICATES RECORD WAS SET OR TIED.
MM INDICATES DATA IS MISSING.
T  INDICATES TRACE AMOUNT.

$$

REV
