000
CDUS43 KDMX 212226 RRA
CLIALO

CLIMATE REPORT NATIONAL WEATHER SERVICE DES MOINES IA

525 PM CDT THU AUG 21 2014


...................................

...THE WATERLOO IA CLIMATE SUMMARY FOR AUGUST 21 2014...
VALID TODAY AS OF 0500 PM LOCAL TIME.

CLIMATE NORMAL PERIOD 1981 TO 2010
CLIMATE RECORD PERIOD 1895 TO 2014


WEATHER ITEM   OBSERVED TIME   RECORD YEAR NORMAL DEPARTURE LAST
                VALUE   (LST)  VALUE       VALUE  FROM      YEAR
                                                  NORMAL
..................................................................
TEMPERATURE (F)
 TODAY
  MAXIMUM         85    354 PM 101    1916  82      3       86
  MINIMUM         70    244 AM  39    2004  60     10       69
  AVERAGE         78                        71      7       78

PRECIPITATION (IN)
  TODAY            0.08          1.29 1920   0.14  -0.06      T
  MONTH TO DATE    0.43                      3.01  -2.58     1.53
  SINCE JUN 1     11.20                     12.90  -1.70    10.24
  SINCE JAN 1     25.23                     25.02   0.21    33.82

SNOWFALL (IN)
  TODAY            0.0          MM      MM   0.0    0.0      0.0
  MONTH TO DATE    0.0                       0.0    0.0      0.0
  SINCE JUN 1      0.0                       0.0    0.0      0.0
  SINCE JUL 1      0.0                       0.0    0.0      0.0
  SNOW DEPTH       0

DEGREE DAYS
 HEATING
  TODAY            0                         1     -1        0
  MONTH TO DATE    0                         4     -4        6
  SINCE JUN 1     24                        34    -10       58
  SINCE JUL 1     17                         8      9       20

 COOLING
  TODAY           13                         6      7       13
  MONTH TO DATE  127                       152    -25       79
  SINCE JUN 1    446                       600   -154      502
  SINCE JAN 1    513                       656   -143      555
..................................................................


WIND (MPH)
  HIGHEST WIND SPEED    23   HIGHEST WIND DIRECTION     S (180)
  HIGHEST GUST SPEED    27   HIGHEST GUST DIRECTION     S (190)
  AVERAGE WIND SPEED    10.6


SKY COVER
  POSSIBLE SUNSHINE  MM
  AVERAGE SKY COVER 0.3


WEATHER CONDITIONS
 THE FOLLOWING WEATHER WAS RECORDED TODAY.
  THUNDERSTORM
  LIGHT RAIN
  FOG


RELATIVE HUMIDITY (PERCENT)
 HIGHEST    97           100 AM
 LOWEST     65           200 PM
 AVERAGE    81

..........................................................


THE WATERLOO IA CLIMATE NORMALS FOR TOMORROW
                         NORMAL    RECORD    YEAR
 MAXIMUM TEMPERATURE (F)   82       100      1916
 MINIMUM TEMPERATURE (F)   60        40      1923


SUNRISE AND SUNSET
AUGUST 21 2014........SUNRISE   623 AM CDT   SUNSET   802 PM CDT
AUGUST 22 2014........SUNRISE   624 AM CDT   SUNSET   800 PM CDT


-  INDICATES NEGATIVE NUMBERS.
R  INDICATES RECORD WAS SET OR TIED.
MM INDICATES DATA IS MISSING.
T  INDICATES TRACE AMOUNT.

$$
