000
CDUS43 KDMX 010629 RRB
CLIALO

CLIMATE REPORT
NATIONAL WEATHER SERVICE DES MOINES IA
128 AM CDT TUE SEP 1 2015


...................................

...THE WATERLOO IA CLIMATE SUMMARY FOR AUGUST 31 2015...

CLIMATE NORMAL PERIOD 1981 TO 2010
CLIMATE RECORD PERIOD 1895 TO 2015


WEATHER ITEM   OBSERVED TIME   RECORD YEAR NORMAL DEPARTURE LAST
                VALUE   (LST)  VALUE       VALUE  FROM      YEAR
                                                  NORMAL
..................................................................
TEMPERATURE (F)
 YESTERDAY
  MAXIMUM         85    437 PM  99    2000  80      5       87
  MINIMUM         57    400 AM  36    1915  57      0       57
  AVERAGE         71                        69      2       72

PRECIPITATION (IN)
  YESTERDAY        0.00          1.96 2010   0.12  -0.12     0.49
  MONTH TO DATE    5.56                      4.27   1.29     2.49
  SINCE JUN 1     14.38                     14.16   0.22    13.26
  SINCE JAN 1     25.25                     26.28  -1.03    27.29

SNOWFALL (IN)
  YESTERDAY        0.0          MM      MM   0.0    0.0      0.0
  MONTH TO DATE    0.0                       0.0    0.0      0.0
  SINCE JUN 1      0.0                       0.0    0.0      0.0
  SINCE JUL 1      0.0                       0.0    0.0      0.0
  SNOW DEPTH       0

DEGREE DAYS
 HEATING
  YESTERDAY        0                         1     -1        0
  MONTH TO DATE   20                        14      6        0
  SINCE JUN 1     43                        46     -3       24
  SINCE JUL 1     31                        20     11       17

 COOLING
  YESTERDAY        6                         5      1        7
  MONTH TO DATE  146                       208    -62      221
  SINCE JUN 1    528                       656   -128      540
  SINCE JAN 1    575                       712   -137      607
..................................................................


WIND (MPH)
  HIGHEST WIND SPEED    16   HIGHEST WIND DIRECTION     S (180)
  HIGHEST GUST SPEED    21   HIGHEST GUST DIRECTION     S (180)
  AVERAGE WIND SPEED     7.2


SKY COVER
  POSSIBLE SUNSHINE  MM
  AVERAGE SKY COVER 0.3


WEATHER CONDITIONS
 THE FOLLOWING WEATHER WAS RECORDED YESTERDAY.
  FOG
  FOG W/VISIBILITY <= 1/4 MILE


RELATIVE HUMIDITY (PERCENT)
 HIGHEST   100           100 AM
 LOWEST     65           100 PM
 AVERAGE    83

..........................................................


THE WATERLOO IA CLIMATE NORMALS FOR TODAY
                         NORMAL    RECORD    YEAR
 MAXIMUM TEMPERATURE (F)   80        97      1984
                                             1922
 MINIMUM TEMPERATURE (F)   57        36      1967
                                             1949


SUNRISE AND SUNSET
SEPTEMBER  1 2015.....SUNRISE   634 AM CDT   SUNSET   744 PM CDT
SEPTEMBER  2 2015.....SUNRISE   635 AM CDT   SUNSET   742 PM CDT


-  INDICATES NEGATIVE NUMBERS.
R  INDICATES RECORD WAS SET OR TIED.
MM INDICATES DATA IS MISSING.
T  INDICATES TRACE AMOUNT.




$$
