000
CDUS45 KPUB 161159
CLIALS


CLIMATE REPORT
NATIONAL WEATHER SERVICE PUEBLO
458 AM MST SAT DEC 16 2017


...................................

...THE ALAMOSA CO CLIMATE SUMMARY FOR DECEMBER 15 2017...

CLIMATE NORMAL PERIOD 1981 TO 2010
CLIMATE RECORD PERIOD 1932 TO 2017


WEATHER ITEM   OBSERVED TIME   RECORD YEAR NORMAL DEPARTURE LAST
                VALUE   (LST)  VALUE       VALUE  FROM      YEAR
                                                  NORMAL
..................................................................
TEMPERATURE (F)
 YESTERDAY
  MAXIMUM         39    410 PM  60    2016  35      4       60
  MINIMUM         -4    217 AM -32    1964   0     -4       24
  AVERAGE         18                        18      0       42

PRECIPITATION (IN)
  YESTERDAY        0.00          0.12 1967   0.01  -0.01     0.00
  MONTH TO DATE    0.14                      0.18  -0.04     0.07
  SINCE DEC 1      0.14                      0.18  -0.04     0.07
  SINCE JAN 1     10.69                      7.14   3.55     8.16

SNOWFALL (IN)
  YESTERDAY        0.0           2.9  1967   0.2   -0.2      0.0
  MONTH TO DATE    1.3                       2.3   -1.0      1.4
  SINCE DEC 1      1.3                       2.3   -1.0      1.4
  SINCE JUL 1      1.7                       8.1   -6.4      2.4
  SNOW DEPTH       1

DEGREE DAYS
 HEATING
  YESTERDAY       47                        48     -1       23
  MONTH TO DATE  595                       683    -88      629
  SINCE DEC 1    595                       683    -88      629
  SINCE JUL 1   2361                      2858   -497     2493

 COOLING
  YESTERDAY        0                         0      0        0
  MONTH TO DATE    0                         0      0        0
  SINCE DEC 1      0                         0      0        0
  SINCE JAN 1     76                        51     25      115
..................................................................


WIND (MPH)
  HIGHEST WIND SPEED     9   HIGHEST WIND DIRECTION     W (250)
  HIGHEST GUST SPEED    12   HIGHEST GUST DIRECTION     E (110)
  AVERAGE WIND SPEED     3.9


SKY COVER
  POSSIBLE SUNSHINE  MM
  AVERAGE SKY COVER 0.0


WEATHER CONDITIONS
 THE FOLLOWING WEATHER WAS RECORDED YESTERDAY.
  NO SIGNIFICANT WEATHER WAS OBSERVED.


RELATIVE HUMIDITY (PERCENT)
 HIGHEST    91          1200 AM
 LOWEST     29           400 PM
 AVERAGE    60

..........................................................


THE ALAMOSA CO CLIMATE NORMALS FOR TODAY
                         NORMAL    RECORD    YEAR
 MAXIMUM TEMPERATURE (F)   35        55      1980
                                             1946
 MINIMUM TEMPERATURE (F)    0       -27      1940


SUNRISE AND SUNSET
DECEMBER 16 2017......SUNRISE   712 AM MST   SUNSET   447 PM MST
DECEMBER 17 2017......SUNRISE   712 AM MST   SUNSET   447 PM MST


-  INDICATES NEGATIVE NUMBERS.
R  INDICATES RECORD WAS SET OR TIED.
MM INDICATES DATA IS MISSING.
T  INDICATES TRACE AMOUNT.




$$
