000
CDUS45 KPUB 241047
CLIALS


CLIMATE REPORT
NATIONAL WEATHER SERVICE PUEBLO
446 AM MDT THU APR 24 2014


...................................

...THE ALAMOSA CO CLIMATE SUMMARY FOR APRIL 23 2014...

CLIMATE NORMAL PERIOD 1981 TO 2010
CLIMATE RECORD PERIOD 1932 TO 2014


WEATHER ITEM   OBSERVED TIME   RECORD YEAR NORMAL DEPARTURE LAST
                VALUE   (LST)  VALUE       VALUE  FROM      YEAR
                                                  NORMAL
..................................................................
TEMPERATURE (F)
 YESTERDAY
  MAXIMUM         66   1225 PM  78    2012  62      4       50
  MINIMUM         38   1159 PM  10    1970  27     11       19
  AVERAGE         52                        44      8       35

PRECIPITATION (IN)
  YESTERDAY        0.00          0.64 1942   0.02  -0.02     0.00
  MONTH TO DATE    1.01                      0.45   0.56     0.32
  SINCE MAR 1      1.41                      0.98   0.43     0.66
  SINCE JAN 1      1.53                      1.50   0.03     0.88

SNOWFALL (IN)
  YESTERDAY        0.0           4.5  1932   0.2   -0.2      0.0
  MONTH TO DATE    6.6                       3.0    3.6      2.2
  SINCE MAR 1     10.0                       8.0    2.0      5.6
  SINCE JUL 1     38.1                      26.1   12.0     21.1
  SNOW DEPTH       0

DEGREE DAYS
 HEATING
  YESTERDAY       13                        21     -8       30
  MONTH TO DATE  495                       557    -62      571
  SINCE MAR 1   1370                      1534   -164     1530
  SINCE JUL 1   7938                      7863     75     8317

 COOLING
  YESTERDAY        0                         0      0        0
  MONTH TO DATE    0                         0      0        0
  SINCE MAR 1      0                         0      0        0
  SINCE JAN 1      0                         0      0        0
..................................................................


WIND (MPH)
  HIGHEST WIND SPEED    37   HIGHEST WIND DIRECTION    SW (230)
  HIGHEST GUST SPEED    44   HIGHEST GUST DIRECTION    SW (230)
  AVERAGE WIND SPEED    17.9


SKY COVER
  POSSIBLE SUNSHINE  MM
  AVERAGE SKY COVER 0.2


WEATHER CONDITIONS
 THE FOLLOWING WEATHER WAS RECORDED YESTERDAY.
  HAZE


RELATIVE HUMIDITY (PERCENT)
 HIGHEST    53           100 AM
 LOWEST     14          1100 AM
 AVERAGE    34

..........................................................


THE ALAMOSA CO CLIMATE NORMALS FOR TODAY
                         NORMAL    RECORD    YEAR
 MAXIMUM TEMPERATURE (F)   62        79      2012
 MINIMUM TEMPERATURE (F)   27        12      1970


SUNRISE AND SUNSET
APRIL 24 2014.........SUNRISE   617 AM MDT   SUNSET   747 PM MDT
APRIL 25 2014.........SUNRISE   615 AM MDT   SUNSET   748 PM MDT


-  INDICATES NEGATIVE NUMBERS.
R  INDICATES RECORD WAS SET OR TIED.
MM INDICATES DATA IS MISSING.
T  INDICATES TRACE AMOUNT.




$$
