000
CDUS45 KPUB 261127
CLIALS


CLIMATE REPORT
NATIONAL WEATHER SERVICE PUEBLO
427 AM MST MON JAN 26 2015


...................................

...THE ALAMOSA CO CLIMATE SUMMARY FOR JANUARY 25 2015...

CLIMATE NORMAL PERIOD 1981 TO 2010
CLIMATE RECORD PERIOD 1932 TO 2015


WEATHER ITEM   OBSERVED TIME   RECORD YEAR NORMAL DEPARTURE LAST
                VALUE   (LST)  VALUE       VALUE  FROM      YEAR
                                                  NORMAL
..................................................................
TEMPERATURE (F)
 YESTERDAY
  MAXIMUM         49    350 PM  56    1935  35     14       30
  MINIMUM          4    731 AM -25    1966  -1      5       -9
                                      1939
  AVERAGE         27                        17     10       11

PRECIPITATION (IN)
  YESTERDAY        0.00          0.08 1949   0.01  -0.01     0.00
  MONTH TO DATE    0.10                      0.21  -0.11      T
  SINCE DEC 1      0.31                      0.56  -0.25     0.17
  SINCE JAN 1      0.10                      0.21  -0.11      T

SNOWFALL (IN)
  YESTERDAY        0.0           1.4  1965   0.1   -0.1      0.0
  MONTH TO DATE    1.0                       3.1   -2.1       T
  SINCE DEC 1      3.3                       7.6   -4.3      4.0
  SINCE JUL 1      4.9                      13.4   -8.5     25.6
  SNOW DEPTH       0

DEGREE DAYS
 HEATING
  YESTERDAY       38                        48    -10       54
  MONTH TO DATE 1052                      1221   -169     1381
  SINCE DEC 1   2361                      2683   -322     3164
  SINCE JUL 1   4204                      4858   -654     5264

 COOLING
  YESTERDAY        0                         0      0        0
  MONTH TO DATE    0                         0      0        0
  SINCE DEC 1      0                         0      0        0
  SINCE JAN 1      0                         0      0        0
..................................................................


WIND (MPH)
  HIGHEST WIND SPEED    10   HIGHEST WIND DIRECTION    SW (230)
  HIGHEST GUST SPEED    17   HIGHEST GUST DIRECTION     N (360)
  AVERAGE WIND SPEED     4.0


SKY COVER
  POSSIBLE SUNSHINE  MM
  AVERAGE SKY COVER 0.0


WEATHER CONDITIONS
 THE FOLLOWING WEATHER WAS RECORDED YESTERDAY.
  NO SIGNIFICANT WEATHER WAS OBSERVED.


RELATIVE HUMIDITY (PERCENT)
 HIGHEST    88           100 AM
 LOWEST     29           300 PM
 AVERAGE    59

..........................................................


THE ALAMOSA CO CLIMATE NORMALS FOR TODAY
                         NORMAL    RECORD    YEAR
 MAXIMUM TEMPERATURE (F)   35        57      1982
                                             1935
 MINIMUM TEMPERATURE (F)    1       -24      1966
                                             1939


SUNRISE AND SUNSET
JANUARY 26 2015.......SUNRISE   711 AM MST   SUNSET   521 PM MST
JANUARY 27 2015.......SUNRISE   711 AM MST   SUNSET   522 PM MST


-  INDICATES NEGATIVE NUMBERS.
R  INDICATES RECORD WAS SET OR TIED.
MM INDICATES DATA IS MISSING.
T  INDICATES TRACE AMOUNT.




$$
