000
CDUS45 KPUB 130021
CLIALS


CLIMATE REPORT
NATIONAL WEATHER SERVICE PUEBLO
520 PM MST FRI FEB 12 2016


...................................

...THE ALAMOSA CO CLIMATE SUMMARY FOR FEBRUARY 12 2016...
VALID TODAY AS OF 0500 PM LOCAL TIME.

CLIMATE NORMAL PERIOD 1981 TO 2010
CLIMATE RECORD PERIOD 1932 TO 2016


WEATHER ITEM   OBSERVED TIME   RECORD YEAR NORMAL DEPARTURE LAST
                VALUE   (LST)  VALUE       VALUE  FROM      YEAR
                                                  NORMAL
..................................................................
TEMPERATURE (F)
 TODAY
  MAXIMUM         55    353 PM  59    1990  39     16       50
  MINIMUM         17    720 AM -33    1948   4     13       10
  AVERAGE         36                        22     14       30

PRECIPITATION (IN)
  TODAY            0.00          0.19 1950   0.01  -0.01     0.00
  MONTH TO DATE    0.15                      0.11   0.04     0.07
  SINCE DEC 1      0.98                      0.72   0.26     0.61
  SINCE JAN 1      0.73                      0.37   0.36     0.40

SNOWFALL (IN)
  TODAY            0.0           4.0  1940   0.1   -0.1      0.0
  MONTH TO DATE    2.0                       1.7    0.3      1.2
  SINCE DEC 1     12.4                      10.2    2.2      6.8
  SINCE JUL 1     16.7                      16.0    0.7      8.4
  SNOW DEPTH       0

DEGREE DAYS
 HEATING
  TODAY           29                        43    -14       35
  MONTH TO DATE  544                       541      3      387
  SINCE DEC 1   3480                      3513    -33     3004
  SINCE JUL 1   5258                      5688   -430     4847

 COOLING
  TODAY            0                         0      0        0
  MONTH TO DATE    0                         0      0        0
  SINCE DEC 1      0                         0      0        0
  SINCE JAN 1      0                         0      0        0
..................................................................


WIND (MPH)
  HIGHEST WIND SPEED     8   HIGHEST WIND DIRECTION     S (190)
  HIGHEST GUST SPEED     9   HIGHEST GUST DIRECTION     W (260)
  AVERAGE WIND SPEED     2.8


SKY COVER
  POSSIBLE SUNSHINE  MM
  AVERAGE SKY COVER 0.0


WEATHER CONDITIONS
 THE FOLLOWING WEATHER WAS RECORDED TODAY.
  NO SIGNIFICANT WEATHER WAS OBSERVED.


RELATIVE HUMIDITY (PERCENT)
 HIGHEST    91           100 AM
 LOWEST     22           400 PM
 AVERAGE    57

..........................................................


THE ALAMOSA CO CLIMATE NORMALS FOR TOMORROW
                         NORMAL    RECORD    YEAR
 MAXIMUM TEMPERATURE (F)   39        57      2015
                                             1954
 MINIMUM TEMPERATURE (F)    5       -35      1948


SUNRISE AND SUNSET
FEBRUARY 12 2016......SUNRISE   656 AM MST   SUNSET   539 PM MST
FEBRUARY 13 2016......SUNRISE   655 AM MST   SUNSET   540 PM MST


-  INDICATES NEGATIVE NUMBERS.
R  INDICATES RECORD WAS SET OR TIED.
MM INDICATES DATA IS MISSING.
T  INDICATES TRACE AMOUNT.




$$
