000
CDUS45 KPUB 251023
CLIALS


CLIMATE REPORT
NATIONAL WEATHER SERVICE PUEBLO
422 AM MDT SAT OCT 25 2014


...................................

...THE ALAMOSA CO CLIMATE SUMMARY FOR OCTOBER 24 2014...

CLIMATE NORMAL PERIOD 1981 TO 2010
CLIMATE RECORD PERIOD 1932 TO 2014


WEATHER ITEM   OBSERVED TIME   RECORD YEAR NORMAL DEPARTURE LAST
                VALUE   (LST)  VALUE       VALUE  FROM      YEAR
                                                  NORMAL
..................................................................
TEMPERATURE (F)
 YESTERDAY
  MAXIMUM         71R   338 PM  70    2011  59     12       64
                                      1988
                                      1950
  MINIMUM         26    620 AM  -8    1945  22      4       20
  AVERAGE         49                        40      9       42

PRECIPITATION (IN)
  YESTERDAY        0.00          0.33 1945   0.03  -0.03     0.00
  MONTH TO DATE    0.70                      0.54   0.16     0.46
  SINCE SEP 1      1.11                      1.45  -0.34     3.44
  SINCE JAN 1      4.99                      6.40  -1.41     8.31

SNOWFALL (IN)
  YESTERDAY        0.0           0.8  1997   0.1   -0.1      0.0
  MONTH TO DATE    T                         1.3   -1.3      3.5
  SINCE SEP 1      T                         1.3   -1.3      3.5
  SINCE JUL 1      T                         1.3   -1.3      3.5
  SNOW DEPTH       0

DEGREE DAYS
 HEATING
  YESTERDAY       16                        25     -9       23
  MONTH TO DATE  412                       492    -80      532
  SINCE SEP 1    591                       794   -203      754
  SINCE JUL 1    712                       923   -211      829

 COOLING
  YESTERDAY        0                         0      0        0
  MONTH TO DATE    0                         0      0        0
  SINCE SEP 1      0                         0      0       14
  SINCE JAN 1     60                        51      9      113
..................................................................


WIND (MPH)
  HIGHEST WIND SPEED    12   HIGHEST WIND DIRECTION    SE (130)
  HIGHEST GUST SPEED    16   HIGHEST GUST DIRECTION    SE (120)
  AVERAGE WIND SPEED     2.7


SKY COVER
  POSSIBLE SUNSHINE  MM
  AVERAGE SKY COVER 0.0


WEATHER CONDITIONS
 THE FOLLOWING WEATHER WAS RECORDED YESTERDAY.
  NO SIGNIFICANT WEATHER WAS OBSERVED.


RELATIVE HUMIDITY (PERCENT)
 HIGHEST    85           100 AM
 LOWEST     15           300 PM
 AVERAGE    50

..........................................................


THE ALAMOSA CO CLIMATE NORMALS FOR TODAY
                         NORMAL    RECORD    YEAR
 MAXIMUM TEMPERATURE (F)   58        75      1959
 MINIMUM TEMPERATURE (F)   21        -1      1932


SUNRISE AND SUNSET
OCTOBER 25 2014.......SUNRISE   721 AM MDT   SUNSET   613 PM MDT
OCTOBER 26 2014.......SUNRISE   722 AM MDT   SUNSET   612 PM MDT


-  INDICATES NEGATIVE NUMBERS.
R  INDICATES RECORD WAS SET OR TIED.
MM INDICATES DATA IS MISSING.
T  INDICATES TRACE AMOUNT.




$$
