322
CDUS45 KPUB 281109
CLIALS


CLIMATE REPORT
NATIONAL WEATHER SERVICE PUEBLO
507 AM MDT SUN AUG 28 2016


...................................

...THE ALAMOSA CO CLIMATE SUMMARY FOR AUGUST 27 2016...

CLIMATE NORMAL PERIOD 1981 TO 2010
CLIMATE RECORD PERIOD 1932 TO 2016


WEATHER ITEM   OBSERVED TIME   RECORD YEAR NORMAL DEPARTURE LAST
                VALUE   (LST)  VALUE       VALUE  FROM      YEAR
                                                  NORMAL
..................................................................
TEMPERATURE (F)
 YESTERDAY
  MAXIMUM         74    234 PM  87    2002  78     -4       77
  MINIMUM         35    550 AM  32    1992  44     -9       46
  AVERAGE         55                        61     -6       62

PRECIPITATION (IN)
  YESTERDAY        0.00          1.31 1993   0.04  -0.04      T
  MONTH TO DATE    2.09                      1.11   0.98     0.46
  SINCE JUN 1      2.91                      2.57   0.34     2.99
  SINCE JAN 1      7.28                      4.79   2.49     6.93

SNOWFALL (IN)
  YESTERDAY        0.0           0.0  2002   0.0    0.0      0.0
  MONTH TO DATE    0.0                       0.0    0.0      0.0
  SINCE JUN 1      0.0                       0.0    0.0      0.0
  SINCE JUL 1      0.0                       0.0    0.0      0.0
  SNOW DEPTH       0

DEGREE DAYS
 HEATING
  YESTERDAY       10                         4      6        3
  MONTH TO DATE  102                        66     36       44
  SINCE JUN 1    171                       279   -108      164
  SINCE JUL 1    115                       111      4       88

 COOLING
  YESTERDAY        0                         0      0        0
  MONTH TO DATE    9                        12     -3       24
  SINCE JUN 1    115                        50     65       73
  SINCE JAN 1    115                        50     65       73
..................................................................


WIND (MPH)
  HIGHEST WIND SPEED    25   HIGHEST WIND DIRECTION    SE (150)
  HIGHEST GUST SPEED    29   HIGHEST GUST DIRECTION    SE (150)
  AVERAGE WIND SPEED     6.9


SKY COVER
  POSSIBLE SUNSHINE  MM
  AVERAGE SKY COVER 0.2


WEATHER CONDITIONS
 THE FOLLOWING WEATHER WAS RECORDED YESTERDAY.
  THUNDERSTORM


RELATIVE HUMIDITY (PERCENT)
 HIGHEST    92           200 AM
 LOWEST     25           100 PM
 AVERAGE    59

..........................................................


THE ALAMOSA CO CLIMATE NORMALS FOR TODAY
                         NORMAL    RECORD    YEAR
 MAXIMUM TEMPERATURE (F)   78        87      2011
 MINIMUM TEMPERATURE (F)   44        30      1964


SUNRISE AND SUNSET
AUGUST 28 2016........SUNRISE   631 AM MDT   SUNSET   737 PM MDT
AUGUST 29 2016........SUNRISE   632 AM MDT   SUNSET   736 PM MDT


-  INDICATES NEGATIVE NUMBERS.
R  INDICATES RECORD WAS SET OR TIED.
MM INDICATES DATA IS MISSING.
T  INDICATES TRACE AMOUNT.




$$
