000
CDUS45 KPUB 251136
CLIALS


CLIMATE REPORT
NATIONAL WEATHER SERVICE PUEBLO
436 AM MST THU DEC 25 2014


...................................

...THE ALAMOSA CO CLIMATE SUMMARY FOR DECEMBER 24 2014...

CLIMATE NORMAL PERIOD 1981 TO 2010
CLIMATE RECORD PERIOD 1932 TO 2014


WEATHER ITEM   OBSERVED TIME   RECORD YEAR NORMAL DEPARTURE LAST
                VALUE   (LST)  VALUE       VALUE  FROM      YEAR
                                                  NORMAL
..................................................................
TEMPERATURE (F)
 YESTERDAY
  MAXIMUM         30    402 PM  58    1955  34     -4       27
  MINIMUM         -3    707 AM -33    1990  -1     -2       -8
  AVERAGE         14                        16     -2       10

PRECIPITATION (IN)
  YESTERDAY        0.00          0.13 1987   0.01  -0.01     0.00
  MONTH TO DATE    0.18                      0.28  -0.10     0.04
  SINCE DEC 1      0.18                      0.28  -0.10     0.04
  SINCE JAN 1      5.51                      7.24  -1.73    10.05

SNOWFALL (IN)
  YESTERDAY        0.0           2.6  1987   0.1   -0.1      0.0
  MONTH TO DATE    0.9                       3.6   -2.7      1.0
  SINCE DEC 1      0.9                       3.6   -2.7      1.0
  SINCE JUL 1      2.5                       9.4   -6.9     22.6
  SNOW DEPTH       0

DEGREE DAYS
 HEATING
  YESTERDAY       51                        49      2       55
  MONTH TO DATE  932                      1119   -187     1368
  SINCE DEC 1    932                      1119   -187     1368
  SINCE JUL 1   2775                      3294   -519     3468

 COOLING
  YESTERDAY        0                         0      0        0
  MONTH TO DATE    0                         0      0        0
  SINCE DEC 1      0                         0      0        0
  SINCE JAN 1     60                        51      9      113
..................................................................


WIND (MPH)
  HIGHEST WIND SPEED    12   HIGHEST WIND DIRECTION    NE (50)
  HIGHEST GUST SPEED    14   HIGHEST GUST DIRECTION    NE (50)
  AVERAGE WIND SPEED     4.8


SKY COVER
  POSSIBLE SUNSHINE  MM
  AVERAGE SKY COVER 0.0


WEATHER CONDITIONS
 THE FOLLOWING WEATHER WAS RECORDED YESTERDAY.
  NO SIGNIFICANT WEATHER WAS OBSERVED.


RELATIVE HUMIDITY (PERCENT)
 HIGHEST    79          1200 AM
 LOWEST     28           400 PM
 AVERAGE    54

..........................................................


THE ALAMOSA CO CLIMATE NORMALS FOR TODAY
                         NORMAL    RECORD    YEAR
 MAXIMUM TEMPERATURE (F)   34        60      1942
 MINIMUM TEMPERATURE (F)   -2       -27      1974


SUNRISE AND SUNSET
DECEMBER 25 2014......SUNRISE   716 AM MST   SUNSET   451 PM MST
DECEMBER 26 2014......SUNRISE   716 AM MST   SUNSET   452 PM MST


-  INDICATES NEGATIVE NUMBERS.
R  INDICATES RECORD WAS SET OR TIED.
MM INDICATES DATA IS MISSING.
T  INDICATES TRACE AMOUNT.




$$
