000
CDUS45 KPUB 311037
CLIALS


CLIMATE REPORT
NATIONAL WEATHER SERVICE PUEBLO
437 AM MDT THU JUL 31 2014


...................................

...THE ALAMOSA CO CLIMATE SUMMARY FOR JULY 30 2014...

CLIMATE NORMAL PERIOD 1981 TO 2010
CLIMATE RECORD PERIOD 1932 TO 2014


WEATHER ITEM   OBSERVED TIME   RECORD YEAR NORMAL DEPARTURE LAST
                VALUE   (LST)  VALUE       VALUE  FROM      YEAR
                                                  NORMAL
..................................................................
TEMPERATURE (F)
 YESTERDAY
  MAXIMUM         77    201 PM  90    1972  81     -4       83
                                      1934
  MINIMUM         49    517 AM  39    2004  48      1       41
                                      1944
  AVERAGE         63                        65     -2       62

PRECIPITATION (IN)
  YESTERDAY        0.35          0.56 1951   0.03   0.32     0.00
  MONTH TO DATE    1.50                      0.93   0.57     0.80
  SINCE JUN 1      1.52                      1.42   0.10     1.34
  SINCE JAN 1      3.33                      3.64  -0.31     2.40

SNOWFALL (IN)
  YESTERDAY        0.0           0.0  2002   0.0    0.0      0.0
                                      2001
  MONTH TO DATE    0.0                       0.0    0.0      0.0
  SINCE JUN 1      0.0                       0.0    0.0      0.0
  SINCE JUL 1      0.0                       0.0    0.0      0.0
  SNOW DEPTH       0

DEGREE DAYS
 HEATING
  YESTERDAY        2                         1      1        3
  MONTH TO DATE   20                        39    -19       27
  SINCE JUN 1    146                       207    -61      129
  SINCE JUL 1     20                        39    -19       27

 COOLING
  YESTERDAY        0                         1     -1        0
  MONTH TO DATE   56                        30     26       49
  SINCE JUN 1     57                        36     21       65
  SINCE JAN 1     57                        36     21       65
..................................................................


WIND (MPH)
  HIGHEST WIND SPEED    17   HIGHEST WIND DIRECTION     E (110)
  HIGHEST GUST SPEED    22   HIGHEST GUST DIRECTION     E (110)
  AVERAGE WIND SPEED     4.3


SKY COVER
  POSSIBLE SUNSHINE  MM
  AVERAGE SKY COVER 0.5


WEATHER CONDITIONS
 THE FOLLOWING WEATHER WAS RECORDED YESTERDAY.
  THUNDERSTORM
  HEAVY RAIN
  RAIN
  LIGHT RAIN
  FOG


RELATIVE HUMIDITY (PERCENT)
 HIGHEST    96           300 AM
 LOWEST     36           200 PM
 AVERAGE    66

..........................................................


THE ALAMOSA CO CLIMATE NORMALS FOR TODAY
                         NORMAL    RECORD    YEAR
 MAXIMUM TEMPERATURE (F)   81        90      2008
                                             2002
 MINIMUM TEMPERATURE (F)   48        38      2004


SUNRISE AND SUNSET
JULY 31 2014..........SUNRISE   607 AM MDT   SUNSET   812 PM MDT
AUGUST  1 2014........SUNRISE   608 AM MDT   SUNSET   811 PM MDT


-  INDICATES NEGATIVE NUMBERS.
R  INDICATES RECORD WAS SET OR TIED.
MM INDICATES DATA IS MISSING.
T  INDICATES TRACE AMOUNT.




$$
