000
CDUS44 KAMA 230643
CLIAMA


CLIMATE REPORT
NATIONAL WEATHER SERVICE AMARILLO TX
138 AM CDT WED APR 23 2014


...................................

...THE AMARILLO CLIMATE SUMMARY FOR APRIL 22 2014...

CLIMATE NORMAL PERIOD 1981 TO 2010
CLIMATE RECORD PERIOD 1892 TO 2014


WEATHER ITEM   OBSERVED TIME   RECORD YEAR NORMAL DEPARTURE LAST
                VALUE   (LST)  VALUE       VALUE  FROM      YEAR
                                                  NORMAL
..................................................................
TEMPERATURE (F)
 YESTERDAY
  MAXIMUM         84    425 PM  98    1989  73     11       89
                                      1965
  MINIMUM         50    614 AM  24    1907  44      6       35
  AVERAGE         67                        58      9       62

PRECIPITATION (IN)
  YESTERDAY        0.00          1.14 1913   0.05  -0.05     0.00
  MONTH TO DATE    0.57                      0.98  -0.41     0.05
  SINCE MAR 1      0.77                      2.37  -1.60     0.20
  SINCE JAN 1      1.16                      3.65  -2.49     3.49

SNOWFALL (IN)
  YESTERDAY        0.0           0.8  1907   0.0    0.0      0.0
  MONTH TO DATE    0.4                       0.6   -0.2       T
  SINCE MAR 1      0.7                       3.5   -2.8      0.1
  SINCE JUL 1     12.8                      17.5   -4.7     29.7
  SNOW DEPTH       0

DEGREE DAYS
 HEATING
  YESTERDAY        0                         8     -8        3
  MONTH TO DATE  204                       229    -25      268
  SINCE MAR 1    763                       761      2      705
  SINCE JUL 1   4116                      4038     78     3570

 COOLING
  YESTERDAY        2                         1      1        0
  MONTH TO DATE    7                         8     -1       11
  SINCE MAR 1      7                        10     -3       11
  SINCE JAN 1      7                        10     -3       11
..................................................................


WIND (MPH)
  RESULTANT WIND SPEED  14   RESULTANT WIND DIRECTION   S (160)
  HIGHEST WIND SPEED    29   HIGHEST WIND DIRECTION     S (190)
  HIGHEST GUST SPEED    35   HIGHEST GUST DIRECTION     S (190)
  AVERAGE WIND SPEED    15.9


SKY COVER
  AVERAGE SKY COVER 0.1


WEATHER CONDITIONS
 THE FOLLOWING WEATHER WAS RECORDED YESTERDAY.
  NO SIGNIFICANT WEATHER WAS OBSERVED.


RELATIVE HUMIDITY (PERCENT)
 HIGHEST    77           400 AM
 LOWEST     20           500 PM
 AVERAGE    49

..........................................................


THE AMARILLO CLIMATE NORMALS FOR TODAY
                         NORMAL    RECORD    YEAR
 MAXIMUM TEMPERATURE (F)   73        93      2006
                                             1989
                                             1965
 MINIMUM TEMPERATURE (F)   44        25      2013


SUNRISE AND SUNSET
APRIL 23 2014.........SUNRISE   705 AM CDT   SUNSET   826 PM CDT
APRIL 24 2014.........SUNRISE   703 AM CDT   SUNSET   827 PM CDT


-  INDICATES NEGATIVE NUMBERS.
R  INDICATES RECORD WAS SET OR TIED.
MM INDICATES DATA IS MISSING.
T  INDICATES TRACE AMOUNT.




$$
