000
CDUS44 KAMA 301419
CLIAMA


CLIMATE REPORT
NATIONAL WEATHER SERVICE AMARILLO TX
919 AM CDT SAT MAY 30 2015


...................................

...THE AMARILLO CLIMATE SUMMARY FOR MAY 30 2015...
VALID AS OF 0900 AM LOCAL TIME.

CLIMATE NORMAL PERIOD 1981 TO 2010
CLIMATE RECORD PERIOD 1892 TO 2015


WEATHER ITEM   OBSERVED TIME   RECORD YEAR NORMAL DEPARTURE LAST
                VALUE   (LST)  VALUE       VALUE  FROM      YEAR
                                                  NORMAL
..................................................................
TEMPERATURE (F)
 TODAY
  MINIMUM         54    651 AM  42    1947  56     -2       63

PRECIPITATION (IN)
  TODAY            0.00          2.11 1961   0.10  -0.10     0.00
  MONTH TO DATE    9.29                      2.18   7.11     3.55
  SINCE MAR 1     12.47                      4.97   7.50     4.32
  SINCE JAN 1     14.55                      6.25   8.30     4.71

SNOWFALL (IN)
  TODAY            0.0           0.0    MM   0.0    0.0      0.0
  MONTH TO DATE    0.0                       0.2   -0.2      0.0
  SINCE MAR 1      0.1                       3.8   -3.7      0.7
  SINCE JUL 1     23.9                      17.8    6.1     12.8
  SNOW DEPTH       0

..................................................................


WIND (MPH)
  RESULTANT WIND SPEED  14   RESULTANT WIND DIRECTION   N (10)
  HIGHEST WIND SPEED    30   HIGHEST WIND DIRECTION     N (360)
  HIGHEST GUST SPEED    39   HIGHEST GUST DIRECTION     N (350)
  AVERAGE WIND SPEED    15.0


SKY COVER
  AVERAGE SKY COVER 0.7


WEATHER CONDITIONS
 THE FOLLOWING WEATHER WAS RECORDED TODAY.
  NO SIGNIFICANT WEATHER WAS OBSERVED.


RELATIVE HUMIDITY (PERCENT)
 HIGHEST    83           500 AM
 LOWEST     78          1200 AM
 AVERAGE    81

..........................................................


THE AMARILLO CLIMATE NORMALS FOR TOMORROW
                         NORMAL    RECORD    YEAR
 MAXIMUM TEMPERATURE (F)   84       100      1953
 MINIMUM TEMPERATURE (F)   57        44      1983
                                             1975
                                             1903


SUNRISE AND SUNSET
MAY 30 2015...........SUNRISE   634 AM CDT   SUNSET   855 PM CDT
MAY 31 2015...........SUNRISE   634 AM CDT   SUNSET   855 PM CDT


-  INDICATES NEGATIVE NUMBERS.
R  INDICATES RECORD WAS SET OR TIED.
MM INDICATES DATA IS MISSING.
T  INDICATES TRACE AMOUNT.




$$
