000
CDUS44 KAMA 272134
CLIAMA


CLIMATE REPORT
NATIONAL WEATHER SERVICE AMARILLO TX
431 PM CDT FRI MAR 27 2015


...................................

...THE AMARILLO CLIMATE SUMMARY FOR MARCH 27 2015...
VALID TODAY AS OF 0400 PM LOCAL TIME.

CLIMATE NORMAL PERIOD 1981 TO 2010
CLIMATE RECORD PERIOD 1892 TO 2015


WEATHER ITEM   OBSERVED TIME   RECORD YEAR NORMAL DEPARTURE LAST
                VALUE   (LST)  VALUE       VALUE  FROM      YEAR
                                                  NORMAL
..................................................................
TEMPERATURE (F)
 TODAY
  MAXIMUM         72    254 PM  94    1971  66      6       74
  MINIMUM         34    647 AM   7    1931  36     -2       50
  AVERAGE         53                        51      2       62

PRECIPITATION (IN)
  TODAY            0.00          1.60 1929   0.05  -0.05     0.00
  MONTH TO DATE    0.21                      1.19  -0.98     0.20
  SINCE MAR 1      0.21                      1.19  -0.98     0.20
  SINCE JAN 1      2.29                      2.47  -0.18     0.59

SNOWFALL (IN)
  TODAY            0.0           9.9  2009   0.1   -0.1      0.0
  MONTH TO DATE    0.1                       2.6   -2.5      0.3
  SINCE MAR 1      0.1                       2.6   -2.5      0.3
  SINCE JUL 1     23.9                      16.6    7.3     12.4
  SNOW DEPTH       0

DEGREE DAYS
 HEATING
  TODAY           12                        14     -2        3
  MONTH TO DATE  430                       478    -48      531
  SINCE MAR 1    430                       478    -48      531
  SINCE JUL 1   3555                      3755   -200     3884

 COOLING
  TODAY            0                         0      0        0
  MONTH TO DATE    0                         0      0        0
  SINCE MAR 1      0                         0      0        0
  SINCE JAN 1      0                         0      0        0
..................................................................


WIND (MPH)
  RESULTANT WIND SPEED   3   RESULTANT WIND DIRECTION  SE (140)
  HIGHEST WIND SPEED    14   HIGHEST WIND DIRECTION     S (200)
  HIGHEST GUST SPEED    18   HIGHEST GUST DIRECTION    SE (140)
  AVERAGE WIND SPEED     7.5


SKY COVER
  AVERAGE SKY COVER 0.0


WEATHER CONDITIONS
 THE FOLLOWING WEATHER WAS RECORDED TODAY.
  NO SIGNIFICANT WEATHER WAS OBSERVED.


RELATIVE HUMIDITY (PERCENT)
 HIGHEST    56           700 AM
 LOWEST     19           300 PM
 AVERAGE    38

..........................................................


THE AMARILLO CLIMATE NORMALS FOR TOMORROW
                         NORMAL    RECORD    YEAR
 MAXIMUM TEMPERATURE (F)   66        90      1963
 MINIMUM TEMPERATURE (F)   36         7      1899


SUNRISE AND SUNSET
MARCH 27 2015.........SUNRISE   741 AM CDT   SUNSET   804 PM CDT
MARCH 28 2015.........SUNRISE   739 AM CDT   SUNSET   805 PM CDT


-  INDICATES NEGATIVE NUMBERS.
R  INDICATES RECORD WAS SET OR TIED.
MM INDICATES DATA IS MISSING.
T  INDICATES TRACE AMOUNT.




$$
