000
CDUS44 KAMA 270734
CLIAMA


CLIMATE REPORT
NATIONAL WEATHER SERVICE AMARILLO TX
133 AM CST SAT DEC 27 2014


...................................

...THE AMARILLO CLIMATE SUMMARY FOR DECEMBER 26 2014...

CLIMATE NORMAL PERIOD 1981 TO 2010
CLIMATE RECORD PERIOD 1892 TO 2014


WEATHER ITEM   OBSERVED TIME   RECORD YEAR NORMAL DEPARTURE LAST
                VALUE   (LST)  VALUE       VALUE  FROM      YEAR
                                                  NORMAL
..................................................................
TEMPERATURE (F)
 YESTERDAY
  MAXIMUM         41    117 AM  75    2005  49     -8       55
  MINIMUM         25    636 AM   5    1990  23      2       24
  AVERAGE         33                        36     -3       40

PRECIPITATION (IN)
  YESTERDAY        0.00          1.16 2000   0.02  -0.02     0.00
  MONTH TO DATE    0.12                      0.60  -0.48     0.32
  SINCE DEC 1      0.12                      0.60  -0.48     0.32
  SINCE JAN 1     19.39                     20.25  -0.86    15.20

SNOWFALL (IN)
  YESTERDAY        0.0          16.8  2000   0.1   -0.1      0.0
  MONTH TO DATE    T                         3.2   -3.2      2.2
  SINCE DEC 1      T                         3.2   -3.2      2.2
  SINCE JUL 1      2.5                       5.9   -3.4      6.5
  SNOW DEPTH       0

DEGREE DAYS
 HEATING
  YESTERDAY       32                        29      3       25
  MONTH TO DATE  570                       728   -158      762
  SINCE DEC 1    570                       728   -158      762
  SINCE JUL 1   1364                      1572   -208     1600

 COOLING
  YESTERDAY        0                         0      0        0
  MONTH TO DATE    0                         0      0        0
  SINCE DEC 1      0                         0      0        0
  SINCE JAN 1   1534                      1399    135     1806
..................................................................


WIND (MPH)
  RESULTANT WIND SPEED   6   RESULTANT WIND DIRECTION   N (0)
  HIGHEST WIND SPEED    20   HIGHEST WIND DIRECTION     N (360)
  HIGHEST GUST SPEED    25   HIGHEST GUST DIRECTION     N (10)
  AVERAGE WIND SPEED    12.2


SKY COVER
  AVERAGE SKY COVER 0.7


WEATHER CONDITIONS
 THE FOLLOWING WEATHER WAS RECORDED YESTERDAY.
  HAZE


RELATIVE HUMIDITY (PERCENT)
 HIGHEST    92           800 AM
 LOWEST     54          1200 AM
 AVERAGE    73

..........................................................


THE AMARILLO CLIMATE NORMALS FOR TODAY
                         NORMAL    RECORD    YEAR
 MAXIMUM TEMPERATURE (F)   49        72      2006
 MINIMUM TEMPERATURE (F)   23         2      1911


SUNRISE AND SUNSET
DECEMBER 27 2014......SUNRISE   754 AM CST   SUNSET   542 PM CST
DECEMBER 28 2014......SUNRISE   754 AM CST   SUNSET   543 PM CST


-  INDICATES NEGATIVE NUMBERS.
R  INDICATES RECORD WAS SET OR TIED.
MM INDICATES DATA IS MISSING.
T  INDICATES TRACE AMOUNT.




$$
