000
CDUS44 KAMA 250641
CLIAMA


CLIMATE REPORT
NATIONAL WEATHER SERVICE AMARILLO TX
140 AM CDT SAT OCT 25 2014


...................................

...THE AMARILLO CLIMATE SUMMARY FOR OCTOBER 24 2014...

CLIMATE NORMAL PERIOD 1981 TO 2010
CLIMATE RECORD PERIOD 1892 TO 2014


WEATHER ITEM   OBSERVED TIME   RECORD YEAR NORMAL DEPARTURE LAST
                VALUE   (LST)  VALUE       VALUE  FROM      YEAR
                                                  NORMAL
..................................................................
TEMPERATURE (F)
 YESTERDAY
  MAXIMUM         86    256 PM  88    2012  69     17       64
                                      1927
  MINIMUM         51    732 AM  26    2005  42      9       41
                                      1980
  AVERAGE         69                        56     13       53

PRECIPITATION (IN)
  YESTERDAY        0.00          1.16 1914   0.05  -0.05     0.00
  MONTH TO DATE    1.08                      1.37  -0.29     0.13
  SINCE SEP 1      5.24                      3.29   1.95     1.96
  SINCE JAN 1     18.93                     18.56   0.37    14.33

SNOWFALL (IN)
  YESTERDAY        0.0           T    1935   0.0    0.0      0.0
  MONTH TO DATE    0.0                       0.1   -0.1      0.0
  SINCE SEP 1      T                         0.1   -0.1      0.0
  SINCE JUL 1      T                         0.1   -0.1      0.0
  SNOW DEPTH       0

DEGREE DAYS
 HEATING
  YESTERDAY        0                        10    -10       12
  MONTH TO DATE   88                       157    -69      175
  SINCE SEP 1    112                       200    -88      184
  SINCE JUL 1    112                       201    -89      184

 COOLING
  YESTERDAY        4                         0      4        0
  MONTH TO DATE   31                        25      6       31
  SINCE SEP 1    193                       203    -10      307
  SINCE JAN 1   1523                      1395    128     1803
..................................................................


WIND (MPH)
  RESULTANT WIND SPEED   7   RESULTANT WIND DIRECTION  SW (210)
  HIGHEST WIND SPEED    14   HIGHEST WIND DIRECTION    SW (230)
  HIGHEST GUST SPEED    20   HIGHEST GUST DIRECTION    SW (230)
  AVERAGE WIND SPEED     7.9


SKY COVER
  AVERAGE SKY COVER 0.0


WEATHER CONDITIONS
 THE FOLLOWING WEATHER WAS RECORDED YESTERDAY.
  FOG


RELATIVE HUMIDITY (PERCENT)
 HIGHEST    93           100 AM
 LOWEST     19           300 PM
 AVERAGE    56

..........................................................


THE AMARILLO CLIMATE NORMALS FOR TODAY
                         NORMAL    RECORD    YEAR
 MAXIMUM TEMPERATURE (F)   69        88      1959
                                             1927
 MINIMUM TEMPERATURE (F)   42        26      1997
                                             1898


SUNRISE AND SUNSET
OCTOBER 25 2014.......SUNRISE   802 AM CDT   SUNSET   700 PM CDT
OCTOBER 26 2014.......SUNRISE   803 AM CDT   SUNSET   658 PM CDT


-  INDICATES NEGATIVE NUMBERS.
R  INDICATES RECORD WAS SET OR TIED.
MM INDICATES DATA IS MISSING.
T  INDICATES TRACE AMOUNT.




$$
