000
CDUS44 KAMA 220725
CLIAMA


CLIMATE REPORT
NATIONAL WEATHER SERVICE AMARILLO TX
125 AM CST WED FEB 22 2017


...................................

...THE AMARILLO CLIMATE SUMMARY FOR FEBRUARY 21 2017...

CLIMATE NORMAL PERIOD 1981 TO 2010
CLIMATE RECORD PERIOD 1892 TO 2017


WEATHER ITEM   OBSERVED TIME   RECORD YEAR NORMAL DEPARTURE LAST
                VALUE   (LST)  VALUE       VALUE  FROM      YEAR
                                                  NORMAL
..................................................................
TEMPERATURE (F)
 YESTERDAY
  MAXIMUM         76    447 PM  81    1996  56     20       60
  MINIMUM         31    641 AM   5    1894  28      3       37
  AVERAGE         54                        42     12       49

PRECIPITATION (IN)
  YESTERDAY        0.00          1.25 1971   0.02  -0.02     0.00
  MONTH TO DATE    0.51                      0.42   0.09     0.11
  SINCE DEC 1      3.95                      1.85   2.10     1.08
  SINCE JAN 1      3.68                      1.14   2.54     0.30

SNOWFALL (IN)
  YESTERDAY        0.0          11.4  1971   0.1   -0.1      0.0
  MONTH TO DATE    1.1                       2.5   -1.4       T
  SINCE DEC 1      8.0                      10.9   -2.9      7.6
  SINCE JUL 1      8.0                      13.6   -5.6      8.9
  SNOW DEPTH       0

DEGREE DAYS
 HEATING
  YESTERDAY       11                        23    -12       16
  MONTH TO DATE  368                       535   -167      392
  SINCE DEC 1   1981                      2276   -295     1934
  SINCE JUL 1   2446                      3120   -674     2593

 COOLING
  YESTERDAY        0                         0      0        0
  MONTH TO DATE    5                         0      5        1
  SINCE DEC 1      5                         0      5        1
  SINCE JAN 1      5                         0      5        1
..................................................................


WIND (MPH)
  RESULTANT WIND SPEED   6   RESULTANT WIND DIRECTION  SW (210)
  HIGHEST WIND SPEED    14   HIGHEST WIND DIRECTION     S (190)
  HIGHEST GUST SPEED    18   HIGHEST GUST DIRECTION    SW (210)
  AVERAGE WIND SPEED     7.6


SKY COVER
  AVERAGE SKY COVER 0.0


WEATHER CONDITIONS
 THE FOLLOWING WEATHER WAS RECORDED YESTERDAY.
  NO SIGNIFICANT WEATHER WAS OBSERVED.


RELATIVE HUMIDITY (PERCENT)
 HIGHEST    61           700 AM
 LOWEST     11           200 PM
 AVERAGE    36

..........................................................


THE AMARILLO CLIMATE NORMALS FOR TODAY
                         NORMAL    RECORD    YEAR
 MAXIMUM TEMPERATURE (F)   56        84      1996
 MINIMUM TEMPERATURE (F)   28         5      1914


SUNRISE AND SUNSET
FEBRUARY 22 2017......SUNRISE   725 AM CST   SUNSET   636 PM CST
FEBRUARY 23 2017......SUNRISE   723 AM CST   SUNSET   637 PM CST


-  INDICATES NEGATIVE NUMBERS.
R  INDICATES RECORD WAS SET OR TIED.
MM INDICATES DATA IS MISSING.
T  INDICATES TRACE AMOUNT.




$$
