000
CDUS44 KAMA 180726
CLIAMA


CLIMATE REPORT
NATIONAL WEATHER SERVICE AMARILLO TX
126 AM CST SUN FEB 18 2018


...................................

...THE AMARILLO CLIMATE SUMMARY FOR FEBRUARY 17 2018...

CLIMATE NORMAL PERIOD 1981 TO 2010
CLIMATE RECORD PERIOD 1892 TO 2018


WEATHER ITEM   OBSERVED TIME   RECORD YEAR NORMAL DEPARTURE LAST
                VALUE   (LST)  VALUE       VALUE  FROM      YEAR
                                                  NORMAL
..................................................................
TEMPERATURE (F)
 YESTERDAY
  MAXIMUM         59    316 PM  81    1970  55      4       67
  MINIMUM         34   1102 PM  -4    1910  27      7       31
  AVERAGE         47                        41      6       49

PRECIPITATION (IN)
  YESTERDAY        0.01          1.61 1911   0.02  -0.01     0.00
  MONTH TO DATE    0.01                      0.35  -0.34     0.51
  SINCE DEC 1      0.01                      1.78  -1.77     3.95
  SINCE JAN 1      0.01                      1.07  -1.06     3.68

SNOWFALL (IN)
  YESTERDAY        0.0           7.5  1905   0.1   -0.1      0.0
  MONTH TO DATE    T                         2.2   -2.2      1.1
  SINCE DEC 1      T                        10.6  -10.6      8.0
  SINCE JUL 1      T                        13.3  -13.3      8.0
  SNOW DEPTH       0

DEGREE DAYS
 HEATING
  YESTERDAY       18                        24     -6       16
  MONTH TO DATE  431                       440     -9      324
  SINCE DEC 1   2051                      2181   -130     1937
  SINCE JUL 1   2683                      3025   -342     2402

 COOLING
  YESTERDAY        0                         0      0        0
  MONTH TO DATE    0                         0      0        5
  SINCE DEC 1      0                         0      0        5
  SINCE JAN 1      0                         0      0        5
..................................................................


WIND (MPH)
  RESULTANT WIND SPEED   1   RESULTANT WIND DIRECTION  SE (130)
  HIGHEST WIND SPEED    31   HIGHEST WIND DIRECTION     S (200)
  HIGHEST GUST SPEED    37   HIGHEST GUST DIRECTION     S (200)
  AVERAGE WIND SPEED    14.8


SKY COVER
  AVERAGE SKY COVER 0.0


WEATHER CONDITIONS
 THE FOLLOWING WEATHER WAS RECORDED YESTERDAY.
  LIGHT RAIN


RELATIVE HUMIDITY (PERCENT)
 HIGHEST    92           200 AM
 LOWEST     15           300 PM
 AVERAGE    54

..........................................................


THE AMARILLO CLIMATE NORMALS FOR TODAY
                         NORMAL    RECORD    YEAR
 MAXIMUM TEMPERATURE (F)   55        86      2016
 MINIMUM TEMPERATURE (F)   27         0      1942


SUNRISE AND SUNSET
FEBRUARY 18 2018......SUNRISE   730 AM CST   SUNSET   632 PM CST
FEBRUARY 19 2018......SUNRISE   728 AM CST   SUNSET   633 PM CST


-  INDICATES NEGATIVE NUMBERS.
R  INDICATES RECORD WAS SET OR TIED.
MM INDICATES DATA IS MISSING.
T  INDICATES TRACE AMOUNT.




$$
