000
CDUS42 KJAX 160541
CLIAMG


CLIMATE REPORT
NATIONAL WEATHER SERVICE JACKSONVILLE
131 AM EDT WED APR 16 2014


...................................

...THE ALMA CLIMATE SUMMARY FOR APRIL 15 2014...

CLIMATE NORMAL PERIOD 1981 TO 2010
CLIMATE RECORD PERIOD 1948 TO 2014


WEATHER ITEM   OBSERVED TIME   RECORD YEAR NORMAL DEPARTURE LAST
                VALUE   (LST)  VALUE       VALUE  FROM      YEAR
                                                  NORMAL
..................................................................
TEMPERATURE (F)
 YESTERDAY
  MAXIMUM         72    156 PM  91    1954  79     -7       77
  MINIMUM         46   1159 PM  35    2004  54     -8       53
  AVERAGE         59                        66     -7       65

PRECIPITATION (IN)
  YESTERDAY        1.60          4.11 1961   0.09   1.51     0.00
  MONTH TO DATE    5.56                      1.60   3.96     1.83
  SINCE MAR 1      8.78                      6.35   2.43     4.12
  SINCE JAN 1     12.30                     14.41  -2.11    14.23

SNOWFALL (IN)
  YESTERDAY        0.0           0.0    MM   0.0    0.0      0.0
  MONTH TO DATE    0.0                       0.0    0.0      0.0
  SINCE MAR 1      0.0                       0.0    0.0       T
  SINCE JUL 1      T                         0.1   -0.1       T
  SNOW DEPTH       0

DEGREE DAYS
 HEATING
  YESTERDAY        6                         2      4        0
  MONTH TO DATE   17                        42    -25       47
  SINCE MAR 1    296                       230     66      415
  SINCE JUL 1   1763                      1631    132     1574

 COOLING
  YESTERDAY        0                         3     -3        0
  MONTH TO DATE   33                        38     -5       29
  SINCE MAR 1     37                        76    -39       35
  SINCE JAN 1     45                        92    -47       62
..................................................................


WIND (MPH)
  HIGHEST WIND SPEED    25   HIGHEST WIND DIRECTION    NW (310)
  HIGHEST GUST SPEED    35   HIGHEST GUST DIRECTION    NW (310)
  AVERAGE WIND SPEED     9.7


SKY COVER
  POSSIBLE SUNSHINE  MM
  AVERAGE SKY COVER 0.7


WEATHER CONDITIONS
 THE FOLLOWING WEATHER WAS RECORDED YESTERDAY.
  THUNDERSTORM
  HEAVY RAIN
  RAIN
  LIGHT RAIN
  FOG


RELATIVE HUMIDITY (PERCENT)
 HIGHEST    93           700 AM
 LOWEST     65          1100 PM
 AVERAGE    79

..........................................................


THE ALMA CLIMATE NORMALS FOR TODAY
                         NORMAL    RECORD    YEAR
 MAXIMUM TEMPERATURE (F)   79        92      1967
 MINIMUM TEMPERATURE (F)   54        33      1962


SUNRISE AND SUNSET
APRIL 16 2014.........SUNRISE   701 AM EDT   SUNSET   800 PM EDT
APRIL 17 2014.........SUNRISE   659 AM EDT   SUNSET   800 PM EDT


-  INDICATES NEGATIVE NUMBERS.
R  INDICATES RECORD WAS SET OR TIED.
MM INDICATES DATA IS MISSING.
T  INDICATES TRACE AMOUNT.




$$
