000
CDUS42 KJAX 270536
CLIAMG


CLIMATE REPORT
NATIONAL WEATHER SERVICE JACKSONVILLE FL
136 AM EDT FRI MAY 27 2016


...................................

...THE ALMA CLIMATE SUMMARY FOR MAY 26 2016...

CLIMATE NORMAL PERIOD 1981 TO 2010
CLIMATE RECORD PERIOD 1948 TO 2016


WEATHER ITEM   OBSERVED TIME   RECORD YEAR NORMAL DEPARTURE LAST
                VALUE   (LST)  VALUE       VALUE  FROM      YEAR
                                                  NORMAL
..................................................................
TEMPERATURE (F)
 YESTERDAY
  MAXIMUM         88    236 PM  99    1962  88      0       92
  MINIMUM         61    555 AM  47    1979  65     -4       69
  AVERAGE         75                        76     -1       81

PRECIPITATION (IN)
  YESTERDAY        0.00          1.43 1991   0.10  -0.10     0.55
  MONTH TO DATE    3.34                      1.94   1.40     1.28
  SINCE MAR 1      9.53                      9.50   0.03     7.44
  SINCE JAN 1     18.78                     17.56   1.22    13.27

SNOWFALL (IN)
  YESTERDAY        0.0           0.0    MM   0.0    0.0      0.0
  MONTH TO DATE    0.0                       0.0    0.0      0.0
  SINCE MAR 1      0.0                       0.0    0.0      0.0
  SINCE JUL 1      0.0                       0.1   -0.1      0.0
  SNOW DEPTH       0

DEGREE DAYS
 HEATING
  YESTERDAY        0                         0      0        0
  MONTH TO DATE    7                         3      4        4
  SINCE MAR 1    176                       255    -79      145
  SINCE JUL 1   1274                      1656   -382     1820

 COOLING
  YESTERDAY       10                        11     -1       16
  MONTH TO DATE  207                       215     -8      241
  SINCE MAR 1    380                       353     27      465
  SINCE JAN 1    393                       369     24      468
..................................................................


WIND (MPH)
  HIGHEST WIND SPEED    12   HIGHEST WIND DIRECTION    SE (120)
  HIGHEST GUST SPEED    14   HIGHEST GUST DIRECTION     E (100)
  AVERAGE WIND SPEED     4.3


SKY COVER
  POSSIBLE SUNSHINE  MM
  AVERAGE SKY COVER 0.1


WEATHER CONDITIONS
 THE FOLLOWING WEATHER WAS RECORDED YESTERDAY.
  FOG


RELATIVE HUMIDITY (PERCENT)
 HIGHEST   100           500 AM
 LOWEST     44          1100 AM
 AVERAGE    72

..........................................................


THE ALMA CLIMATE NORMALS FOR TODAY
                         NORMAL    RECORD    YEAR
 MAXIMUM TEMPERATURE (F)   88        99      1967
 MINIMUM TEMPERATURE (F)   65        49      1979


SUNRISE AND SUNSET
MAY 27 2016...........SUNRISE   627 AM EDT   SUNSET   828 PM EDT
MAY 28 2016...........SUNRISE   627 AM EDT   SUNSET   828 PM EDT


-  INDICATES NEGATIVE NUMBERS.
R  INDICATES RECORD WAS SET OR TIED.
MM INDICATES DATA IS MISSING.
T  INDICATES TRACE AMOUNT.




$$
