000
CDUS42 KJAX 281204
CLIAMG


CLIMATE REPORT
NATIONAL WEATHER SERVICE JACKSONVILLE FL
804 AM EDT SUN AUG 28 2016


...................................

...THE ALMA CLIMATE SUMMARY FOR AUGUST 27 2016...

CLIMATE NORMAL PERIOD 1981 TO 2010
CLIMATE RECORD PERIOD 1948 TO 2016


WEATHER ITEM   OBSERVED TIME   RECORD YEAR NORMAL DEPARTURE LAST
                VALUE   (LST)  VALUE       VALUE  FROM      YEAR
                                                  NORMAL
..................................................................
TEMPERATURE (F)
 YESTERDAY
  MAXIMUM         93    313 PM 103    1995  90      3       94
  MINIMUM         64    319 AM  57    1951  71     -7       65
  AVERAGE         79                        80     -1       80

PRECIPITATION (IN)
  YESTERDAY        0.00          4.62 1949   0.16  -0.16     0.00
  MONTH TO DATE    4.06                      4.82  -0.76     2.40
  SINCE JUN 1     10.89                     15.53  -4.64    13.29
  SINCE JAN 1     29.67                     33.62  -3.95    26.56

SNOWFALL (IN)
  YESTERDAY        0.0           0.0    MM   0.0    0.0      0.0
  MONTH TO DATE    0.0                       0.0    0.0      0.0
  SINCE JUN 1      0.0                       0.0    0.0      0.0
  SINCE JUL 1      0.0                       0.0    0.0      0.0
  SNOW DEPTH       0

DEGREE DAYS
 HEATING
  YESTERDAY        0                         0      0        0
  MONTH TO DATE    0                         0      0        0
  SINCE JUN 1      0                         0      0        0
  SINCE JUL 1      0                         0      0        0

 COOLING
  YESTERDAY       14                        15     -1       15
  MONTH TO DATE  483                       445     38      476
  SINCE JUN 1   1564                      1417    147     1522
  SINCE JAN 1   2015                      1847    168     2047
..................................................................


WIND (MPH)
  HIGHEST WIND SPEED    13   HIGHEST WIND DIRECTION     E (100)
  HIGHEST GUST SPEED    20   HIGHEST GUST DIRECTION     E (110)
  AVERAGE WIND SPEED     4.4


SKY COVER
  POSSIBLE SUNSHINE  MM
  AVERAGE SKY COVER 0.2


WEATHER CONDITIONS
 THE FOLLOWING WEATHER WAS RECORDED YESTERDAY.
  FOG


RELATIVE HUMIDITY (PERCENT)
 HIGHEST   100           100 AM
 LOWEST     41           300 PM
 AVERAGE    71

..........................................................


THE ALMA CLIMATE NORMALS FOR TODAY
                         NORMAL    RECORD    YEAR
 MAXIMUM TEMPERATURE (F)   90       101      1995
 MINIMUM TEMPERATURE (F)   71        57      1952


SUNRISE AND SUNSET
AUGUST 28 2016........SUNRISE   704 AM EDT   SUNSET   758 PM EDT
AUGUST 29 2016........SUNRISE   704 AM EDT   SUNSET   757 PM EDT


-  INDICATES NEGATIVE NUMBERS.
R  INDICATES RECORD WAS SET OR TIED.
MM INDICATES DATA IS MISSING.
T  INDICATES TRACE AMOUNT.




$$
