710
CDUS42 KJAX 290532
CLIAMG


CLIMATE REPORT
NATIONAL WEATHER SERVICE JACKSONVILLE FL
132 AM EDT FRI APR 29 2016


...................................

...THE ALMA CLIMATE SUMMARY FOR APRIL 28 2016...

CLIMATE NORMAL PERIOD 1981 TO 2010
CLIMATE RECORD PERIOD 1948 TO 2016


WEATHER ITEM   OBSERVED TIME   RECORD YEAR NORMAL DEPARTURE LAST
                VALUE   (LST)  VALUE       VALUE  FROM      YEAR
                                                  NORMAL
..................................................................
TEMPERATURE (F)
 YESTERDAY
  MAXIMUM         85    127 PM  92    1970  82      3       67
  MINIMUM         66   1153 PM  41    2004  57      9       58
  AVERAGE         76                        69      7       63

PRECIPITATION (IN)
  YESTERDAY        T             1.46 1997   0.07  -0.07     0.02
  MONTH TO DATE    3.31                      2.66   0.65     2.54
  SINCE MAR 1      6.18                      7.41  -1.23     5.05
  SINCE JAN 1     15.43                     15.47  -0.04    10.88

SNOWFALL (IN)
  YESTERDAY        0.0           0.0    MM   0.0    0.0      0.0
  MONTH TO DATE    0.0                       0.0    0.0      0.0
  SINCE MAR 1      0.0                       0.0    0.0      0.0
  SINCE JUL 1      0.0                       0.1   -0.1      0.0
  SNOW DEPTH       0

DEGREE DAYS
 HEATING
  YESTERDAY        0                         1     -1        2
  MONTH TO DATE   56                        61     -5        4
  SINCE MAR 1    169                       249    -80      138
  SINCE JUL 1   1267                      1650   -383     1813

 COOLING
  YESTERDAY       11                         5      6        0
  MONTH TO DATE   66                        90    -24      171
  SINCE MAR 1    146                       128     18      223
  SINCE JAN 1    159                       144     15      226
..................................................................


WIND (MPH)
  HIGHEST WIND SPEED    13   HIGHEST WIND DIRECTION    NW (300)
  HIGHEST GUST SPEED    17   HIGHEST GUST DIRECTION     N (350)
  AVERAGE WIND SPEED     4.1


SKY COVER
  POSSIBLE SUNSHINE  MM
  AVERAGE SKY COVER 0.4


WEATHER CONDITIONS
 THE FOLLOWING WEATHER WAS RECORDED YESTERDAY.
  THUNDERSTORM
  FOG


RELATIVE HUMIDITY (PERCENT)
 HIGHEST   100           600 AM
 LOWEST     62           400 PM
 AVERAGE    81

..........................................................


THE ALMA CLIMATE NORMALS FOR TODAY
                         NORMAL    RECORD    YEAR
 MAXIMUM TEMPERATURE (F)   82        93      2012
 MINIMUM TEMPERATURE (F)   57        38      1967


SUNRISE AND SUNSET
APRIL 29 2016.........SUNRISE   646 AM EDT   SUNSET   809 PM EDT
APRIL 30 2016.........SUNRISE   645 AM EDT   SUNSET   809 PM EDT


-  INDICATES NEGATIVE NUMBERS.
R  INDICATES RECORD WAS SET OR TIED.
MM INDICATES DATA IS MISSING.
T  INDICATES TRACE AMOUNT.




$$
