000
CDUS42 KJAX 220627
CLIAMG


CLIMATE REPORT
NATIONAL WEATHER SERVICE JACKSONVILLE FL
126 AM EST MON JAN 22 2018


...................................

...THE ALMA CLIMATE SUMMARY FOR JANUARY 21 2018...

CLIMATE NORMAL PERIOD 1981 TO 2010
CLIMATE RECORD PERIOD 1948 TO 2018


WEATHER ITEM   OBSERVED TIME   RECORD YEAR NORMAL DEPARTURE LAST
                VALUE   (LST)  VALUE       VALUE  FROM      YEAR
                                                  NORMAL
..................................................................
TEMPERATURE (F)
 YESTERDAY
  MAXIMUM         71    445 PM  81    1959  62      9       77
  MINIMUM         37    751 AM  -1    1985  40     -3       60
  AVERAGE         54                        51      3       69

PRECIPITATION (IN)
  YESTERDAY        0.00          2.91 1983   0.15  -0.15     1.89
  MONTH TO DATE    0.90                      2.80  -1.90     3.85
  SINCE DEC 1      2.76                      6.09  -3.33     8.57
  SINCE JAN 1      0.90                      2.80  -1.90     3.85

SNOWFALL (IN)
  YESTERDAY        0.0           0.0    MM   0.0    0.0      0.0
  MONTH TO DATE    3.0                       0.0    3.0      0.0
  SINCE DEC 1      3.0                       0.1    2.9      0.0
  SINCE JUL 1      3.0                       0.1    2.9      0.0
  SNOW DEPTH       0

DEGREE DAYS
 HEATING
  YESTERDAY       11                        14     -3        0
  MONTH TO DATE  435                       312    123      147
  SINCE DEC 1    806                       708     98      415
  SINCE JUL 1   1017                       952     65      603

 COOLING
  YESTERDAY        0                         0      0        4
  MONTH TO DATE    5                         0      5       26
  SINCE DEC 1     18                        11      7       39
  SINCE JAN 1      5                         0      5       26
..................................................................


WIND (MPH)
  HIGHEST WIND SPEED     7   HIGHEST WIND DIRECTION     E (110)
  HIGHEST GUST SPEED    11   HIGHEST GUST DIRECTION     E (100)
  AVERAGE WIND SPEED     1.5


SKY COVER
  POSSIBLE SUNSHINE  MM
  AVERAGE SKY COVER 0.0


WEATHER CONDITIONS
 THE FOLLOWING WEATHER WAS RECORDED YESTERDAY.
  NO SIGNIFICANT WEATHER WAS OBSERVED.


RELATIVE HUMIDITY (PERCENT)
 HIGHEST    86           800 PM
 LOWEST     33           200 PM
 AVERAGE    60

..........................................................


THE ALMA CLIMATE NORMALS FOR TODAY
                         NORMAL    RECORD    YEAR
 MAXIMUM TEMPERATURE (F)   62        81      1999
 MINIMUM TEMPERATURE (F)   40        16      1985


SUNRISE AND SUNSET
JANUARY 22 2018.......SUNRISE   728 AM EST   SUNSET   556 PM EST
JANUARY 23 2018.......SUNRISE   727 AM EST   SUNSET   557 PM EST


-  INDICATES NEGATIVE NUMBERS.
R  INDICATES RECORD WAS SET OR TIED.
MM INDICATES DATA IS MISSING.
T  INDICATES TRACE AMOUNT.




$$
