000
CDUS42 KJAX 252227
CLIAMG


CLIMATE REPORT
NATIONAL WEATHER SERVICE JACKSONVILLE FL
526 PM EST THU DEC 25 2014


...................................

...THE ALMA CLIMATE SUMMARY FOR DECEMBER 25 2014...
VALID TODAY AS OF 0500 PM LOCAL TIME.

CLIMATE NORMAL PERIOD 1981 TO 2010
CLIMATE RECORD PERIOD 1948 TO 2014


WEATHER ITEM   OBSERVED TIME   RECORD YEAR NORMAL DEPARTURE LAST
                VALUE   (LST)  VALUE       VALUE  FROM      YEAR
                                                  NORMAL
..................................................................
TEMPERATURE (F)
 TODAY
  MAXIMUM         59    300 PM  81    2008  62     -3       52
  MINIMUM         50   1019 AM   9    1983  40     10       33
  AVERAGE         55                        51      4       43

PRECIPITATION (IN)
  TODAY            0.00          1.24 2006   0.11  -0.11     0.00
  MONTH TO DATE    4.27                      2.60   1.67     1.96
  SINCE DEC 1      4.27                      2.60   1.67     1.96
  SINCE JAN 1     42.12                     45.96  -3.84    51.60

SNOWFALL (IN)
  TODAY            0.0           0.0    MM   0.0    0.0      0.0
  MONTH TO DATE    0.0                       0.1   -0.1      0.0
  SINCE DEC 1      0.0                       0.1   -0.1      0.0
  SINCE JUL 1      0.0                       0.1   -0.1      0.0
  SNOW DEPTH       0

DEGREE DAYS
 HEATING
  TODAY           10                        14     -4       22
  MONTH TO DATE  261                       307    -46      212
  SINCE DEC 1    261                       307    -46      212
  SINCE JUL 1    659                       551    108      487

 COOLING
  TODAY            0                         0      0        0
  MONTH TO DATE    0                         7     -7       30
  SINCE DEC 1      0                         7     -7       30
  SINCE JAN 1   2439                      2472    -33     2350
..................................................................


WIND (MPH)
  HIGHEST WIND SPEED    16   HIGHEST WIND DIRECTION     W (280)
  HIGHEST GUST SPEED    24   HIGHEST GUST DIRECTION     W (280)
  AVERAGE WIND SPEED     9.7


SKY COVER
  POSSIBLE SUNSHINE  MM
  AVERAGE SKY COVER 0.3


WEATHER CONDITIONS
 THE FOLLOWING WEATHER WAS RECORDED TODAY.
  NO SIGNIFICANT WEATHER WAS OBSERVED.


RELATIVE HUMIDITY (PERCENT)
 HIGHEST    77           100 AM
 LOWEST     43           300 PM
 AVERAGE    60

..........................................................


THE ALMA CLIMATE NORMALS FOR TOMORROW
                         NORMAL    RECORD    YEAR
 MAXIMUM TEMPERATURE (F)   62        79      1987
 MINIMUM TEMPERATURE (F)   40        11      1983


SUNRISE AND SUNSET
DECEMBER 25 2014......SUNRISE   727 AM EST   SUNSET   533 PM EST
DECEMBER 26 2014......SUNRISE   728 AM EST   SUNSET   534 PM EST


-  INDICATES NEGATIVE NUMBERS.
R  INDICATES RECORD WAS SET OR TIED.
MM INDICATES DATA IS MISSING.
T  INDICATES TRACE AMOUNT.




$$
