000
CDUS42 KJAX 272130
CLIAMG


CLIMATE REPORT
NATIONAL WEATHER SERVICE JACKSONVILLE FL
528 PM EDT THU JUL 27 2017


...................................

...THE ALMA CLIMATE SUMMARY FOR JULY 27 2017...
VALID TODAY AS OF 0500 PM LOCAL TIME.

CLIMATE NORMAL PERIOD 1981 TO 2010
CLIMATE RECORD PERIOD 1948 TO 2017


WEATHER ITEM   OBSERVED TIME   RECORD YEAR NORMAL DEPARTURE LAST
                VALUE   (LST)  VALUE       VALUE  FROM      YEAR
                                                  NORMAL
..................................................................
TEMPERATURE (F)
 TODAY
  MAXIMUM         89    301 PM  99    2014  93     -4       96
                                      2006
                                      1968
  MINIMUM         75    437 AM  67    1985  72      3       72
  AVERAGE         82                        82      0       84

PRECIPITATION (IN)
  TODAY            0.05          2.08 1998   0.18  -0.13     0.00
  MONTH TO DATE    5.46                      4.58   0.88     1.06
  SINCE JUN 1      8.74                      9.96  -1.22     6.26
  SINCE JAN 1     23.39                     28.05  -4.66    25.04

SNOWFALL (IN)
  TODAY            0.0           0.0    MM   0.0    0.0      0.0
  MONTH TO DATE    0.0                       0.0    0.0      0.0
  SINCE JUN 1      0.0                       0.0    0.0      0.0
  SINCE JUL 1      0.0                       0.0    0.0      0.0
  SNOW DEPTH       0

DEGREE DAYS
 HEATING
  TODAY            0                         0      0        0
  MONTH TO DATE    0                         0      0        0
  SINCE JUN 1      0                         0      0        0
  SINCE JUL 1      0                         0      0        0

 COOLING
  TODAY           17                        17      0       19
  MONTH TO DATE  501                       458     43      522
  SINCE JUN 1    947                       901     46      997
  SINCE JAN 1   1546                      1331    215     1448
..................................................................


WIND (MPH)
  HIGHEST WIND SPEED     9   HIGHEST WIND DIRECTION    SE (140)
  HIGHEST GUST SPEED    12   HIGHEST GUST DIRECTION    SE (150)
  AVERAGE WIND SPEED     3.1


SKY COVER
  POSSIBLE SUNSHINE  MM
  AVERAGE SKY COVER 0.8


WEATHER CONDITIONS
 THE FOLLOWING WEATHER WAS RECORDED TODAY.
  LIGHT RAIN
  FOG


RELATIVE HUMIDITY (PERCENT)
 HIGHEST    94          1200 AM
 LOWEST     63           300 PM
 AVERAGE    79

..........................................................


THE ALMA CLIMATE NORMALS FOR TOMORROW
                         NORMAL    RECORD    YEAR
 MAXIMUM TEMPERATURE (F)   92       100      2006
                                             1981
 MINIMUM TEMPERATURE (F)   72        65      1954


SUNRISE AND SUNSET
JULY 27 2017..........SUNRISE   643 AM EDT   SUNSET   830 PM EDT
JULY 28 2017..........SUNRISE   644 AM EDT   SUNSET   829 PM EDT


-  INDICATES NEGATIVE NUMBERS.
R  INDICATES RECORD WAS SET OR TIED.
MM INDICATES DATA IS MISSING.
T  INDICATES TRACE AMOUNT.




$$
