861
CDUS44 KBMX 290742
CLIANB


CLIMATE REPORT
NATIONAL WEATHER SERVICE BIRMINGHAM, AL
241 AM CDT THU SEP 29 2016


...................................

...THE ANNISTON CLIMATE SUMMARY FOR SEPTEMBER 28 2016...

CLIMATE NORMAL PERIOD 1981 TO 2010
CLIMATE RECORD PERIOD 1903 TO 2016


WEATHER ITEM   OBSERVED TIME   RECORD YEAR NORMAL DEPARTURE LAST
                VALUE   (LST)  VALUE       VALUE  FROM      YEAR
                                                  NORMAL
..................................................................
TEMPERATURE (F)
 YESTERDAY
  MAXIMUM         89    337 PM  95    1954  80      9       75
  MINIMUM         57   1141 PM  41    1993  58     -1       69
  AVERAGE         73                        69      4       72

PRECIPITATION (IN)
  YESTERDAY        0.00          2.46 1963   0.10  -0.10     0.13
  MONTH TO DATE    0.61                      2.72  -2.11     2.64
  SINCE SEP 1      0.61                      2.72  -2.11     2.64
  SINCE JAN 1     26.47                     37.64 -11.17    39.80

DEGREE DAYS
 HEATING
  YESTERDAY        0
  MONTH TO DATE    0
  SINCE SEP 1      0
  SINCE JUL 1      0
..................................................................


WIND (MPH)
  HIGHEST WIND SPEED    16   HIGHEST WIND DIRECTION     S (200)
  HIGHEST GUST SPEED    21   HIGHEST GUST DIRECTION     S (190)
  AVERAGE WIND SPEED     3.4


SKY COVER
  AVERAGE SKY COVER 0.0


WEATHER CONDITIONS
 THE FOLLOWING WEATHER WAS RECORDED YESTERDAY.
  NO SIGNIFICANT WEATHER WAS OBSERVED.


RELATIVE HUMIDITY (PERCENT)
 HIGHEST    93
 LOWEST     17
 AVERAGE    55

..........................................................


THE ANNISTON CLIMATE NORMALS FOR TODAY
                         NORMAL    RECORD    YEAR
 MAXIMUM TEMPERATURE (F)   80        95      1904
 MINIMUM TEMPERATURE (F)   58        39      1967


SUNRISE AND SUNSET
SEPTEMBER 29 2016.....SUNRISE   637 AM CDT   SUNSET   630 PM CDT
SEPTEMBER 30 2016.....SUNRISE   637 AM CDT   SUNSET   628 PM CDT


-  INDICATES NEGATIVE NUMBERS.
R  INDICATES RECORD WAS SET OR TIED.
MM INDICATES DATA IS MISSING.
T  INDICATES TRACE AMOUNT.




$$
