000
CDUS44 KBMX 270744
CLIANB


CLIMATE REPORT
NATIONAL WEATHER SERVICE BIRMINGHAM, AL
141 AM CST TUE JAN 27 2015


...................................

...THE ANNISTON CLIMATE SUMMARY FOR JANUARY 26 2015...

CLIMATE NORMAL PERIOD 1981 TO 2010
CLIMATE RECORD PERIOD 1903 TO 2015


WEATHER ITEM   OBSERVED TIME   RECORD YEAR NORMAL DEPARTURE LAST
                VALUE   (LST)  VALUE       VALUE  FROM      YEAR
                                                  NORMAL
..................................................................
TEMPERATURE (F)
 YESTERDAY
  MAXIMUM         45    426 AM  76    1950  54     -9       58
  MINIMUM         32   1130 PM   4    1905  33     -1       22
  AVERAGE         39                        44     -5       40

PRECIPITATION (IN)
  YESTERDAY        T             2.67 1996   0.16  -0.16     0.00
  MONTH TO DATE    5.50                      3.70   1.80     3.08
  SINCE DEC 1     11.72                      7.82   3.90    12.30
  SINCE JAN 1      5.50                      3.70   1.80     3.08

SNOWFALL (IN)
  YESTERDAY        0.0                       0.0             0.0
  MONTH TO DATE    0.0                       0.5             0.0
  SINCE DEC 1      0.0                       0.5             0.0
  SINCE JUL 1      0.0                       0.5             0.0

DEGREE DAYS
 HEATING
  YESTERDAY       26
  MONTH TO DATE  588
  SINCE DEC 1   1098
  SINCE JUL 1   1726
..................................................................


WIND (MPH)
  HIGHEST WIND SPEED    20   HIGHEST WIND DIRECTION     W (290)
  HIGHEST GUST SPEED    29   HIGHEST GUST DIRECTION     W (290)
  AVERAGE WIND SPEED     8.7


SKY COVER
  AVERAGE SKY COVER 0.8


WEATHER CONDITIONS
 THE FOLLOWING WEATHER WAS RECORDED YESTERDAY.
  NO SIGNIFICANT WEATHER WAS OBSERVED.


RELATIVE HUMIDITY (PERCENT)
 HIGHEST    89
 LOWEST     57
 AVERAGE    73

..........................................................


THE ANNISTON CLIMATE NORMALS FOR TODAY
                         NORMAL    RECORD    YEAR
 MAXIMUM TEMPERATURE (F)   54        77      1975
 MINIMUM TEMPERATURE (F)   33         8      1986


SUNRISE AND SUNSET
JANUARY 27 2015.......SUNRISE   643 AM CST   SUNSET   510 PM CST
JANUARY 28 2015.......SUNRISE   642 AM CST   SUNSET   511 PM CST


-  INDICATES NEGATIVE NUMBERS.
R  INDICATES RECORD WAS SET OR TIED.
MM INDICATES DATA IS MISSING.
T  INDICATES TRACE AMOUNT.




$$
