000
CDUS44 KBMX 230954
CLIANB


CLIMATE REPORT
NATIONAL WEATHER SERVICE BIRMINGHAM, AL
454 AM CDT TUE SEP 23 2014


...................................

...THE ANNISTON CLIMATE SUMMARY FOR SEPTEMBER 22 2014...

CLIMATE NORMAL PERIOD 1981 TO 2010
CLIMATE RECORD PERIOD 1903 TO 2014


WEATHER ITEM   OBSERVED TIME   RECORD YEAR NORMAL DEPARTURE LAST
                VALUE   (LST)  VALUE       VALUE  FROM      YEAR
                                                  NORMAL
..................................................................
TEMPERATURE (F)
 YESTERDAY
  MAXIMUM         82    225 PM  98    1955  82      0       82
  MINIMUM         57   1009 PM  36    1903  61     -4       53
  AVERAGE         70                        71     -1       68

PRECIPITATION (IN)
  YESTERDAY        0.02          2.61 1951   0.10  -0.08     0.00
  MONTH TO DATE    1.50                      2.14  -0.64     2.49
  SINCE SEP 1      1.50                      2.14  -0.64     2.49
  SINCE JAN 1     34.14                     37.06  -2.92    60.27

DEGREE DAYS
 HEATING
  YESTERDAY        0
  MONTH TO DATE    0
  SINCE SEP 1      0
  SINCE JUL 1      0
..................................................................


WIND (MPH)
  HIGHEST WIND SPEED    16   HIGHEST WIND DIRECTION     N (360)
  HIGHEST GUST SPEED    22   HIGHEST GUST DIRECTION     N (360)
  AVERAGE WIND SPEED     6.7


SKY COVER
  AVERAGE SKY COVER 0.1


WEATHER CONDITIONS
 THE FOLLOWING WEATHER WAS RECORDED YESTERDAY.
  THUNDERSTORM
  LIGHT RAIN


RELATIVE HUMIDITY (PERCENT)
 HIGHEST    93
 LOWEST     35
 AVERAGE    64

..........................................................


THE ANNISTON CLIMATE NORMALS FOR TODAY
                         NORMAL    RECORD    YEAR
 MAXIMUM TEMPERATURE (F)   82        96      1980
 MINIMUM TEMPERATURE (F)   60        40      1999


SUNRISE AND SUNSET
SEPTEMBER 23 2014.....SUNRISE   632 AM CDT   SUNSET   639 PM CDT
SEPTEMBER 24 2014.....SUNRISE   633 AM CDT   SUNSET   637 PM CDT


-  INDICATES NEGATIVE NUMBERS.
R  INDICATES RECORD WAS SET OR TIED.
MM INDICATES DATA IS MISSING.
T  INDICATES TRACE AMOUNT.




$$
