811
CDUS44 KBMX 240801
CLIANB


CLIMATE REPORT
NATIONAL WEATHER SERVICE BIRMINGHAM, AL
300 AM CDT FRI MAR 24 2017


...................................

...THE ANNISTON CLIMATE SUMMARY FOR MARCH 23 2017...

CLIMATE NORMAL PERIOD 1981 TO 2010
CLIMATE RECORD PERIOD 1903 TO 2017


WEATHER ITEM   OBSERVED TIME   RECORD YEAR NORMAL DEPARTURE LAST
                VALUE   (LST)  VALUE       VALUE  FROM      YEAR
                                                  NORMAL
..................................................................
TEMPERATURE (F)
 YESTERDAY
  MAXIMUM         74    154 PM  87    1995  68      6       73
  MINIMUM         48    251 AM  26    1955  44      4       48
  AVERAGE         61                        56      5       61

PRECIPITATION (IN)
  YESTERDAY        0.00          1.72 1965   0.15  -0.15     0.00
  MONTH TO DATE    2.40                      3.75  -1.35     2.26
  SINCE MAR 1      2.40                      3.75  -1.35     2.26
  SINCE JAN 1     12.92                     13.35  -0.43    11.10

SNOWFALL (IN)
  YESTERDAY        0.0                       0.1             0.0
  MONTH TO DATE    0.0                       0.6             0.0
  SINCE MAR 1      0.0                       0.6             0.0
  SINCE JUL 1      0.0                       1.7              T

DEGREE DAYS
 HEATING
  YESTERDAY        4
  MONTH TO DATE  272
  SINCE MAR 1    272
  SINCE JUL 1   1745
..................................................................


WIND (MPH)
  HIGHEST WIND SPEED    17   HIGHEST WIND DIRECTION    SE (120)
  HIGHEST GUST SPEED    23   HIGHEST GUST DIRECTION     E (100)
  AVERAGE WIND SPEED     9.1


SKY COVER
  AVERAGE SKY COVER 0.3


WEATHER CONDITIONS
 THE FOLLOWING WEATHER WAS RECORDED YESTERDAY.
  NO SIGNIFICANT WEATHER WAS OBSERVED.


RELATIVE HUMIDITY (PERCENT)
 HIGHEST    60
 LOWEST     40
 AVERAGE    50

..........................................................


THE ANNISTON CLIMATE NORMALS FOR TODAY
                         NORMAL    RECORD    YEAR
 MAXIMUM TEMPERATURE (F)   69        84      2007
                                             1947
 MINIMUM TEMPERATURE (F)   44        24      1968


SUNRISE AND SUNSET
MARCH 24 2017.........SUNRISE   641 AM CDT   SUNSET   658 PM CDT
MARCH 25 2017.........SUNRISE   640 AM CDT   SUNSET   659 PM CDT


-  INDICATES NEGATIVE NUMBERS.
R  INDICATES RECORD WAS SET OR TIED.
MM INDICATES DATA IS MISSING.
T  INDICATES TRACE AMOUNT.




$$
