684
CDUS44 KBMX 230838
CLIANB


CLIMATE REPORT
NATIONAL WEATHER SERVICE BIRMINGHAM, AL
237 AM CST TUE JAN 23 2018


...................................

...THE ANNISTON CLIMATE SUMMARY FOR JANUARY 22 2018...

CLIMATE NORMAL PERIOD 1981 TO 2010
CLIMATE RECORD PERIOD 1903 TO 2018


WEATHER ITEM   OBSERVED TIME   RECORD YEAR NORMAL DEPARTURE LAST
                VALUE   (LST)  VALUE       VALUE  FROM      YEAR
                                                  NORMAL
..................................................................
TEMPERATURE (F)
 YESTERDAY
  MAXIMUM         64   1249 PM  76    1974  54     10       67
  MINIMUM         44    154 AM   9    1985  33     11       50
  AVERAGE         54                        43     11       59

PRECIPITATION (IN)
  YESTERDAY        0.10          1.74 1980   0.16  -0.06     1.70
  MONTH TO DATE    0.92                      3.06  -2.14     7.13
  SINCE DEC 1      4.37                      7.18  -2.81     9.77
  SINCE JAN 1      0.92                      3.06  -2.14     7.13

SNOWFALL (IN)
  YESTERDAY        0.0                       0.0             0.0
  MONTH TO DATE    0.0                       0.4             0.0
  SINCE DEC 1      0.0                       0.4             0.0
  SINCE JUL 1      0.0                       0.4             0.0

DEGREE DAYS
 HEATING
  YESTERDAY       11
  MONTH TO DATE  567
  SINCE DEC 1   1182
  SINCE JUL 1   1638
..................................................................


WIND (MPH)
  HIGHEST WIND SPEED    17   HIGHEST WIND DIRECTION    SW (240)
  HIGHEST GUST SPEED    24   HIGHEST GUST DIRECTION    SW (240)
  AVERAGE WIND SPEED     6.4


SKY COVER
  AVERAGE SKY COVER 0.6


WEATHER CONDITIONS
 THE FOLLOWING WEATHER WAS RECORDED YESTERDAY.
  RAIN
  LIGHT RAIN
  FOG


RELATIVE HUMIDITY (PERCENT)
 HIGHEST    93
 LOWEST     57
 AVERAGE    75

..........................................................


THE ANNISTON CLIMATE NORMALS FOR TODAY
                         NORMAL    RECORD    YEAR
 MAXIMUM TEMPERATURE (F)   54        74      2002
 MINIMUM TEMPERATURE (F)   33         5      1963


SUNRISE AND SUNSET
JANUARY 23 2018.......SUNRISE   645 AM CST   SUNSET   506 PM CST
JANUARY 24 2018.......SUNRISE   644 AM CST   SUNSET   507 PM CST


-  INDICATES NEGATIVE NUMBERS.
R  INDICATES RECORD WAS SET OR TIED.
MM INDICATES DATA IS MISSING.
T  INDICATES TRACE AMOUNT.




$$
