000
CDUS44 KBMX 210939
CLIANB


CLIMATE REPORT
NATIONAL WEATHER SERVICE BIRMINGHAM, AL
438 AM CDT THU AUG 21 2014


...................................

...THE ANNISTON CLIMATE SUMMARY FOR AUGUST 20 2014...

CLIMATE NORMAL PERIOD 1981 TO 2010
CLIMATE RECORD PERIOD 1903 TO 2014


WEATHER ITEM   OBSERVED TIME   RECORD YEAR NORMAL DEPARTURE LAST
                VALUE   (LST)  VALUE       VALUE  FROM      YEAR
                                                  NORMAL
..................................................................
TEMPERATURE (F)
 YESTERDAY
  MAXIMUM         93    343 PM 102    1983  90      3       87
  MINIMUM         71    548 AM  60    1961  70      1       73
  AVERAGE         82                        80      2       80

PRECIPITATION (IN)
  YESTERDAY        0.71          2.15 1988   0.11   0.60     1.05
  MONTH TO DATE    2.93                      2.19   0.74     4.73
  SINCE JUN 1      8.61                     10.89  -2.28    24.12
  SINCE JAN 1     32.13                     33.82  -1.69    57.05

..................................................................


WIND (MPH)
  HIGHEST WIND SPEED    24   HIGHEST WIND DIRECTION     E (100)
  HIGHEST GUST SPEED    29   HIGHEST GUST DIRECTION     E (100)
  AVERAGE WIND SPEED     5.1


SKY COVER
  AVERAGE SKY COVER 0.0


WEATHER CONDITIONS
 THE FOLLOWING WEATHER WAS RECORDED YESTERDAY.
  THUNDERSTORM
  HEAVY RAIN
  RAIN
  LIGHT RAIN
  FOG
  HAZE


RELATIVE HUMIDITY (PERCENT)
 HIGHEST    93
 LOWEST     52
 AVERAGE    73

..........................................................


THE ANNISTON CLIMATE NORMALS FOR TODAY
                         NORMAL    RECORD    YEAR
 MAXIMUM TEMPERATURE (F)   90       106      1983
 MINIMUM TEMPERATURE (F)   69        58      1991


SUNRISE AND SUNSET
AUGUST 21 2014........SUNRISE   610 AM CDT   SUNSET   723 PM CDT
AUGUST 22 2014........SUNRISE   610 AM CDT   SUNSET   721 PM CDT


-  INDICATES NEGATIVE NUMBERS.
R  INDICATES RECORD WAS SET OR TIED.
MM INDICATES DATA IS MISSING.
T  INDICATES TRACE AMOUNT.




$$
