000
CDUS44 KBMX 190724
CLIANB


CLIMATE REPORT
NATIONAL WEATHER SERVICE BIRMINGHAM, AL
124 AM CST FRI DEC 19 2014


...................................

...THE ANNISTON CLIMATE SUMMARY FOR DECEMBER 18 2014...

CLIMATE NORMAL PERIOD 1981 TO 2010
CLIMATE RECORD PERIOD 1903 TO 2014


WEATHER ITEM   OBSERVED TIME   RECORD YEAR NORMAL DEPARTURE LAST
                VALUE   (LST)  VALUE       VALUE  FROM      YEAR
                                                  NORMAL
..................................................................
TEMPERATURE (F)
 YESTERDAY
  MAXIMUM         49    359 PM  76    1984  55     -6       56
  MINIMUM         30   1159 PM  16    1953  35     -5       29
  AVERAGE         40                        45     -5       43

PRECIPITATION (IN)
  YESTERDAY        0.00          2.23 2009   0.13  -0.13     0.00
  MONTH TO DATE    1.45                      2.53  -1.08     5.13
  SINCE DEC 1      1.45                      2.53  -1.08     5.13
  SINCE JAN 1     44.72                     48.08  -3.36    71.19

SNOWFALL (IN)
  YESTERDAY        0.0                       0.0             0.0
  MONTH TO DATE    0.0                       0.0             0.0
  SINCE DEC 1      0.0                       0.0             0.0
  SINCE JUL 1      0.0                       0.0             0.0

DEGREE DAYS
 HEATING
  YESTERDAY       25
  MONTH TO DATE  285
  SINCE DEC 1    285
  SINCE JUL 1    913
..................................................................


WIND (MPH)
  HIGHEST WIND SPEED     8   HIGHEST WIND DIRECTION    SW (230)
  HIGHEST GUST SPEED     9   HIGHEST GUST DIRECTION    NE (40)
  AVERAGE WIND SPEED     2.1


SKY COVER
  AVERAGE SKY COVER 0.4


WEATHER CONDITIONS
 THE FOLLOWING WEATHER WAS RECORDED YESTERDAY.
  FOG


RELATIVE HUMIDITY (PERCENT)
 HIGHEST    96
 LOWEST     54
 AVERAGE    75

..........................................................


THE ANNISTON CLIMATE NORMALS FOR TODAY
                         NORMAL    RECORD    YEAR
 MAXIMUM TEMPERATURE (F)   55        75      1984
 MINIMUM TEMPERATURE (F)   35        13      1963
                                             1950


SUNRISE AND SUNSET
DECEMBER 19 2014......SUNRISE   643 AM CST   SUNSET   438 PM CST
DECEMBER 20 2014......SUNRISE   643 AM CST   SUNSET   439 PM CST


-  INDICATES NEGATIVE NUMBERS.
R  INDICATES RECORD WAS SET OR TIED.
MM INDICATES DATA IS MISSING.
T  INDICATES TRACE AMOUNT.




$$
