000
CDUS44 KBMX 252121
CLIANB


CLIMATE REPORT
NATIONAL WEATHER SERVICE BIRMINGHAM, AL
420 PM CDT SAT OCT 25 2014


...................................

...THE ANNISTON CLIMATE SUMMARY FOR OCTOBER 25 2014...
VALID AS OF 0400 PM LOCAL TIME.

CLIMATE NORMAL PERIOD 1981 TO 2010
CLIMATE RECORD PERIOD 1903 TO 2014


WEATHER ITEM   OBSERVED TIME   RECORD YEAR NORMAL DEPARTURE LAST
                VALUE   (LST)  VALUE       VALUE  FROM      YEAR
                                                  NORMAL
..................................................................
TEMPERATURE (F)
 TODAY
  MAXIMUM         76    259 PM  84    2000  72      4       56
  MINIMUM         39    604 AM  26    1904  48     -9       34
  AVERAGE         58

PRECIPITATION (IN)
  TODAY            0.00          2.08 1977   0.11  -0.11     0.00
  MONTH TO DATE    3.29                      2.48   0.81     2.61
  SINCE SEP 1      4.79                      5.41  -0.62     5.32
  SINCE JAN 1     37.43                     40.33  -2.90    63.10

DEGREE DAYS
 HEATING
  TODAY            7
  MONTH TO DATE   77
  SINCE SEP 1     77
  SINCE JUL 1     77
..................................................................


WIND (MPH)
  HIGHEST WIND SPEED     9   HIGHEST WIND DIRECTION     W (280)
  HIGHEST GUST SPEED    13   HIGHEST GUST DIRECTION     N (340)
  AVERAGE WIND SPEED     2.5


SKY COVER
  AVERAGE SKY COVER 0.0


WEATHER CONDITIONS
 THE FOLLOWING WEATHER WAS RECORDED TODAY.
  FOG


RELATIVE HUMIDITY (PERCENT)
 HIGHEST   100
 LOWEST     35
 AVERAGE    68

..........................................................


THE ANNISTON CLIMATE NORMALS FOR TOMORROW
                         NORMAL    RECORD    YEAR
 MAXIMUM TEMPERATURE (F)   72        88      2010
                                             1963
 MINIMUM TEMPERATURE (F)   48        27      1962


SUNRISE AND SUNSET
OCTOBER 25 2014.......SUNRISE   656 AM CDT   SUNSET   558 PM CDT
OCTOBER 26 2014.......SUNRISE   657 AM CDT   SUNSET   557 PM CDT


-  INDICATES NEGATIVE NUMBERS.
R  INDICATES RECORD WAS SET OR TIED.
MM INDICATES DATA IS MISSING.
T  INDICATES TRACE AMOUNT.




$$
