648
CDAK48 PAFC 140126
CLIANC

CLIMATE REPORT
NATIONAL WEATHER SERVICE ANCHORAGE, AK
425 PM AKST SAT FEB 13 2016


...................................

...THE ANCHORAGE AK CLIMATE SUMMARY FOR FEBRUARY 13 2016...
VALID TODAY AS OF 0400 PM LOCAL TIME.

CLIMATE NORMAL PERIOD 1981 TO 2010
CLIMATE RECORD PERIOD 1952 TO 2016


WEATHER ITEM   OBSERVED RECORD YEAR NORMAL DEPARTURE LAST
                VALUE   VALUE       VALUE  FROM      YEAR
                                           NORMAL
...........................................................
TEMPERATURE (F)
 TODAY
  MAXIMUM         42R    42    1978  26     16       29
  MINIMUM         30    -25    1956  14     16       19
  AVERAGE         36                 20              24

PRECIPITATION (IN)
  TODAY            0.01   0.33 1990   0.02  -0.01     0.00
  MONTH TO DATE    0.09               0.35  -0.26     0.13
  SINCE DEC 1      0.60               2.19  -1.59     1.17
  SINCE JAN 1      0.37               1.08  -0.71     0.49

SNOWFALL (IN)
  TODAY            T      5.0  1990   0.4   -0.4      0.0
  MONTH TO DATE    T                  5.3   -5.3      0.9
  SINCE DEC 1      6.1               33.3  -27.2     14.3
  SINCE JUL 1     25.8               54.7  -28.9     20.3
  SNOW DEPTH       1

DEGREE DAYS
 HEATING
  TODAY           29                 45    -16       41
  MONTH TO DATE  477                601   -124      623
  SINCE DEC 1   2988               3512   -524     3147
  SINCE JUL 1   5802               6676   -874     5862

 COOLING
  TODAY            0                  0      0        0
  MONTH TO DATE    0                  0      0        0
  SINCE DEC 1      0                  0      0        0
  SINCE JAN 1      0                  0      0        0
...........................................................


WIND (MPH)
  RESULTANT WIND SPEED   3   RESULTANT WIND DIRECTION   S (160)
  HIGHEST WIND SPEED    20   HIGHEST WIND DIRECTION    SE (150)
  HIGHEST GUST SPEED    32   HIGHEST GUST DIRECTION     S (160)
  AVERAGE WIND SPEED     6.5


SKY COVER
  POSSIBLE SUNSHINE  MM
  AVERAGE SKY COVER 0.9


WEATHER CONDITIONS
 THE FOLLOWING WEATHER WAS RECORDED TODAY.
  LIGHT RAIN
  LIGHT SNOW


RELATIVE HUMIDITY (PERCENT)
 HIGHEST    92           100 PM
 LOWEST     55           700 AM
 AVERAGE    74

..........................................................


THE ANCHORAGE AK CLIMATE NORMALS FOR TOMORROW
                         NORMAL    RECORD    YEAR
 MAXIMUM TEMPERATURE (F)   26        43      1977
 MINIMUM TEMPERATURE (F)   14       -18      1967
                                             1954


SUNRISE AND SUNSET
FEBRUARY 13 2016......SUNRISE   849 AM AKST  SUNSET   541 PM AKST
FEBRUARY 14 2016......SUNRISE   846 AM AKST  SUNSET   544 PM AKST

CIVIL TWILIGHT
FEBRUARY 13 2016        START   803 AM AKST     END   627 PM AKST
FEBRUARY 14 2016        START   800 AM AKST     END   630 PM AKST



-  INDICATES NEGATIVE NUMBERS.
R  INDICATES RECORD WAS SET OR TIED.
MM INDICATES DATA IS MISSING.
T  INDICATES TRACE AMOUNT.




$$
&&
------------------------------------------------------
AMOUNT OF DAYLIGHT TODAY  (HOUR:MIN)........ 8:52
GAIN/LOSS SINCE YESTERDAY (HOUR:MIN:SEC)....+0:05:36

$$
