906
CDAK48 PAFC 281249
CLIANC

CLIMATE REPORT
NATIONAL WEATHER SERVICE ANCHORAGE, AK
448 AM AKDT THU JUL 28 2016


...................................

...THE ANCHORAGE AK CLIMATE SUMMARY FOR JULY 27 2016...

CLIMATE NORMAL PERIOD 1981 TO 2010
CLIMATE RECORD PERIOD 1952 TO 2016


WEATHER ITEM   OBSERVED TIME   RECORD YEAR NORMAL DEPARTURE LAST
                VALUE   (LST)  VALUE       VALUE  FROM      YEAR
                                                  NORMAL
..................................................................
TEMPERATURE (F)
 YESTERDAY
  MAXIMUM         67        MM  79    1987  66      1       67
  MINIMUM         55        MM  43    1957  53      2       54
                                      1956
  AVERAGE         61                        59      2       61

PRECIPITATION (IN)
  YESTERDAY        0.13          0.84 1971   0.07   0.06
  MONTH TO DATE    2.45                      1.53   0.92
  SINCE JUN 1      4.16                      2.50   1.66
  SINCE JAN 1      6.32                      5.74   0.58

SNOWFALL (IN)
  YESTERDAY        0.0           0.0    MM   0.0    0.0      0.0
  MONTH TO DATE    0.0                       0.0    0.0      0.0
  SINCE JUN 1      0.0                       0.0    0.0      0.0
  SINCE JUL 1      0.0                       0.0    0.0      0.0
  SNOW DEPTH       0

DEGREE DAYS
 HEATING
  YESTERDAY        4                               -2
  MONTH TO DATE   68                             -103
  SINCE JUN 1    240                             -224
  SINCE JUL 1     68                             -103

 COOLING
  YESTERDAY        0                                0
  MONTH TO DATE   13                               13
  SINCE JUN 1     13                               13
  SINCE JAN 1     13                               13
..................................................................


WIND (MPH)
  HIGHEST WIND SPEED     7   HIGHEST WIND DIRECTION     S (170)
  HIGHEST GUST SPEED    MM   HIGHEST GUST DIRECTION    MM
  AVERAGE WIND SPEED     2.8




RELATIVE HUMIDITY (PERCENT)
 HIGHEST    93
 LOWEST     63
 AVERAGE    78

..........................................................


THE ANCHORAGE AK CLIMATE NORMALS FOR TODAY
                         NORMAL    RECORD    YEAR
 MAXIMUM TEMPERATURE (F)   66        76      1993
                                             1987
 MINIMUM TEMPERATURE (F)   53        43      1957


SUNRISE AND SUNSET
JULY 28 2016..........SUNRISE   524 AM AKDT  SUNSET  1047 PM AKDT
JULY 29 2016..........SUNRISE   527 AM AKDT  SUNSET  1044 PM AKDT

CIVIL TWILIGHT
JULY 28 2016            START   415 AM AKDT     END  1156 PM AKDT
JULY 29 2016            START   419 AM AKDT     END  1152 PM AKDT



-  INDICATES NEGATIVE NUMBERS.
R  INDICATES RECORD WAS SET OR TIED.
MM INDICATES DATA IS MISSING.
T  INDICATES TRACE AMOUNT.




$$
&&
------------------------------------------------------
AMOUNT OF DAYLIGHT TODAY  (HOUR:MIN)........17:23
GAIN/LOSS SINCE YESTERDAY (HOUR:MIN:SEC)....-0:05:03

-
