000
CDAK48 PAFC 251506
CLIANC

CLIMATE REPORT
NATIONAL WEATHER SERVICE ANCHORAGE, AK
605 AM AKST SUN FEB 25 2018


...................................

...THE ANCHORAGE AK CLIMATE SUMMARY FOR FEBRUARY 24 2018...

CLIMATE NORMAL PERIOD 1981 TO 2010
CLIMATE RECORD PERIOD 1952 TO 2018


WEATHER ITEM   OBSERVED TIME   RECORD YEAR NORMAL DEPARTURE LAST
                VALUE   (LST)  VALUE       VALUE  FROM      YEAR
                                                  NORMAL
..................................................................
TEMPERATURE (F)
 YESTERDAY
  MAXIMUM         26    426 PM  46    1978  29     -3       30
  MINIMUM         14   1159 PM -11    1995  15     -1       24
  AVERAGE         20                        22     -2       27

PRECIPITATION (IN)
  YESTERDAY        0.20          0.24 1990   0.03   0.17
  MONTH TO DATE    1.64                      0.64   1.00
  SINCE SEP 1      9.17                      8.66   0.51
  SINCE JAN 1      2.46                      1.37   1.09

SNOWFALL (IN)
  YESTERDAY        2.5           3.5  1990   0.3    2.2      0.3
  MONTH TO DATE   17.7                       9.6    8.1     19.1
  SINCE SEP 1     39.9                      59.0  -19.1     71.6
  SINCE JUL 1     39.9                      59.0  -19.1     71.6
  SNOW DEPTH      18

DEGREE DAYS
 HEATING
  YESTERDAY       45                                2
  MONTH TO DATE 1096                               11
  SINCE DEC 1   3663                             -333
  SINCE JUL 1   6537                             -623

 COOLING
  YESTERDAY        0                                0
  MONTH TO DATE    0                                0
  SINCE DEC 1      0                                0
  SINCE JAN 1      0                                0
..................................................................


WIND (MPH)
  HIGHEST WIND SPEED    14   HIGHEST WIND DIRECTION     N (360)
  HIGHEST GUST SPEED    17   HIGHEST GUST DIRECTION    SE (140)
  AVERAGE WIND SPEED     4.4




RELATIVE HUMIDITY (PERCENT)
 HIGHEST    92
 LOWEST     65
 AVERAGE    79

..........................................................


THE ANCHORAGE AK CLIMATE NORMALS FOR TODAY
                         NORMAL    RECORD    YEAR
 MAXIMUM TEMPERATURE (F)   29        46      2016
                                             1978
 MINIMUM TEMPERATURE (F)   15       -15      1971


SUNRISE AND SUNSET
FEBRUARY 25 2018......SUNRISE   812 AM AKST  SUNSET   615 PM AKST
FEBRUARY 26 2018......SUNRISE   809 AM AKST  SUNSET   618 PM AKST

CIVIL TWILIGHT
FEBRUARY 25 2018        START    729 AM GMT     END    700 PM GMT
FEBRUARY 26 2018        START    726 AM GMT     END    702 PM GMT



-  INDICATES NEGATIVE NUMBERS.
R  INDICATES RECORD WAS SET OR TIED.
MM INDICATES DATA IS MISSING.
T  INDICATES TRACE AMOUNT.




$$
&&
------------------------------------------------------
AMOUNT OF DAYLIGHT TODAY  (HOUR:MIN)........10:03
GAIN/LOSS SINCE YESTERDAY (HOUR:MIN:SEC)....+0:05:43
