000
CDAK48 PAFC 281250
CLIANC

CLIMATE REPORT
NATIONAL WEATHER SERVICE ANCHORAGE, AK
449 AM AKDT THU APR 28 2016


...................................

...THE ANCHORAGE AK CLIMATE SUMMARY FOR APRIL 27 2016...

CLIMATE NORMAL PERIOD 1981 TO 2010
CLIMATE RECORD PERIOD 1952 TO 2016


WEATHER ITEM   OBSERVED TIME   RECORD YEAR NORMAL DEPARTURE LAST
                VALUE   (LST)  VALUE       VALUE  FROM      YEAR
                                                  NORMAL
..................................................................
TEMPERATURE (F)
 YESTERDAY
  MAXIMUM         52        MM  63    2005  49      3       55
  MINIMUM         37        MM  19    1955  33      4       44
  AVERAGE         45                        41      4       50

PRECIPITATION (IN)
  YESTERDAY        0.00          0.32 1968   0.02  -0.02
  MONTH TO DATE    0.02                      0.42  -0.40
  SINCE MAR 1      1.25                      1.02   0.23
  SINCE JAN 1      1.83                      2.47  -0.64

SNOWFALL (IN)
  YESTERDAY        0.0           T    2008   0.1   -0.1      0.0
                                      1975
                                      1974
  MONTH TO DATE    0.0                       3.8   -3.8      4.4
  SINCE MAR 1     10.7                      13.7   -3.0      4.6
  SINCE JUL 1     38.3                      74.0  -35.7     25.1
  SNOW DEPTH       0

DEGREE DAYS
 HEATING
  YESTERDAY       20                               -4
  MONTH TO DATE  576                             -201
  SINCE MAR 1   1546                             -423
  SINCE JUL 1   7882                            -1416

 COOLING
  YESTERDAY        0                                0
  MONTH TO DATE    0                                0
  SINCE MAR 1      0                                0
  SINCE JAN 1      0                                0
..................................................................


WIND (MPH)
  HIGHEST WIND SPEED    15   HIGHEST WIND DIRECTION    SE (150)
  HIGHEST GUST SPEED    36   HIGHEST GUST DIRECTION     S (160)
  AVERAGE WIND SPEED     8.5




RELATIVE HUMIDITY (PERCENT)
 HIGHEST    79
 LOWEST     44
 AVERAGE    62

..........................................................


THE ANCHORAGE AK CLIMATE NORMALS FOR TODAY
                         NORMAL    RECORD    YEAR
 MAXIMUM TEMPERATURE (F)   50        65      2005
 MINIMUM TEMPERATURE (F)   34        25      1972
                                             1955


SUNRISE AND SUNSET
APRIL 28 2016.........SUNRISE   558 AM AKDT  SUNSET   959 PM AKDT
APRIL 29 2016.........SUNRISE   555 AM AKDT  SUNSET  1001 PM AKDT

CIVIL TWILIGHT
APRIL 28 2016           START   503 AM AKDT     END  1055 PM AKDT
APRIL 29 2016           START   500 AM AKDT     END  1058 PM AKDT



-  INDICATES NEGATIVE NUMBERS.
R  INDICATES RECORD WAS SET OR TIED.
MM INDICATES DATA IS MISSING.
T  INDICATES TRACE AMOUNT.




$$
&&
------------------------------------------------------
AMOUNT OF DAYLIGHT TODAY  (HOUR:MIN)........16:01
GAIN/LOSS SINCE YESTERDAY (HOUR:MIN:SEC)....+0:05:35

-
