000
CDAK48 PAFC 291239
CLIANC

CLIMATE REPORT
NATIONAL WEATHER SERVICE ANCHORAGE, AK
438 AM AKDT MON AUG 29 2016


...................................

...THE ANCHORAGE AK CLIMATE SUMMARY FOR AUGUST 28 2016...

CLIMATE NORMAL PERIOD 1981 TO 2010
CLIMATE RECORD PERIOD 1952 TO 2016


WEATHER ITEM   OBSERVED TIME   RECORD YEAR NORMAL DEPARTURE LAST
                VALUE   (LST)  VALUE       VALUE  FROM      YEAR
                                                  NORMAL
..................................................................
TEMPERATURE (F)
 YESTERDAY
  MAXIMUM         77R       MM  70    1974  61     16       60
                                      1967
                                      1962
  MINIMUM         50        MM  31    1984  47      3       41
  AVERAGE         64                        54     10       51

PRECIPITATION (IN)
  YESTERDAY        0.00          1.05 2010   0.11  -0.11
  MONTH TO DATE    5.45                      2.91   2.54
  SINCE JUN 1      9.64                      5.71   3.93
  SINCE JAN 1     11.80                      8.95   2.85

SNOWFALL (IN)
  YESTERDAY        0.0           0.0    MM   0.0    0.0      0.0
  MONTH TO DATE    0.0                       0.0    0.0      0.0
  SINCE JUN 1      0.0                       0.0    0.0      0.0
  SINCE JUL 1      0.0                       0.0    0.0      0.0
  SNOW DEPTH       0

DEGREE DAYS
 HEATING
  YESTERDAY        1                              -10
  MONTH TO DATE  117                             -105
  SINCE JUN 1    365                             -344
  SINCE JUL 1    193                             -223

 COOLING
  YESTERDAY        0                                0
  MONTH TO DATE    0                                0
  SINCE JUN 1     13                               11
  SINCE JAN 1     13                               11
..................................................................


WIND (MPH)
  HIGHEST WIND SPEED    14   HIGHEST WIND DIRECTION     N (350)
  HIGHEST GUST SPEED    MM   HIGHEST GUST DIRECTION    MM
  AVERAGE WIND SPEED     5.5




RELATIVE HUMIDITY (PERCENT)
 HIGHEST    77
 LOWEST     41
 AVERAGE    59

..........................................................


THE ANCHORAGE AK CLIMATE NORMALS FOR TODAY
                         NORMAL    RECORD    YEAR
 MAXIMUM TEMPERATURE (F)   61        70      2007
 MINIMUM TEMPERATURE (F)   47        33      1984


SUNRISE AND SUNSET
AUGUST 29 2016........SUNRISE   646 AM AKDT  SUNSET   914 PM AKDT
AUGUST 30 2016........SUNRISE   649 AM AKDT  SUNSET   910 PM AKDT

CIVIL TWILIGHT
AUGUST 29 2016          START   559 AM AKDT     END  1001 PM AKDT
AUGUST 30 2016          START   602 AM AKDT     END   958 PM AKDT



-  INDICATES NEGATIVE NUMBERS.
R  INDICATES RECORD WAS SET OR TIED.
MM INDICATES DATA IS MISSING.
T  INDICATES TRACE AMOUNT.




$$
&&
------------------------------------------------------
AMOUNT OF DAYLIGHT TODAY  (HOUR:MIN)........14:27
GAIN/LOSS SINCE YESTERDAY (HOUR:MIN:SEC)....-0:05:38

-
