000
CDAK48 PAFC 021243
CLIANC

CLIMATE REPORT
NATIONAL WEATHER SERVICE ANCHORAGE, AK
443 AM AKDT WED SEP 2 2015


...................................

...THE ANCHORAGE AK CLIMATE SUMMARY FOR SEPTEMBER 1 2015...

CLIMATE NORMAL PERIOD 1981 TO 2010
CLIMATE RECORD PERIOD 1952 TO 2015


WEATHER ITEM   OBSERVED RECORD YEAR NORMAL DEPARTURE LAST
                VALUE   VALUE       VALUE  FROM      YEAR
                                           NORMAL
...........................................................
TEMPERATURE (F)
 YESTERDAY
  MAXIMUM         61     71    1978  60      1       60
  MINIMUM         42     36    1962  46     -4       37
  AVERAGE         52                 53     -1       49

PRECIPITATION (IN)
  YESTERDAY        0.00   0.72 1960   0.11  -0.11
  MONTH TO DATE    0.00               0.11  -0.11
  SINCE JUN 1      4.24               6.16  -1.92
  SINCE JAN 1      7.30               9.40  -2.10

SNOWFALL (IN)
  YESTERDAY        0.0    0.0    MM   0.0    0.0
  MONTH TO DATE    0.0                0.0    0.0
  SINCE JUN 1      0.0                0.0    0.0
  SINCE JUL 1      0.0                0.0    0.0
  SNOW DEPTH       0

DEGREE DAYS
 HEATING
  YESTERDAY       13                         1
  MONTH TO DATE   13                         1
  SINCE SEP 1     13                         1
  SINCE JUL 1    295                      -167

 COOLING
  YESTERDAY        0                         0
  MONTH TO DATE    0                         0
  SINCE SEP 1      0                         0
  SINCE JAN 1     34                        32
...........................................................


WIND (MPH)
  HIGHEST WIND SPEED    15   HIGHEST WIND DIRECTION     N (360)
  HIGHEST GUST SPEED    24   HIGHEST GUST DIRECTION     N (360)
  AVERAGE WIND SPEED     8.3




RELATIVE HUMIDITY (PERCENT)
 HIGHEST    89
 LOWEST     33
 AVERAGE    61

..........................................................


THE ANCHORAGE AK CLIMATE NORMALS FOR TODAY
                         NORMAL    RECORD    YEAR
 MAXIMUM TEMPERATURE (F)   60        70      1963
 MINIMUM TEMPERATURE (F)   46        30      1980


SUNRISE AND SUNSET
SEPTEMBER  2 2015.....SUNRISE   654 AM AKDT  SUNSET   903 PM AKDT
SEPTEMBER  3 2015.....SUNRISE   657 AM AKDT  SUNSET   900 PM AKDT

CIVIL TWILIGHT
SEPTEMBER 2 2015        START   608 AM AKDT     END   950 PM AKDT
SEPTEMBER 3 2015        START   611 AM AKDT     END   947 PM AKDT



-  INDICATES NEGATIVE NUMBERS.
R  INDICATES RECORD WAS SET OR TIED.
MM INDICATES DATA IS MISSING.
T  INDICATES TRACE AMOUNT.




$$
&&
------------------------------------------------------
AMOUNT OF DAYLIGHT TODAY  (HOUR:MIN)........14:09
GAIN/LOSS SINCE YESTERDAY (HOUR:MIN:SEC)....-0:05:38
