000
CDAK48 PAFC 261246
CLIANC


CLIMATE REPORT
NATIONAL WEATHER SERVICE ANCHORAGE, AK
446 AM AKDT SAT JUL 26 2014


...................................

...THE ANCHORAGE AK CLIMATE SUMMARY FOR JULY 25 2014...

CLIMATE NORMAL PERIOD 1981 TO 2010
CLIMATE RECORD PERIOD 1915 TO 2014


WEATHER ITEM   OBSERVED RECORD YEAR NORMAL DEPARTURE LAST
                VALUE   VALUE       VALUE  FROM      YEAR
                                           NORMAL
...........................................................
TEMPERATURE (F)
 YESTERDAY
  MAXIMUM         57     79    1953  66     -9       74
  MINIMUM         51     38    1945  53     -2       59
  AVERAGE         54                 59     -5       67

PRECIPITATION (IN)
  YESTERDAY        0.32   0.74 1995   0.07   0.25
  MONTH TO DATE    2.63               1.39   1.24
  SINCE JUN 1      5.96               2.36   3.60
  SINCE JAN 1      9.19               5.60   3.59

SNOWFALL (IN)
  YESTERDAY        0.0    0.0    MM   0.0    0.0
  MONTH TO DATE    0.0                0.0    0.0
  SINCE JUN 1      0.0                0.0    0.0
  SINCE JUL 1      0.0                0.0    0.0
  SNOW DEPTH       0

DEGREE DAYS
 HEATING
  YESTERDAY       11                         5
  MONTH TO DATE  122                       -37
  SINCE JUN 1    450                        -2
  SINCE JUL 1    122                       -37

 COOLING
  YESTERDAY        0                         0
  MONTH TO DATE    3                         3
  SINCE JUN 1      3                         3
  SINCE JAN 1      3                         3
...........................................................


WIND (MPH)
  HIGHEST WIND SPEED     9   HIGHEST WIND DIRECTION    NW (330)
  HIGHEST GUST SPEED    MM   HIGHEST GUST DIRECTION    MM
  AVERAGE WIND SPEED     5.0




RELATIVE HUMIDITY (PERCENT)
 HIGHEST    93
 LOWEST     72
 AVERAGE    83

..........................................................


THE ANCHORAGE AK CLIMATE NORMALS FOR TODAY
                         NORMAL    RECORD    YEAR
 MAXIMUM TEMPERATURE (F)   66        80      1922
 MINIMUM TEMPERATURE (F)   53        42      1944
                                             1935
                                             1917


SUNRISE AND SUNSET
JULY 26 2014..........SUNRISE   518 AM AKDT  SUNSET  1053 PM AKDT
JULY 27 2014..........SUNRISE   521 AM AKDT  SUNSET  1051 PM AKDT


-  INDICATES NEGATIVE NUMBERS.
R  INDICATES RECORD WAS SET OR TIED.
MM INDICATES DATA IS MISSING.
T  INDICATES TRACE AMOUNT.




$$
