000
CDAK48 PAFC 200032
CLIANC

CLIMATE REPORT
NATIONAL WEATHER SERVICE ANCHORAGE, AK
431 PM AKDT SUN OCT 19 2014


...................................

...THE ANCHORAGE AK CLIMATE SUMMARY FOR OCTOBER 19 2014...
VALID TODAY AS OF 0400 PM LOCAL TIME.

CLIMATE NORMAL PERIOD 1981 TO 2010
CLIMATE RECORD PERIOD 1915 TO 2014


WEATHER ITEM   OBSERVED RECORD YEAR NORMAL DEPARTURE LAST
                VALUE   VALUE       VALUE  FROM      YEAR
                                           NORMAL
...........................................................
TEMPERATURE (F)
 TODAY
  MAXIMUM         41     60    1938  39      2       53
  MINIMUM         27      2    1996  28     -1       44
  AVERAGE         34                 33              49

PRECIPITATION (IN)
  TODAY            0.00   0.88 1954   0.06  -0.06     0.00
  MONTH TO DATE    0.85               1.45  -0.60     1.84
  SINCE JUN 1     13.94              10.49   3.45    14.67
  SINCE JAN 1     17.17              13.73   3.44    21.05

SNOWFALL (IN)
  TODAY            0.0    8.6  1954   0.3   -0.3      0.0
  MONTH TO DATE    T                  3.9   -3.9      0.0
  SINCE JUN 1      T                  4.3   -4.3       T
  SINCE JUL 1      T                  4.3   -4.3       T
  SNOW DEPTH       0

DEGREE DAYS
 HEATING
  TODAY           31                 32     -1       16
  MONTH TO DATE  501                512    -11      372
  SINCE SEP 1    930               1006    -76      879
  SINCE JUL 1   1279               1456   -177     1220

 COOLING
  TODAY            0                  0      0        0
  MONTH TO DATE    0                  0      0        0
  SINCE SEP 1      0                  0      0        0
  SINCE JAN 1      3                  2      1       21
...........................................................


WIND (MPH)
  RESULTANT WIND SPEED   1   RESULTANT WIND DIRECTION   E (70)
  HIGHEST WIND SPEED     6   HIGHEST WIND DIRECTION    NE (50)
  HIGHEST GUST SPEED    MM   HIGHEST GUST DIRECTION    MM
  AVERAGE WIND SPEED     1.3


SKY COVER
  POSSIBLE SUNSHINE  MM
  AVERAGE SKY COVER 0.2


WEATHER CONDITIONS
 THE FOLLOWING WEATHER WAS RECORDED TODAY.
  NO SIGNIFICANT WEATHER WAS OBSERVED.


RELATIVE HUMIDITY (PERCENT)
 HIGHEST    92           200 AM
 LOWEST     54           100 PM
 AVERAGE    73

..........................................................


THE ANCHORAGE AK CLIMATE NORMALS FOR TOMORROW
                         NORMAL    RECORD    YEAR
 MAXIMUM TEMPERATURE (F)   38        57      1938
 MINIMUM TEMPERATURE (F)   27         8      1996


SUNRISE AND SUNSET
OCTOBER 19 2014.......SUNRISE   853 AM AKDT  SUNSET   636 PM AKDT
OCTOBER 20 2014.......SUNRISE   856 AM AKDT  SUNSET   633 PM AKDT

CIVIL TWILIGHT
OCTOBER 19 2014         START   809 AM AKDT     END   720 PM AKDT
OCTOBER 20 2014         START   812 AM AKDT     END   717 PM AKDT



-  INDICATES NEGATIVE NUMBERS.
R  INDICATES RECORD WAS SET OR TIED.
MM INDICATES DATA IS MISSING.
T  INDICATES TRACE AMOUNT.




$$
&&
------------------------------------------------------
AMOUNT OF DAYLIGHT TODAY  (HOUR:MIN)........ 9:42
GAIN/LOSS SINCE YESTERDAY (HOUR:MIN:SEC)....-0:05:37
