000
CDAK48 PAFC 221249
CLIANC


CLIMATE REPORT
NATIONAL WEATHER SERVICE ANCHORAGE, AK
448 AM AKDT THU JUN 22 2017


...................................

...THE ANCHORAGE AK CLIMATE SUMMARY FOR JUNE 21 2017...

CLIMATE NORMAL PERIOD 1981 TO 2010
CLIMATE RECORD PERIOD 1952 TO 2017


WEATHER ITEM   OBSERVED TIME   RECORD YEAR NORMAL DEPARTURE LAST
                VALUE   (LST)  VALUE       VALUE  FROM      YEAR
                                                  NORMAL
..................................................................
TEMPERATURE (F)
 YESTERDAY
  MAXIMUM         60    733 PM  76    2007  64     -4       71
  MINIMUM         46    413 AM  39    1988  49     -3       51
  AVERAGE         53                        56     -3       61

PRECIPITATION (IN)
  YESTERDAY        T             0.49 2014   0.04  -0.04
  MONTH TO DATE    0.66                      0.65   0.01
  SINCE JUN 1      0.66                      0.65   0.01
  SINCE JAN 1      5.49                      3.89   1.60

SNOWFALL (IN)
  YESTERDAY        0.0           0.0    MM   0.0    0.0      0.0
  MONTH TO DATE    0.0                       0.0    0.0      0.0
  SINCE JUN 1      0.0                       0.0    0.0      0.0
  SINCE JUL 1     82.4                      74.5    7.9     38.3
  SNOW DEPTH       0

DEGREE DAYS
 HEATING
  YESTERDAY       12                                3
  MONTH TO DATE  206                              -16
  SINCE JUN 1    206                              -16
  SINCE JUL 1   9909                             -213

 COOLING
  YESTERDAY        0                                0
  MONTH TO DATE    0                                0
  SINCE JUN 1      0                                0
  SINCE JAN 1      0                                0
..................................................................


WIND (MPH)
  HIGHEST WIND SPEED    14   HIGHEST WIND DIRECTION     S (160)
  HIGHEST GUST SPEED    20   HIGHEST GUST DIRECTION    SE (150)
  AVERAGE WIND SPEED     5.8




RELATIVE HUMIDITY (PERCENT)
 HIGHEST   100
 LOWEST     64
 AVERAGE    82

..........................................................


THE ANCHORAGE AK CLIMATE NORMALS FOR TODAY
                         NORMAL    RECORD    YEAR
 MAXIMUM TEMPERATURE (F)   64        79      1997
 MINIMUM TEMPERATURE (F)   49        38      1971


SUNRISE AND SUNSET
JUNE 22 2017..........SUNRISE   422 AM AKDT  SUNSET  1143 PM AKDT
JUNE 23 2017..........SUNRISE   422 AM AKDT  SUNSET  1142 PM AKDT


-  INDICATES NEGATIVE NUMBERS.
R  INDICATES RECORD WAS SET OR TIED.
MM INDICATES DATA IS MISSING.
T  INDICATES TRACE AMOUNT.




$$
