000
CDAK48 PAFC 280043
CLIANC

CLIMATE REPORT
NATIONAL WEATHER SERVICE ANCHORAGE, AK
443 PM AKDT WED MAY 27 2015


...................................

...THE ANCHORAGE AK CLIMATE SUMMARY FOR MAY 27 2015...
VALID TODAY AS OF 0400 PM LOCAL TIME.

CLIMATE NORMAL PERIOD 1981 TO 2010
CLIMATE RECORD PERIOD 1952 TO 2015


WEATHER ITEM   OBSERVED RECORD YEAR NORMAL DEPARTURE LAST
                VALUE   VALUE       VALUE  FROM      YEAR
                                           NORMAL
...........................................................
TEMPERATURE (F)
 TODAY
  MAXIMUM         58     76    2010  59     -1       55
                               2006
  MINIMUM         39     33    1964  43     -4       46
  AVERAGE         49                 51              51

PRECIPITATION (IN)
  TODAY            0.00   0.75 1969   0.03  -0.03     0.04
  MONTH TO DATE    0.55               0.61  -0.06     0.21
  SINCE MAR 1      1.98               1.68   0.30     0.95
  SINCE JAN 1      3.06               3.13  -0.07     2.97

SNOWFALL (IN)
  TODAY            0.0    0.0    MM   0.0    0.0      0.0
  MONTH TO DATE    0.0                0.3   -0.3      0.0
  SINCE MAR 1      4.6               14.2   -9.6     11.3
  SINCE JUL 1     25.1               74.5  -49.4     64.7
  SNOW DEPTH       0

DEGREE DAYS
 HEATING
  TODAY           16                 14      2       16
  MONTH TO DATE  418                480    -62      337
  SINCE MAR 1   2230               2518   -288     2301
  SINCE JUL 1   8582               9847  -1265     9050

 COOLING
  TODAY            0                  0      0        0
  MONTH TO DATE    0                  0      0        0
  SINCE MAR 1      0                  0      0        0
  SINCE JAN 1      0                  0      0        0
...........................................................


WIND (MPH)
  RESULTANT WIND SPEED   3   RESULTANT WIND DIRECTION   W (260)
  HIGHEST WIND SPEED     8   HIGHEST WIND DIRECTION    NW (300)
  HIGHEST GUST SPEED    MM   HIGHEST GUST DIRECTION    MM
  AVERAGE WIND SPEED     4.3


SKY COVER
  POSSIBLE SUNSHINE  MM
  AVERAGE SKY COVER 0.4


WEATHER CONDITIONS
 THE FOLLOWING WEATHER WAS RECORDED TODAY.
  NO SIGNIFICANT WEATHER WAS OBSERVED.


RELATIVE HUMIDITY (PERCENT)
 HIGHEST    85           300 AM
 LOWEST     50          1000 AM
 AVERAGE    68

..........................................................


THE ANCHORAGE AK CLIMATE NORMALS FOR TOMORROW
                         NORMAL    RECORD    YEAR
 MAXIMUM TEMPERATURE (F)   60        74      2013
                                             1979
 MINIMUM TEMPERATURE (F)   43        33      1958


SUNRISE AND SUNSET
MAY 27 2015...........SUNRISE   446 AM AKDT  SUNSET  1110 PM AKDT
MAY 28 2015...........SUNRISE   444 AM AKDT  SUNSET  1112 PM AKDT

CIVIL TWILIGHT
MAY 27 2015             START   317 AM AKDT     END  1242 AM AKDT
MAY 28 2015             START   313 AM AKDT     END  1247 AM AKDT



-  INDICATES NEGATIVE NUMBERS.
R  INDICATES RECORD WAS SET OR TIED.
MM INDICATES DATA IS MISSING.
T  INDICATES TRACE AMOUNT.




$$
&&
------------------------------------------------------
AMOUNT OF DAYLIGHT TODAY  (HOUR:MIN)........18:24
GAIN/LOSS SINCE YESTERDAY (HOUR:MIN:SEC)....+0:04:12
