000
CDUS43 KAPX 280538
CLIANJ


CLIMATE REPORT
NATIONAL WEATHER SERVICE GAYLORD MI
1238 AM EST WED JAN 28 2015


...................................

...THE SAULT STE MARIE MI CLIMATE SUMMARY FOR JANUARY 27 2015...

CLIMATE NORMAL PERIOD 1981 TO 2010
CLIMATE RECORD PERIOD 1888 TO 2015


WEATHER ITEM   OBSERVED TIME   RECORD YEAR NORMAL DEPARTURE LAST
                VALUE   (LST)  VALUE       VALUE  FROM      YEAR
                                                  NORMAL
..................................................................
TEMPERATURE (F)
 YESTERDAY
  MAXIMUM         21    352 PM  44    2006  23     -2        4
  MINIMUM          2   1139 PM -28    1899   7     -5      -11
  AVERAGE         12                        15     -3       -3

PRECIPITATION (IN)
  YESTERDAY        0.00          0.66 1916   0.06  -0.06     0.25
  MONTH TO DATE    1.86                      1.94  -0.08     2.31
  SINCE DEC 1      5.20                      4.73   0.47     5.11
  SINCE JAN 1      1.86                      1.94  -0.08     2.31

SNOWFALL (IN)
  YESTERDAY        0.0           9.2  1966   0.9   -0.9      3.2
  MONTH TO DATE   24.4                      27.6   -3.2     31.9
  SINCE OCT 1    125.6                      77.8   47.8     86.6
  SINCE JUL 1    125.6                      77.8   47.8     86.6
  SNOW DEPTH      21

DEGREE DAYS
 HEATING
  YESTERDAY       53                        50      3       68
  MONTH TO DATE 1445                      1338    107     1492
  SINCE DEC 1   2674                      2665      9     3114
  SINCE JUL 1   4836                      4597    239     5007
..................................................................


WIND (MPH)
  HIGHEST WIND SPEED     8   HIGHEST WIND DIRECTION     E (90)
  HIGHEST GUST SPEED    12   HIGHEST GUST DIRECTION     E (100)
  AVERAGE WIND SPEED     2.9




RELATIVE HUMIDITY (PERCENT)
 HIGHEST    79
 LOWEST     35
 AVERAGE    57

..........................................................


THE SAULT STE MARIE MI CLIMATE NORMALS FOR TODAY
                         NORMAL    RECORD    YEAR
 MAXIMUM TEMPERATURE (F)   23        40      1989
 MINIMUM TEMPERATURE (F)    7       -28      1986


SUNRISE AND SUNSET
JANUARY 28 2015.......SUNRISE   806 AM EST   SUNSET   535 PM EST
JANUARY 29 2015.......SUNRISE   805 AM EST   SUNSET   537 PM EST


-  INDICATES NEGATIVE NUMBERS.
R  INDICATES RECORD WAS SET OR TIED.
MM INDICATES DATA IS MISSING.
T  INDICATES TRACE AMOUNT.




$$
