000
CDUS43 KAPX 220540
CLIANJ


CLIMATE REPORT
NATIONAL WEATHER SERVICE GAYLORD MI
1236 AM EST MON JAN 22 2018


...................................

...THE SAULT STE MARIE MI CLIMATE SUMMARY FOR JANUARY 21 2018...

CLIMATE NORMAL PERIOD 1981 TO 2010
CLIMATE RECORD PERIOD 1888 TO 2018


WEATHER ITEM   OBSERVED TIME   RECORD YEAR NORMAL DEPARTURE LAST
                VALUE   (LST)  VALUE       VALUE  FROM      YEAR
                                                  NORMAL
..................................................................
TEMPERATURE (F)
 YESTERDAY
  MAXIMUM         39    421 PM  43    1916  23     16       37
  MINIMUM         29    721 AM -33    1984   7     22       33
  AVERAGE         34                        15     19       35

PRECIPITATION (IN)
  YESTERDAY        0.00          0.65 1935   0.07  -0.07     0.03
  MONTH TO DATE    1.07                      1.56  -0.49     1.73
  SINCE DEC 1      4.79                      4.35   0.44     5.98
  SINCE JAN 1      1.07                      1.56  -0.49     1.73

SNOWFALL (IN)
  YESTERDAY        0.0           6.5  1935   1.0   -1.0      0.1
  MONTH TO DATE   11.8                      21.9  -10.1     20.8
  SINCE OCT 1     67.5                      72.1   -4.6     78.5
  SINCE JUL 1     67.5                      72.1   -4.6     78.5
  SNOW DEPTH      12

DEGREE DAYS
 HEATING
  YESTERDAY       31                        50    -19       30
  MONTH TO DATE 1029                      1038     -9      872
  SINCE DEC 1   2514                      2365    149     2129
  SINCE JUL 1   4099                      4297   -198     3399
..................................................................


WIND (MPH)
  HIGHEST WIND SPEED     7   HIGHEST WIND DIRECTION     E (90)
  HIGHEST GUST SPEED     9   HIGHEST GUST DIRECTION    SE (140)
  AVERAGE WIND SPEED     2.2




RELATIVE HUMIDITY (PERCENT)
 HIGHEST    92
 LOWEST     76
 AVERAGE    84

..........................................................


THE SAULT STE MARIE MI CLIMATE NORMALS FOR TODAY
                         NORMAL    RECORD    YEAR
 MAXIMUM TEMPERATURE (F)   23        43      1916
 MINIMUM TEMPERATURE (F)    7       -22      1975


SUNRISE AND SUNSET
JANUARY 22 2018.......SUNRISE   812 AM EST   SUNSET   527 PM EST
JANUARY 23 2018.......SUNRISE   811 AM EST   SUNSET   528 PM EST


-  INDICATES NEGATIVE NUMBERS.
R  INDICATES RECORD WAS SET OR TIED.
MM INDICATES DATA IS MISSING.
T  INDICATES TRACE AMOUNT.




$$
