000
CDUS43 KAPX 020713
CLIANJ


CLIMATE REPORT
NATIONAL WEATHER SERVICE GAYLORD MI
213 AM EST FRI DEC 2 2016


...................................

...THE SAULT STE MARIE MI CLIMATE SUMMARY FOR DECEMBER 1 2016...

CLIMATE NORMAL PERIOD 1981 TO 2010
CLIMATE RECORD PERIOD 1888 TO 2016


WEATHER ITEM   OBSERVED TIME   RECORD YEAR NORMAL DEPARTURE LAST
                VALUE   (LST)  VALUE       VALUE  FROM      YEAR
                                                  NORMAL
..................................................................
TEMPERATURE (F)
 YESTERDAY
  MAXIMUM         41    312 PM  54    1922  34      7       39
  MINIMUM         29    652 AM  -7    1976  22      7       33
                                      1930
  AVERAGE         35                        28      7       36

PRECIPITATION (IN)
  YESTERDAY        0.06          0.96 1977   0.10  -0.04     0.12
  MONTH TO DATE    0.06                      0.10  -0.04     0.12
  SINCE DEC 1      0.06                      0.10  -0.04     0.12
  SINCE JAN 1     30.81                     30.26   0.55    27.59

SNOWFALL (IN)
  YESTERDAY        0.0          11.0  1985   0.9   -0.9       T
  MONTH TO DATE    0.0                       0.9   -0.9       T
  SINCE OCT 1      6.9                      17.6  -10.7      9.0
  SINCE JUL 1      6.9                      17.6  -10.7      9.0
  SNOW DEPTH       0

DEGREE DAYS
 HEATING
  YESTERDAY       30                        37     -7       29
  MONTH TO DATE   30                        37     -7       29
  SINCE DEC 1     30                        37     -7       29
  SINCE JUL 1   1300                      1969   -669     1520
..................................................................


WIND (MPH)
  HIGHEST WIND SPEED    18   HIGHEST WIND DIRECTION    NW (300)
  HIGHEST GUST SPEED    26   HIGHEST GUST DIRECTION    NW (300)
  AVERAGE WIND SPEED     6.3




RELATIVE HUMIDITY (PERCENT)
 HIGHEST   100
 LOWEST     85
 AVERAGE    93

..........................................................


THE SAULT STE MARIE MI CLIMATE NORMALS FOR TODAY
                         NORMAL    RECORD    YEAR
 MAXIMUM TEMPERATURE (F)   33        55      1982
 MINIMUM TEMPERATURE (F)   22       -24      1976


SUNRISE AND SUNSET
DECEMBER  2 2016......SUNRISE   802 AM EST   SUNSET   452 PM EST
DECEMBER  3 2016......SUNRISE   803 AM EST   SUNSET   451 PM EST


-  INDICATES NEGATIVE NUMBERS.
R  INDICATES RECORD WAS SET OR TIED.
MM INDICATES DATA IS MISSING.
T  INDICATES TRACE AMOUNT.




$$
