000
CDUS43 KAPX 100537
CLIANJ


CLIMATE REPORT
NATIONAL WEATHER SERVICE GAYLORD MI
134 AM EDT THU JUL 10 2014


...................................

...THE SAULT STE MARIE MI CLIMATE SUMMARY FOR JULY 9 2014...

CLIMATE NORMAL PERIOD 1981 TO 2010
CLIMATE RECORD PERIOD 1888 TO 2014


WEATHER ITEM   OBSERVED TIME   RECORD YEAR NORMAL DEPARTURE LAST
                VALUE   (LST)  VALUE       VALUE  FROM      YEAR
                                                  NORMAL
..................................................................
TEMPERATURE (F)
 YESTERDAY
  MAXIMUM         63    343 PM  96    1936  76    -13       79
  MINIMUM         48   1113 PM  41    1991  54     -6       64
  AVERAGE         56                        65     -9       72

PRECIPITATION (IN)
  YESTERDAY        0.01          1.02 1928   0.08  -0.07     0.17
  MONTH TO DATE    0.50                      0.77  -0.27     0.17
  SINCE JUN 1      3.42                      3.47  -0.05     3.42
  SINCE JAN 1     15.46                     13.91   1.55    17.68

DEGREE DAYS
 HEATING
  YESTERDAY        9                         3      6        0
  MONTH TO DATE   42                        27     15        1
  SINCE JUN 1    151                       207    -56      147
  SINCE JUL 1     42                        27     15        1

 COOLING
  YESTERDAY        0                         2     -2        7
  MONTH TO DATE    4                        18    -14       40
  SINCE JUN 1     41                        48     -7       79
  SINCE JAN 1     43                        53    -10       88
..................................................................


WIND (MPH)
  HIGHEST WIND SPEED    16   HIGHEST WIND DIRECTION    NW (310)
  HIGHEST GUST SPEED    24   HIGHEST GUST DIRECTION     W (290)
  AVERAGE WIND SPEED     9.1




RELATIVE HUMIDITY (PERCENT)
 HIGHEST    86
 LOWEST     56
 AVERAGE    71

..........................................................


THE SAULT STE MARIE MI CLIMATE NORMALS FOR TODAY
                         NORMAL    RECORD    YEAR
 MAXIMUM TEMPERATURE (F)   76        93      1936
 MINIMUM TEMPERATURE (F)   54        38      1968


SUNRISE AND SUNSET
JULY 10 2014..........SUNRISE   555 AM EDT   SUNSET   930 PM EDT
JULY 11 2014..........SUNRISE   556 AM EDT   SUNSET   929 PM EDT


-  INDICATES NEGATIVE NUMBERS.
R  INDICATES RECORD WAS SET OR TIED.
MM INDICATES DATA IS MISSING.
T  INDICATES TRACE AMOUNT.




$$
