000
CDUS43 KAPX 300530
CLIANJ


CLIMATE REPORT
NATIONAL WEATHER SERVICE GAYLORD MI
130 AM EDT TUE AUG 30 2016


...................................

...THE SAULT STE MARIE MI CLIMATE SUMMARY FOR AUGUST 29 2016...

CLIMATE NORMAL PERIOD 1981 TO 2010
CLIMATE RECORD PERIOD 1888 TO 2016


WEATHER ITEM   OBSERVED TIME   RECORD YEAR NORMAL DEPARTURE LAST
                VALUE   (LST)  VALUE       VALUE  FROM      YEAR
                                                  NORMAL
..................................................................
TEMPERATURE (F)
 YESTERDAY
  MAXIMUM         77    216 PM  92    1991  73      4       72
  MINIMUM         53    345 AM  29    1982  53      0       60
  AVERAGE         65                        63      2       66

PRECIPITATION (IN)
  YESTERDAY        0.00          1.40 1894   0.10  -0.10     0.27
  MONTH TO DATE    4.32                      2.94   1.38     2.77
  SINCE JUN 1      9.53                      8.50   1.03     8.55
  SINCE JAN 1     20.08                     18.94   1.14    17.25

DEGREE DAYS
 HEATING
  YESTERDAY        0                         4     -4        0
  MONTH TO DATE   12                        69    -57       47
  SINCE JUN 1    198                       318   -120      289
  SINCE JUL 1     35                       138   -103      101

 COOLING
  YESTERDAY        0                         1     -1        1
  MONTH TO DATE  144                        65     79       83
  SINCE JUN 1    310                       173    137      182
  SINCE JAN 1    321                       178    143      184
..................................................................


WIND (MPH)
  HIGHEST WIND SPEED    15   HIGHEST WIND DIRECTION    SE (150)
  HIGHEST GUST SPEED    19   HIGHEST GUST DIRECTION    SE (150)
  AVERAGE WIND SPEED     5.1




RELATIVE HUMIDITY (PERCENT)
 HIGHEST   100
 LOWEST     58
 AVERAGE    79

..........................................................


THE SAULT STE MARIE MI CLIMATE NORMALS FOR TODAY
                         NORMAL    RECORD    YEAR
 MAXIMUM TEMPERATURE (F)   72        88      2010
                                             1973
                                             1932
 MINIMUM TEMPERATURE (F)   53        35      1976


SUNRISE AND SUNSET
AUGUST 30 2016........SUNRISE   656 AM EDT   SUNSET   819 PM EDT
AUGUST 31 2016........SUNRISE   657 AM EDT   SUNSET   817 PM EDT


-  INDICATES NEGATIVE NUMBERS.
R  INDICATES RECORD WAS SET OR TIED.
MM INDICATES DATA IS MISSING.
T  INDICATES TRACE AMOUNT.




$$
