000
CDAK47 PANT 230011
CLIANN

CLIMATE REPORT
NATIONAL WEATHER SERVICE ANNETTE, AK
411 PM AKDT MON SEP 22 2014

...................................
...THE ANNETTE WSO AP CLIMATE SUMMARY FOR SEPTEMBER 22 2014...
VALID TODAY AS OF 2:00 PM LOCAL TIME

CLIMATE NORMAL PERIOD  1981 TO  2010
CLIMATE RECORD PERIOD  1948 TO  2014

WEATHER ITEM   OBSERVED TIME    RECORD YEAR NORMAL DEPARTURE LAST
               VALUE    (LST)   VALUE       VALUE  FROM      YEAR
                                                   NORMAL
...................................................................
TEMPERATURE
TODAY
 MAXIMUM            58  0215 PM    75  1975     58       0     54
 MINIMUM            50  0232 AM    37  1958     47       3     49
 AVERAGE            54                          53       1     52

PRECIPITATION
(INCHES)
 TODAY               T           3.25  1987   0.34   -0.34   1.15
 MONTH TO DATE    2.91                        6.89   -3.98   4.40
 SINCE SEP 1      2.91                        6.89   -3.98   4.40
 SINCE JAN 1     64.99                       61.80    3.19  56.00

SNOWFALL
(INCHES)
 TODAY             0.0            0.0  2014    0.0     0.0    0.0
 MONTH TO DATE     0.0                         0.0     0.0    0.0
 SINCE SEP 1       0.0                         0.0     0.0    0.0
 SINCE JUL 1       0.0                         0.0     0.0    0.0
 SNOW DEPTH (IN)     0                                          0

DEGREE DAYS
 HEATING
  TODAY             11                          12      -1     13
  MONTH TO DATE    159                         227     -68    134
  SINCE SEP 1      159                         227     -68    134
  SINCE JUL 1      728                         628     100    436

 COOLING
  TODAY              0                           0       0      0
  MONTH TO DATE      0                           0       0      0
  SINCE SEP 1        0                           0       0      0
  SINCE JAN 1       MM                           0      MM     22
...................................................................

WIND (MPH)
 HIGHEST WIND SPEED    10     HIGHEST WIND DIRECTION    130
 HIGHEST GUST SPEED    12     HIGHEST GUST DIRECTION    150
 AVERAGE WIND SPEED   0.0

SKY COVER
  POSSIBLE SUNSHINE  MM            AVERAGE SKY COVER MM

WEATHER CONDITIONS
 THE FOLLOWING WEATHER WAS RECORDED TODAY.
FOG
RAIN


RELATIVE HUMIDITY
 HIGHEST RH     MM PERCENT       MM
 LOWEST  RH     MM PERCENT       MM
 AVERAGE RH     MM PERCENT       MM
...................................................................

THE ANNETTE CLIMATE NORMALS FOR TOMORROW
                        NORMAL    RECORD   YEAR
 MAXIMUM TEMPERATURE      58        73     1995
 MINIMUM TEMPERATURE      47        37     1956

SUNRISE AND SUNSET
 SEP 22 2014..........SUNRISE  6:33 AM      SUNSET  6:45 PM
 SEP 23 2014..........SUNRISE  6:34 AM      SUNSET  6:43 PM

-  INDICATES NEGATIVE NUMBERS.
R  INDICATES RECORD HAS BEEN SET OR TIED.
MM INDICATES DATA IS MISSING.
T  INDICATES TRACE OF PRECIPITATION.

&&
-------------------------------------------------------------------

AMOUNT OF DAYLIGHT TODAY  (HOUR:MIN)........12 HOURS 12 MINUTES
GAIN/LOSS SINCE YESTERDAY (HOUR:MIN:SEC)....-0:04:26

$$
LTB SEP 14
