000
CDAK47 PANT 051004
CLIANN

CLIMATE REPORT
NATIONAL WEATHER SERVICE ANNETTE, AK
104 AM AKST THU MAR 5 2015

...................................
...THE ANNETTE WSO AP CLIMATE SUMMARY FOR MARCH 4 2015...

CLIMATE NORMAL PERIOD  1981 TO  2010
CLIMATE RECORD PERIOD  1948 TO  2015

WEATHER ITEM   OBSERVED TIME    RECORD YEAR NORMAL DEPARTURE LAST
               VALUE    (LST)   VALUE       VALUE  FROM      YEAR
                                                   NORMAL
...................................................................
TEMPERATURE
YESTERDAY
 MAXIMUM            44  1117 AM    51  1968     43       1     29
 MINIMUM            33  1232 AM    10  1951     33       0     13
 AVERAGE            39                          38       1     21

PRECIPITATION
(INCHES)
 YESTERDAY        0.56           1.85  1959   0.25    0.31   0.00
 MONTH TO DATE    0.70                        1.01   -0.31   0.00
 SINCE MAR 1      0.70                        1.01   -0.31   0.00
 SINCE JAN 1     21.76                       19.05    2.71  12.10

SNOWFALL
(INCHES)
 YESTERDAY         0.0           11.7  1971    0.3    -0.3    0.0
 MONTH TO DATE     0.0                         1.1    -1.1    0.0
 SINCE MAR 1       0.0                         1.1    -1.1    0.0
 SINCE JUL 1      10.2                        27.6   -17.4   25.1
 SNOW DEPTH (IN)     0                                          0

DEGREE DAYS
 HEATING
  YESTERDAY         26                          27      -1     44
  MONTH TO DATE     95                         108     -13    164
  SINCE MAR 1       95                         108     -13    164
  SINCE JUL 1     4179                        4646    -467   4653

 COOLING
  YESTERDAY          0                           0       0      0
  MONTH TO DATE      0                           0       0      0
  SINCE MAR 1        0                           0       0      0
  SINCE JAN 1        0                           0       0      0
...................................................................

WIND (MPH)
 HIGHEST WIND SPEED    15     HIGHEST WIND DIRECTION    120
 HIGHEST GUST SPEED    23     HIGHEST GUST DIRECTION    130
 AVERAGE WIND SPEED   7.8

WEATHER CONDITIONS
 THE FOLLOWING WEATHER WAS RECORDED YESTERDAY.
  SMOKE OR HAZE
FOG
RAIN
...................................................................

THE ANNETTE CLIMATE NORMALS FOR TODAY
                           NORMAL    RECORD   YEAR
 MAXIMUM TEMPERATURE (F)     43        50     2013
 MINIMUM TEMPERATURE (F)     33         9     1951

SUNRISE AND SUNSET
 MAR 5 2015..........SUNRISE  6:27 AM      SUNSET  5:31 PM
 MAR 6 2015..........SUNRISE  6:25 AM      SUNSET  5:33 PM

-  INDICATES NEGATIVE NUMBERS.
R  INDICATES RECORD HAS BEEN SET OR TIED.
MM INDICATES DATA IS MISSING.
T  INDICATES TRACE OF PRECIPITATION.

&&
-------------------------------------------------------------------

AMOUNT OF DAYLIGHT TODAY  (HOUR:MIN)........11 HOURS 4 MINUTES
GAIN SINCE YESTERDAY (HOUR:MIN:SEC)....+0:04:29

$$
CRG MAR 15
