000
CDAK47 PANT 270930
CLIANN

CLIMATE REPORT
NATIONAL WEATHER SERVICE ANNETTE, AK
130 AM AKDT FRI MAR 27 2015

...................................
...THE ANNETTE WSO AP CLIMATE SUMMARY FOR MARCH 26 2015...

CLIMATE NORMAL PERIOD  1981 TO  2010
CLIMATE RECORD PERIOD  1948 TO  2015

WEATHER ITEM   OBSERVED TIME    RECORD YEAR NORMAL DEPARTURE LAST
               VALUE    (LST)   VALUE       VALUE  FROM      YEAR
                                                   NORMAL
...................................................................
TEMPERATURE
YESTERDAY
 MAXIMUM            49  1119 AM    58  1961     46       3     42
 MINIMUM            44  1137 PM    16  1967     36       8     33
 AVERAGE            47                          41       6     38

PRECIPITATION
(INCHES)
 YESTERDAY        0.39           3.18  1955   0.27    0.12   0.00
 MONTH TO DATE    7.85                        6.73    1.12   8.10
 SINCE MAR 1      7.85                        6.73    1.12   8.10
 SINCE JAN 1     28.91                       24.77    4.14  20.20

SNOWFALL
(INCHES)
 YESTERDAY         0.0            2.4  1988    0.1    -0.1    0.0
 MONTH TO DATE     0.0                         6.1    -6.1    0.3
 SINCE MAR 1       0.0                         6.1    -6.1    0.3
 SINCE JUL 1      10.2                        32.6   -22.4   25.4
 SNOW DEPTH (IN)     0                                          0

DEGREE DAYS
 HEATING
  YESTERDAY         18                          24      -6     27
  MONTH TO DATE    547                         666    -119    768
  SINCE MAR 1      547                         666    -119    768
  SINCE JUL 1     4631                        5204    -573   5257

 COOLING
  YESTERDAY          0                           0       0      0
  MONTH TO DATE      0                           0       0      0
  SINCE MAR 1        0                           0       0      0
  SINCE JAN 1        0                           0       0      0
...................................................................

WIND (MPH)
 HIGHEST WIND SPEED    16     HIGHEST WIND DIRECTION    140
 HIGHEST GUST SPEED    25     HIGHEST GUST DIRECTION    130
 AVERAGE WIND SPEED   6.9

SKY COVER
  POSSIBLE SUNSHINE    MM          AVERAGE SKY COVER     MM

WEATHER CONDITIONS
 THE FOLLOWING WEATHER WAS RECORDED YESTERDAY.
  FOG
RAIN


RELATIVE HUMIDITY
 HIGHEST RH     MM PERCENT       MM
 LOWEST  RH     MM PERCENT       MM
 AVERAGE RH     MM PERCENT       MM
...................................................................

THE ANNETTE CLIMATE NORMALS FOR TODAY
                           NORMAL    RECORD   YEAR
 MAXIMUM TEMPERATURE (F)     47        55     2012
 MINIMUM TEMPERATURE (F)     36        28     1965

SUNRISE AND SUNSET
 MAR 27 2015..........SUNRISE  6:31 AM      SUNSET  7:14 PM
 MAR 28 2015..........SUNRISE  6:29 AM      SUNSET  7:16 PM

-  INDICATES NEGATIVE NUMBERS.
R  INDICATES RECORD HAS BEEN SET OR TIED.
MM INDICATES DATA IS MISSING.
T  INDICATES TRACE OF PRECIPITATION.

&&
-------------------------------------------------------------------

AMOUNT OF DAYLIGHT TODAY  (HOUR:MIN)........12 HOURS 43 MINUTES
GAIN/LOSS SINCE YESTERDAY (HOUR:MIN:SEC)....+0:04:30

$$
JH MAR 15
