000
CDAK47 PANT 181400
CLIANN

CLIMATE REPORT
NATIONAL WEATHER SERVICE ANNETTE, AK
600 AM AKDT FRI APR 18 2014

...................................
...THE ANNETTE WSO AP CLIMATE SUMMARY FOR APRIL 17 2014...

CLIMATE NORMAL PERIOD  1981 TO  2010
CLIMATE RECORD PERIOD  1948 TO  2014

WEATHER ITEM   OBSERVED TIME    RECORD YEAR NORMAL DEPARTURE LAST
               VALUE    (LST)   VALUE       VALUE  FROM      YEAR
                                                   NORMAL
...................................................................
TEMPERATURE
YESTERDAY
 MAXIMUM            46  1147 AM    60  1967     51      -5     46
 MINIMUM            41  1159 PM    29  2011     38       3     41
 AVERAGE            44                          44       0     44

PRECIPITATION
(INCHES)
 YESTERDAY        0.68           4.75  1956   0.21    0.47   1.00
 MONTH TO DATE    9.50                        4.09    5.41   3.91
 SINCE MAR 1     17.64                       12.14    5.50   8.27
 SINCE JAN 1     29.74                       30.18   -0.44  29.83

SNOWFALL
(INCHES)
 YESTERDAY         0.0              T  1987    0.0     0.0    0.0
 MONTH TO DATE     0.0                         1.1    -1.1      T
 SINCE MAR 1       0.3                         8.0    -7.7    0.9
 SINCE JUL 1      25.4                        34.5    -9.1   12.8
 SNOW DEPTH (IN)     0                                          0

DEGREE DAYS
 HEATING
  YESTERDAY         21                          21       0     21
  MONTH TO DATE    381                         372       9    369
  SINCE MAR 1     1248                        1156      92   1181
  SINCE JUL 1     5737                        5694      43   5707

 COOLING
  YESTERDAY          0                           0       0      0
  MONTH TO DATE      0                           0       0      0
  SINCE MAR 1        0                           0       0      0
  SINCE JAN 1        0                           0       0      0
...................................................................

WIND (MPH)
 HIGHEST WIND SPEED    20     HIGHEST WIND DIRECTION    140
 HIGHEST GUST SPEED    29     HIGHEST GUST DIRECTION    120
 AVERAGE WIND SPEED   9.1

SKY COVER
  POSSIBLE SUNSHINE    MM          AVERAGE SKY COVER     MM

WEATHER CONDITIONS
 THE FOLLOWING WEATHER WAS RECORDED YESTERDAY.
  FOG
RAIN


RELATIVE HUMIDITY
 HIGHEST RH     MM PERCENT       MM
 LOWEST  RH     MM PERCENT       MM
 AVERAGE RH     MM PERCENT       MM
...................................................................

THE ANNETTE CLIMATE NORMALS FOR TODAY
                           NORMAL    RECORD   YEAR
 MAXIMUM TEMPERATURE (F)     51        61     1994
 MINIMUM TEMPERATURE (F)     39        29     1963

SUNRISE AND SUNSET
 APR 18 2014..........SUNRISE  5:36 AM      SUNSET  7:58 PM
 APR 19 2014..........SUNRISE  5:33 AM      SUNSET  8:00 PM

-  INDICATES NEGATIVE NUMBERS.
R  INDICATES RECORD HAS BEEN SET OR TIED.
MM INDICATES DATA IS MISSING.
T  INDICATES TRACE OF PRECIPITATION.

&&
-------------------------------------------------------------------

AMOUNT OF DAYLIGHT TODAY  (HOUR:MIN)........14 HOURS 22 MINUTES
GAIN/LOSS SINCE YESTERDAY (HOUR:MIN:SEC)....+0:04:21

$$
JH APR 14
