000
CDAK47 PANT 250930
CLIANN

CLIMATE REPORT
NATIONAL WEATHER SERVICE ANNETTE, AK
130 AM AKDT MON MAY 25 2015

...................................
...THE ANNETTE WSO AP CLIMATE SUMMARY FOR MAY 24 2015...

CLIMATE NORMAL PERIOD  1981 TO  2010
CLIMATE RECORD PERIOD  1948 TO  2015

WEATHER ITEM   OBSERVED TIME    RECORD YEAR NORMAL DEPARTURE LAST
               VALUE    (LST)   VALUE       VALUE  FROM      YEAR
                                                   NORMAL
...................................................................
TEMPERATURE
YESTERDAY
 MAXIMUM            66  0100 PM    78  2008     58       8     55
 MINIMUM            50  1034 PM    36  1972     46       4     46
 AVERAGE            58                          52       6     51

PRECIPITATION
(INCHES)
 YESTERDAY        0.00           1.36  1970   0.17   -0.17   0.01
 MONTH TO DATE    0.50                        4.39   -3.89   4.85
 SINCE MAR 1     22.42                       19.21    3.21  28.59
 SINCE JAN 1     43.48                       37.25    6.23  40.69

SNOWFALL
(INCHES)
 YESTERDAY         0.0              T  1951    0.0     0.0    0.0
 MONTH TO DATE     0.0                         0.1    -0.1    0.0
 SINCE MAR 1         T                         8.4    -8.4    0.3
 SINCE JUL 1      10.2                        34.9   -24.7   25.4
 SNOW DEPTH (IN)     0                                          0

DEGREE DAYS
 HEATING
  YESTERDAY          7                          13      -6     14
  MONTH TO DATE    258                         374    -116    329
  SINCE MAR 1     1494                        1781    -287   1835
  SINCE JUL 1     5578                        6319    -741   6324

 COOLING
  YESTERDAY          0                           0       0      0
  MONTH TO DATE      0                           0       0      0
  SINCE MAR 1        0                           0       0      0
  SINCE JAN 1        0                           0       0      0
...................................................................

WIND (MPH)
 HIGHEST WIND SPEED    12     HIGHEST WIND DIRECTION    180
 HIGHEST GUST SPEED    18     HIGHEST GUST DIRECTION    150
 AVERAGE WIND SPEED   3.6

SKY COVER
  POSSIBLE SUNSHINE    MM          AVERAGE SKY COVER     MM

WEATHER CONDITIONS
 THE FOLLOWING WEATHER WAS RECORDED YESTERDAY.
  FOG


RELATIVE HUMIDITY
 HIGHEST RH     MM PERCENT       MM
 LOWEST  RH     MM PERCENT       MM
 AVERAGE RH     MM PERCENT       MM
...................................................................

THE ANNETTE CLIMATE NORMALS FOR TODAY
                           NORMAL    RECORD   YEAR
 MAXIMUM TEMPERATURE (F)     58        77     2008
 MINIMUM TEMPERATURE (F)     46        37     2000

SUNRISE AND SUNSET
 MAY 25 2015..........SUNRISE  4:23 AM      SUNSET  9:05 PM
 MAY 26 2015..........SUNRISE  4:22 AM      SUNSET  9:07 PM

-  INDICATES NEGATIVE NUMBERS.
R  INDICATES RECORD HAS BEEN SET OR TIED.
MM INDICATES DATA IS MISSING.
T  INDICATES TRACE OF PRECIPITATION.

&&
-------------------------------------------------------------------

AMOUNT OF DAYLIGHT TODAY  (HOUR:MIN)........16 HOURS 42 MINUTES
GAIN/LOSS SINCE YESTERDAY (HOUR:MIN:SEC)....+0:02:54

$$
JH MAY 15
