000
CDAK47 PANT 310905
CLIANN

CLIMATE REPORT
NATIONAL WEATHER SERVICE ANNETTE, AK
105 AM AKDT FRI JUL 31 2015

...................................
...THE ANNETTE WSO AP CLIMATE SUMMARY FOR JULY 30 2015...

CLIMATE NORMAL PERIOD  1981 TO  2010
CLIMATE RECORD PERIOD  1948 TO  2015

WEATHER ITEM   OBSERVED TIME    RECORD YEAR NORMAL DEPARTURE LAST
               VALUE    (LST)   VALUE       VALUE  FROM      YEAR
                                                   NORMAL
...................................................................
TEMPERATURE
YESTERDAY
 MAXIMUM            60  0815 AM    89  1976     66      -6     MM
 MINIMUM            55  0432 AM    46  1986     54       1     MM
 AVERAGE            58                          60      -2     MM

PRECIPITATION
(INCHES)
 YESTERDAY        1.17           1.89  1983   0.16    1.01      T
 MONTH TO DATE    7.04                        4.49    2.55   7.60
 SINCE JUN 1     11.03                        9.37    1.66  15.35
 SINCE JAN 1     54.51                       47.79    6.72  56.15

SNOWFALL
(INCHES)
 YESTERDAY         0.0            0.0  2015    0.0     0.0    0.0
 MONTH TO DATE     0.0                         0.0     0.0    0.0
 SINCE JUN 1       0.0                         0.0     0.0    0.0
 SINCE JUL 1       0.0                         0.0     0.0    0.0
 SNOW DEPTH (IN)     0                                          0

DEGREE DAYS
 HEATING
  YESTERDAY          7                           5       2     MM
  MONTH TO DATE    112                         201     -89     MM
  SINCE JUN 1      300                         499    -199    636
  SINCE JUL 1      112                         201     -89     MM

 COOLING
  YESTERDAY          0                           0       0     MM
  MONTH TO DATE     35                           0      35     MM
  SINCE JUN 1       37                           0      37      8
  SINCE JAN 1       37                           0      37     MM
...................................................................

WIND (MPH)
 HIGHEST WIND SPEED    17     HIGHEST WIND DIRECTION    130
 HIGHEST GUST SPEED    25     HIGHEST GUST DIRECTION    130
 AVERAGE WIND SPEED   8.3

SKY COVER
  POSSIBLE SUNSHINE    MM          AVERAGE SKY COVER     MM

WEATHER CONDITIONS
 THE FOLLOWING WEATHER WAS RECORDED YESTERDAY.
  FOG
RAIN


RELATIVE HUMIDITY
 HIGHEST RH     MM PERCENT       MM
 LOWEST  RH     MM PERCENT       MM
 AVERAGE RH     MM PERCENT       MM
...................................................................

THE ANNETTE CLIMATE NORMALS FOR TODAY
                           NORMAL    RECORD   YEAR
 MAXIMUM TEMPERATURE (F)     66        86     2009
 MINIMUM TEMPERATURE (F)     54        47     1972

SUNRISE AND SUNSET
 JUL 31 2015..........SUNRISE  4:54 AM      SUNSET  8:52 PM
 AUG 1 2015..........SUNRISE  4:55 AM      SUNSET  8:50 PM

-  INDICATES NEGATIVE NUMBERS.
R  INDICATES RECORD HAS BEEN SET OR TIED.
MM INDICATES DATA IS MISSING.
T  INDICATES TRACE OF PRECIPITATION.

&&
-------------------------------------------------------------------

AMOUNT OF DAYLIGHT TODAY  (HOUR:MIN)........15 HOURS 58 MINUTES
GAIN/LOSS SINCE YESTERDAY (HOUR:MIN:SEC)....-0:03:37

$$
JZ JUL 15
