000
CDAK47 PAJK 121234
CLIANN
CLIMATE REPORT
NATIONAL WEATHER SERVICE JUNEAU, AK
328 AM AKST TUE DEC 12 2017


...................................

...THE ANNETTE ISLAND CLIMATE SUMMARY FOR DECEMBER 11 2017...

CLIMATE NORMAL PERIOD 1981 TO 2010
CLIMATE RECORD PERIOD 1941 TO 2017


WEATHER ITEM   OBSERVED RECORD YEAR NORMAL DEPARTURE LAST
                VALUE   VALUE       VALUE  FROM      YEAR
                                           NORMAL
...........................................................
TEMPERATURE (F)
 YESTERDAY
  MAXIMUM         59R    57    1962  42     17       33
  MINIMUM         48     22    1964  33     15       26
  AVERAGE         54                 37     17       30

PRECIPITATION (IN)
  YESTERDAY        T      2.21 2013   0.36  -0.36     0.00
  MONTH TO DATE    4.26               4.00   0.26     2.66
  SINCE JAN 1     91.65              94.91  -3.26    90.64

SNOWFALL (IN)
  YESTERDAY        0.0    6.1  1977   0.2   -0.2      0.0
  MONTH TO DATE    0.0                2.4   -2.4      3.0
  SINCE JUL 1      0.0                6.0   -6.0      3.0
  SNOW DEPTH       0

DEGREE DAYS
 HEATING
  YESTERDAY       11                 28    -17       35
  MONTH TO DATE  217                301    -84      347
...........................................................


WIND (MPH)
  HIGHEST WIND SPEED    24   HIGHEST WIND DIRECTION    SE (130)
  HIGHEST GUST SPEED    40   HIGHEST GUST DIRECTION     E (110)
  AVERAGE WIND SPEED    16.1


SKY COVER
  AVERAGE SKY COVER 0.2


WEATHER CONDITIONS
 THE FOLLOWING WEATHER WAS RECORDED YESTERDAY.
  LIGHT RAIN


..........................................................


THE ANNETTE ISLAND CLIMATE NORMALS FOR TODAY
                         NORMAL    RECORD    YEAR
 MAXIMUM TEMPERATURE (F)   42        62      1962
 MINIMUM TEMPERATURE (F)   33        10      1971


SUNRISE AND SUNSET
DECEMBER 12 2017......SUNRISE   803 AM AKST  SUNSET   318 PM AKST
DECEMBER 13 2017......SUNRISE   804 AM AKST  SUNSET   317 PM AKST


-  INDICATES NEGATIVE NUMBERS.
R  INDICATES RECORD WAS SET OR TIED.
MM INDICATES DATA IS MISSING.
T  INDICATES TRACE AMOUNT.




$$
--------------------------------------------------------------

AMOUNT OF DAYLIGHT TODAY (HOUR:MIN)......... 7 HOURS 14 MINUTES
GAIN/LOSS SINCE YESTERDAY (HOUR:MIN:SEC).... -0:01:11

$$
