000
CDAK47 PANT 280911
CLIANN

CLIMATE REPORT
NATIONAL WEATHER SERVICE ANNETTE, AK
111 AM AKDT THU APR 28 2016

...................................
...THE ANNETTE WSO AP CLIMATE SUMMARY FOR APRIL 27 2016...

CLIMATE NORMAL PERIOD  1981 TO  2010
CLIMATE RECORD PERIOD  1948 TO  2016

WEATHER ITEM   OBSERVED TIME    RECORD YEAR NORMAL DEPARTURE LAST
               VALUE    (LST)   VALUE       VALUE  FROM      YEAR
                                                   NORMAL
...................................................................
TEMPERATURE
YESTERDAY
 MAXIMUM            55  0152 PM    73  1976     52       3     52
 MINIMUM            41  0135 AM    31  1999     40       1     41
 AVERAGE            48                          46       2     47

PRECIPITATION
(INCHES)
 YESTERDAY        0.00           1.72  2006   0.19   -0.19   1.49
 MONTH TO DATE    9.50                        6.18    3.32  10.06
 SINCE MAR 1     15.87                       14.23    1.64  20.14
 SINCE JAN 1     40.91                       32.27    8.64  41.20

SNOWFALL
(INCHES)
 YESTERDAY         0.0            1.2  1985    0.0     0.0    0.0
 MONTH TO DATE     0.0                         1.4    -1.4      T
 SINCE MAR 1       0.0                         8.3    -8.3    0.0
 SINCE JUL 1       5.0                        34.8   -29.8   10.2
 SNOW DEPTH (IN)     0                                          0

DEGREE DAYS
 HEATING
  YESTERDAY         17                          19      -2     18
  MONTH TO DATE    517                         568     -51    532
  SINCE MAR 1     1205                        1352    -147   1181
  SINCE JUL 1     5283                        5890    -607     MM

 COOLING
  YESTERDAY          0                           0       0      0
  MONTH TO DATE      0                           0       0      0
  SINCE MAR 1        0                           0       0      0
  SINCE JAN 1        0                           0       0      0
...................................................................

WIND (MPH)
 HIGHEST WIND SPEED    13     HIGHEST WIND DIRECTION    130
 HIGHEST GUST SPEED    16     HIGHEST GUST DIRECTION    130
 AVERAGE WIND SPEED   4.3

SKY COVER
  POSSIBLE SUNSHINE    MM          AVERAGE SKY COVER     MM

WEATHER CONDITIONS
 THE FOLLOWING WEATHER WAS RECORDED YESTERDAY.
  FOG


RELATIVE HUMIDITY
 HIGHEST RH     MM PERCENT       MM
 LOWEST  RH     MM PERCENT       MM
 AVERAGE RH     MM PERCENT       MM
...................................................................

THE ANNETTE CLIMATE NORMALS FOR TODAY
                           NORMAL    RECORD   YEAR
 MAXIMUM TEMPERATURE (F)     53        79     1976
 MINIMUM TEMPERATURE (F)     40        30     1954

SUNRISE AND SUNSET
 APR 28 2016..........SUNRISE  5:12 AM      SUNSET  8:18 PM
 APR 29 2016..........SUNRISE  5:09 AM      SUNSET  8:20 PM

-  INDICATES NEGATIVE NUMBERS.
R  INDICATES RECORD HAS BEEN SET OR TIED.
MM INDICATES DATA IS MISSING.
T  INDICATES TRACE OF PRECIPITATION.

&&
-------------------------------------------------------------------

AMOUNT OF DAYLIGHT TODAY  (HOUR:MIN)........15 HOURS 6 MINUTES
GAIN/LOSS SINCE YESTERDAY (HOUR:MIN:SEC)....+0:04:09

$$
MM APR 16
