000
CDUS41 KCTP 290616
CLIAOO


CLIMATE REPORT
NATIONAL WEATHER SERVICE STATE COLLEGE PA
216 AM EDT FRI JUL 29 2016


...................................

...THE ALTOONA CLIMATE SUMMARY FOR JULY 28 2016...

CLIMATE NORMAL PERIOD 1981 TO 2010
CLIMATE RECORD PERIOD 1948 TO 2016


WEATHER ITEM   OBSERVED TIME   RECORD YEAR NORMAL DEPARTURE LAST
                VALUE   (LST)  VALUE       VALUE  FROM      YEAR
                                                  NORMAL
..................................................................
TEMPERATURE (F)
 YESTERDAY
  MAXIMUM         81   1035 AM  97    1952  82     -1       87
  MINIMUM         64    513 AM  48    1962  60      4       65
  AVERAGE         73                        71      2       76

PRECIPITATION (IN)
  YESTERDAY        0.34          2.02 1951   0.10   0.24     0.00
  MONTH TO DATE    1.25                      2.96  -1.71     5.35
  SINCE JUN 1      3.76                      6.44  -2.68    12.96
  SINCE JAN 1     13.74                     20.62  -6.88    22.46

DEGREE DAYS
 HEATING
  YESTERDAY        0                         0      0        0
  MONTH TO DATE    4                         1      3        3
  SINCE JUN 1     27                        59    -32       42
  SINCE JUL 1      4                         1      3        3

 COOLING
  YESTERDAY        8                         6      2       11
  MONTH TO DATE  261                       167     94      159
  SINCE JUN 1    394                       276    118      307
  SINCE JAN 1    445                       309    136      411
..................................................................


WIND (MPH)
  HIGHEST WIND SPEED    10   HIGHEST WIND DIRECTION    NW (330)
  HIGHEST GUST SPEED    14   HIGHEST GUST DIRECTION    NW (330)
  AVERAGE WIND SPEED     1.3


SKY COVER
  POSSIBLE SUNSHINE  MM
  AVERAGE SKY COVER 0.7


WEATHER CONDITIONS
 THE FOLLOWING WEATHER WAS RECORDED YESTERDAY.
  RAIN
  LIGHT RAIN
  FOG


RELATIVE HUMIDITY (PERCENT)
 HIGHEST   100           600 PM
 LOWEST     54          1100 AM
 AVERAGE    77

..........................................................


THE ALTOONA CLIMATE NORMALS FOR TODAY
                         NORMAL    RECORD    YEAR
 MAXIMUM TEMPERATURE (F)   81        94      2002
 MINIMUM TEMPERATURE (F)   60        50      1965


SUNRISE AND SUNSET
JULY 29 2016..........SUNRISE   609 AM EDT   SUNSET   830 PM EDT
JULY 30 2016..........SUNRISE   610 AM EDT   SUNSET   829 PM EDT


-  INDICATES NEGATIVE NUMBERS.
R  INDICATES RECORD WAS SET OR TIED.
MM INDICATES DATA IS MISSING.
T  INDICATES TRACE AMOUNT.




$$
