000
CDUS41 KCTP 240624
CLIAOO


CLIMATE REPORT
NATIONAL WEATHER SERVICE STATE COLLEGE PA
224 AM EDT SUN SEP 24 2017


...................................

...THE ALTOONA CLIMATE SUMMARY FOR SEPTEMBER 23 2017...

CLIMATE NORMAL PERIOD 1981 TO 2010
CLIMATE RECORD PERIOD 1948 TO 2017


WEATHER ITEM   OBSERVED TIME   RECORD YEAR NORMAL DEPARTURE LAST
                VALUE   (LST)  VALUE       VALUE  FROM      YEAR
                                                  NORMAL
..................................................................
TEMPERATURE (F)
 YESTERDAY
  MAXIMUM         87    353 PM  90    1970  69     18       86
  MINIMUM         51    537 AM  31    1974  48      3       56
  AVERAGE         69                        59     10       71

PRECIPITATION (IN)
  YESTERDAY        0.00          0.67 1955   0.11  -0.11     0.00
  MONTH TO DATE    1.47                      2.70  -1.23     0.72
  SINCE SEP 1      1.47                      2.70  -1.23     0.72
  SINCE JAN 1     31.89                     23.62   8.27    18.38

DEGREE DAYS
 HEATING
  YESTERDAY        0                         7     -7        0
  MONTH TO DATE   87                        89     -2        8
  SINCE SEP 1     87                        89     -2        8
  SINCE JUL 1    121                       113      8       12

 COOLING
  YESTERDAY        4                         1      3        6
  MONTH TO DATE   33                        42     -9      118
  SINCE SEP 1     33                        42     -9      118
  SINCE JAN 1    575                       515     60      862
..................................................................


WIND (MPH)
  HIGHEST WIND SPEED     9   HIGHEST WIND DIRECTION     N (20)
  HIGHEST GUST SPEED    12   HIGHEST GUST DIRECTION    NE (30)
  AVERAGE WIND SPEED     1.5


SKY COVER
  POSSIBLE SUNSHINE  MM
  AVERAGE SKY COVER 0.0


WEATHER CONDITIONS
 THE FOLLOWING WEATHER WAS RECORDED YESTERDAY.
  NO SIGNIFICANT WEATHER WAS OBSERVED.


RELATIVE HUMIDITY (PERCENT)
 HIGHEST    93           300 AM
 LOWEST     31           100 PM
 AVERAGE    62

..........................................................


THE ALTOONA CLIMATE NORMALS FOR TODAY
                         NORMAL    RECORD    YEAR
 MAXIMUM TEMPERATURE (F)   69        91      1970
 MINIMUM TEMPERATURE (F)   48        30      1963


SUNRISE AND SUNSET
SEPTEMBER 24 2017.....SUNRISE   703 AM EDT   SUNSET   707 PM EDT
SEPTEMBER 25 2017.....SUNRISE   704 AM EDT   SUNSET   705 PM EDT


-  INDICATES NEGATIVE NUMBERS.
R  INDICATES RECORD WAS SET OR TIED.
MM INDICATES DATA IS MISSING.
T  INDICATES TRACE AMOUNT.




$$
