000
CDUS41 KCTP 040633
CLIAOO


CLIMATE REPORT
NATIONAL WEATHER SERVICE STATE COLLEGE PA
233 AM EDT TUE AUG 4 2015


...................................

...THE ALTOONA CLIMATE SUMMARY FOR AUGUST 3 2015...

CLIMATE NORMAL PERIOD 1981 TO 2010
CLIMATE RECORD PERIOD 1948 TO 2015


WEATHER ITEM   OBSERVED TIME   RECORD YEAR NORMAL DEPARTURE LAST
                VALUE   (LST)  VALUE       VALUE  FROM      YEAR
                                                  NORMAL
..................................................................
TEMPERATURE (F)
 YESTERDAY
  MAXIMUM         84    348 PM  93    1955  81      3       79
  MINIMUM         62    501 AM  48    1959  60      2       62
  AVERAGE         73                        70      3       71

PRECIPITATION (IN)
  YESTERDAY        0.22          1.90 2014   0.09   0.13     1.90
  MONTH TO DATE    0.22                      0.29  -0.07     1.90
  SINCE JUN 1     13.49                      7.03   6.46    12.07
  SINCE JAN 1     22.99                     21.21   1.78    25.57

DEGREE DAYS
 HEATING
  YESTERDAY        0                         0      0        0
  MONTH TO DATE    0                         0      0        0
  SINCE JUN 1     42                        68    -26       29
  SINCE JUL 1      3                        10     -7       14

 COOLING
  YESTERDAY        8                         6      2        6
  MONTH TO DATE   21                        18      3       13
  SINCE JUN 1    355                       312     43      317
  SINCE JAN 1    459                       345    114      364
..................................................................


WIND (MPH)
  HIGHEST WIND SPEED    18   HIGHEST WIND DIRECTION    NW (320)
  HIGHEST GUST SPEED    26   HIGHEST GUST DIRECTION    NW (330)
  AVERAGE WIND SPEED     6.5


SKY COVER
  POSSIBLE SUNSHINE  MM
  AVERAGE SKY COVER 0.2


WEATHER CONDITIONS
 THE FOLLOWING WEATHER WAS RECORDED YESTERDAY.
  THUNDERSTORM
  HEAVY RAIN
  RAIN
  LIGHT RAIN
  FOG


RELATIVE HUMIDITY (PERCENT)
 HIGHEST    84           400 AM
 LOWEST     43           100 PM
 AVERAGE    64

..........................................................


THE ALTOONA CLIMATE NORMALS FOR TODAY
                         NORMAL    RECORD    YEAR
 MAXIMUM TEMPERATURE (F)   81        96      2002
 MINIMUM TEMPERATURE (F)   60        45      1966


SUNRISE AND SUNSET
AUGUST  4 2015........SUNRISE   614 AM EDT   SUNSET   825 PM EDT
AUGUST  5 2015........SUNRISE   614 AM EDT   SUNSET   823 PM EDT


-  INDICATES NEGATIVE NUMBERS.
R  INDICATES RECORD WAS SET OR TIED.
MM INDICATES DATA IS MISSING.
T  INDICATES TRACE AMOUNT.




$$
