000
CDUS41 KCTP 010607
CLIAOO


CLIMATE REPORT
NATIONAL WEATHER SERVICE STATE COLLEGE PA
206 AM EDT SAT OCT 1 2016


...................................

...THE ALTOONA CLIMATE SUMMARY FOR SEPTEMBER 30 2016...

CLIMATE NORMAL PERIOD 1981 TO 2010
CLIMATE RECORD PERIOD 1948 TO 2016


WEATHER ITEM   OBSERVED TIME   RECORD YEAR NORMAL DEPARTURE LAST
                VALUE   (LST)  VALUE       VALUE  FROM      YEAR
                                                  NORMAL
..................................................................
TEMPERATURE (F)
 YESTERDAY
  MAXIMUM         55   1132 PM  91    1953  67    -12       67
  MINIMUM         53   1105 AM  31    1951  46      7       53
  AVERAGE         54                        56     -2       60

PRECIPITATION (IN)
  YESTERDAY        0.38          2.77 2010   0.11   0.27     0.28
  MONTH TO DATE    3.18                      3.46  -0.28     2.94
  SINCE SEP 1      3.18                      3.46  -0.28     2.94
  SINCE JAN 1     20.84                     24.38  -3.54    27.10

DEGREE DAYS
 HEATING
  YESTERDAY       11                         9      2        5
  MONTH TO DATE   55                       147    -92       60
  SINCE SEP 1     55                       148    -93       60
  SINCE JUL 1     59                       171   -112       74

 COOLING
  YESTERDAY        0                         1     -1        0
  MONTH TO DATE  118                        47     71      110
  SINCE SEP 1    118                        47     71      110
  SINCE JAN 1    862                       522    340      695
..................................................................


WIND (MPH)
  HIGHEST WIND SPEED    16   HIGHEST WIND DIRECTION     E (80)
  HIGHEST GUST SPEED    23   HIGHEST GUST DIRECTION     E (70)
  AVERAGE WIND SPEED     8.0


SKY COVER
  POSSIBLE SUNSHINE  MM
  AVERAGE SKY COVER 0.9


WEATHER CONDITIONS
 THE FOLLOWING WEATHER WAS RECORDED YESTERDAY.
  RAIN
  LIGHT RAIN
  FOG


RELATIVE HUMIDITY (PERCENT)
 HIGHEST   100           300 AM
 LOWEST     93           200 AM
 AVERAGE    97

..........................................................


THE ALTOONA CLIMATE NORMALS FOR TODAY
                         NORMAL    RECORD    YEAR
 MAXIMUM TEMPERATURE (F)   66        80      1952
 MINIMUM TEMPERATURE (F)   45        29      1993


SUNRISE AND SUNSET
OCTOBER  1 2016.......SUNRISE   710 AM EDT   SUNSET   655 PM EDT
OCTOBER  2 2016.......SUNRISE   711 AM EDT   SUNSET   653 PM EDT


-  INDICATES NEGATIVE NUMBERS.
R  INDICATES RECORD WAS SET OR TIED.
MM INDICATES DATA IS MISSING.
T  INDICATES TRACE AMOUNT.




$$
