000
CDUS41 KCTP 232250
CLIAOO


CLIMATE REPORT
NATIONAL WEATHER SERVICE STATE COLLEGE PA
549 PM EST MON JAN 23 2017


...................................

...THE ALTOONA CLIMATE SUMMARY FOR JANUARY 23 2017...
VALID TODAY AS OF 0500 PM LOCAL TIME.

CLIMATE NORMAL PERIOD 1981 TO 2010
CLIMATE RECORD PERIOD 1948 TO 2017


WEATHER ITEM   OBSERVED TIME   RECORD YEAR NORMAL DEPARTURE LAST
                VALUE   (LST)  VALUE       VALUE  FROM      YEAR
                                                  NORMAL
..................................................................
TEMPERATURE (F)
 TODAY
  MAXIMUM         48    244 AM  62    1967  34     14       27
  MINIMUM         34    459 PM  -1    2014  20     14       16
                                      1963
  AVERAGE         41                        27     14       22

PRECIPITATION (IN)
  TODAY            0.72          1.02 1982   0.07   0.65    MM
  MONTH TO DATE    2.58                      1.59   0.99     1.61
  SINCE DEC 1      4.90                      4.01   0.89     5.35
  SINCE JAN 1      2.58                      1.59   0.99     1.61

DEGREE DAYS
 HEATING
  TODAY           24                        38    -14       43
  MONTH TO DATE  723                       874   -151      910
  SINCE DEC 1   1722                      1939   -217     1557
  SINCE JUL 1   2713                      3249   -536     2550

 COOLING
  TODAY            0                         0      0        0
  MONTH TO DATE    0                         0      0        0
  SINCE DEC 1      0                         0      0        0
  SINCE JAN 1      0                         0      0        0
..................................................................


WIND (MPH)
  HIGHEST WIND SPEED    24   HIGHEST WIND DIRECTION     E (90)
  HIGHEST GUST SPEED    33   HIGHEST GUST DIRECTION    SE (130)
  AVERAGE WIND SPEED    13.4


SKY COVER
  POSSIBLE SUNSHINE  MM
  AVERAGE SKY COVER 0.9


WEATHER CONDITIONS
 THE FOLLOWING WEATHER WAS RECORDED TODAY.
  HEAVY RAIN
  RAIN
  LIGHT RAIN
  LIGHT SNOW
  FOG


RELATIVE HUMIDITY (PERCENT)
 HIGHEST   100          1200 PM
 LOWEST     86          1100 AM
 AVERAGE    93

..........................................................


THE ALTOONA CLIMATE NORMALS FOR TOMORROW
                         NORMAL    RECORD    YEAR
 MAXIMUM TEMPERATURE (F)   34        66      1967
 MINIMUM TEMPERATURE (F)   20       -12      1963


SUNRISE AND SUNSET
JANUARY 23 2017.......SUNRISE   730 AM EST   SUNSET   521 PM EST
JANUARY 24 2017.......SUNRISE   729 AM EST   SUNSET   522 PM EST


-  INDICATES NEGATIVE NUMBERS.
R  INDICATES RECORD WAS SET OR TIED.
MM INDICATES DATA IS MISSING.
T  INDICATES TRACE AMOUNT.




$$
