000
CDUS41 KCTP 290635
CLIAOO


CLIMATE REPORT
NATIONAL WEATHER SERVICE STATE COLLEGE PA
234 AM EDT SUN MAY 29 2016


...................................

...THE ALTOONA CLIMATE SUMMARY FOR MAY 28 2016...

CLIMATE NORMAL PERIOD 1981 TO 2010
CLIMATE RECORD PERIOD 1948 TO 2016


WEATHER ITEM   OBSERVED TIME   RECORD YEAR NORMAL DEPARTURE LAST
                VALUE   (LST)  VALUE       VALUE  FROM      YEAR
                                                  NORMAL
..................................................................
TEMPERATURE (F)
 YESTERDAY
  MAXIMUM         88R   436 PM  87    1977  72     16       81
  MINIMUM         61    428 AM  35    1992  51     10       61
  AVERAGE         75                        62     13       71

PRECIPITATION (IN)
  YESTERDAY        0.00          1.80 2009   0.12  -0.12     0.00
  MONTH TO DATE    3.23                      3.35  -0.12     1.16
  SINCE MAR 1      6.14                      9.61  -3.47     6.98
  SINCE JAN 1      9.98                     13.82  -3.84     9.50

DEGREE DAYS
 HEATING
  YESTERDAY        0                         5     -5        0
  MONTH TO DATE  249                       228     21      105
  SINCE MAR 1   1344                      1576   -232     1462
  SINCE JUL 1   5168                      6132   -964     6255

 COOLING
  YESTERDAY       10                         2      8        6
  MONTH TO DATE   29                        20      9       79
  SINCE MAR 1     29                        26      3       79
  SINCE JAN 1     29                        26      3       79
..................................................................


WIND (MPH)
  HIGHEST WIND SPEED    13   HIGHEST WIND DIRECTION     S (180)
  HIGHEST GUST SPEED    16   HIGHEST GUST DIRECTION     S (180)
  AVERAGE WIND SPEED     4.0


SKY COVER
  POSSIBLE SUNSHINE  MM
  AVERAGE SKY COVER 0.1


WEATHER CONDITIONS
 THE FOLLOWING WEATHER WAS RECORDED YESTERDAY.
  FOG


RELATIVE HUMIDITY (PERCENT)
 HIGHEST   100           500 AM
 LOWEST     43           500 PM
 AVERAGE    72

..........................................................


THE ALTOONA CLIMATE NORMALS FOR TODAY
                         NORMAL    RECORD    YEAR
 MAXIMUM TEMPERATURE (F)   72        94      1969
 MINIMUM TEMPERATURE (F)   51        35      1949


SUNRISE AND SUNSET
MAY 29 2016...........SUNRISE   547 AM EDT   SUNSET   835 PM EDT
MAY 30 2016...........SUNRISE   546 AM EDT   SUNSET   836 PM EDT


-  INDICATES NEGATIVE NUMBERS.
R  INDICATES RECORD WAS SET OR TIED.
MM INDICATES DATA IS MISSING.
T  INDICATES TRACE AMOUNT.




$$
