000
CDUS41 KCTP 230640
CLIAOO


CLIMATE REPORT
NATIONAL WEATHER SERVICE STATE COLLEGE PA
240 AM EDT WED APR 23 2014


...................................

...THE ALTOONA CLIMATE SUMMARY FOR APRIL 22 2014...

CLIMATE NORMAL PERIOD 1981 TO 2010
CLIMATE RECORD PERIOD 1948 TO 2014


WEATHER ITEM   OBSERVED TIME   RECORD YEAR NORMAL DEPARTURE LAST
                VALUE   (LST)  VALUE       VALUE  FROM      YEAR
                                                  NORMAL
..................................................................
TEMPERATURE (F)
 YESTERDAY
  MAXIMUM         67    309 PM  85    1954  62      5       55
  MINIMUM         43   1113 PM  27    1988  40      3       36
  AVERAGE         55                        51      4       46

PRECIPITATION (IN)
  YESTERDAY        0.16          0.78 1999   0.11   0.05     0.00
  MONTH TO DATE    2.21                      2.34  -0.13     2.14
  SINCE MAR 1      4.26                      5.41  -1.15     4.33
  SINCE JAN 1      7.62                      9.62  -2.00     8.00

DEGREE DAYS
 HEATING
  YESTERDAY       10                        14     -4       19
  MONTH TO DATE  337                       388    -51      333
  SINCE MAR 1   1284                      1247     37     1306
  SINCE JUL 1   6028                      5802    226     5628

 COOLING
  YESTERDAY        0                         0      0        0
  MONTH TO DATE    6                         0      6       11
  SINCE MAR 1      6                         1      5       11
  SINCE JAN 1      6                         1      5       11
..................................................................


WIND (MPH)
  HIGHEST WIND SPEED    28   HIGHEST WIND DIRECTION    NW (320)
  HIGHEST GUST SPEED    38   HIGHEST GUST DIRECTION    NW (330)
  AVERAGE WIND SPEED     8.3


SKY COVER
  POSSIBLE SUNSHINE  MM
  AVERAGE SKY COVER 0.5


WEATHER CONDITIONS
 THE FOLLOWING WEATHER WAS RECORDED YESTERDAY.
  THUNDERSTORM
  HEAVY RAIN
  RAIN
  LIGHT RAIN
  FOG


RELATIVE HUMIDITY (PERCENT)
 HIGHEST    78          1200 PM
 LOWEST     36           200 AM
 AVERAGE    57

..........................................................


THE ALTOONA CLIMATE NORMALS FOR TODAY
                         NORMAL    RECORD    YEAR
 MAXIMUM TEMPERATURE (F)   63        86      1960
 MINIMUM TEMPERATURE (F)   40        27      1982


SUNRISE AND SUNSET
APRIL 23 2014.........SUNRISE   623 AM EDT   SUNSET   800 PM EDT
APRIL 24 2014.........SUNRISE   622 AM EDT   SUNSET   801 PM EDT


-  INDICATES NEGATIVE NUMBERS.
R  INDICATES RECORD WAS SET OR TIED.
MM INDICATES DATA IS MISSING.
T  INDICATES TRACE AMOUNT.




$$
