000
CDUS41 KCTP 090620
CLIAOO


CLIMATE REPORT
NATIONAL WEATHER SERVICE STATE COLLEGE PA
120 AM EST FRI DEC 9 2016


...................................

...THE ALTOONA CLIMATE SUMMARY FOR DECEMBER 8 2016...

CLIMATE NORMAL PERIOD 1981 TO 2010
CLIMATE RECORD PERIOD 1948 TO 2016


WEATHER ITEM   OBSERVED TIME   RECORD YEAR NORMAL DEPARTURE LAST
                VALUE   (LST)  VALUE       VALUE  FROM      YEAR
                                                  NORMAL
..................................................................
TEMPERATURE (F)
 YESTERDAY
  MAXIMUM         38   1145 AM  62    1991  40     -2       47
  MINIMUM         23   1159 PM   7    2005  26     -3       25
  AVERAGE         31                        33     -2       36

PRECIPITATION (IN)
  YESTERDAY        T             1.26 1972   0.09  -0.09     0.00
  MONTH TO DATE    0.68                      0.73  -0.05     1.09
  SINCE DEC 1      0.68                      0.73  -0.05     1.09
  SINCE JAN 1     24.82                     30.94  -6.12    32.17

DEGREE DAYS
 HEATING
  YESTERDAY       34                        32      2       29
  MONTH TO DATE  225                       247    -22      210
  SINCE DEC 1    225                       247    -22      210
  SINCE JUL 1   1216                      1557   -341     1203

 COOLING
  YESTERDAY        0                         0      0        0
  MONTH TO DATE    0                         0      0        0
  SINCE DEC 1      0                         0      0        0
  SINCE JAN 1    873                       522    351      696
..................................................................


WIND (MPH)
  HIGHEST WIND SPEED    24   HIGHEST WIND DIRECTION    NW (300)
  HIGHEST GUST SPEED    32   HIGHEST GUST DIRECTION    NW (310)
  AVERAGE WIND SPEED    13.6


SKY COVER
  POSSIBLE SUNSHINE  MM
  AVERAGE SKY COVER 0.8


WEATHER CONDITIONS
 THE FOLLOWING WEATHER WAS RECORDED YESTERDAY.
  LIGHT SNOW


RELATIVE HUMIDITY (PERCENT)
 HIGHEST    63           600 AM
 LOWEST     47           200 AM
 AVERAGE    55

..........................................................


THE ALTOONA CLIMATE NORMALS FOR TODAY
                         NORMAL    RECORD    YEAR
 MAXIMUM TEMPERATURE (F)   40        67      1966
 MINIMUM TEMPERATURE (F)   25        -3      1989


SUNRISE AND SUNSET
DECEMBER  9 2016......SUNRISE   725 AM EST   SUNSET   447 PM EST
DECEMBER 10 2016......SUNRISE   725 AM EST   SUNSET   447 PM EST


-  INDICATES NEGATIVE NUMBERS.
R  INDICATES RECORD WAS SET OR TIED.
MM INDICATES DATA IS MISSING.
T  INDICATES TRACE AMOUNT.




$$
