000
CDUS41 KCTP 062220
CLIAOO


CLIMATE REPORT
NATIONAL WEATHER SERVICE STATE COLLEGE PA
520 PM EST FRI MAR 6 2015


...................................

...THE ALTOONA CLIMATE SUMMARY FOR MARCH 6 2015...
VALID TODAY AS OF 0500 PM LOCAL TIME.

CLIMATE NORMAL PERIOD 1981 TO 2010
CLIMATE RECORD PERIOD 1948 TO 2015


WEATHER ITEM   OBSERVED TIME   RECORD YEAR NORMAL DEPARTURE LAST
                VALUE   (LST)  VALUE       VALUE  FROM      YEAR
                                                  NORMAL
..................................................................
TEMPERATURE (F)
 TODAY
  MAXIMUM         24    459 PM  70    1961  42    -18       30
  MINIMUM          2R   655 AM   8    2007  25    -23       11
  AVERAGE         13                        34    -21       21

PRECIPITATION (IN)
  TODAY            0.00          1.77 1967   0.09  -0.09     0.00
  MONTH TO DATE    0.99                      0.50   0.49     0.04
  SINCE MAR 1      0.99                      0.50   0.49     0.04
  SINCE JAN 1      3.51                      4.71  -1.20     3.40

DEGREE DAYS
 HEATING
  TODAY           52                        31     21       44
  MONTH TO DATE  246                       193     53      252
  SINCE MAR 1    246                       193     53      252
  SINCE JUL 1   5039                      4748    291     4996

 COOLING
  TODAY            0                         0      0        0
  MONTH TO DATE    0                         0      0        0
  SINCE MAR 1      0                         0      0        0
  SINCE JAN 1      0                         0      0        0
..................................................................


WIND (MPH)
  HIGHEST WIND SPEED    14   HIGHEST WIND DIRECTION    NW (320)
  HIGHEST GUST SPEED    19   HIGHEST GUST DIRECTION    NW (330)
  AVERAGE WIND SPEED     3.9


SKY COVER
  POSSIBLE SUNSHINE  MM
  AVERAGE SKY COVER 0.0


WEATHER CONDITIONS
 THE FOLLOWING WEATHER WAS RECORDED TODAY.
  NO SIGNIFICANT WEATHER WAS OBSERVED.


RELATIVE HUMIDITY (PERCENT)
 HIGHEST    79           700 AM
 LOWEST     40           500 PM
 AVERAGE    60

..........................................................


THE ALTOONA CLIMATE NORMALS FOR TOMORROW
                         NORMAL    RECORD    YEAR
 MAXIMUM TEMPERATURE (F)   43        73      1974
 MINIMUM TEMPERATURE (F)   25         5      1960


SUNRISE AND SUNSET
MARCH  6 2015.........SUNRISE   640 AM EST   SUNSET   610 PM EST
MARCH  7 2015.........SUNRISE   638 AM EST   SUNSET   611 PM EST


-  INDICATES NEGATIVE NUMBERS.
R  INDICATES RECORD WAS SET OR TIED.
MM INDICATES DATA IS MISSING.
T  INDICATES TRACE AMOUNT.




$$
