000
CDUS41 KCTP 270719
CLIAOO


CLIMATE REPORT
NATIONAL WEATHER SERVICE STATE COLLEGE PA
219 AM EST THU NOV 27 2014


...................................

...THE ALTOONA CLIMATE SUMMARY FOR NOVEMBER 26 2014...

CLIMATE NORMAL PERIOD 1981 TO 2010
CLIMATE RECORD PERIOD 1948 TO 2014


WEATHER ITEM   OBSERVED TIME   RECORD YEAR NORMAL DEPARTURE LAST
                VALUE   (LST)  VALUE       VALUE  FROM      YEAR
                                                  NORMAL
..................................................................
TEMPERATURE (F)
 YESTERDAY
  MAXIMUM         34    538 AM  64    1979  45    -11       34
  MINIMUM         29    637 PM   7    1950  30     -1       29
  AVERAGE         32                        38     -6       32

PRECIPITATION (IN)
  YESTERDAY        0.09          1.34 2013   0.11  -0.02     1.34
  MONTH TO DATE    1.31                      2.80  -1.49     2.27
  SINCE SEP 1      5.10                      8.86  -3.76     8.24
  SINCE JAN 1     33.72                     29.78   3.94    27.25

DEGREE DAYS
 HEATING
  YESTERDAY       33                        27      6       33
  MONTH TO DATE  681                       589     92      645
  SINCE SEP 1   1143                      1172    -29     1131
  SINCE JUL 1   1177                      1196    -19     1152

 COOLING
  YESTERDAY        0                         0      0        0
  MONTH TO DATE    0                         0      0        0
  SINCE SEP 1     69                        52     17       87
  SINCE JAN 1    521                       522     -1      695
..................................................................


WIND (MPH)
  HIGHEST WIND SPEED     9   HIGHEST WIND DIRECTION     N (20)
  HIGHEST GUST SPEED    10   HIGHEST GUST DIRECTION     N (20)
  AVERAGE WIND SPEED     2.9


SKY COVER
  POSSIBLE SUNSHINE  MM
  AVERAGE SKY COVER 0.8


WEATHER CONDITIONS
 THE FOLLOWING WEATHER WAS RECORDED YESTERDAY.
  HEAVY SNOW
  SNOW
  LIGHT SNOW
  FOG
  FOG W/VISIBILITY <= 1/4 MILE


RELATIVE HUMIDITY (PERCENT)
 HIGHEST   100           900 AM
 LOWEST     75          1200 AM
 AVERAGE    88

..........................................................


THE ALTOONA CLIMATE NORMALS FOR TODAY
                         NORMAL    RECORD    YEAR
 MAXIMUM TEMPERATURE (F)   45        65      1988
 MINIMUM TEMPERATURE (F)   30        13      1974


SUNRISE AND SUNSET
NOVEMBER 27 2014......SUNRISE   713 AM EST   SUNSET   449 PM EST
NOVEMBER 28 2014......SUNRISE   714 AM EST   SUNSET   449 PM EST


-  INDICATES NEGATIVE NUMBERS.
R  INDICATES RECORD WAS SET OR TIED.
MM INDICATES DATA IS MISSING.
T  INDICATES TRACE AMOUNT.




$$
