000
CDUS41 KCTP 290607
CLIAOO


CLIMATE REPORT
NATIONAL WEATHER SERVICE STATE COLLEGE PA
207 AM EDT MON AUG 29 2016


...................................

...THE ALTOONA CLIMATE SUMMARY FOR AUGUST 28 2016...

CLIMATE NORMAL PERIOD 1981 TO 2010
CLIMATE RECORD PERIOD 1948 TO 2016


WEATHER ITEM   OBSERVED TIME   RECORD YEAR NORMAL DEPARTURE LAST
                VALUE   (LST)  VALUE       VALUE  FROM      YEAR
                                                  NORMAL
..................................................................
TEMPERATURE (F)
 YESTERDAY
  MAXIMUM         89    355 PM  97    1948  78     11       79
  MINIMUM         65    415 AM  44    1986  57      8       48
  AVERAGE         77                        68      9       64

PRECIPITATION (IN)
  YESTERDAY        0.34          1.66 1987   0.10   0.24     0.00
  MONTH TO DATE    3.35                      2.70   0.65     1.00
  SINCE JUN 1      7.64                      9.44  -1.80    14.27
  SINCE JAN 1     17.62                     23.62  -6.00    23.77

DEGREE DAYS
 HEATING
  YESTERDAY        0                         1     -1        1
  MONTH TO DATE    0                        20    -20       11
  SINCE JUN 1     27                        88    -61       53
  SINCE JUL 1      4                        30    -26       14

 COOLING
  YESTERDAY       12                         4      8        0
  MONTH TO DATE  254                       144    110      126
  SINCE JUN 1    674                       438    236      460
  SINCE JAN 1    725                       471    254      564
..................................................................


WIND (MPH)
  HIGHEST WIND SPEED    16   HIGHEST WIND DIRECTION     N (20)
  HIGHEST GUST SPEED    24   HIGHEST GUST DIRECTION    NE (40)
  AVERAGE WIND SPEED     4.9


SKY COVER
  POSSIBLE SUNSHINE  MM
  AVERAGE SKY COVER 0.2


WEATHER CONDITIONS
 THE FOLLOWING WEATHER WAS RECORDED YESTERDAY.
  THUNDERSTORM
  HEAVY RAIN
  RAIN
  LIGHT RAIN
  FOG


RELATIVE HUMIDITY (PERCENT)
 HIGHEST   100           400 AM
 LOWEST     50           400 PM
 AVERAGE    75

..........................................................


THE ALTOONA CLIMATE NORMALS FOR TODAY
                         NORMAL    RECORD    YEAR
 MAXIMUM TEMPERATURE (F)   78        92      1953
 MINIMUM TEMPERATURE (F)   57        36      1982


SUNRISE AND SUNSET
AUGUST 29 2016........SUNRISE   638 AM EDT   SUNSET   749 PM EDT
AUGUST 30 2016........SUNRISE   639 AM EDT   SUNSET   747 PM EDT


-  INDICATES NEGATIVE NUMBERS.
R  INDICATES RECORD WAS SET OR TIED.
MM INDICATES DATA IS MISSING.
T  INDICATES TRACE AMOUNT.




$$
