000
CDUS41 KCTP 290621
CLIAOO


CLIMATE REPORT
NATIONAL WEATHER SERVICE STATE COLLEGE PA
221 AM EDT SAT AUG 29 2015


...................................

...THE ALTOONA CLIMATE SUMMARY FOR AUGUST 28 2015...

CLIMATE NORMAL PERIOD 1981 TO 2010
CLIMATE RECORD PERIOD 1948 TO 2015


WEATHER ITEM   OBSERVED TIME   RECORD YEAR NORMAL DEPARTURE LAST
                VALUE   (LST)  VALUE       VALUE  FROM      YEAR
                                                  NORMAL
..................................................................
TEMPERATURE (F)
 YESTERDAY
  MAXIMUM         79    338 PM  97    1948  78      1       74
  MINIMUM         48    547 AM  44    1986  57     -9       53
  AVERAGE         64                        68     -4       64

PRECIPITATION (IN)
  YESTERDAY        0.00          1.66 1987   0.10  -0.10     0.00
  MONTH TO DATE    1.00                      2.70  -1.70     4.82
  SINCE JUN 1     14.27                      9.44   4.83    14.99
  SINCE JAN 1     23.77                     23.62   0.15    28.49

DEGREE DAYS
 HEATING
  YESTERDAY        1                         1      0        1
  MONTH TO DATE   11                        20     -9       17
  SINCE JUN 1     53                        88    -35       46
  SINCE JUL 1     14                        30    -16       31

 COOLING
  YESTERDAY        0                         4     -4        0
  MONTH TO DATE  126                       144    -18       87
  SINCE JUN 1    460                       438     22      391
  SINCE JAN 1    564                       471     93      438
..................................................................


WIND (MPH)
  HIGHEST WIND SPEED     9   HIGHEST WIND DIRECTION     S (160)
  HIGHEST GUST SPEED    14   HIGHEST GUST DIRECTION     N (10)
  AVERAGE WIND SPEED     1.4


SKY COVER
  POSSIBLE SUNSHINE  MM
  AVERAGE SKY COVER 0.1


WEATHER CONDITIONS
 THE FOLLOWING WEATHER WAS RECORDED YESTERDAY.
  FOG
  HAZE


RELATIVE HUMIDITY (PERCENT)
 HIGHEST    93           100 AM
 LOWEST     37           300 PM
 AVERAGE    65

..........................................................


THE ALTOONA CLIMATE NORMALS FOR TODAY
                         NORMAL    RECORD    YEAR
 MAXIMUM TEMPERATURE (F)   78        92      1953
 MINIMUM TEMPERATURE (F)   57        36      1982


SUNRISE AND SUNSET
AUGUST 29 2015........SUNRISE   638 AM EDT   SUNSET   750 PM EDT
AUGUST 30 2015........SUNRISE   639 AM EDT   SUNSET   749 PM EDT


-  INDICATES NEGATIVE NUMBERS.
R  INDICATES RECORD WAS SET OR TIED.
MM INDICATES DATA IS MISSING.
T  INDICATES TRACE AMOUNT.




$$
