000
CDUS41 KCTP 252116
CLIAOO


CLIMATE REPORT
NATIONAL WEATHER SERVICE STATE COLLEGE PA
516 PM EDT THU MAY 25 2017


...................................

...THE ALTOONA CLIMATE SUMMARY FOR MAY 25 2017...
VALID TODAY AS OF 0500 PM LOCAL TIME.

CLIMATE NORMAL PERIOD 1981 TO 2010
CLIMATE RECORD PERIOD 1948 TO 2017


WEATHER ITEM   OBSERVED TIME   RECORD YEAR NORMAL DEPARTURE LAST
                VALUE   (LST)  VALUE       VALUE  FROM      YEAR
                                                  NORMAL
..................................................................
TEMPERATURE (F)
 TODAY
  MAXIMUM         66    300 PM  86    2015  71     -5       84
                                      1991
  MINIMUM         54    740 AM  35    1956  50      4       54
  AVERAGE         60                        61     -1       69

PRECIPITATION (IN)
  TODAY            0.80          2.37 1997   0.12   0.68     0.00
  MONTH TO DATE    4.58                      2.99   1.59     3.08
  SINCE MAR 1     11.19                      9.25   1.94     5.99
  SINCE JAN 1     15.82                     13.46   2.36     9.83

DEGREE DAYS
 HEATING
  TODAY            5                         6     -1        0
  MONTH TO DATE  200                       212    -12      249
  SINCE MAR 1   1290                      1560   -270     1344
  SINCE JUL 1   4957                      6116  -1159     5168

 COOLING
  TODAY            0                         1     -1        4
  MONTH TO DATE   41                        15     26        4
  SINCE MAR 1     61                        21     40        4
  SINCE JAN 1     61                        21     40        4
..................................................................


WIND (MPH)
  HIGHEST WIND SPEED    17   HIGHEST WIND DIRECTION     E (90)
  HIGHEST GUST SPEED    27   HIGHEST GUST DIRECTION    SE (140)
  AVERAGE WIND SPEED     7.2


SKY COVER
  POSSIBLE SUNSHINE  MM
  AVERAGE SKY COVER 1.0


WEATHER CONDITIONS
 THE FOLLOWING WEATHER WAS RECORDED TODAY.
  HEAVY RAIN
  RAIN
  LIGHT RAIN
  FOG


RELATIVE HUMIDITY (PERCENT)
 HIGHEST   100           500 AM
 LOWEST     68           300 PM
 AVERAGE    84

..........................................................


THE ALTOONA CLIMATE NORMALS FOR TOMORROW
                         NORMAL    RECORD    YEAR
 MAXIMUM TEMPERATURE (F)   72        87      1991
 MINIMUM TEMPERATURE (F)   50        36      1988


SUNRISE AND SUNSET
MAY 25 2017...........SUNRISE   549 AM EDT   SUNSET   832 PM EDT
MAY 26 2017...........SUNRISE   549 AM EDT   SUNSET   833 PM EDT


-  INDICATES NEGATIVE NUMBERS.
R  INDICATES RECORD WAS SET OR TIED.
MM INDICATES DATA IS MISSING.
T  INDICATES TRACE AMOUNT.




$$
