000
CDUS45 KBOU 311226
CLIAPA


CLIMATE REPORT
NATIONAL WEATHER SERVICE BOULDER, CO
626 AM MDT FRI JUL 31 2015


...................................

...THE CENTENNIAL CO CLIMATE SUMMARY FOR JULY 30 2015...

CLIMATE NORMAL PERIOD 1981 TO 2010
CLIMATE RECORD PERIOD 9999 TO 9999


WEATHER ITEM   OBSERVED RECORD YEAR NORMAL DEPARTURE LAST
                VALUE   VALUE       VALUE  FROM      YEAR
                                           NORMAL
...........................................................
TEMPERATURE (F)
 YESTERDAY
  MAXIMUM         88     MM      MM  86      2       62
  MINIMUM         59     MM      MM  59      0       56
  AVERAGE         74                 73      1       59

PRECIPITATION (IN)
  YESTERDAY        0.00  MM      MM   0.08  -0.08     1.12
  MONTH TO DATE    0.97               1.95  -0.98     3.88
  SINCE JUN 1      6.24               4.07   2.17     5.00
  SINCE JAN 1     15.77              10.65   5.12     9.48

DEGREE DAYS
 HEATING
  YESTERDAY        0
  MONTH TO DATE    8

 COOLING
  YESTERDAY        9
  MONTH TO DATE  191
...........................................................


WIND (MPH)
  RESULTANT WIND SPEED   3   RESULTANT WIND DIRECTION   S (160)
  HIGHEST WIND SPEED    21   HIGHEST WIND DIRECTION     S (170)
  HIGHEST GUST SPEED    26   HIGHEST GUST DIRECTION    SE (150)


SKY COVER
  POSSIBLE SUNSHINE  MM
  AVERAGE SKY COVER 0.3


WEATHER CONDITIONS
 THE FOLLOWING WEATHER WAS RECORDED YESTERDAY.
  NO SIGNIFICANT WEATHER WAS OBSERVED.


RELATIVE HUMIDITY (PERCENT)
 HIGHEST    67
 LOWEST     17
 AVERAGE    42

..........................................................


THE CENTENNIAL CO CLIMATE NORMALS FOR TODAY
                         NORMAL    RECORD    YEAR
 MAXIMUM TEMPERATURE (F)   86        MM        MM
 MINIMUM TEMPERATURE (F)   59        MM        MM


SUNRISE AND SUNSET
JULY 31 2015..........SUNRISE   558 AM MDT   SUNSET   813 PM MDT
AUGUST  1 2015........SUNRISE   559 AM MDT   SUNSET   812 PM MDT


-  INDICATES NEGATIVE NUMBERS.
R  INDICATES RECORD WAS SET OR TIED.
MM INDICATES DATA IS MISSING.
T  INDICATES TRACE AMOUNT.




$$
