000
CDUS45 KBOU 051226
CLIAPA


CLIMATE REPORT
NATIONAL WEATHER SERVICE BOULDER, CO
626 AM MDT SUN JUL 5 2015


...................................

...THE CENTENNIAL CO CLIMATE SUMMARY FOR JULY 4 2015...

CLIMATE NORMAL PERIOD 1981 TO 2010
CLIMATE RECORD PERIOD 9999 TO 9999


WEATHER ITEM   OBSERVED RECORD YEAR NORMAL DEPARTURE LAST
                VALUE   VALUE       VALUE  FROM      YEAR
                                           NORMAL
...........................................................
TEMPERATURE (F)
 YESTERDAY
  MAXIMUM         92     MM      MM  85      7       89
  MINIMUM         60     MM      MM  57      3       64
  AVERAGE         76                 71      5       77

PRECIPITATION (IN)
  YESTERDAY        0.02  MM      MM   0.06  -0.04      T
  MONTH TO DATE    0.09               0.26  -0.17      T
  SINCE JUN 1      5.36               2.38   2.98     1.12
  SINCE JAN 1     14.89               8.96   5.93     5.60

DEGREE DAYS
 HEATING
  YESTERDAY        0
  MONTH TO DATE    0

 COOLING
  YESTERDAY       11
  MONTH TO DATE   28
...........................................................


WIND (MPH)
  RESULTANT WIND SPEED   3   RESULTANT WIND DIRECTION   S (200)
  HIGHEST WIND SPEED    29   HIGHEST WIND DIRECTION     N (20)
  HIGHEST GUST SPEED    36   HIGHEST GUST DIRECTION     N (20)


SKY COVER
  POSSIBLE SUNSHINE  MM
  AVERAGE SKY COVER 0.6


WEATHER CONDITIONS
 THE FOLLOWING WEATHER WAS RECORDED YESTERDAY.
  THUNDERSTORM
  LIGHT RAIN


RELATIVE HUMIDITY (PERCENT)
 HIGHEST    65
 LOWEST     18
 AVERAGE    42

..........................................................


THE CENTENNIAL CO CLIMATE NORMALS FOR TODAY
                         NORMAL    RECORD    YEAR
 MAXIMUM TEMPERATURE (F)   86        MM        MM
 MINIMUM TEMPERATURE (F)   57        MM        MM


SUNRISE AND SUNSET
JULY  5 2015..........SUNRISE   538 AM MDT   SUNSET   830 PM MDT
JULY  6 2015..........SUNRISE   538 AM MDT   SUNSET   830 PM MDT


-  INDICATES NEGATIVE NUMBERS.
R  INDICATES RECORD WAS SET OR TIED.
MM INDICATES DATA IS MISSING.
T  INDICATES TRACE AMOUNT.




$$
