000
CDUS45 KBOU 250725
CLIAPA


CLIMATE REPORT
NATIONAL WEATHER SERVICE DENVER/BOULDER CO
125 AM MDT THU AUG 25 2016


...................................

...THE CENTENNIAL CO CLIMATE SUMMARY FOR AUGUST 24 2016...

CLIMATE NORMAL PERIOD 1981 TO 2010
CLIMATE RECORD PERIOD 9999 TO 9999


WEATHER ITEM   OBSERVED RECORD YEAR NORMAL DEPARTURE LAST
                VALUE   VALUE       VALUE  FROM      YEAR
                                           NORMAL
...........................................................
TEMPERATURE (F)
 YESTERDAY
  MAXIMUM         66     MM      MM  82    -16       90
  MINIMUM         50     MM      MM  55     -5       53
  AVERAGE         58                 68    -10       72

PRECIPITATION (IN)
  YESTERDAY        0.04  MM      MM   0.07  -0.03     0.00
  MONTH TO DATE    0.22               2.14  -1.92     2.82
  SINCE JUN 1      3.49               6.30  -2.81     9.06
  SINCE JAN 1      9.13              12.88  -3.75    18.59

DEGREE DAYS
 HEATING
  YESTERDAY        7
  MONTH TO DATE   12

 COOLING
  YESTERDAY        0
  MONTH TO DATE  163
...........................................................


WIND (MPH)
  RESULTANT WIND SPEED   4   RESULTANT WIND DIRECTION   S (190)
  HIGHEST WIND SPEED    20   HIGHEST WIND DIRECTION     S (160)
  HIGHEST GUST SPEED    23   HIGHEST GUST DIRECTION     S (160)


SKY COVER
  POSSIBLE SUNSHINE  MM
  AVERAGE SKY COVER 0.9


WEATHER CONDITIONS
 THE FOLLOWING WEATHER WAS RECORDED YESTERDAY.
  LIGHT RAIN


RELATIVE HUMIDITY (PERCENT)
 HIGHEST    80
 LOWEST     44
 AVERAGE    62

..........................................................


THE CENTENNIAL CO CLIMATE NORMALS FOR TODAY
                         NORMAL    RECORD    YEAR
 MAXIMUM TEMPERATURE (F)   82        MM        MM
 MINIMUM TEMPERATURE (F)   55        MM        MM


SUNRISE AND SUNSET
AUGUST 25 2016........SUNRISE   622 AM MDT   SUNSET   740 PM MDT
AUGUST 26 2016........SUNRISE   623 AM MDT   SUNSET   739 PM MDT


-  INDICATES NEGATIVE NUMBERS.
R  INDICATES RECORD WAS SET OR TIED.
MM INDICATES DATA IS MISSING.
T  INDICATES TRACE AMOUNT.




$$
