000
CDUS42 KMFL 200825
CLIAPF


CLIMATE REPORT
NATIONAL WEATHER SERVICE MIAMI, FL
425 AM EDT SAT SEP 20 2014


...................................

...THE NAPLES CLIMATE SUMMARY FOR SEPTEMBER 19 2014...

CLIMATE NORMAL PERIOD 1981 TO 2010
CLIMATE RECORD PERIOD 1942 TO 2014


WEATHER ITEM   OBSERVED TIME   RECORD YEAR NORMAL DEPARTURE LAST
                VALUE   (LST)  VALUE       VALUE  FROM      YEAR
                                                  NORMAL
..................................................................
TEMPERATURE (F)
 YESTERDAY
  MAXIMUM         82    526 PM  95    1974  90     -8       90
                                      1944
  MINIMUM         74    840 PM  67    1981  75     -1       72
  AVERAGE         78                        82     -4       81

PRECIPITATION (IN)
  YESTERDAY        0.59          1.95 1998   0.28   0.31     0.01
  MONTH TO DATE    5.83                      4.92   0.91     9.92
  SINCE JUN 1     34.85                     29.59   5.26    35.59
  SINCE JAN 1     43.68                     41.44   2.24    45.93

SNOWFALL (IN)
  YESTERDAY        0.0
  MONTH TO DATE    0.0
  SINCE SEP 1      0.0
  SINCE JUL 1      0.0
  SNOW DEPTH       0

DEGREE DAYS
 HEATING
  YESTERDAY        0                         0      0
  MONTH TO DATE    0                         0      0
  SINCE SEP 1      0                         0      0
  SINCE JUL 1      0                         0      0

 COOLING
  YESTERDAY       13                        17     -4
  MONTH TO DATE  329                       338     -9
  SINCE SEP 1    329                       338     -9
  SINCE JAN 1   3199                      2995    204
..................................................................


WIND (MPH)
  HIGHEST WIND SPEED    13   HIGHEST WIND DIRECTION     N (350)
  HIGHEST GUST SPEED    19   HIGHEST GUST DIRECTION     N (350)
  AVERAGE WIND SPEED     2.2


SKY COVER
  AVERAGE SKY COVER 0.3


WEATHER CONDITIONS
 THE FOLLOWING WEATHER WAS RECORDED YESTERDAY.
  THUNDERSTORM
  HEAVY RAIN
  RAIN
  LIGHT RAIN
  FOG


RELATIVE HUMIDITY (PERCENT)
 HIGHEST    94
 LOWEST     74
 AVERAGE    84

..........................................................


THE NAPLES CLIMATE NORMALS FOR TODAY
                         NORMAL    RECORD    YEAR
 MAXIMUM TEMPERATURE (F)   90        95      1949
 MINIMUM TEMPERATURE (F)   75        66      1981


SUNRISE AND SUNSET
SEPTEMBER 20 2014.....SUNRISE   715 AM EDT   SUNSET   726 PM EDT
SEPTEMBER 21 2014.....SUNRISE   715 AM EDT   SUNSET   725 PM EDT


-  INDICATES NEGATIVE NUMBERS.
R  INDICATES RECORD WAS SET OR TIED.
MM INDICATES DATA IS MISSING.
T  INDICATES TRACE AMOUNT.




$$
