781
CDUS42 KMFL 240835
CLIAPF


CLIMATE REPORT
NATIONAL WEATHER SERVICE MIAMI, FL
435 AM EDT MON JUL 24 2017


...................................

...THE NAPLES CLIMATE SUMMARY FOR JULY 23 2017...

CLIMATE NORMAL PERIOD 1981 TO 2010
CLIMATE RECORD PERIOD 1942 TO 2017


WEATHER ITEM   OBSERVED TIME   RECORD YEAR NORMAL DEPARTURE LAST
                VALUE   (LST)  VALUE       VALUE  FROM      YEAR
                                                  NORMAL
..................................................................
TEMPERATURE (F)
 YESTERDAY
  MAXIMUM         89   1106 AM  95    1944  91     -2       90
  MINIMUM         76    626 AM  69    1987  75      1       73
                                      1976
  AVERAGE         83                        83      0       82

PRECIPITATION (IN)
  YESTERDAY        0.00          7.66 1985   0.21  -0.21     0.00
  MONTH TO DATE    8.39                      5.62   2.77     4.43
  SINCE JUN 1     23.02                     14.44   8.58     9.34
  SINCE JAN 1     28.65                     26.29   2.36    21.44

SNOWFALL (IN)
  YESTERDAY        0.0
  MONTH TO DATE    0.0
  SINCE JUN 1      0.0
  SINCE JUL 1      0.0
  SNOW DEPTH       0

DEGREE DAYS
 HEATING
  YESTERDAY        0                         0      0        0
  MONTH TO DATE    0                         0      0        0
  SINCE JUN 1      0                         0      0        0
  SINCE JUL 1      0                         0      0        0

 COOLING
  YESTERDAY       18                        18      0       17
  MONTH TO DATE  423                       414      9      451
  SINCE JUN 1    964                       921     43      990
  SINCE JAN 1   2308                      1949    359     2174
..................................................................


WIND (MPH)
  HIGHEST WIND SPEED    12   HIGHEST WIND DIRECTION     W (260)
  HIGHEST GUST SPEED    15   HIGHEST GUST DIRECTION    SW (220)
  AVERAGE WIND SPEED     4.0


SKY COVER
  AVERAGE SKY COVER 0.1


WEATHER CONDITIONS
 THE FOLLOWING WEATHER WAS RECORDED YESTERDAY.
  THUNDERSTORM


RELATIVE HUMIDITY (PERCENT)
 HIGHEST   100
 LOWEST     68
 AVERAGE    84

..........................................................


THE NAPLES CLIMATE NORMALS FOR TODAY
                         NORMAL    RECORD    YEAR
 MAXIMUM TEMPERATURE (F)   91        97      1998
 MINIMUM TEMPERATURE (F)   75        68      1981


SUNRISE AND SUNSET
JULY 24 2017..........SUNRISE   649 AM EDT   SUNSET   818 PM EDT
JULY 25 2017..........SUNRISE   649 AM EDT   SUNSET   817 PM EDT


-  INDICATES NEGATIVE NUMBERS.
R  INDICATES RECORD WAS SET OR TIED.
MM INDICATES DATA IS MISSING.
T  INDICATES TRACE AMOUNT.




$$
