000
CDUS42 KMFL 300929
CLIAPF


CLIMATE REPORT
NATIONAL WEATHER SERVICE MIAMI, FL
429 AM EST FRI JAN 30 2015


...................................

...THE NAPLES CLIMATE SUMMARY FOR JANUARY 29 2015...

CLIMATE NORMAL PERIOD 1981 TO 2010
CLIMATE RECORD PERIOD 1942 TO 2015


WEATHER ITEM   OBSERVED TIME   RECORD YEAR NORMAL DEPARTURE LAST
                VALUE   (LST)  VALUE       VALUE  FROM      YEAR
                                                  NORMAL
..................................................................
TEMPERATURE (F)
 YESTERDAY
  MAXIMUM         76    353 PM  86    2002  75      1       71
                                      1975
  MINIMUM         49    734 AM  33    1986  55     -6       54
  AVERAGE         63                        65     -2       63

PRECIPITATION (IN)
  YESTERDAY        0.00          1.08 1961   0.07  -0.07     0.02
  MONTH TO DATE    0.10                      1.69  -1.59     0.56
  SINCE NOV 1      1.40                      5.18  -3.78     1.66
  SINCE JAN 1      0.10                      1.69  -1.59     0.56

SNOWFALL (IN)
  YESTERDAY        0.0
  MONTH TO DATE    0.0
  SINCE DEC 1      0.0
  SINCE JUL 1      0.0
  SNOW DEPTH       0

DEGREE DAYS
 HEATING
  YESTERDAY        2                         3     -1
  MONTH TO DATE   32                       100    -68
  SINCE DEC 1     83                       164    -81
  SINCE JUL 1    112                       178    -66

 COOLING
  YESTERDAY        0                         2     -2
  MONTH TO DATE  117                        84     33
  SINCE DEC 1    267                       204     63
  SINCE JAN 1    117                        84     33
..................................................................


WIND (MPH)
  HIGHEST WIND SPEED    18   HIGHEST WIND DIRECTION    NE (60)
  HIGHEST GUST SPEED    23   HIGHEST GUST DIRECTION    NE (50)
  AVERAGE WIND SPEED     7.2


SKY COVER
  AVERAGE SKY COVER 0.0


WEATHER CONDITIONS
 THE FOLLOWING WEATHER WAS RECORDED YESTERDAY.
  NO SIGNIFICANT WEATHER WAS OBSERVED.


RELATIVE HUMIDITY (PERCENT)
 HIGHEST    80
 LOWEST     36
 AVERAGE    58

..........................................................


THE NAPLES CLIMATE NORMALS FOR TODAY
                         NORMAL    RECORD    YEAR
 MAXIMUM TEMPERATURE (F)   75        88      2002
                                             1975
 MINIMUM TEMPERATURE (F)   55        33      1978


SUNRISE AND SUNSET
JANUARY 30 2015.......SUNRISE   712 AM EST   SUNSET   609 PM EST
JANUARY 31 2015.......SUNRISE   712 AM EST   SUNSET   609 PM EST


-  INDICATES NEGATIVE NUMBERS.
R  INDICATES RECORD WAS SET OR TIED.
MM INDICATES DATA IS MISSING.
T  INDICATES TRACE AMOUNT.




$$
