000
CDUS42 KMFL 012017
CLIAPF


CLIMATE REPORT
NATIONAL WEATHER SERVICE MIAMI, FL
417 PM EDT TUE SEP 1 2015


...................................

...THE NAPLES CLIMATE SUMMARY FOR SEPTEMBER 1 2015...
VALID TODAY AS OF 0400 PM LOCAL TIME.

CLIMATE NORMAL PERIOD 1981 TO 2010
CLIMATE RECORD PERIOD 1942 TO 2015


WEATHER ITEM   OBSERVED TIME   RECORD YEAR NORMAL DEPARTURE LAST
                VALUE   (LST)  VALUE       VALUE  FROM      YEAR
                                                  NORMAL
..................................................................
TEMPERATURE (F)
 TODAY
  MAXIMUM         93   1238 PM  99    1986  91      2       92
  MINIMUM         77    634 AM  70    1986  76      1       75
                                      1955
                                      1942
  AVERAGE         85                        83      2       84

PRECIPITATION (IN)
  TODAY            0.00          3.47 1954   0.24  -0.24     0.32
  MONTH TO DATE    0.00                      0.24  -0.24     0.32
  SINCE JUN 1     19.25                     24.91  -5.66    29.34
  SINCE JAN 1     27.27                     36.76  -9.49    38.17

SNOWFALL (IN)
  TODAY            0.0
  MONTH TO DATE    0.0
  SINCE SEP 1      0.0
  SINCE JUL 1      0.0
  SNOW DEPTH       0

DEGREE DAYS
 HEATING
  TODAY            0                         0      0        0
  MONTH TO DATE    0                         0      0        0
  SINCE SEP 1      0                         0      0        0
  SINCE JUL 1      0                         0      0        0

 COOLING
  TODAY           20                        18      2       19
  MONTH TO DATE   20                        18      2       19
  SINCE SEP 1     20                        18      2       19
  SINCE JAN 1   3070                      2675    395     2889
..................................................................


WIND (MPH)
  HIGHEST WIND SPEED    15   HIGHEST WIND DIRECTION    SW (230)
  HIGHEST GUST SPEED    20   HIGHEST GUST DIRECTION    SW (220)
  AVERAGE WIND SPEED     5.7


SKY COVER
  AVERAGE SKY COVER 0.1


WEATHER CONDITIONS
 THE FOLLOWING WEATHER WAS RECORDED TODAY.
  FOG


RELATIVE HUMIDITY (PERCENT)
 HIGHEST    94
 LOWEST     60
 AVERAGE    77

..........................................................


THE NAPLES CLIMATE NORMALS FOR TOMORROW
                         NORMAL    RECORD    YEAR
 MAXIMUM TEMPERATURE (F)   91        96      1986
 MINIMUM TEMPERATURE (F)   76        69      1973
                                             1956


SUNRISE AND SUNSET
SEPTEMBER  1 2015.....SUNRISE   707 AM EDT   SUNSET   747 PM EDT
SEPTEMBER  2 2015.....SUNRISE   707 AM EDT   SUNSET   746 PM EDT


-  INDICATES NEGATIVE NUMBERS.
R  INDICATES RECORD WAS SET OR TIED.
MM INDICATES DATA IS MISSING.
T  INDICATES TRACE AMOUNT.




$$
