349
CDUS42 KMFL 270827
CLIAPF


CLIMATE REPORT
NATIONAL WEATHER SERVICE MIAMI, FL
426 AM EDT SAT AUG 27 2016


...................................

...THE NAPLES CLIMATE SUMMARY FOR AUGUST 26 2016...

CLIMATE NORMAL PERIOD 1981 TO 2010
CLIMATE RECORD PERIOD 1942 TO 2016


WEATHER ITEM   OBSERVED TIME   RECORD YEAR NORMAL DEPARTURE LAST
                VALUE   (LST)  VALUE       VALUE  FROM      YEAR
                                                  NORMAL
..................................................................
TEMPERATURE (F)
 YESTERDAY
  MAXIMUM         92   1253 PM  96    1985  91      1       92
  MINIMUM         76    628 PM  70    1996  76      0       75
                                      1957
  AVERAGE         84                        83      1       84

PRECIPITATION (IN)
  YESTERDAY        0.51          1.72 2012   0.28   0.23     0.15
  MONTH TO DATE    8.06                      7.14   0.92     1.29
  SINCE JUN 1     19.27                     23.23  -3.96    17.76
  SINCE JAN 1     31.37                     35.08  -3.71    25.78

SNOWFALL (IN)
  YESTERDAY        0.0
  MONTH TO DATE    0.0
  SINCE JUN 1      0.0
  SINCE JUL 1      0.0
  SNOW DEPTH       0

DEGREE DAYS
 HEATING
  YESTERDAY        0                         0      0        0
  MONTH TO DATE    0                         0      0        0
  SINCE JUN 1      0                         0      0        0
  SINCE JUL 1      0                         0      0        0

 COOLING
  YESTERDAY       19                        18      1       19
  MONTH TO DATE  504                       468     36      528
  SINCE JUN 1   1644                      1534    110     1604
  SINCE JAN 1   2828                      2562    266     2959
..................................................................


WIND (MPH)
  HIGHEST WIND SPEED    16   HIGHEST WIND DIRECTION     E (110)
  HIGHEST GUST SPEED    21   HIGHEST GUST DIRECTION     E (100)
  AVERAGE WIND SPEED     6.7


SKY COVER
  AVERAGE SKY COVER 0.4


WEATHER CONDITIONS
 THE FOLLOWING WEATHER WAS RECORDED YESTERDAY.
  THUNDERSTORM
  HEAVY RAIN
  RAIN
  LIGHT RAIN
  FOG
  HAZE


RELATIVE HUMIDITY (PERCENT)
 HIGHEST   100
 LOWEST     60
 AVERAGE    80

..........................................................


THE NAPLES CLIMATE NORMALS FOR TODAY
                         NORMAL    RECORD    YEAR
 MAXIMUM TEMPERATURE (F)   91        96      1987
 MINIMUM TEMPERATURE (F)   76        70      1972
                                             1968
                                             1965


SUNRISE AND SUNSET
AUGUST 27 2016........SUNRISE   705 AM EDT   SUNSET   751 PM EDT
AUGUST 28 2016........SUNRISE   706 AM EDT   SUNSET   750 PM EDT


-  INDICATES NEGATIVE NUMBERS.
R  INDICATES RECORD WAS SET OR TIED.
MM INDICATES DATA IS MISSING.
T  INDICATES TRACE AMOUNT.




$$
