000
CDUS42 KMFL 240923
CLIAPF


CLIMATE REPORT
NATIONAL WEATHER SERVICE MIAMI, FL
422 AM EST FRI FEB 24 2017


...................................

...THE NAPLES CLIMATE SUMMARY FOR FEBRUARY 23 2017...

CLIMATE NORMAL PERIOD 1981 TO 2010
CLIMATE RECORD PERIOD 1942 TO 2017


WEATHER ITEM   OBSERVED TIME   RECORD YEAR NORMAL DEPARTURE LAST
                VALUE   (LST)  VALUE       VALUE  FROM      YEAR
                                                  NORMAL
..................................................................
TEMPERATURE (F)
 YESTERDAY
  MAXIMUM         74    244 PM  87    1962  78     -4       81
  MINIMUM         67    708 AM  34    1978  58      9       65
  AVERAGE         71                        68      3       73

PRECIPITATION (IN)
  YESTERDAY        0.00          1.64 1965   0.07  -0.07     0.05
  MONTH TO DATE    1.13                      1.72  -0.59     0.73
  SINCE NOV 1      2.27                      7.06  -4.79    12.89
  SINCE JAN 1      1.92                      3.57  -1.65     8.27

SNOWFALL (IN)
  YESTERDAY        0.0
  MONTH TO DATE    0.0
  SINCE DEC 1      0.0
  SINCE JUL 1      0.0
  SNOW DEPTH       0

DEGREE DAYS
 HEATING
  YESTERDAY        0                         1     -1        0
  MONTH TO DATE    3                        44    -41       51
  SINCE DEC 1     52                       210   -158      118
  SINCE JUL 1     56                       224   -168      118

 COOLING
  YESTERDAY        6                         4      2        8
  MONTH TO DATE  121                        82     39       71
  SINCE DEC 1    542                       288    254      507
  SINCE JAN 1    275                       168    107      151
..................................................................


WIND (MPH)
  HIGHEST WIND SPEED    16   HIGHEST WIND DIRECTION     W (290)
  HIGHEST GUST SPEED    21   HIGHEST GUST DIRECTION     W (280)
  AVERAGE WIND SPEED     9.3


SKY COVER
  AVERAGE SKY COVER 0.5


WEATHER CONDITIONS
 THE FOLLOWING WEATHER WAS RECORDED YESTERDAY.
  NO SIGNIFICANT WEATHER WAS OBSERVED.


RELATIVE HUMIDITY (PERCENT)
 HIGHEST    90
 LOWEST     64
 AVERAGE    77

..........................................................


THE NAPLES CLIMATE NORMALS FOR TODAY
                         NORMAL    RECORD    YEAR
 MAXIMUM TEMPERATURE (F)   78        87      1997
 MINIMUM TEMPERATURE (F)   58        36      1964


SUNRISE AND SUNSET
FEBRUARY 24 2017......SUNRISE   655 AM EST   SUNSET   626 PM EST
FEBRUARY 25 2017......SUNRISE   654 AM EST   SUNSET   626 PM EST


-  INDICATES NEGATIVE NUMBERS.
R  INDICATES RECORD WAS SET OR TIED.
MM INDICATES DATA IS MISSING.
T  INDICATES TRACE AMOUNT.




$$
