000
CDUS42 KMFL 202116
CLIAPF


CLIMATE REPORT
NATIONAL WEATHER SERVICE MIAMI, FL
415 PM EST MON NOV 20 2017


...................................

...THE NAPLES CLIMATE SUMMARY FOR NOVEMBER 20 2017...
VALID TODAY AS OF 0400 PM LOCAL TIME.

CLIMATE NORMAL PERIOD 1981 TO 2010
CLIMATE RECORD PERIOD 1942 TO 2017


WEATHER ITEM   OBSERVED TIME   RECORD YEAR NORMAL DEPARTURE LAST
                VALUE   (LST)  VALUE       VALUE  FROM      YEAR
                                                  NORMAL
..................................................................
TEMPERATURE (F)
 TODAY
  MAXIMUM         81    242 PM  89    1973  80      1       75
  MINIMUM         61    717 AM  42    1968  62     -1       57
  AVERAGE         71                        71      0       66

PRECIPITATION (IN)
  TODAY            0.00          1.00 1972   0.05  -0.05     0.00
  MONTH TO DATE    T                         1.52  -1.52      T
  SINCE NOV 1      T                         1.52  -1.52      T
  SINCE JAN 1     68.37                     49.92  18.45    44.20

SNOWFALL (IN)
  TODAY            0.0
  MONTH TO DATE    0.0
  SINCE SEP 1      0.0
  SINCE JUL 1      0.0
  SNOW DEPTH       0

DEGREE DAYS
 HEATING
  TODAY            0                         1     -1        0
  MONTH TO DATE    0                         1     -1        0
  SINCE SEP 1      4                         2      2        0
  SINCE JUL 1      4                         2      2        0

 COOLING
  TODAY            6                         7     -1        1
  MONTH TO DATE  194                       166     28      165
  SINCE SEP 1   1078                      1104    -26     1167
  SINCE JAN 1   4118                      3761    357     4083
..................................................................


WIND (MPH)
  HIGHEST WIND SPEED    18   HIGHEST WIND DIRECTION    NE (30)
  HIGHEST GUST SPEED    24   HIGHEST GUST DIRECTION    NE (40)
  AVERAGE WIND SPEED    11.5


SKY COVER
  AVERAGE SKY COVER 0.4


WEATHER CONDITIONS
 THE FOLLOWING WEATHER WAS RECORDED TODAY.
  NO SIGNIFICANT WEATHER WAS OBSERVED.


RELATIVE HUMIDITY (PERCENT)
 HIGHEST    93
 LOWEST     54
 AVERAGE    74

..........................................................


THE NAPLES CLIMATE NORMALS FOR TOMORROW
                         NORMAL    RECORD    YEAR
 MAXIMUM TEMPERATURE (F)   80        90      1948
 MINIMUM TEMPERATURE (F)   62        41      1968


SUNRISE AND SUNSET
NOVEMBER 20 2017......SUNRISE   649 AM EST   SUNSET   536 PM EST
NOVEMBER 21 2017......SUNRISE   650 AM EST   SUNSET   536 PM EST


-  INDICATES NEGATIVE NUMBERS.
R  INDICATES RECORD WAS SET OR TIED.
MM INDICATES DATA IS MISSING.
T  INDICATES TRACE AMOUNT.




$$
