000
CDUS42 KMFL 192118
CLIAPF


CLIMATE REPORT
NATIONAL WEATHER SERVICE MIAMI, FL
418 PM EST FRI DEC 19 2014


...................................

...THE NAPLES CLIMATE SUMMARY FOR DECEMBER 19 2014...
VALID TODAY AS OF 0400 PM LOCAL TIME.

CLIMATE NORMAL PERIOD 1981 TO 2010
CLIMATE RECORD PERIOD 1942 TO 2014


WEATHER ITEM   OBSERVED TIME   RECORD YEAR NORMAL DEPARTURE LAST
                VALUE   (LST)  VALUE       VALUE  FROM      YEAR
                                                  NORMAL
..................................................................
TEMPERATURE (F)
 TODAY
  MAXIMUM         77    223 PM  86    1967  76      1       80
  MINIMUM         51    727 AM  34    1988  56     -5       54
  AVERAGE         64                        66     -2       67

PRECIPITATION (IN)
  TODAY            0.00          0.37 1995   0.06  -0.06     0.00
  MONTH TO DATE    0.04                      0.91  -0.87     0.09
  SINCE NOV 1      1.09                      2.95  -1.86     0.87
  SINCE JAN 1     50.45                     51.35  -0.90    49.09

SNOWFALL (IN)
  TODAY            0.0
  MONTH TO DATE    0.0
  SINCE DEC 1      0.0
  SINCE JUL 1      0.0
  SNOW DEPTH       0

DEGREE DAYS
 HEATING
  TODAY            1                         2     -1
  MONTH TO DATE   51                        33     18
  SINCE DEC 1     51                        33     18
  SINCE JUL 1     80                        47     33

 COOLING
  TODAY            0                         4     -4
  MONTH TO DATE   59                        86    -27
  SINCE DEC 1     59                        86    -27
  SINCE JAN 1   4007                      3905    102
..................................................................


WIND (MPH)
  HIGHEST WIND SPEED    10   HIGHEST WIND DIRECTION     W (260)
  HIGHEST GUST SPEED    12   HIGHEST GUST DIRECTION    NE (60)
  AVERAGE WIND SPEED     3.6


SKY COVER
  AVERAGE SKY COVER 0.0


WEATHER CONDITIONS
 THE FOLLOWING WEATHER WAS RECORDED TODAY.
  NO SIGNIFICANT WEATHER WAS OBSERVED.


RELATIVE HUMIDITY (PERCENT)
 HIGHEST   100
 LOWEST     43
 AVERAGE    72

..........................................................


THE NAPLES CLIMATE NORMALS FOR TOMORROW
                         NORMAL    RECORD    YEAR
 MAXIMUM TEMPERATURE (F)   76        87      1990
 MINIMUM TEMPERATURE (F)   56        29      1981


SUNRISE AND SUNSET
DECEMBER 19 2014......SUNRISE   709 AM EST   SUNSET   539 PM EST
DECEMBER 20 2014......SUNRISE   710 AM EST   SUNSET   540 PM EST


-  INDICATES NEGATIVE NUMBERS.
R  INDICATES RECORD WAS SET OR TIED.
MM INDICATES DATA IS MISSING.
T  INDICATES TRACE AMOUNT.

$$
