000
CDUS43 KAPX 180530
CLIAPN


CLIMATE REPORT
NATIONAL WEATHER SERVICE GAYLORD MI
1230 AM EST WED JAN 18 2017


...................................

...THE ALPENA MI CLIMATE SUMMARY FOR JANUARY 17 2017...

CLIMATE NORMAL PERIOD 1981 TO 2010
CLIMATE RECORD PERIOD 1916 TO 2017


WEATHER ITEM   OBSERVED TIME   RECORD YEAR NORMAL DEPARTURE LAST
                VALUE   (LST)  VALUE       VALUE  FROM      YEAR
                                                  NORMAL
..................................................................
TEMPERATURE (F)
 YESTERDAY
  MAXIMUM         35    433 PM  50    1986  27      8       22
  MINIMUM         19    108 AM -19    1965  11      8        7
  AVERAGE         27                        19      8       15

PRECIPITATION (IN)
  YESTERDAY        0.28          0.52 1941   0.06   0.22     0.02
  MONTH TO DATE    1.62                      0.98   0.64     1.24
  SINCE DEC 1      3.66                      2.73   0.93     5.03
  SINCE JAN 1      1.62                      0.98   0.64     1.24

SNOWFALL (IN)
  YESTERDAY        T             6.0  2012   0.7   -0.7      0.2
  MONTH TO DATE   10.0                      11.9   -1.9      8.2
  SINCE OCT 1     37.7                      39.2   -1.5     20.2
  SINCE JUL 1     37.7                      39.2   -1.5     20.2
  SNOW DEPTH       6

DEGREE DAYS
 HEATING
  YESTERDAY       38                        46     -8       50
  MONTH TO DATE  756                       771    -15      724
  SINCE DEC 1   1922                      2009    -87     1599
  SINCE JUL 1   3131                      3832   -701     2972
..................................................................


WIND (MPH)
  HIGHEST WIND SPEED    15   HIGHEST WIND DIRECTION     E (90)
  HIGHEST GUST SPEED    20   HIGHEST GUST DIRECTION     E (70)
  AVERAGE WIND SPEED     6.6




RELATIVE HUMIDITY (PERCENT)
 HIGHEST   100
 LOWEST     77
 AVERAGE    89

..........................................................


THE ALPENA MI CLIMATE NORMALS FOR TODAY
                         NORMAL    RECORD    YEAR
 MAXIMUM TEMPERATURE (F)   26        52      1996
                                             1973
 MINIMUM TEMPERATURE (F)   11       -23      1948


SUNRISE AND SUNSET
JANUARY 18 2017.......SUNRISE   807 AM EST   SUNSET   523 PM EST
JANUARY 19 2017.......SUNRISE   806 AM EST   SUNSET   524 PM EST


-  INDICATES NEGATIVE NUMBERS.
R  INDICATES RECORD WAS SET OR TIED.
MM INDICATES DATA IS MISSING.
T  INDICATES TRACE AMOUNT.




$$
