000
CDUS43 KAPX 170526
CLIAPN


CLIMATE REPORT
NATIONAL WEATHER SERVICE GAYLORD MI
1226 AM EST WED JAN 17 2018


...................................

...THE ALPENA MI CLIMATE SUMMARY FOR JANUARY 16 2018...

CLIMATE NORMAL PERIOD 1981 TO 2010
CLIMATE RECORD PERIOD 1916 TO 2018


WEATHER ITEM   OBSERVED TIME   RECORD YEAR NORMAL DEPARTURE LAST
                VALUE   (LST)  VALUE       VALUE  FROM      YEAR
                                                  NORMAL
..................................................................
TEMPERATURE (F)
 YESTERDAY
  MAXIMUM         20   1231 AM  51    1973  27     -7       40
  MINIMUM          2   1159 PM -28    1994  11     -9       17
  AVERAGE         11                        19     -8       29

PRECIPITATION (IN)
  YESTERDAY        0.10          0.33 1924   0.06   0.04     0.00
  MONTH TO DATE    0.96                      0.92   0.04     1.34
  SINCE DEC 1      2.20                      2.67  -0.47     3.38
  SINCE JAN 1      0.96                      0.92   0.04     1.34

SNOWFALL (IN)
  YESTERDAY        2.0           3.9  1924   0.7    1.3      0.0
  MONTH TO DATE   11.9                      11.2    0.7     10.0
  SINCE OCT 1     26.1                      38.5  -12.4     37.7
  SINCE JUL 1     26.1                      38.5  -12.4     37.7
  SNOW DEPTH       9

DEGREE DAYS
 HEATING
  YESTERDAY       54                        46      8       36
  MONTH TO DATE  809                       725     84      718
  SINCE DEC 1   2184                      1963    221     1884
  SINCE JUL 1   3688                      3786    -98     3093
..................................................................


WIND (MPH)
  HIGHEST WIND SPEED    18   HIGHEST WIND DIRECTION    NE (40)
  HIGHEST GUST SPEED    22   HIGHEST GUST DIRECTION    NE (40)
  AVERAGE WIND SPEED     7.8




RELATIVE HUMIDITY (PERCENT)
 HIGHEST    96
 LOWEST     73
 AVERAGE    85

..........................................................


THE ALPENA MI CLIMATE NORMALS FOR TODAY
                         NORMAL    RECORD    YEAR
 MAXIMUM TEMPERATURE (F)   27        50      1986
 MINIMUM TEMPERATURE (F)   11       -19      1965


SUNRISE AND SUNSET
JANUARY 17 2018.......SUNRISE   808 AM EST   SUNSET   521 PM EST
JANUARY 18 2018.......SUNRISE   807 AM EST   SUNSET   523 PM EST


-  INDICATES NEGATIVE NUMBERS.
R  INDICATES RECORD WAS SET OR TIED.
MM INDICATES DATA IS MISSING.
T  INDICATES TRACE AMOUNT.




$$
