594
CDUS43 KAPX 302127
CLIAPN


CLIMATE REPORT
NATIONAL WEATHER SERVICE GAYLORD MI
527 PM EDT THU MAR 30 2017


...................................

...THE ALPENA MI CLIMATE SUMMARY FOR MARCH 30 2017...
VALID TODAY AS OF 0500 PM LOCAL TIME.

CLIMATE NORMAL PERIOD 1981 TO 2010
CLIMATE RECORD PERIOD 1916 TO 2017


WEATHER ITEM   OBSERVED TIME   RECORD YEAR NORMAL DEPARTURE LAST
                VALUE   (LST)  VALUE       VALUE  FROM      YEAR
                                                  NORMAL
..................................................................
TEMPERATURE (F)
 TODAY
  MAXIMUM         40    217 PM  74    1998  44     -4       53
  MINIMUM         34    314 AM   2    1941  25      9       36
                                      1926
                                      1923
  AVERAGE         37                        34      3       45

PRECIPITATION (IN)
  TODAY            0.00          0.85 1998   0.06  -0.06     0.02
  MONTH TO DATE    2.33                      1.79   0.54     3.66
  SINCE MAR 1      2.33                      1.79   0.54     3.66
  SINCE JAN 1      7.82                      4.77   3.05     8.14

SNOWFALL (IN)
  TODAY            0.0           5.3  1934   0.3             0.0
  MONTH TO DATE   10.0                      11.9            19.6
  SINCE OCT 1     63.5                      78.0            67.0
  SINCE JUL 1     63.5                      78.0            67.0

DEGREE DAYS
 HEATING
  TODAY           28                        30     -2       20
  MONTH TO DATE 1099                      1092      7      954
  SINCE MAR 1   1099                      1092      7      954
  SINCE JUL 1   5730                      6824  -1094     5736

 COOLING
  TODAY            0                         0      0        0
  MONTH TO DATE    0                         0      0        0
  SINCE MAR 1      0                         0      0        0
  SINCE JAN 1      0                         0      0        0
..................................................................


WIND (MPH)
  RESULTANT WIND SPEED  12   RESULTANT WIND DIRECTION   E (100)
  HIGHEST WIND SPEED    21   HIGHEST WIND DIRECTION     E (100)
  HIGHEST GUST SPEED    27   HIGHEST GUST DIRECTION     E (100)
  AVERAGE WIND SPEED    11.7


SKY COVER
  POSSIBLE SUNSHINE  MM
  AVERAGE SKY COVER 0.8


WEATHER CONDITIONS
 THE FOLLOWING WEATHER WAS RECORDED TODAY.
  NO SIGNIFICANT WEATHER WAS OBSERVED.


RELATIVE HUMIDITY (PERCENT)
 HIGHEST    75
 LOWEST     64
 AVERAGE    70

..........................................................


THE ALPENA MI CLIMATE NORMALS FOR TOMORROW
                         NORMAL    RECORD    YEAR
 MAXIMUM TEMPERATURE (F)   45        75      2010
 MINIMUM TEMPERATURE (F)   25       -10      1923


SUNRISE AND SUNSET
MARCH 30 2017.........SUNRISE   718 AM EDT   SUNSET   800 PM EDT
MARCH 31 2017.........SUNRISE   716 AM EDT   SUNSET   801 PM EDT


-  INDICATES NEGATIVE NUMBERS.
R  INDICATES RECORD WAS SET OR TIED.
MM INDICATES DATA IS MISSING.
T  INDICATES TRACE AMOUNT.




$$
