000
CDUS43 KAPX 310530
CLIAPN


CLIMATE REPORT
NATIONAL WEATHER SERVICE GAYLORD MI
130 AM EDT THU JUL 31 2014


...................................

...THE ALPENA MI CLIMATE SUMMARY FOR JULY 30 2014...

CLIMATE NORMAL PERIOD 1981 TO 2010
CLIMATE RECORD PERIOD 1916 TO 2014


WEATHER ITEM   OBSERVED TIME   RECORD YEAR NORMAL DEPARTURE LAST
                VALUE   (LST)  VALUE       VALUE  FROM      YEAR
                                                  NORMAL
..................................................................
TEMPERATURE (F)
 YESTERDAY
  MAXIMUM         73    318 PM  98    1917  79     -6       73
  MINIMUM         50    556 AM  36    1965  56     -6       50
  AVERAGE         62                        67     -5       62

PRECIPITATION (IN)
  YESTERDAY        0.02          2.38 1973   0.09  -0.07      T
  MONTH TO DATE    3.91                      2.93   0.98     3.49
  SINCE JUN 1      5.09                      5.55  -0.46     5.52
  SINCE JAN 1     16.59                     15.45   1.14    20.45

DEGREE DAYS
 HEATING
  YESTERDAY        3                         1      2        3
  MONTH TO DATE   69                        40     29       53
  SINCE JUN 1    181                       183     -2      189
  SINCE JUL 1     69                        40     29       53

 COOLING
  YESTERDAY        0                         4     -4        0
  MONTH TO DATE   50                       117    -67      128
  SINCE JUN 1    105                       173    -68      192
  SINCE JAN 1    110                       186    -76      205
..................................................................


WIND (MPH)
  HIGHEST WIND SPEED    14   HIGHEST WIND DIRECTION    SE (130)
  HIGHEST GUST SPEED    21   HIGHEST GUST DIRECTION    NW (320)
  AVERAGE WIND SPEED     4.3




RELATIVE HUMIDITY (PERCENT)
 HIGHEST    96
 LOWEST     49
 AVERAGE    73

..........................................................


THE ALPENA MI CLIMATE NORMALS FOR TODAY
                         NORMAL    RECORD    YEAR
 MAXIMUM TEMPERATURE (F)   79       100      1917
 MINIMUM TEMPERATURE (F)   56        35      1978


SUNRISE AND SUNSET
JULY 31 2014..........SUNRISE   618 AM EDT   SUNSET   902 PM EDT
AUGUST  1 2014........SUNRISE   619 AM EDT   SUNSET   901 PM EDT


-  INDICATES NEGATIVE NUMBERS.
R  INDICATES RECORD WAS SET OR TIED.
MM INDICATES DATA IS MISSING.
T  INDICATES TRACE AMOUNT.




$$
