000
CDUS43 KAPX 280539
CLIAPN


CLIMATE REPORT
NATIONAL WEATHER SERVICE GAYLORD MI
1233 AM EST FRI NOV 28 2014


...................................

...THE ALPENA MI CLIMATE SUMMARY FOR NOVEMBER 27 2014...

CLIMATE NORMAL PERIOD 1981 TO 2010
CLIMATE RECORD PERIOD 1916 TO 2014


WEATHER ITEM   OBSERVED TIME   RECORD YEAR NORMAL DEPARTURE LAST
                VALUE   (LST)  VALUE       VALUE  FROM      YEAR
                                                  NORMAL
..................................................................
TEMPERATURE (F)
 YESTERDAY
  MAXIMUM         27        MM  67    1990  38    -11       22
  MINIMUM         15        MM  -1    1951  25    -10       17
  AVERAGE         21                        32    -11       20

PRECIPITATION (IN)
  YESTERDAY        0.70          1.78 1966   0.07   0.63     0.01
  MONTH TO DATE    3.49                      1.90   1.59     2.02
  SINCE SEP 1     11.21                      7.43   3.78     7.40
  SINCE JAN 1     33.11                     26.21   6.90    29.47

SNOWFALL (IN)
  YESTERDAY       11.0 R         6.8  1995   0.4   10.6      1.2
  MONTH TO DATE   15.6                       6.4    9.2      2.6
  SINCE OCT 1     15.6                       6.8    8.8      2.6
  SINCE JUL 1     15.6                       6.8    8.8      2.6
  SNOW DEPTH      13

DEGREE DAYS
 HEATING
  YESTERDAY       44                        33     11       45
  MONTH TO DATE  904                       776    128      802
  SINCE SEP 1   1699                      1605     94     1621
  SINCE JUL 1   1823                      1720    103     1732
..................................................................


WIND (MPH)
  HIGHEST WIND SPEED    17   HIGHEST WIND DIRECTION    NW (320)
  HIGHEST GUST SPEED    25   HIGHEST GUST DIRECTION    NW (320)
  AVERAGE WIND SPEED     9.6




RELATIVE HUMIDITY (PERCENT)
 HIGHEST    92
 LOWEST     65
 AVERAGE    79

..........................................................


THE ALPENA MI CLIMATE NORMALS FOR TODAY
                         NORMAL    RECORD    YEAR
 MAXIMUM TEMPERATURE (F)   38        60      1990
 MINIMUM TEMPERATURE (F)   25        -2      1995
                                             1959


SUNRISE AND SUNSET
NOVEMBER 28 2014......SUNRISE   749 AM EST   SUNSET   455 PM EST
NOVEMBER 29 2014......SUNRISE   750 AM EST   SUNSET   455 PM EST


-  INDICATES NEGATIVE NUMBERS.
R  INDICATES RECORD WAS SET OR TIED.
MM INDICATES DATA IS MISSING.
T  INDICATES TRACE AMOUNT.




$$
