000
CDUS43 KAPX 250528
CLIAPN


CLIMATE REPORT
NATIONAL WEATHER SERVICE GAYLORD MI
127 AM EDT WED MAY 25 2016


...................................

...THE ALPENA MI CLIMATE SUMMARY FOR MAY 24 2016...

CLIMATE NORMAL PERIOD 1981 TO 2010
CLIMATE RECORD PERIOD 1916 TO 2016


WEATHER ITEM   OBSERVED TIME   RECORD YEAR NORMAL DEPARTURE LAST
                VALUE   (LST)  VALUE       VALUE  FROM      YEAR
                                                  NORMAL
..................................................................
TEMPERATURE (F)
 YESTERDAY
  MAXIMUM         89R   111 PM  88    2007  67     22       79
  MINIMUM         42    451 AM  24    1963  43     -1       45
  AVERAGE         66                        55     11       62

PRECIPITATION (IN)
  YESTERDAY        T             0.80 2003   0.09  -0.09     0.05
  MONTH TO DATE    0.75                      2.02  -1.27     1.83
  SINCE MAR 1      9.69                      6.27   3.42     4.93
  SINCE JAN 1     14.17                      9.25   4.92     6.72

DEGREE DAYS
 HEATING
  YESTERDAY        0                        11    -11        3
  MONTH TO DATE  337                       333      4      263
  SINCE MAR 1   2160                      2160      0     2141
  SINCE JUL 1   6942                      7892   -950     8404

 COOLING
  YESTERDAY        1                         1      0        0
  MONTH TO DATE    1                         1      0        8
  SINCE MAR 1      1                         3     -2        8
  SINCE JAN 1      1                         3     -2        8
..................................................................


WIND (MPH)
  HIGHEST WIND SPEED    20   HIGHEST WIND DIRECTION    NW (330)
  HIGHEST GUST SPEED    27   HIGHEST GUST DIRECTION     N (340)
  AVERAGE WIND SPEED     6.0




RELATIVE HUMIDITY (PERCENT)
 HIGHEST    89
 LOWEST     21
 AVERAGE    55

..........................................................


THE ALPENA MI CLIMATE NORMALS FOR TODAY
                         NORMAL    RECORD    YEAR
 MAXIMUM TEMPERATURE (F)   68        87      1965
 MINIMUM TEMPERATURE (F)   43        26      1934


SUNRISE AND SUNSET
MAY 25 2016...........SUNRISE   555 AM EDT   SUNSET   908 PM EDT
MAY 26 2016...........SUNRISE   554 AM EDT   SUNSET   909 PM EDT


-  INDICATES NEGATIVE NUMBERS.
R  INDICATES RECORD WAS SET OR TIED.
MM INDICATES DATA IS MISSING.
T  INDICATES TRACE AMOUNT.




$$
