000
CDUS43 KAPX 180551
CLIAPN


CLIMATE REPORT
NATIONAL WEATHER SERVICE GAYLORD MI
1250 AM EST SAT NOV 18 2017


...................................

...THE ALPENA MI CLIMATE SUMMARY FOR NOVEMBER 17 2017...

CLIMATE NORMAL PERIOD 1981 TO 2010
CLIMATE RECORD PERIOD 1916 TO 2017


WEATHER ITEM   OBSERVED TIME   RECORD YEAR NORMAL DEPARTURE LAST
                VALUE   (LST)  VALUE       VALUE  FROM      YEAR
                                                  NORMAL
..................................................................
TEMPERATURE (F)
 YESTERDAY
  MAXIMUM         37   1034 PM  72    1953  43     -6       61
  MINIMUM         28    723 AM   6    1924  28      0       28
  AVERAGE         33                        35     -2       45

PRECIPITATION (IN)
  YESTERDAY        0.44          1.13 1928   0.07   0.37     0.00
  MONTH TO DATE    2.48                      1.20   1.28     0.12
  SINCE SEP 1     10.80                      6.73   4.07     5.49
  SINCE JAN 1     38.23                     25.51  12.72    26.12

SNOWFALL (IN)
  YESTERDAY        0.0           2.5  1951   0.2   -0.2      0.0
  MONTH TO DATE    0.4                       2.9   -2.5      0.0
  SINCE OCT 1      0.4                       3.3   -2.9      0.0
  SINCE JUL 1      0.4                       3.3   -2.9      0.0
  SNOW DEPTH       0

DEGREE DAYS
 HEATING
  YESTERDAY       32                        30      2       20
  MONTH TO DATE  524                       459     65      299
  SINCE SEP 1   1073                      1288   -215      836
  SINCE JUL 1   1131                      1403   -272      859
..................................................................


WIND (MPH)
  HIGHEST WIND SPEED    20   HIGHEST WIND DIRECTION    SE (150)
  HIGHEST GUST SPEED    24   HIGHEST GUST DIRECTION     S (160)
  AVERAGE WIND SPEED     7.9




RELATIVE HUMIDITY (PERCENT)
 HIGHEST   100
 LOWEST     72
 AVERAGE    86

..........................................................


THE ALPENA MI CLIMATE NORMALS FOR TODAY
                         NORMAL    RECORD    YEAR
 MAXIMUM TEMPERATURE (F)   42        69      1953
 MINIMUM TEMPERATURE (F)   28         9      1989
                                             1946
                                             1924


SUNRISE AND SUNSET
NOVEMBER 18 2017......SUNRISE   736 AM EST   SUNSET   502 PM EST
NOVEMBER 19 2017......SUNRISE   738 AM EST   SUNSET   501 PM EST


-  INDICATES NEGATIVE NUMBERS.
R  INDICATES RECORD WAS SET OR TIED.
MM INDICATES DATA IS MISSING.
T  INDICATES TRACE AMOUNT.




$$
