000
CDUS43 KAPX 222125
CLIAPN


CLIMATE REPORT
NATIONAL WEATHER SERVICE GAYLORD MI
525 PM EDT FRI MAY 22 2015


...................................

...THE ALPENA MI CLIMATE SUMMARY FOR MAY 22 2015...
VALID TODAY AS OF 0500 PM LOCAL TIME.

CLIMATE NORMAL PERIOD 1981 TO 2010
CLIMATE RECORD PERIOD 1916 TO 2015


WEATHER ITEM   OBSERVED TIME   RECORD YEAR NORMAL DEPARTURE LAST
                VALUE   (LST)  VALUE       VALUE  FROM      YEAR
                                                  NORMAL
..................................................................
TEMPERATURE (F)
 TODAY
  MAXIMUM         57    359 PM  91    1964  67    -10       64
  MINIMUM         33    537 AM  26    1967  42     -9       48
                                      1935
  AVERAGE         45                        54     -9       56

PRECIPITATION (IN)
  TODAY            0.00          1.58 1921   0.09  -0.09     0.00
  MONTH TO DATE    1.78                      1.84  -0.06     2.31
  SINCE MAR 1      4.88                      6.09  -1.21     8.97
  SINCE JAN 1      6.67                      9.07  -2.40    11.50

DEGREE DAYS
 HEATING
  TODAY           20                        11      9        9
  MONTH TO DATE  247                       311    -64      351
  SINCE MAR 1   2125                      2138    -13     2531
  SINCE JUL 1   8388                      7870    518     9020

 COOLING
  TODAY            0                         0      0        0
  MONTH TO DATE    8                         0      8        0
  SINCE MAR 1      8                         2      6        0
  SINCE JAN 1      8                         2      6        0
..................................................................


WIND (MPH)
  RESULTANT WIND SPEED  10   RESULTANT WIND DIRECTION   N (340)
  HIGHEST WIND SPEED    24   HIGHEST WIND DIRECTION    NW (330)
  HIGHEST GUST SPEED    32   HIGHEST GUST DIRECTION     N (350)
  AVERAGE WIND SPEED    10.7


SKY COVER
  POSSIBLE SUNSHINE  MM
  AVERAGE SKY COVER 0.0


WEATHER CONDITIONS
 THE FOLLOWING WEATHER WAS RECORDED TODAY.
  NO SIGNIFICANT WEATHER WAS OBSERVED.


RELATIVE HUMIDITY (PERCENT)
 HIGHEST    89
 LOWEST     26
 AVERAGE    58

..........................................................


THE ALPENA MI CLIMATE NORMALS FOR TOMORROW
                         NORMAL    RECORD    YEAR
 MAXIMUM TEMPERATURE (F)   67        89      1964
 MINIMUM TEMPERATURE (F)   43        26      1958


SUNRISE AND SUNSET
MAY 22 2015...........SUNRISE   558 AM EDT   SUNSET   904 PM EDT
MAY 23 2015...........SUNRISE   557 AM EDT   SUNSET   905 PM EDT


-  INDICATES NEGATIVE NUMBERS.
R  INDICATES RECORD WAS SET OR TIED.
MM INDICATES DATA IS MISSING.
T  INDICATES TRACE AMOUNT.




$$
