053
CDUS44 KLCH 180824
CLIARA


CLIMATE REPORT
NATIONAL WEATHER SERVICE LAKE CHARLES, LA
224 AM CST WED JAN 18 2017


...................................

...THE NEW IBERIA CLIMATE SUMMARY FOR JANUARY 17 2017...

CLIMATE NORMAL PERIOD 1981 TO 2010
CLIMATE RECORD PERIOD 1948 TO 2017


WEATHER ITEM   OBSERVED TIME   RECORD YEAR NORMAL DEPARTURE LAST
                VALUE   (LST)  VALUE       VALUE  FROM      YEAR
                                                  NORMAL
..................................................................
TEMPERATURE (F)
 YESTERDAY
  MAXIMUM         79R  1253 PM  78    1952  63     16       54
  MINIMUM         66    906 PM  21    1977  43     23       37
  AVERAGE         73                        53     20       46

PRECIPITATION (IN)
  YESTERDAY        T             2.00 1980   0.17  -0.17      T
                                      1953
  MONTH TO DATE    0.80                      2.82  -2.02     5.18
  SINCE DEC 1      9.50                      7.82   1.68     8.20
  SINCE JAN 1      0.80                      2.82  -2.02     5.18

SNOWFALL (IN)
  YESTERDAY        0.0           0.0    MM  MM              MM
  MONTH TO DATE    0.0                      MM               0.0
  SINCE DEC 1      0.0                      MM               0.0
  SINCE JUL 1      0.0                      MM               0.0

DEGREE DAYS
 HEATING
  YESTERDAY        0                        13    -13       19
  MONTH TO DATE  123                       221    -98      243
  SINCE DEC 1    359                       573   -214      412
  SINCE JUL 1    454                       768   -314      483

 COOLING
  YESTERDAY        8                         0      8        0
  MONTH TO DATE   41                         9     32        0
  SINCE DEC 1    108                        31     77       83
  SINCE JAN 1     41                         9     32        0
..................................................................


WIND (MPH)
  RESULTANT WIND SPEED   9   RESULTANT WIND DIRECTION   S (170)
  HIGHEST WIND SPEED    21   HIGHEST WIND DIRECTION     S (190)
  HIGHEST GUST SPEED    27   HIGHEST GUST DIRECTION     S (170)
  AVERAGE WIND SPEED     9.9


SKY COVER
  POSSIBLE SUNSHINE  MM
  AVERAGE SKY COVER 0.7


WEATHER CONDITIONS
 THE FOLLOWING WEATHER WAS RECORDED YESTERDAY.
  LIGHT RAIN
  FOG


RELATIVE HUMIDITY (PERCENT)
 HIGHEST    93           800 PM
 LOWEST     67          1200 PM
 AVERAGE    80

..........................................................


THE NEW IBERIA CLIMATE NORMALS FOR TODAY
                         NORMAL    RECORD    YEAR
 MAXIMUM TEMPERATURE (F)   63        80      1950
 MINIMUM TEMPERATURE (F)   43        19      1948


SUNRISE AND SUNSET
JANUARY 18 2017.......SUNRISE   704 AM CST   SUNSET   533 PM CST
JANUARY 19 2017.......SUNRISE   703 AM CST   SUNSET   534 PM CST


-  INDICATES NEGATIVE NUMBERS.
R  INDICATES RECORD WAS SET OR TIED.
MM INDICATES DATA IS MISSING.
T  INDICATES TRACE AMOUNT.




$$
