000
CDUS44 KLCH 262213
CLIARA


CLIMATE REPORT
NATIONAL WEATHER SERVICE LAKE CHARLES, LA
513 PM CDT THU MAR 26 2015


...................................

...THE NEW IBERIA CLIMATE SUMMARY FOR MARCH 26 2015...
VALID TODAY AS OF 0500 PM LOCAL TIME.

CLIMATE NORMAL PERIOD 1981 TO 2010
CLIMATE RECORD PERIOD 1948 TO 2015


WEATHER ITEM   OBSERVED TIME   RECORD YEAR NORMAL DEPARTURE LAST
                VALUE   (LST)  VALUE       VALUE  FROM      YEAR
                                                  NORMAL
..................................................................
TEMPERATURE (F)
 TODAY
  MAXIMUM         76    918 AM  85    2012  75      1       62
  MINIMUM         63    615 AM  34    1969  53     10       41
  AVERAGE         70                        64      6       52

PRECIPITATION (IN)
  TODAY            0.02          3.87 2009   0.13  -0.11     0.04
  MONTH TO DATE    3.84                      3.16   0.68     1.20
  SINCE MAR 1      3.84                      3.16   0.68     1.20
  SINCE JAN 1     10.30                     12.57  -2.27     9.54

SNOWFALL (IN)
  TODAY            0.0           0.0    MM  MM              MM
  MONTH TO DATE    T                        MM               0.0
  SINCE MAR 1      T                        MM               0.0
  SINCE JUL 1      T                        MM               0.1

DEGREE DAYS
 HEATING
  TODAY            0                         3     -3       13
  MONTH TO DATE   63                       132    -69      196
  SINCE MAR 1     63                       132    -69      196
  SINCE JUL 1   1406                      1348     58     1720

 COOLING
  TODAY            5                         2      3        0
  MONTH TO DATE   85                        37     48       16
  SINCE MAR 1     85                        37     48       16
  SINCE JAN 1     89                        68     21       34
..................................................................


WIND (MPH)
  RESULTANT WIND SPEED   5   RESULTANT WIND DIRECTION   S (160)
  HIGHEST WIND SPEED    16   HIGHEST WIND DIRECTION    SE (150)
  HIGHEST GUST SPEED    20   HIGHEST GUST DIRECTION    SE (150)
  AVERAGE WIND SPEED     5.9


SKY COVER
  POSSIBLE SUNSHINE  MM
  AVERAGE SKY COVER 0.7


WEATHER CONDITIONS
 THE FOLLOWING WEATHER WAS RECORDED TODAY.
  THUNDERSTORM
  LIGHT RAIN
  FOG


RELATIVE HUMIDITY (PERCENT)
 HIGHEST    93           400 AM
 LOWEST     69          1100 AM
 AVERAGE    81

..........................................................


THE NEW IBERIA CLIMATE NORMALS FOR TOMORROW
                         NORMAL    RECORD    YEAR
 MAXIMUM TEMPERATURE (F)   75        85      2011
 MINIMUM TEMPERATURE (F)   53        29      1955


SUNRISE AND SUNSET
MARCH 26 2015.........SUNRISE   704 AM CDT   SUNSET   723 PM CDT
MARCH 27 2015.........SUNRISE   703 AM CDT   SUNSET   723 PM CDT


-  INDICATES NEGATIVE NUMBERS.
R  INDICATES RECORD WAS SET OR TIED.
MM INDICATES DATA IS MISSING.
T  INDICATES TRACE AMOUNT.




$$
