000
CDUS44 KLCH 170818
CLIARA


CLIMATE REPORT
NATIONAL WEATHER SERVICE LAKE CHARLES, LA
317 AM CDT THU APR 17 2014


...................................

...THE NEW IBERIA CLIMATE SUMMARY FOR APRIL 16 2014...

CLIMATE NORMAL PERIOD 1981 TO 2010
CLIMATE RECORD PERIOD 1948 TO 2014


WEATHER ITEM   OBSERVED TIME   RECORD YEAR NORMAL DEPARTURE LAST
                VALUE   (LST)  VALUE       VALUE  FROM      YEAR
                                                  NORMAL
..................................................................
TEMPERATURE (F)
 YESTERDAY
  MAXIMUM         67    229 PM  87    1981  79    -12       85
  MINIMUM         40    409 AM  38    1983  57    -17       75
  AVERAGE         54                        68    -14       80

PRECIPITATION (IN)
  YESTERDAY        0.00          2.71 2012   0.14  -0.14      T
  MONTH TO DATE    2.24                      2.36  -0.12     5.09
  SINCE MAR 1      3.75                      6.13  -2.38     7.82
  SINCE JAN 1     12.09                     15.54  -3.45    24.57

SNOWFALL (IN)
  YESTERDAY        0.0           0.0    MM  MM               0.0
  MONTH TO DATE    0.0                      MM               0.0
  SINCE MAR 1      0.0                      MM               0.0
  SINCE JUL 1      0.1                      MM               0.0

DEGREE DAYS
 HEATING
  YESTERDAY       11                         1     10        0
  MONTH TO DATE   36                        36      0       23
  SINCE MAR 1    249                       184     65      225
  SINCE JUL 1   1773                      1400    373     1112

 COOLING
  YESTERDAY        0                         4     -4       15
  MONTH TO DATE   49                        57     -8       70
  SINCE MAR 1     72                       109    -37      113
  SINCE JAN 1     90                       140    -50      161
..................................................................


WIND (MPH)
  RESULTANT WIND SPEED   5   RESULTANT WIND DIRECTION   E (110)
  HIGHEST WIND SPEED    14   HIGHEST WIND DIRECTION    SE (130)
  HIGHEST GUST SPEED    22   HIGHEST GUST DIRECTION     E (110)
  AVERAGE WIND SPEED     7.5


SKY COVER
  POSSIBLE SUNSHINE  MM
  AVERAGE SKY COVER 0.0


WEATHER CONDITIONS
 THE FOLLOWING WEATHER WAS RECORDED YESTERDAY.
  NO SIGNIFICANT WEATHER WAS OBSERVED.


RELATIVE HUMIDITY (PERCENT)
 HIGHEST    89          1000 PM
 LOWEST     44           100 PM
 AVERAGE    67

..........................................................


THE NEW IBERIA CLIMATE NORMALS FOR TODAY
                         NORMAL    RECORD    YEAR
 MAXIMUM TEMPERATURE (F)   80        89      2006
 MINIMUM TEMPERATURE (F)   57        42      1999


SUNRISE AND SUNSET
APRIL 17 2014.........SUNRISE   638 AM CDT   SUNSET   736 PM CDT
APRIL 18 2014.........SUNRISE   637 AM CDT   SUNSET   737 PM CDT


-  INDICATES NEGATIVE NUMBERS.
R  INDICATES RECORD WAS SET OR TIED.
MM INDICATES DATA IS MISSING.
T  INDICATES TRACE AMOUNT.




$$
