000
CDUS44 KLCH 250932
CLIARA


CLIMATE REPORT
NATIONAL WEATHER SERVICE LAKE CHARLES, LA
331 AM CST SUN JAN 25 2015


...................................

...THE NEW IBERIA CLIMATE SUMMARY FOR JANUARY 24 2015...

CLIMATE NORMAL PERIOD 1981 TO 2010
CLIMATE RECORD PERIOD 1948 TO 2015


WEATHER ITEM   OBSERVED TIME   RECORD YEAR NORMAL DEPARTURE LAST
                VALUE   (LST)  VALUE       VALUE  FROM      YEAR
                                                  NORMAL
..................................................................
TEMPERATURE (F)
 YESTERDAY
  MAXIMUM         59    306 PM  80    2002  63     -4       34
                                      1950
  MINIMUM         36    724 AM  16    1963  43     -7       28
  AVERAGE         48                        53     -5       31

PRECIPITATION (IN)
  YESTERDAY        0.00          1.80 1984   0.17  -0.17     0.22
  MONTH TO DATE    4.37                      4.00   0.37     2.28
  SINCE DEC 1      6.08                      9.00  -2.92     4.84
  SINCE JAN 1      4.37                      4.00   0.37     2.28

SNOWFALL (IN)
  YESTERDAY        0.0           T    2014  MM                T
                                      1948
  MONTH TO DATE    0.0                      MM                T
  SINCE DEC 1      0.0                      MM                T
  SINCE JUL 1      0.0                      MM                T

DEGREE DAYS
 HEATING
  YESTERDAY       17                        12      5       34
  MONTH TO DATE  379                       309     70      413
  SINCE DEC 1    623                       661    -38      815
  SINCE JUL 1    910                       856     54     1048

 COOLING
  YESTERDAY        0                         0      0        0
  MONTH TO DATE    2                         9     -7        0
  SINCE DEC 1     24                        31     -7       41
  SINCE JAN 1      2                         9     -7        0
..................................................................


WIND (MPH)
  RESULTANT WIND SPEED   7   RESULTANT WIND DIRECTION   W (280)
  HIGHEST WIND SPEED    15   HIGHEST WIND DIRECTION     W (280)
  HIGHEST GUST SPEED    18   HIGHEST GUST DIRECTION     W (270)
  AVERAGE WIND SPEED     7.9


SKY COVER
  POSSIBLE SUNSHINE  MM
  AVERAGE SKY COVER 0.0


WEATHER CONDITIONS
 THE FOLLOWING WEATHER WAS RECORDED YESTERDAY.
  NO SIGNIFICANT WEATHER WAS OBSERVED.


RELATIVE HUMIDITY (PERCENT)
 HIGHEST    92           200 AM
 LOWEST     40           200 PM
 AVERAGE    66

..........................................................


THE NEW IBERIA CLIMATE NORMALS FOR TODAY
                         NORMAL    RECORD    YEAR
 MAXIMUM TEMPERATURE (F)   63        81      1949
 MINIMUM TEMPERATURE (F)   43        22      1963


SUNRISE AND SUNSET
JANUARY 25 2015.......SUNRISE   701 AM CST   SUNSET   539 PM CST
JANUARY 26 2015.......SUNRISE   701 AM CST   SUNSET   539 PM CST


-  INDICATES NEGATIVE NUMBERS.
R  INDICATES RECORD WAS SET OR TIED.
MM INDICATES DATA IS MISSING.
T  INDICATES TRACE AMOUNT.




$$
