000
CDUS44 KLCH 311245
CLIARA


CLIMATE REPORT
NATIONAL WEATHER SERVICE LAKE CHARLES, LA
745 AM CDT TUE MAY 31 2016


...................................

...THE NEW IBERIA CLIMATE SUMMARY FOR MAY 30 2016...

CLIMATE NORMAL PERIOD 1981 TO 2010
CLIMATE RECORD PERIOD 1948 TO 2016


WEATHER ITEM   OBSERVED TIME   RECORD YEAR NORMAL DEPARTURE LAST
                VALUE   (LST)  VALUE       VALUE  FROM      YEAR
                                                  NORMAL
..................................................................
TEMPERATURE (F)
 YESTERDAY
  MAXIMUM         90    202 PM  95    2000  88      2       88
  MINIMUM         71    512 AM  55    1984  70      1       73
  AVERAGE         81                        79      2       81

PRECIPITATION (IN)
  YESTERDAY        T             2.25 1975   0.24  -0.24      T
  MONTH TO DATE    5.01                      4.74   0.27     7.07
  SINCE MAR 1     15.30                     12.58   2.72    21.05
  SINCE JAN 1     25.53                     21.99   3.54    27.51

SNOWFALL (IN)
  YESTERDAY        0.0           0.0    MM  MM               0.0
  MONTH TO DATE    0.0                      MM               0.0
  SINCE MAR 1      0.0                      MM                T
  SINCE JUL 1      0.0                      MM                T

DEGREE DAYS
 HEATING
  YESTERDAY        0                         0      0        0
  MONTH TO DATE    0                         0      0        0
  SINCE MAR 1     81                       192   -111       73
  SINCE JUL 1    997                      1408   -411     1416

 COOLING
  YESTERDAY       16                        14      2       16
  MONTH TO DATE  314                       336    -22      284
  SINCE MAR 1    600                       525     75      602
  SINCE JAN 1    610                       556     54      606
..................................................................


WIND (MPH)
  RESULTANT WIND SPEED   3   RESULTANT WIND DIRECTION   S (200)
  HIGHEST WIND SPEED    17   HIGHEST WIND DIRECTION     S (160)
  HIGHEST GUST SPEED    20   HIGHEST GUST DIRECTION     S (160)
  AVERAGE WIND SPEED     4.3


SKY COVER
  POSSIBLE SUNSHINE  MM
  AVERAGE SKY COVER 0.2


WEATHER CONDITIONS
 THE FOLLOWING WEATHER WAS RECORDED YESTERDAY.
  THUNDERSTORM
  LIGHT RAIN
  FOG
  FOG W/VISIBILITY <= 1/4 MILE


RELATIVE HUMIDITY (PERCENT)
 HIGHEST   100           300 AM
 LOWEST     34           200 PM
 AVERAGE    67

..........................................................


THE NEW IBERIA CLIMATE NORMALS FOR TODAY
                         NORMAL    RECORD    YEAR
 MAXIMUM TEMPERATURE (F)   88        98      1951
 MINIMUM TEMPERATURE (F)   70        55      1984


SUNRISE AND SUNSET
MAY 31 2016...........SUNRISE   607 AM CDT   SUNSET   804 PM CDT
JUNE  1 2016..........SUNRISE   607 AM CDT   SUNSET   804 PM CDT


-  INDICATES NEGATIVE NUMBERS.
R  INDICATES RECORD WAS SET OR TIED.
MM INDICATES DATA IS MISSING.
T  INDICATES TRACE AMOUNT.




$$
