000
CDUS43 KLOT 230635
CLIARR


CLIMATE REPORT
NATIONAL WEATHER SERVICE CHICAGO IL
1235 AM CST THU NOV 23 2017


...................................

...THE AURORA MUNICIPAL AIRPORT CLIMATE SUMMARY FOR NOVEMBER 22 2017...

CLIMATE NORMAL PERIOD 1981 TO 2010
CLIMATE RECORD PERIOD 1998 TO 2017


WEATHER ITEM   OBSERVED TIME   RECORD YEAR NORMAL DEPARTURE LAST
                VALUE   (LST)  VALUE       VALUE  FROM      YEAR
                                                  NORMAL
..................................................................
TEMPERATURE (F)
 YESTERDAY
  MAXIMUM         34    241 PM  67    2010  44    -10       40
  MINIMUM         16    718 AM   0    2015  26    -10       25
  AVERAGE         25                        35    -10       33

PRECIPITATION (IN)
  YESTERDAY        0.00          1.61 2010   0.09  -0.09     0.04
  MONTH TO DATE    1.45                      2.40  -0.95     0.26
  SINCE SEP 1     12.92                      8.96   3.96     4.73
  SINCE JAN 1     41.30                     34.16   7.14    31.56

DEGREE DAYS
 HEATING
  YESTERDAY       40                        30     10       32
  MONTH TO DATE  630                       547     83      396
  SINCE SEP 1   1013                      1130   -117      707
  SINCE JUL 1   1038                      1154   -116      710

 COOLING
  YESTERDAY        0                         0      0        0
  MONTH TO DATE    0                         0      0        3
  SINCE SEP 1    144                        71     73      185
  SINCE JAN 1    713                       655     58     1039
..................................................................


WIND (MPH)
  RESULTANT WIND SPEED   4   RESULTANT WIND DIRECTION   W (260)
  HIGHEST WIND SPEED    12   HIGHEST WIND DIRECTION     W (250)
  HIGHEST GUST SPEED    16   HIGHEST GUST DIRECTION     W (270)
  AVERAGE WIND SPEED     5.8


SKY COVER
  POSSIBLE SUNSHINE  MM
  AVERAGE SKY COVER 0.1


WEATHER CONDITIONS
 THE FOLLOWING WEATHER WAS RECORDED YESTERDAY.
  NO SIGNIFICANT WEATHER WAS OBSERVED.


RELATIVE HUMIDITY (PERCENT)
 HIGHEST    92           200 AM
 LOWEST     51           200 PM
 AVERAGE    72

..........................................................


THE AURORA MUNICIPAL AIRPORT CLIMATE NORMALS FOR TODAY
                         NORMAL    RECORD    YEAR
 MAXIMUM TEMPERATURE (F)   43        63      2003
 MINIMUM TEMPERATURE (F)   25        13      2013


SUNRISE AND SUNSET
NOVEMBER 23 2017......SUNRISE   653 AM CST   SUNSET   427 PM CST
NOVEMBER 24 2017......SUNRISE   654 AM CST   SUNSET   427 PM CST


-  INDICATES NEGATIVE NUMBERS.
R  INDICATES RECORD WAS SET OR TIED.
MM INDICATES DATA IS MISSING.
T  INDICATES TRACE AMOUNT.




$$
