000
CDUS43 KLOT 271136
CLIARR


CLIMATE REPORT
NATIONAL WEATHER SERVICE CHICAGO IL
633 AM CDT TUE SEP 27 2016


...................................

...THE AURORA MUNICIPAL AIRPORT CLIMATE SUMMARY FOR SEPTEMBER 26 2016...

CLIMATE NORMAL PERIOD 1981 TO 2010
CLIMATE RECORD PERIOD 1998 TO 2016


WEATHER ITEM   OBSERVED TIME   RECORD YEAR NORMAL DEPARTURE LAST
                VALUE   (LST)  VALUE       VALUE  FROM      YEAR
                                                  NORMAL
..................................................................
TEMPERATURE (F)
 YESTERDAY
  MAXIMUM         71    310 PM  85    1999  71      0       79
  MINIMUM         52   1151 PM  34    2000  46      6       53
  AVERAGE         62                        58      4       66

PRECIPITATION (IN)
  YESTERDAY        0.00          2.04 2011   0.14  -0.14     0.00
  MONTH TO DATE    1.57                      2.89  -1.32     3.19
  SINCE SEP 1      1.57                      2.89  -1.32     3.19
  SINCE JAN 1     28.40                     28.09   0.31    29.70

DEGREE DAYS
 HEATING
  YESTERDAY        3                         8     -5        0
  MONTH TO DATE    5                        94    -89       42
  SINCE SEP 1      5                        94    -89       42
  SINCE JUL 1      8                       118   -110       74

 COOLING
  YESTERDAY        0                         1     -1        1
  MONTH TO DATE  157                        60     97      138
  SINCE SEP 1    157                        60     97      138
  SINCE JAN 1   1011                       644    367      735
..................................................................


WIND (MPH)
  RESULTANT WIND SPEED  14   RESULTANT WIND DIRECTION   W (260)
  HIGHEST WIND SPEED    29   HIGHEST WIND DIRECTION     W (270)
  HIGHEST GUST SPEED    38   HIGHEST GUST DIRECTION     W (260)
  AVERAGE WIND SPEED    13.9


SKY COVER
  POSSIBLE SUNSHINE  MM
  AVERAGE SKY COVER 0.1


WEATHER CONDITIONS
 THE FOLLOWING WEATHER WAS RECORDED YESTERDAY.
  NO SIGNIFICANT WEATHER WAS OBSERVED.


RELATIVE HUMIDITY (PERCENT)
 HIGHEST    83           700 AM
 LOWEST     26           300 PM
 AVERAGE    55

..........................................................


THE AURORA MUNICIPAL AIRPORT CLIMATE NORMALS FOR TODAY
                         NORMAL    RECORD    YEAR
 MAXIMUM TEMPERATURE (F)   70        83      2013
 MINIMUM TEMPERATURE (F)   45        37      2001


SUNRISE AND SUNSET
SEPTEMBER 27 2016.....SUNRISE   647 AM CDT   SUNSET   642 PM CDT
SEPTEMBER 28 2016.....SUNRISE   648 AM CDT   SUNSET   640 PM CDT


-  INDICATES NEGATIVE NUMBERS.
R  INDICATES RECORD WAS SET OR TIED.
MM INDICATES DATA IS MISSING.
T  INDICATES TRACE AMOUNT.




$$
