000
CDUS43 KLOT 300636
CLIARR


CLIMATE REPORT
NATIONAL WEATHER SERVICE CHICAGO IL
136 AM CDT MON MAR 30 2015


...................................

...THE AURORA MUNICIPAL AIRPORT CLIMATE SUMMARY FOR MARCH 29 2015...

CLIMATE NORMAL PERIOD 1981 TO 2010
CLIMATE RECORD PERIOD 1998 TO 2015


WEATHER ITEM   OBSERVED TIME   RECORD YEAR NORMAL DEPARTURE LAST
                VALUE   (LST)  VALUE       VALUE  FROM      YEAR
                                                  NORMAL
..................................................................
TEMPERATURE (F)
 YESTERDAY
  MAXIMUM         50    602 PM  69    2005  53     -3       45
  MINIMUM         25    112 AM  19    2008  31     -6       26
  AVERAGE         38                        42     -4       36

PRECIPITATION (IN)
  YESTERDAY        0.07          0.59 2002   0.08  -0.01     0.00
  MONTH TO DATE    0.38                      2.08  -1.70     0.72
  SINCE MAR 1      0.38                      2.08  -1.70     0.72
  SINCE JAN 1      1.06                      5.17  -4.11     2.57

DEGREE DAYS
 HEATING
  YESTERDAY       27                        23      4       29
  MONTH TO DATE  907                       826     81     1042
  SINCE MAR 1    907                       826     81     1042
  SINCE JUL 1   6362                      5964    398     6618

 COOLING
  YESTERDAY        0                         0      0        0
  MONTH TO DATE    0                         0      0        0
  SINCE MAR 1      0                         0      0        0
  SINCE JAN 1      0                         0      0        0
..................................................................


WIND (MPH)
  RESULTANT WIND SPEED  11   RESULTANT WIND DIRECTION   S (200)
  HIGHEST WIND SPEED    28   HIGHEST WIND DIRECTION    NW (310)
  HIGHEST GUST SPEED    37   HIGHEST GUST DIRECTION    SW (230)
  AVERAGE WIND SPEED    15.0


SKY COVER
  POSSIBLE SUNSHINE  MM
  AVERAGE SKY COVER 0.5


WEATHER CONDITIONS
 THE FOLLOWING WEATHER WAS RECORDED YESTERDAY.
  LIGHT RAIN
  LT FREEZING RAIN
  LIGHT SNOW
  HAZE


RELATIVE HUMIDITY (PERCENT)
 HIGHEST    82           900 PM
 LOWEST     52           800 AM
 AVERAGE    67

..........................................................


THE AURORA MUNICIPAL AIRPORT CLIMATE NORMALS FOR TODAY
                         NORMAL    RECORD    YEAR
 MAXIMUM TEMPERATURE (F)   54        76      2005
 MINIMUM TEMPERATURE (F)   32        22      2014
                                             2000


SUNRISE AND SUNSET
MARCH 30 2015.........SUNRISE   641 AM CDT   SUNSET   717 PM CDT
MARCH 31 2015.........SUNRISE   639 AM CDT   SUNSET   718 PM CDT


-  INDICATES NEGATIVE NUMBERS.
R  INDICATES RECORD WAS SET OR TIED.
MM INDICATES DATA IS MISSING.
T  INDICATES TRACE AMOUNT.




$$
