000
CDUS43 KLOT 301340
CLIARR


CLIMATE REPORT
NATIONAL WEATHER SERVICE CHICAGO IL
840 AM CDT SAT APR 30 2016


...................................

...THE AURORA MUNICIPAL AIRPORT CLIMATE SUMMARY FOR APRIL 29 2016...

CLIMATE NORMAL PERIOD 1981 TO 2010
CLIMATE RECORD PERIOD 1998 TO 2016


WEATHER ITEM   OBSERVED TIME   RECORD YEAR NORMAL DEPARTURE LAST
                VALUE   (LST)  VALUE       VALUE  FROM      YEAR
                                                  NORMAL
..................................................................
TEMPERATURE (F)
 YESTERDAY
  MAXIMUM         49    602 PM  82    2007  65    -16       67
  MINIMUM         43    416 AM  28    2008  41      2       33
  AVERAGE         46                        53     -7       50

PRECIPITATION (IN)
  YESTERDAY        0.00          0.32 2012   0.16  -0.16     0.01
  MONTH TO DATE    1.64                      3.14  -1.50     4.25
  SINCE MAR 1      4.64                      5.37  -0.73     4.63
  SINCE JAN 1      6.13                      8.46  -2.33     5.31

DEGREE DAYS
 HEATING
  YESTERDAY       19                        12      7       15
  MONTH TO DATE  466                       485    -19      430
  SINCE MAR 1   1111                      1355   -244     1375
  SINCE JUL 1   5232                      6493  -1261     6830

 COOLING
  YESTERDAY        0                         0      0        0
  MONTH TO DATE    5                         0      5        0
  SINCE MAR 1      5                         0      5        0
  SINCE JAN 1      5                         0      5        0
..................................................................


WIND (MPH)
  RESULTANT WIND SPEED   6   RESULTANT WIND DIRECTION   N (20)
  HIGHEST WIND SPEED    15   HIGHEST WIND DIRECTION    NE (30)
  HIGHEST GUST SPEED    18   HIGHEST GUST DIRECTION    NE (60)
  AVERAGE WIND SPEED     7.4


SKY COVER
  POSSIBLE SUNSHINE  MM
  AVERAGE SKY COVER 1.0


WEATHER CONDITIONS
 THE FOLLOWING WEATHER WAS RECORDED YESTERDAY.
  FOG
  HAZE


RELATIVE HUMIDITY (PERCENT)
 HIGHEST    96           400 AM
 LOWEST     71          1200 PM
 AVERAGE    84

..........................................................


THE AURORA MUNICIPAL AIRPORT CLIMATE NORMALS FOR TODAY
                         NORMAL    RECORD    YEAR
 MAXIMUM TEMPERATURE (F)   65        84      2013
                                             2001
 MINIMUM TEMPERATURE (F)   42        30      2008
                                             2005


SUNRISE AND SUNSET
APRIL 30 2016.........SUNRISE   551 AM CDT   SUNSET   752 PM CDT
MAY  1 2016...........SUNRISE   550 AM CDT   SUNSET   753 PM CDT


-  INDICATES NEGATIVE NUMBERS.
R  INDICATES RECORD WAS SET OR TIED.
MM INDICATES DATA IS MISSING.
T  INDICATES TRACE AMOUNT.




$$
