000
CDUS43 KLOT 250635
CLIARR


CLIMATE REPORT
NATIONAL WEATHER SERVICE CHICAGO IL
135 AM CDT TUE APR 25 2017


...................................

...THE AURORA MUNICIPAL AIRPORT CLIMATE SUMMARY FOR APRIL 24 2017...

CLIMATE NORMAL PERIOD 1981 TO 2010
CLIMATE RECORD PERIOD 1998 TO 2017


WEATHER ITEM   OBSERVED TIME   RECORD YEAR NORMAL DEPARTURE LAST
                VALUE   (LST)  VALUE       VALUE  FROM      YEAR
                                                  NORMAL
..................................................................
TEMPERATURE (F)
 YESTERDAY
  MAXIMUM         75    337 PM  82    2009  63     12       79
  MINIMUM         38    521 AM  24    2015  40     -2       43
  AVERAGE         57                        52      5       61

PRECIPITATION (IN)
  YESTERDAY        0.00          0.58 2009   0.10  -0.10     0.00
  MONTH TO DATE    3.00                      2.47   0.53     1.07
  SINCE MAR 1      6.10                      4.70   1.40     4.07
  SINCE JAN 1      9.99                      7.79   2.20     5.56

DEGREE DAYS
 HEATING
  YESTERDAY        8                        14     -6        4
  MONTH TO DATE  278                       422   -144      401
  SINCE MAR 1   1068                      1292   -224     1046
  SINCE JUL 1   5129                      6430  -1301     5167

 COOLING
  YESTERDAY        0                         0      0        0
  MONTH TO DATE    6                         0      6        0
  SINCE MAR 1      6                         0      6        0
  SINCE JAN 1      6                         0      6        0
..................................................................


WIND (MPH)
  RESULTANT WIND SPEED   8   RESULTANT WIND DIRECTION   E (110)
  HIGHEST WIND SPEED    20   HIGHEST WIND DIRECTION    SE (140)
  HIGHEST GUST SPEED    28   HIGHEST GUST DIRECTION    SE (120)
  AVERAGE WIND SPEED     8.8


SKY COVER
  POSSIBLE SUNSHINE  MM
  AVERAGE SKY COVER 0.0


WEATHER CONDITIONS
 THE FOLLOWING WEATHER WAS RECORDED YESTERDAY.
  NO SIGNIFICANT WEATHER WAS OBSERVED.


RELATIVE HUMIDITY (PERCENT)
 HIGHEST    86           600 AM
 LOWEST     19           300 PM
 AVERAGE    53

..........................................................


THE AURORA MUNICIPAL AIRPORT CLIMATE NORMALS FOR TODAY
                         NORMAL    RECORD    YEAR
 MAXIMUM TEMPERATURE (F)   64        83      2016
 MINIMUM TEMPERATURE (F)   40        30      2005


SUNRISE AND SUNSET
APRIL 25 2017.........SUNRISE   558 AM CDT   SUNSET   746 PM CDT
APRIL 26 2017.........SUNRISE   557 AM CDT   SUNSET   747 PM CDT


-  INDICATES NEGATIVE NUMBERS.
R  INDICATES RECORD WAS SET OR TIED.
MM INDICATES DATA IS MISSING.
T  INDICATES TRACE AMOUNT.




$$
