000
CDUS43 KLOT 270635
CLIARR


CLIMATE REPORT
NATIONAL WEATHER SERVICE CHICAGO IL
134 AM CDT MON MAR 27 2017


...................................

...THE AURORA MUNICIPAL AIRPORT CLIMATE SUMMARY FOR MARCH 26 2017...

CLIMATE NORMAL PERIOD 1981 TO 2010
CLIMATE RECORD PERIOD 1998 TO 2017


WEATHER ITEM   OBSERVED TIME   RECORD YEAR NORMAL DEPARTURE LAST
                VALUE   (LST)  VALUE       VALUE  FROM      YEAR
                                                  NORMAL
..................................................................
TEMPERATURE (F)
 YESTERDAY
  MAXIMUM         60    110 PM  77    2007  52      8       57
  MINIMUM         49    118 AM  14    2014  30     19       31
                                      2001
  AVERAGE         55                        41     14       44

PRECIPITATION (IN)
  YESTERDAY        0.16          0.43 2004   0.08   0.08     0.00
  MONTH TO DATE    1.27                      1.85  -0.58     2.38
  SINCE MAR 1      1.27                      1.85  -0.58     2.38
  SINCE JAN 1      5.16                      4.94   0.22     3.87

DEGREE DAYS
 HEATING
  YESTERDAY       10                        24    -14       21
  MONTH TO DATE  687                       756    -69      568
  SINCE MAR 1    687                       756    -69      568
  SINCE JUL 1   4748                      5894  -1146     4689

 COOLING
  YESTERDAY        0                         0      0        0
  MONTH TO DATE    0                         0      0        0
  SINCE MAR 1      0                         0      0        0
  SINCE JAN 1      0                         0      0        0
..................................................................


WIND (MPH)
  RESULTANT WIND SPEED   4   RESULTANT WIND DIRECTION  SW (210)
  HIGHEST WIND SPEED    17   HIGHEST WIND DIRECTION     S (190)
  HIGHEST GUST SPEED    21   HIGHEST GUST DIRECTION     S (190)
  AVERAGE WIND SPEED     8.9


SKY COVER
  POSSIBLE SUNSHINE  MM
  AVERAGE SKY COVER 1.0


WEATHER CONDITIONS
 THE FOLLOWING WEATHER WAS RECORDED YESTERDAY.
  LIGHT RAIN
  FOG
  HAZE


RELATIVE HUMIDITY (PERCENT)
 HIGHEST   100           100 AM
 LOWEST     72           100 PM
 AVERAGE    86

..........................................................


THE AURORA MUNICIPAL AIRPORT CLIMATE NORMALS FOR TODAY
                         NORMAL    RECORD    YEAR
 MAXIMUM TEMPERATURE (F)   52        75      2007
 MINIMUM TEMPERATURE (F)   31        16      2001


SUNRISE AND SUNSET
MARCH 27 2017.........SUNRISE   645 AM CDT   SUNSET   714 PM CDT
MARCH 28 2017.........SUNRISE   643 AM CDT   SUNSET   715 PM CDT


-  INDICATES NEGATIVE NUMBERS.
R  INDICATES RECORD WAS SET OR TIED.
MM INDICATES DATA IS MISSING.
T  INDICATES TRACE AMOUNT.




$$
