000
CDUS41 KBUF 310705
CLIART


CLIMATE REPORT
NATIONAL WEATHER SERVICE BUFFALO NY
205 AM EST SAT JAN 31 2015


...................................

...THE WATERTOWN NY CLIMATE SUMMARY FOR JANUARY 30 2015...

CLIMATE NORMAL PERIOD 1981 TO 2010
CLIMATE RECORD PERIOD 1949 TO 2015


WEATHER ITEM   OBSERVED TIME   RECORD YEAR NORMAL DEPARTURE LAST
                VALUE   (LST)  VALUE       VALUE  FROM      YEAR
                                                  NORMAL
..................................................................
TEMPERATURE (F)
 YESTERDAY
  MAXIMUM         31    400 AM  62    2013  29      2       30
  MINIMUM         -6   1050 PM -24    2010   8    -14       12
  AVERAGE         13                        19     -6       21

PRECIPITATION (IN)
  YESTERDAY        0.03          0.66 1971   0.08  -0.05     0.09
  MONTH TO DATE    1.87                      2.58  -0.71     3.69
  SINCE DEC 1      3.59                      5.73  -2.14     6.10
  SINCE JAN 1      1.87                      2.58  -0.71     3.69

DEGREE DAYS
 HEATING
  YESTERDAY       52                        46      6       44
  MONTH TO DATE 1471                      1365    106     1460
  SINCE DEC 1   2459                      2562   -103     2722
  SINCE JUL 1   3812                      4161   -349     4297

 COOLING
  YESTERDAY        0                         0      0        0
  MONTH TO DATE    0                         0      0        0
  SINCE DEC 1      0                         0      0        0
  SINCE JAN 1      0                         0      0        0
..................................................................


WIND (MPH)
  HIGHEST WIND SPEED    21   HIGHEST WIND DIRECTION     N (340)
  HIGHEST GUST SPEED    26   HIGHEST GUST DIRECTION    NW (310)
  AVERAGE WIND SPEED     9.4


SKY COVER
  AVERAGE SKY COVER 0.7


WEATHER CONDITIONS
 THE FOLLOWING WEATHER WAS RECORDED YESTERDAY.
  LIGHT SNOW
  FOG
  HAZE


RELATIVE HUMIDITY (PERCENT)
 HIGHEST    85          1200 AM
 LOWEST     59           100 PM
 AVERAGE    72

..........................................................


THE WATERTOWN NY CLIMATE NORMALS FOR TODAY
                         NORMAL    RECORD    YEAR
 MAXIMUM TEMPERATURE (F)   29        59      1988
 MINIMUM TEMPERATURE (F)    8       -23      2011


SUNRISE AND SUNSET
JANUARY 31 2015.......SUNRISE   723 AM EST   SUNSET   513 PM EST
FEBRUARY  1 2015......SUNRISE   722 AM EST   SUNSET   514 PM EST


-  INDICATES NEGATIVE NUMBERS.
R  INDICATES RECORD WAS SET OR TIED.
MM INDICATES DATA IS MISSING.
T  INDICATES TRACE AMOUNT.




$$
