000
CDUS41 KBUF 131032
CLIART


CLIMATE REPORT
NATIONAL WEATHER SERVICE BUFFALO NY
530 AM EST WED DEC 13 2017


...................................

...THE WATERTOWN NY CLIMATE SUMMARY FOR DECEMBER 12 2017...

CLIMATE NORMAL PERIOD 1981 TO 2010
CLIMATE RECORD PERIOD 1949 TO 2017


WEATHER ITEM   OBSERVED TIME   RECORD YEAR NORMAL DEPARTURE LAST
                VALUE   (LST)  VALUE       VALUE  FROM      YEAR
                                                  NORMAL
..................................................................
TEMPERATURE (F)
 YESTERDAY
  MAXIMUM         32    648 AM  60    1979  36     -4       38
  MINIMUM         18   1159 PM -19    1988  19     -1       28
  AVERAGE         25                        28     -3       33

PRECIPITATION (IN)
  YESTERDAY        0.13          0.99 1959   0.11   0.02     0.11
  MONTH TO DATE    0.97                      1.32  -0.35     0.86
  SINCE DEC 1      0.97                      1.32  -0.35     0.86
  SINCE JAN 1     47.86                     34.25  13.61    29.19

DEGREE DAYS
 HEATING
  YESTERDAY       40                        37      3       32
  MONTH TO DATE  380                       421    -41      391
  SINCE DEC 1    380                       421    -41      391
  SINCE JUL 1   1739                      2020   -281     1733

 COOLING
  YESTERDAY        0                         0      0        0
  MONTH TO DATE    0                         0      0        0
  SINCE DEC 1      0                         0      0        0
  SINCE JAN 1    389                       362     27      566
..................................................................


WIND (MPH)
  HIGHEST WIND SPEED    13   HIGHEST WIND DIRECTION     W (270)
  HIGHEST GUST SPEED    17   HIGHEST GUST DIRECTION    SE (150)
  AVERAGE WIND SPEED     6.5


SKY COVER
  AVERAGE SKY COVER 1.0


WEATHER CONDITIONS
 THE FOLLOWING WEATHER WAS RECORDED YESTERDAY.
  SNOW
  LIGHT SNOW
  FOG
  FOG W/VISIBILITY <= 1/4 MILE
  HAZE


RELATIVE HUMIDITY (PERCENT)
 HIGHEST   100           400 AM
 LOWEST     84          1000 PM
 AVERAGE    92

..........................................................


THE WATERTOWN NY CLIMATE NORMALS FOR TODAY
                         NORMAL    RECORD    YEAR
 MAXIMUM TEMPERATURE (F)   36        56      1991
 MINIMUM TEMPERATURE (F)   19       -22      2005


SUNRISE AND SUNSET
DECEMBER 13 2017......SUNRISE   730 AM EST   SUNSET   426 PM EST
DECEMBER 14 2017......SUNRISE   731 AM EST   SUNSET   427 PM EST


-  INDICATES NEGATIVE NUMBERS.
R  INDICATES RECORD WAS SET OR TIED.
MM INDICATES DATA IS MISSING.
T  INDICATES TRACE AMOUNT.




$$
