000
CDUS45 KGJT 010733
CLIASE


CLIMATE REPORT
NATIONAL WEATHER SERVICE GRAND JUNCTION CO
130 AM MDT SAT AUG 1 2015


...................................

...THE ASPEN CO CLIMATE SUMMARY FOR JULY 31 2015...

CLIMATE NORMAL PERIOD 1981 TO 2010
CLIMATE RECORD PERIOD 9999 TO 9999


WEATHER ITEM   OBSERVED TIME   RECORD YEAR NORMAL DEPARTURE LAST
                VALUE   (LST)  VALUE       VALUE  FROM      YEAR
                                                  NORMAL
..................................................................
TEMPERATURE (F)
 YESTERDAY
  MAXIMUM         80    114 PM  MM      MM  80      0       75
  MINIMUM         51    600 AM  MM      MM  48      3       50
  AVERAGE         66                        64      2       63

PRECIPITATION (IN)
  YESTERDAY        0.00         MM      MM   0.07  -0.07     0.01
  MONTH TO DATE    3.65                      1.71   1.94     1.90
  SINCE JUN 1      4.96                      2.84   2.12     1.94
  SINCE JAN 1     12.27                      9.78   2.49     7.47

SNOWFALL (IN)
  YESTERDAY       MM            MM      MM  MM     MM       MM
  MONTH TO DATE   MM                        MM     MM       MM
  SINCE JUN 1     MM                        MM     MM       MM
  SINCE JUL 1     MM                        MM     MM       MM
  SNOW DEPTH      MM

DEGREE DAYS
 HEATING
  YESTERDAY        0                         2     -2        2
  MONTH TO DATE  104                        71     33       25
  SINCE JUN 1    211                       300    -89      230
  SINCE JUL 1    104                        71     33       25

 COOLING
  YESTERDAY        1                         1      0        0
  MONTH TO DATE   16                        25     -9       54
  SINCE JUN 1     52                        29     23       55
  SINCE JAN 1     52                        29     23       55
..................................................................


WIND (MPH)
  HIGHEST WIND SPEED    18   HIGHEST WIND DIRECTION     S (170)
  HIGHEST GUST SPEED    22   HIGHEST GUST DIRECTION     S (160)
  AVERAGE WIND SPEED     7.8


SKY COVER
  POSSIBLE SUNSHINE  MM
  AVERAGE SKY COVER 0.2


WEATHER CONDITIONS
 THE FOLLOWING WEATHER WAS RECORDED YESTERDAY.
  NO SIGNIFICANT WEATHER WAS OBSERVED.


RELATIVE HUMIDITY (PERCENT)
 HIGHEST    77           600 AM
 LOWEST     27           100 PM
 AVERAGE    52

..........................................................


THE ASPEN CO CLIMATE NORMALS FOR TODAY
                         NORMAL    RECORD    YEAR
 MAXIMUM TEMPERATURE (F)   80        MM        MM
 MINIMUM TEMPERATURE (F)   48        MM        MM


SUNRISE AND SUNSET
AUGUST  1 2015........SUNRISE   608 AM MDT   SUNSET   819 PM MDT
AUGUST  2 2015........SUNRISE   608 AM MDT   SUNSET   818 PM MDT


-  INDICATES NEGATIVE NUMBERS.
R  INDICATES RECORD WAS SET OR TIED.
MM INDICATES DATA IS MISSING.
T  INDICATES TRACE AMOUNT.




$$
