530
CDUS46 KPQR 221149
CLIAST


CLIMATE REPORT
NATIONAL WEATHER SERVICE PORTLAND OREGON
449 AM PDT SUN OCT 22 2017


...................................

...THE ASTORIA OR CLIMATE SUMMARY FOR OCTOBER 21 2017...

CLIMATE NORMAL PERIOD 1981 TO 2010
CLIMATE RECORD PERIOD 1892 TO 2017


WEATHER ITEM   OBSERVED TIME   RECORD YEAR NORMAL DEPARTURE LAST
                VALUE   (LST)  VALUE       VALUE  FROM      YEAR
                                                  NORMAL
..................................................................
TEMPERATURE (F)
 YESTERDAY
  MAXIMUM         59    831 PM  75    1998  60     -1       62
                                      1937
  MINIMUM         47    502 AM  33    1957  44      3       48
  AVERAGE         53                        52      1       55

PRECIPITATION (IN)
  YESTERDAY        3.79R         1.48 1982   0.22   3.57     0.10
                                      1966
  MONTH TO DATE    8.44                      3.45   4.99    13.45
  SINCE OCT 1      8.44                      3.45   4.99    13.45
  SINCE JAN 1     61.65                     43.69  17.96    56.43

DEGREE DAYS
 HEATING
  YESTERDAY       12                        13     -1       10
  MONTH TO DATE  279                       241     38      182
  SINCE SEP 1    423                       441    -18      315
  SINCE JUL 1    663                       722    -59      436

 COOLING
  YESTERDAY        0                         0      0        0
  MONTH TO DATE    0                         0      0        0
  SINCE SEP 1     22                         5     17        7
  SINCE JAN 1     55                        12     43       62
..................................................................


WIND (MPH)
  HIGHEST WIND SPEED    32   HIGHEST WIND DIRECTION     S (200)
  HIGHEST GUST SPEED    52   HIGHEST GUST DIRECTION     S (200)
  AVERAGE WIND SPEED    17.4


SKY COVER
  POSSIBLE SUNSHINE  MM
  AVERAGE SKY COVER 1.0


WEATHER CONDITIONS
 THE FOLLOWING WEATHER WAS RECORDED YESTERDAY.
  HEAVY RAIN
  RAIN
  LIGHT RAIN
  FOG


RELATIVE HUMIDITY (PERCENT)
 HIGHEST    93           100 AM
 LOWEST     86          1200 AM
 AVERAGE    90

..........................................................


THE ASTORIA OR CLIMATE NORMALS FOR TODAY
                         NORMAL    RECORD    YEAR
 MAXIMUM TEMPERATURE (F)   59        79      1937
 MINIMUM TEMPERATURE (F)   43        34      1961


SUNRISE AND SUNSET
OCTOBER 22 2017.......SUNRISE   743 AM PDT   SUNSET   616 PM PDT
OCTOBER 23 2017.......SUNRISE   744 AM PDT   SUNSET   615 PM PDT


-  INDICATES NEGATIVE NUMBERS.
R  INDICATES RECORD WAS SET OR TIED.
MM INDICATES DATA IS MISSING.
T  INDICATES TRACE AMOUNT.




$$
