000
CDUS46 KPQR 051141
CLIAST


CLIMATE REPORT
NATIONAL WEATHER SERVICE PORTLAND OREGON
440 AM PDT WED AUG 5 2015


...................................

...THE ASTORIA OR CLIMATE SUMMARY FOR AUGUST 4 2015...

CLIMATE NORMAL PERIOD 1981 TO 2010
CLIMATE RECORD PERIOD 1892 TO 2015


WEATHER ITEM   OBSERVED TIME   RECORD YEAR NORMAL DEPARTURE LAST
                VALUE   (LST)  VALUE       VALUE  FROM      YEAR
                                                  NORMAL
..................................................................
TEMPERATURE (F)
 YESTERDAY
  MAXIMUM         71    114 PM  92    2012  68      3       66
  MINIMUM         53    443 AM  43    1982  54     -1       56
  AVERAGE         62                        61      1       61

PRECIPITATION (IN)
  YESTERDAY        0.00          0.19 1949   0.03  -0.03      T
  MONTH TO DATE    0.00                      0.10  -0.10      T
  SINCE OCT 1     53.40                     64.06 -10.66    53.77
  SINCE JAN 1     27.78                     37.04  -9.26    41.61

DEGREE DAYS
 HEATING
  YESTERDAY        3                         4     -1        4
  MONTH TO DATE    3                        16    -13        7
  SINCE JUN 1    191                       408   -217      297
  SINCE JUL 1     42                       166   -124      117

 COOLING
  YESTERDAY        0                         0      0        0
  MONTH TO DATE    1                         0      1        1
  SINCE JUN 1     26                         3     23        9
  SINCE JAN 1     28                         3     25       20
..................................................................


WIND (MPH)
  HIGHEST WIND SPEED    21   HIGHEST WIND DIRECTION    NW (320)
  HIGHEST GUST SPEED    26   HIGHEST GUST DIRECTION    NW (320)
  AVERAGE WIND SPEED     9.4


SKY COVER
  POSSIBLE SUNSHINE  MM
  AVERAGE SKY COVER 0.6


WEATHER CONDITIONS
 THE FOLLOWING WEATHER WAS RECORDED YESTERDAY.
  NO SIGNIFICANT WEATHER WAS OBSERVED.


RELATIVE HUMIDITY (PERCENT)
 HIGHEST    93           200 AM
 LOWEST     57          1100 AM
 AVERAGE    75

..........................................................


THE ASTORIA OR CLIMATE NORMALS FOR TODAY
                         NORMAL    RECORD    YEAR
 MAXIMUM TEMPERATURE (F)   68        87      1932
 MINIMUM TEMPERATURE (F)   54        45      1982


SUNRISE AND SUNSET
AUGUST  5 2015........SUNRISE   602 AM PDT   SUNSET   840 PM PDT
AUGUST  6 2015........SUNRISE   603 AM PDT   SUNSET   839 PM PDT


-  INDICATES NEGATIVE NUMBERS.
R  INDICATES RECORD WAS SET OR TIED.
MM INDICATES DATA IS MISSING.
T  INDICATES TRACE AMOUNT.




$$
