000
CDUS46 KPQR 141216
CLIAST


CLIMATE REPORT
NATIONAL WEATHER SERVICE PORTLAND OREGON
415 AM PST THU DEC 14 2017


...................................

...THE ASTORIA OR CLIMATE SUMMARY FOR DECEMBER 13 2017...

CLIMATE NORMAL PERIOD 1981 TO 2010
CLIMATE RECORD PERIOD 1892 TO 2017


WEATHER ITEM   OBSERVED TIME   RECORD YEAR NORMAL DEPARTURE LAST
                VALUE   (LST)  VALUE       VALUE  FROM      YEAR
                                                  NORMAL
..................................................................
TEMPERATURE (F)
 YESTERDAY
  MAXIMUM         55    158 PM  59    1969  49      6       45
                                      1929
  MINIMUM         34    742 AM  11    1972  36     -2       38
  AVERAGE         45                        42      3       42

PRECIPITATION (IN)
  YESTERDAY        0.00          2.00 1908   0.31  -0.31     0.00
  MONTH TO DATE    0.93                      4.34  -3.41     5.57
  SINCE OCT 1     24.03                     21.47   2.56    39.09
  SINCE JAN 1     77.24                     61.71  15.53    82.07

DEGREE DAYS
 HEATING
  YESTERDAY       20                        23     -3       23
  MONTH TO DATE  279                       285     -6      286
  SINCE DEC 1    279                       285     -6      286
  SINCE JUL 1   1571                      1698   -127     1149

 COOLING
  YESTERDAY        0                         0      0        0
  MONTH TO DATE    0                         0      0        0
  SINCE DEC 1      0                         0      0        0
  SINCE JAN 1     55                        12     43       62
..................................................................


WIND (MPH)
  HIGHEST WIND SPEED    18   HIGHEST WIND DIRECTION    NE (30)
  HIGHEST GUST SPEED    24   HIGHEST GUST DIRECTION     N (360)
  AVERAGE WIND SPEED     6.5


SKY COVER
  POSSIBLE SUNSHINE  MM
  AVERAGE SKY COVER 0.0


WEATHER CONDITIONS
 THE FOLLOWING WEATHER WAS RECORDED YESTERDAY.
  LIGHT SNOW


RELATIVE HUMIDITY (PERCENT)
 HIGHEST    92           800 AM
 LOWEST     50           300 PM
 AVERAGE    71

..........................................................


THE ASTORIA OR CLIMATE NORMALS FOR TODAY
                         NORMAL    RECORD    YEAR
 MAXIMUM TEMPERATURE (F)   48        62      1962
 MINIMUM TEMPERATURE (F)   36        18      1919


SUNRISE AND SUNSET
DECEMBER 14 2017......SUNRISE   751 AM PST   SUNSET   430 PM PST
DECEMBER 15 2017......SUNRISE   751 AM PST   SUNSET   430 PM PST


-  INDICATES NEGATIVE NUMBERS.
R  INDICATES RECORD WAS SET OR TIED.
MM INDICATES DATA IS MISSING.
T  INDICATES TRACE AMOUNT.




$$
