000
CDUS46 KPQR 020221
CLIAST


CLIMATE REPORT
NATIONAL WEATHER SERVICE PORTLAND OREGON
720 PM PDT MON JUN 1 2015


...................................

...THE ASTORIA OR CLIMATE SUMMARY FOR JUNE 1 2015...
VALID TODAY AS OF 0700 PM LOCAL TIME.

CLIMATE NORMAL PERIOD 1981 TO 2010
CLIMATE RECORD PERIOD 1892 TO 2015


WEATHER ITEM   OBSERVED TIME   RECORD YEAR NORMAL DEPARTURE LAST
                VALUE   (LST)  VALUE       VALUE  FROM      YEAR
                                                  NORMAL
..................................................................
TEMPERATURE (F)
 TODAY
  MAXIMUM         61    156 PM  83    1978  62     -1       65
  MINIMUM         53    603 AM  38    1966  48      5       54
  AVERAGE         57                        55      2       60

PRECIPITATION (IN)
  TODAY            0.19          2.07 1968   0.11   0.08     0.00
  MONTH TO DATE    0.19                      0.11   0.08     0.00
  SINCE OCT 1     52.47                     60.49  -8.02    50.84
  SINCE JAN 1     26.85                     33.47  -6.62    38.68

DEGREE DAYS
 HEATING
  TODAY            8                        10     -2        5
  MONTH TO DATE    8                        10     -2        5
  SINCE JUN 1      8                        10     -2        5
  SINCE JUL 1   3782                      4791  -1009     4652

 COOLING
  TODAY            0                         0      0        0
  MONTH TO DATE    0                         0      0        0
  SINCE JUN 1      0                         0      0        0
  SINCE JAN 1      2                         0      2       11
..................................................................


WIND (MPH)
  HIGHEST WIND SPEED    20   HIGHEST WIND DIRECTION    SW (220)
  HIGHEST GUST SPEED    25   HIGHEST GUST DIRECTION     S (200)
  AVERAGE WIND SPEED     8.9


SKY COVER
  POSSIBLE SUNSHINE  MM
  AVERAGE SKY COVER 1.0


WEATHER CONDITIONS
 THE FOLLOWING WEATHER WAS RECORDED TODAY.
  RAIN
  LIGHT RAIN
  FOG
  HAZE


RELATIVE HUMIDITY (PERCENT)
 HIGHEST    93           500 AM
 LOWEST     75           100 PM
 AVERAGE    84

..........................................................


THE ASTORIA OR CLIMATE NORMALS FOR TOMORROW
                         NORMAL    RECORD    YEAR
 MAXIMUM TEMPERATURE (F)   62        79      1970
                                             1950
 MINIMUM TEMPERATURE (F)   48        39      1987


SUNRISE AND SUNSET
JUNE  1 2015..........SUNRISE   528 AM PDT   SUNSET   859 PM PDT
JUNE  2 2015..........SUNRISE   527 AM PDT   SUNSET   900 PM PDT


-  INDICATES NEGATIVE NUMBERS.
R  INDICATES RECORD WAS SET OR TIED.
MM INDICATES DATA IS MISSING.
T  INDICATES TRACE AMOUNT.




$$
