000
CDUS46 KPQR 290228
CLIAST


CLIMATE REPORT
NATIONAL WEATHER SERVICE PORTLAND OREGON
728 PM PDT THU APR 28 2016


...................................

...THE ASTORIA OR CLIMATE SUMMARY FOR APRIL 28 2016...
VALID TODAY AS OF 0700 PM LOCAL TIME.

CLIMATE NORMAL PERIOD 1981 TO 2010
CLIMATE RECORD PERIOD 1892 TO 2016


WEATHER ITEM   OBSERVED TIME   RECORD YEAR NORMAL DEPARTURE LAST
                VALUE   (LST)  VALUE       VALUE  FROM      YEAR
                                                  NORMAL
..................................................................
TEMPERATURE (F)
 TODAY
  MAXIMUM         60    254 PM  81    1925  58      2       59
  MINIMUM         46    214 AM  32    1985  42      4       44
  AVERAGE         53                        50      3       52

PRECIPITATION (IN)
  TODAY            0.01          0.80 1997   0.14  -0.13     0.06
  MONTH TO DATE    1.98                      4.93  -2.95     3.30
  SINCE OCT 1     78.89                     56.79  22.10    50.98
  SINCE JAN 1     36.36                     29.77   6.59    25.36

DEGREE DAYS
 HEATING
  TODAY           12                        15     -3       13
  MONTH TO DATE  324                       459   -135      434
  SINCE MAR 1    784                      1037   -253      903
  SINCE JUL 1   3403                      4379   -976     3443

 COOLING
  TODAY            0                         0      0        0
  MONTH TO DATE    3                         0      3        2
  SINCE MAR 1      3                         0      3        2
  SINCE JAN 1      3                         0      3        2
..................................................................


WIND (MPH)
  HIGHEST WIND SPEED    15   HIGHEST WIND DIRECTION    NW (300)
  HIGHEST GUST SPEED    18   HIGHEST GUST DIRECTION    NW (310)
  AVERAGE WIND SPEED     6.5


SKY COVER
  POSSIBLE SUNSHINE  MM
  AVERAGE SKY COVER 1.0


WEATHER CONDITIONS
 THE FOLLOWING WEATHER WAS RECORDED TODAY.
  FOG


RELATIVE HUMIDITY (PERCENT)
 HIGHEST    93          1200 AM
 LOWEST     62           100 PM
 AVERAGE    78

..........................................................


THE ASTORIA OR CLIMATE NORMALS FOR TOMORROW
                         NORMAL    RECORD    YEAR
 MAXIMUM TEMPERATURE (F)   58        83      1908
 MINIMUM TEMPERATURE (F)   43        31      1975


SUNRISE AND SUNSET
APRIL 28 2016.........SUNRISE   606 AM PDT   SUNSET   821 PM PDT
APRIL 29 2016.........SUNRISE   604 AM PDT   SUNSET   822 PM PDT


-  INDICATES NEGATIVE NUMBERS.
R  INDICATES RECORD WAS SET OR TIED.
MM INDICATES DATA IS MISSING.
T  INDICATES TRACE AMOUNT.




$$
