000
CDUS46 KPQR 080222
CLIAST


CLIMATE REPORT
NATIONAL WEATHER SERVICE PORTLAND OREGON
722 PM PDT TUE JUL 7 2015


...................................

...THE ASTORIA OR CLIMATE SUMMARY FOR JULY 7 2015...
VALID TODAY AS OF 0700 PM LOCAL TIME.

CLIMATE NORMAL PERIOD 1981 TO 2010
CLIMATE RECORD PERIOD 1892 TO 2015


WEATHER ITEM   OBSERVED TIME   RECORD YEAR NORMAL DEPARTURE LAST
                VALUE   (LST)  VALUE       VALUE  FROM      YEAR
                                                  NORMAL
..................................................................
TEMPERATURE (F)
 TODAY
  MAXIMUM         70    249 PM  90    1908  67      3       72
  MINIMUM         57    520 AM  39    1971  53      4       60
  AVERAGE         64                        60      4       66

PRECIPITATION (IN)
  TODAY            0.00          1.72 1976   0.05  -0.05     0.00
  MONTH TO DATE    0.01                      0.32  -0.31     0.08
  SINCE OCT 1     53.02                     63.25 -10.23    52.77
  SINCE JAN 1     27.40                     36.23  -8.83    40.61

DEGREE DAYS
 HEATING
  TODAY            1                         5     -4        0
  MONTH TO DATE   12                        41    -29       15
  SINCE JUN 1    161                       283   -122      195
  SINCE JUL 1     12                        41    -29       15

 COOLING
  TODAY            0                         0      0        1
  MONTH TO DATE    3                         0      3        8
  SINCE JUN 1      7                         0      7        8
  SINCE JAN 1      9                         0      9       19
..................................................................


WIND (MPH)
  HIGHEST WIND SPEED    13   HIGHEST WIND DIRECTION     W (280)
  HIGHEST GUST SPEED    17   HIGHEST GUST DIRECTION     N (360)
  AVERAGE WIND SPEED     6.3


SKY COVER
  POSSIBLE SUNSHINE  MM
  AVERAGE SKY COVER 0.7


WEATHER CONDITIONS
 THE FOLLOWING WEATHER WAS RECORDED TODAY.
  FOG


RELATIVE HUMIDITY (PERCENT)
 HIGHEST   100          1200 AM
 LOWEST     61           300 PM
 AVERAGE    81

..........................................................


THE ASTORIA OR CLIMATE NORMALS FOR TOMORROW
                         NORMAL    RECORD    YEAR
 MAXIMUM TEMPERATURE (F)   67        94      1905
 MINIMUM TEMPERATURE (F)   53        41      1900


SUNRISE AND SUNSET
JULY  7 2015..........SUNRISE   532 AM PDT   SUNSET   909 PM PDT
JULY  8 2015..........SUNRISE   533 AM PDT   SUNSET   908 PM PDT


-  INDICATES NEGATIVE NUMBERS.
R  INDICATES RECORD WAS SET OR TIED.
MM INDICATES DATA IS MISSING.
T  INDICATES TRACE AMOUNT.




$$
