000
CDUS46 KPQR 221142
CLIAST


CLIMATE REPORT
NATIONAL WEATHER SERVICE PORTLAND OREGON
441 AM PDT FRI AUG 22 2014


...................................

...THE ASTORIA OR CLIMATE SUMMARY FOR AUGUST 21 2014...

CLIMATE NORMAL PERIOD 1981 TO 2010
CLIMATE RECORD PERIOD 1892 TO 2014


WEATHER ITEM   OBSERVED TIME   RECORD YEAR NORMAL DEPARTURE LAST
                VALUE   (LST)  VALUE       VALUE  FROM      YEAR
                                                  NORMAL
..................................................................
TEMPERATURE (F)
 YESTERDAY
  MAXIMUM         71   1135 AM  85    1942  69      2       76
                                      1934
  MINIMUM         52    218 AM  42    1988  53     -1       47
                                      1973
  AVERAGE         62                        61      1       62

PRECIPITATION (IN)
  YESTERDAY        T             1.16 2004   0.04  -0.04     0.00
  MONTH TO DATE    0.56                      0.66  -0.10     0.31
  SINCE OCT 1     54.33                     64.62 -10.29    76.93
  SINCE JAN 1     42.17                     37.60   4.57    35.31

DEGREE DAYS
 HEATING
  YESTERDAY        3                         4     -1        3
  MONTH TO DATE   40                        84    -44       77
  SINCE JUN 1    325                       476   -151      400
  SINCE JUL 1    145                       234    -89      219

 COOLING
  YESTERDAY        0                         0      0        0
  MONTH TO DATE    2                         0      2        0
  SINCE JUN 1     10                         3      7        3
  SINCE JAN 1     21                         3     18        4
..................................................................


WIND (MPH)
  HIGHEST WIND SPEED    13   HIGHEST WIND DIRECTION     W (260)
  HIGHEST GUST SPEED    15   HIGHEST GUST DIRECTION     W (250)
  AVERAGE WIND SPEED     4.6


SKY COVER
  POSSIBLE SUNSHINE  MM
  AVERAGE SKY COVER 0.7


WEATHER CONDITIONS
 THE FOLLOWING WEATHER WAS RECORDED YESTERDAY.
  LIGHT RAIN


RELATIVE HUMIDITY (PERCENT)
 HIGHEST    93           300 AM
 LOWEST     55          1100 AM
 AVERAGE    74

..........................................................


THE ASTORIA OR CLIMATE NORMALS FOR TODAY
                         NORMAL    RECORD    YEAR
 MAXIMUM TEMPERATURE (F)   69        94      1942
 MINIMUM TEMPERATURE (F)   53        41      1987
                                             1973


SUNRISE AND SUNSET
AUGUST 22 2014........SUNRISE   624 AM PDT   SUNSET   812 PM PDT
AUGUST 23 2014........SUNRISE   625 AM PDT   SUNSET   810 PM PDT


-  INDICATES NEGATIVE NUMBERS.
R  INDICATES RECORD WAS SET OR TIED.
MM INDICATES DATA IS MISSING.
T  INDICATES TRACE AMOUNT.




$$
