000
CDUS46 KPQR 191147
CLIAST


CLIMATE REPORT
NATIONAL WEATHER SERVICE PORTLAND OREGON
346 AM PST SUN FEB 19 2017


...................................

...THE ASTORIA OR CLIMATE SUMMARY FOR FEBRUARY 18 2017...

CLIMATE NORMAL PERIOD 1981 TO 2010
CLIMATE RECORD PERIOD 1892 TO 2017


WEATHER ITEM   OBSERVED TIME   RECORD YEAR NORMAL DEPARTURE LAST
                VALUE   (LST)  VALUE       VALUE  FROM      YEAR
                                                  NORMAL
..................................................................
TEMPERATURE (F)
 YESTERDAY
  MAXIMUM         50    110 PM  67    1958  52     -2       52
  MINIMUM         41   1159 PM  23    1955  37      4       43
  AVERAGE         46                        44      2       48

PRECIPITATION (IN)
  YESTERDAY        0.17          2.31 1931   0.24  -0.07     0.32
  MONTH TO DATE    8.97                      4.70   4.27     5.78
  SINCE OCT 1     58.65                     41.92  16.73    62.06
  SINCE JAN 1     14.78                     14.90  -0.12    19.53

DEGREE DAYS
 HEATING
  YESTERDAY       19                        21     -2       17
  MONTH TO DATE  370                       378     -8      265
  SINCE DEC 1   1875                      1730    145     1429
  SINCE JUL 1   2738                      3143   -405     2429

 COOLING
  YESTERDAY        0                         0      0        0
  MONTH TO DATE    0                         0      0        0
  SINCE DEC 1      0                         0      0        0
  SINCE JAN 1      0                         0      0        0
..................................................................


WIND (MPH)
  HIGHEST WIND SPEED    13   HIGHEST WIND DIRECTION    SW (220)
  HIGHEST GUST SPEED    17   HIGHEST GUST DIRECTION    SW (230)
  AVERAGE WIND SPEED     4.7


SKY COVER
  POSSIBLE SUNSHINE  MM
  AVERAGE SKY COVER 0.7


WEATHER CONDITIONS
 THE FOLLOWING WEATHER WAS RECORDED YESTERDAY.
  LIGHT RAIN
  FOG


RELATIVE HUMIDITY (PERCENT)
 HIGHEST    89           600 AM
 LOWEST     76          1200 AM
 AVERAGE    83

..........................................................


THE ASTORIA OR CLIMATE NORMALS FOR TODAY
                         NORMAL    RECORD    YEAR
 MAXIMUM TEMPERATURE (F)   52        64      1941
                                             1916
 MINIMUM TEMPERATURE (F)   37        19      2006


SUNRISE AND SUNSET
FEBRUARY 19 2017......SUNRISE   711 AM PST   SUNSET   548 PM PST
FEBRUARY 20 2017......SUNRISE   710 AM PST   SUNSET   549 PM PST


-  INDICATES NEGATIVE NUMBERS.
R  INDICATES RECORD WAS SET OR TIED.
MM INDICATES DATA IS MISSING.
T  INDICATES TRACE AMOUNT.




$$
