000
CDUS42 KFFC 010932
CLIATL


CLIMATE REPORT
NATIONAL WEATHER SERVICE PEACHTREE CITY GA
432 AM EST SUN MAR 1 2015


...................................

...THE ATLANTA CLIMATE SUMMARY FOR FEBRUARY 28 2015...

CLIMATE NORMAL PERIOD 1981 TO 2010
CLIMATE RECORD PERIOD 1878 TO 2015


WEATHER ITEM   OBSERVED TIME   RECORD YEAR NORMAL DEPARTURE LAST
                VALUE   (LST)  VALUE       VALUE  FROM      YEAR
                                                  NORMAL
..................................................................
TEMPERATURE (F)
 YESTERDAY
  MAXIMUM         56    409 PM  78    1981  60     -4       55
  MINIMUM         31    256 AM  13    1888  41    -10       28
  AVERAGE         44                        50     -6       42

PRECIPITATION (IN)
  YESTERDAY        T             2.78 1882   0.16  -0.16     0.01
  MONTH TO DATE    4.15                      4.67  -0.52     3.81
  SINCE DEC 1     14.02                     12.77   1.25    14.96
  SINCE JAN 1      8.51                      8.87  -0.36     7.16

SNOWFALL (IN)
  YESTERDAY        0.0           0.0  2002   0.0    0.0      0.0
  MONTH TO DATE    T                         0.4   -0.4      2.0
  SINCE DEC 1      T                         2.1   -2.1      4.6
  SINCE JUL 1      T                         2.1   -2.1      5.0
  SNOW DEPTH       0

DEGREE DAYS
 HEATING
  YESTERDAY       21                        15      6       23
  MONTH TO DATE  683                       500    183      492
  SINCE DEC 1   1811                      1787     24     1876
  SINCE JUL 1   2358                      2255    103     2403

 COOLING
  YESTERDAY        0                         0      0        0
  MONTH TO DATE    0                         1     -1        2
  SINCE DEC 1      0                         2     -2        9
  SINCE JAN 1      0                         1     -1        2
..................................................................


WIND (MPH)
  RESULTANT WIND SPEED   9   RESULTANT WIND DIRECTION   E (80)
  HIGHEST WIND SPEED    18   HIGHEST WIND DIRECTION     E (100)
  HIGHEST GUST SPEED    24   HIGHEST GUST DIRECTION    SE (120)
  AVERAGE WIND SPEED    11.0


SKY COVER
  AVERAGE SKY COVER 0.7


WEATHER CONDITIONS
 THE FOLLOWING WEATHER WAS RECORDED YESTERDAY.
  LIGHT RAIN


RELATIVE HUMIDITY (PERCENT)
 HIGHEST    75           700 AM
 LOWEST     35           300 PM
 AVERAGE    55

..........................................................


THE ATLANTA CLIMATE NORMALS FOR TODAY
                         NORMAL    RECORD    YEAR
 MAXIMUM TEMPERATURE (F)   60        80      1997
 MINIMUM TEMPERATURE (F)   41        19      1914


SUNRISE AND SUNSET
MARCH  1 2015.........SUNRISE   706 AM EST   SUNSET   634 PM EST
MARCH  2 2015.........SUNRISE   705 AM EST   SUNSET   635 PM EST


-  INDICATES NEGATIVE NUMBERS.
R  INDICATES RECORD WAS SET OR TIED.
MM INDICATES DATA IS MISSING.
T  INDICATES TRACE AMOUNT.




$$
