000
CDUS42 KFFC 180021
CLIATL


CLIMATE REPORT
NATIONAL WEATHER SERVICE PEACHTREE CITY GA
721 PM EST FRI NOV 17 2017


...................................

...THE ATLANTA CLIMATE SUMMARY FOR NOVEMBER 17 2017...
VALID AS OF 0700 PM LOCAL TIME.

CLIMATE NORMAL PERIOD 1981 TO 2010
CLIMATE RECORD PERIOD 1878 TO 2017


WEATHER ITEM   OBSERVED TIME   RECORD YEAR NORMAL DEPARTURE LAST
                VALUE   (LST)  VALUE       VALUE  FROM      YEAR
                                                  NORMAL
..................................................................
TEMPERATURE (F)
 TODAY
  MAXIMUM         66    256 PM  81    1985  63      3       79
                                      1958
  MINIMUM         41    653 AM  22    1997  44     -3       47
  AVERAGE         54                        54      0       63

PRECIPITATION (IN)
  TODAY            0.00          1.51 1886   0.14  -0.14     0.00
  MONTH TO DATE    0.74                      2.18  -1.44      T
  SINCE SEP 1      8.86                     10.06  -1.20     3.59
  SINCE JAN 1     47.80                     43.89   3.91    32.71

SNOWFALL (IN)
  TODAY            0.0           0.0  2002   0.0    0.0      0.0
                                      2001
  MONTH TO DATE    0.0                       0.0    0.0      0.0
  SINCE SEP 1      0.0                       0.0    0.0      0.0
  SINCE JUL 1      0.0                       0.0    0.0      0.0
  SNOW DEPTH       0

DEGREE DAYS
 HEATING
  TODAY           11                        12     -1        2
  MONTH TO DATE  130                       158    -28       84
  SINCE SEP 1    241                       287    -46      104
  SINCE JUL 1    241                       287    -46      104

 COOLING
  TODAY            0                         0      0        0
  MONTH TO DATE   29                        11     18       25
  SINCE SEP 1    441                       344     97      611
  SINCE JAN 1   2165                      1883    282     2561
..................................................................


WIND (MPH)
  RESULTANT WIND SPEED   3   RESULTANT WIND DIRECTION   E (90)
  HIGHEST WIND SPEED    15   HIGHEST WIND DIRECTION    SE (120)
  HIGHEST GUST SPEED    20   HIGHEST GUST DIRECTION     E (110)
  AVERAGE WIND SPEED     6.9


SKY COVER
  AVERAGE SKY COVER 0.2


WEATHER CONDITIONS
 THE FOLLOWING WEATHER WAS RECORDED TODAY.
  NO SIGNIFICANT WEATHER WAS OBSERVED.


RELATIVE HUMIDITY (PERCENT)
 HIGHEST    86           700 AM
 LOWEST     42           300 PM

..........................................................


THE ATLANTA CLIMATE NORMALS FOR TOMORROW
                         NORMAL    RECORD    YEAR
 MAXIMUM TEMPERATURE (F)   63        80      1985
 MINIMUM TEMPERATURE (F)   44        18      1891


SUNRISE AND SUNSET
NOVEMBER 17 2017......SUNRISE   712 AM EST   SUNSET   534 PM EST
NOVEMBER 18 2017......SUNRISE   713 AM EST   SUNSET   533 PM EST


-  INDICATES NEGATIVE NUMBERS.
R  INDICATES RECORD WAS SET OR TIED.
MM INDICATES DATA IS MISSING.
T  INDICATES TRACE AMOUNT.




$$
