000
CDUS42 KFFC 300835
CLIATL


CLIMATE REPORT
NATIONAL WEATHER SERVICE PEACHTREE CITY GA
434 AM EDT THU MAR 30 2017


...................................

...THE ATLANTA CLIMATE SUMMARY FOR MARCH 29 2017...

CLIMATE NORMAL PERIOD 1981 TO 2010
CLIMATE RECORD PERIOD 1878 TO 2017


WEATHER ITEM   OBSERVED TIME   RECORD YEAR NORMAL DEPARTURE LAST
                VALUE   (LST)  VALUE       VALUE  FROM      YEAR
                                                  NORMAL
..................................................................
TEMPERATURE (F)
 YESTERDAY
  MAXIMUM         85R   457 PM  84    1989  68     17       73
                                      1945
  MINIMUM         60    600 AM  25    1887  47     13       45
  AVERAGE         73                        58     15       59

PRECIPITATION (IN)
  YESTERDAY        0.00          7.36 1886   0.14  -0.14     0.00
  MONTH TO DATE    2.36                      4.53  -2.17     2.04
  SINCE MAR 1      2.36                      4.53  -2.17     2.04
  SINCE JAN 1     12.41                     13.40  -0.99    14.57

SNOWFALL (IN)
  YESTERDAY        0.0           0.0  2002   0.0    0.0      0.0
                                      2001
                                      2000
  MONTH TO DATE    T                         0.8   -0.8       T
  SINCE MAR 1      T                         0.8   -0.8       T
  SINCE JUL 1      T                         2.9   -2.9      0.3
  SNOW DEPTH       0

DEGREE DAYS
 HEATING
  YESTERDAY        0                         8     -8        6
  MONTH TO DATE  263                       326    -63      165
  SINCE MAR 1    263                       326    -63      165
  SINCE JUL 1   1619                      2581   -962     1880

 COOLING
  YESTERDAY        8                         1      7        0
  MONTH TO DATE   37                         5     32       35
  SINCE MAR 1     37                         5     32       35
  SINCE JAN 1     42                         6     36       35
..................................................................


WIND (MPH)
  RESULTANT WIND SPEED   2   RESULTANT WIND DIRECTION  SE (120)
  HIGHEST WIND SPEED    14   HIGHEST WIND DIRECTION    SW (220)
  HIGHEST GUST SPEED    20   HIGHEST GUST DIRECTION     S (190)
  AVERAGE WIND SPEED     4.1


SKY COVER
  AVERAGE SKY COVER 0.4


WEATHER CONDITIONS
 THE FOLLOWING WEATHER WAS RECORDED YESTERDAY.
  NO SIGNIFICANT WEATHER WAS OBSERVED.


RELATIVE HUMIDITY (PERCENT)
 HIGHEST    84           300 AM
 LOWEST     37           500 PM
 AVERAGE    61

..........................................................


THE ATLANTA CLIMATE NORMALS FOR TODAY
                         NORMAL    RECORD    YEAR
 MAXIMUM TEMPERATURE (F)   69        84      1938
 MINIMUM TEMPERATURE (F)   47        23      1964


SUNRISE AND SUNSET
MARCH 30 2017.........SUNRISE   728 AM EDT   SUNSET   757 PM EDT
MARCH 31 2017.........SUNRISE   726 AM EDT   SUNSET   758 PM EDT


-  INDICATES NEGATIVE NUMBERS.
R  INDICATES RECORD WAS SET OR TIED.
MM INDICATES DATA IS MISSING.
T  INDICATES TRACE AMOUNT.




$$
