000
CDUS42 KFFC 270021
CLIATL


CLIMATE REPORT
NATIONAL WEATHER SERVICE PEACHTREE CITY GA
821 PM EDT THU MAY 26 2016


...................................

...THE ATLANTA CLIMATE SUMMARY FOR MAY 26 2016...
VALID AS OF 0800 PM LOCAL TIME.

CLIMATE NORMAL PERIOD 1981 TO 2010
CLIMATE RECORD PERIOD 1878 TO 2016


WEATHER ITEM   OBSERVED TIME   RECORD YEAR NORMAL DEPARTURE LAST
                VALUE   (LST)  VALUE       VALUE  FROM      YEAR
                                                  NORMAL
..................................................................
TEMPERATURE (F)
 TODAY
  MAXIMUM         88    516 PM  94    1936  82      6       84
                                      1916
                                      1911
  MINIMUM         70    624 AM  43    1979  63      7       66
  AVERAGE         79                        73      6       75

PRECIPITATION (IN)
  TODAY            T             3.90 1890   0.11  -0.11     1.08
  MONTH TO DATE    1.25                      3.12  -1.87     3.22
  SINCE MAR 1      6.61                     11.29  -4.68    13.99
  SINCE JAN 1     19.14                     20.16  -1.02    22.50

SNOWFALL (IN)
  TODAY            0.0           0.0  2002   0.0    0.0      0.0
                                      2001
                                      2000
  MONTH TO DATE    0.0                       0.0    0.0      0.0
  SINCE MAR 1      T                         0.8   -0.8      0.0
  SINCE JUL 1      0.3                       2.9   -2.6       T
  SNOW DEPTH       0

DEGREE DAYS
 HEATING
  TODAY            0                         0      0        0
  MONTH TO DATE   19                        24     -5        6
  SINCE MAR 1    284                       509   -225      298
  SINCE JUL 1   1999                      2764   -765     2656

 COOLING
  TODAY           14                         8      6       10
  MONTH TO DATE  147                       140      7      211
  SINCE MAR 1    259                       205     54      307
  SINCE JAN 1    259                       206     53      307
..................................................................


WIND (MPH)
  RESULTANT WIND SPEED   3   RESULTANT WIND DIRECTION   S (200)
  HIGHEST WIND SPEED    13   HIGHEST WIND DIRECTION     S (200)
  HIGHEST GUST SPEED    16   HIGHEST GUST DIRECTION    SW (210)
  AVERAGE WIND SPEED     3.5


SKY COVER
  AVERAGE SKY COVER 0.6


WEATHER CONDITIONS
 THE FOLLOWING WEATHER WAS RECORDED TODAY.
  NO SIGNIFICANT WEATHER WAS OBSERVED.


RELATIVE HUMIDITY (PERCENT)
 HIGHEST    70           500 AM
 LOWEST     40           300 PM

..........................................................


THE ATLANTA CLIMATE NORMALS FOR TOMORROW
                         NORMAL    RECORD    YEAR
 MAXIMUM TEMPERATURE (F)   83        95      1916
 MINIMUM TEMPERATURE (F)   64        41      1961


SUNRISE AND SUNSET
MAY 26 2016...........SUNRISE   630 AM EDT   SUNSET   840 PM EDT
MAY 27 2016...........SUNRISE   630 AM EDT   SUNSET   840 PM EDT


-  INDICATES NEGATIVE NUMBERS.
R  INDICATES RECORD WAS SET OR TIED.
MM INDICATES DATA IS MISSING.
T  INDICATES TRACE AMOUNT.




$$
