000
CDUS42 KFFC 280822
CLIATL


CLIMATE REPORT
NATIONAL WEATHER SERVICE PEACHTREE CITY GA
421 AM EDT FRI AUG 28 2015


...................................

...THE ATLANTA CLIMATE SUMMARY FOR AUGUST 27 2015...

CLIMATE NORMAL PERIOD 1981 TO 2010
CLIMATE RECORD PERIOD 1878 TO 2015


WEATHER ITEM   OBSERVED TIME   RECORD YEAR NORMAL DEPARTURE LAST
                VALUE   (LST)  VALUE       VALUE  FROM      YEAR
                                                  NORMAL
..................................................................
TEMPERATURE (F)
 YESTERDAY
  MAXIMUM         85    341 PM 100    1943  87     -2       88
  MINIMUM         67    412 AM  57    1879  70     -3       66
  AVERAGE         76                        78     -2       77

PRECIPITATION (IN)
  YESTERDAY        0.00          1.49 1898   0.13  -0.13     0.00
  MONTH TO DATE    5.10                      3.40   1.70     5.01
  SINCE JUN 1     17.02                     12.62   4.40    14.71
  SINCE JAN 1     40.74                     33.33   7.41    33.18

DEGREE DAYS
 HEATING
  YESTERDAY        0                         0      0        0
  MONTH TO DATE    0                         0      0        0
  SINCE JUN 1      0                         2     -2        0
  SINCE JUL 1      0                         0      0        0

 COOLING
  YESTERDAY       11                        14     -3       12
  MONTH TO DATE  429                       395     34      381
  SINCE JUN 1   1392                      1237    155     1195
  SINCE JAN 1   1751                      1487    264     1478
..................................................................


WIND (MPH)
  RESULTANT WIND SPEED   8   RESULTANT WIND DIRECTION   E (70)
  HIGHEST WIND SPEED    16   HIGHEST WIND DIRECTION     E (80)
  HIGHEST GUST SPEED    22   HIGHEST GUST DIRECTION    NE (60)
  AVERAGE WIND SPEED     9.3


SKY COVER
  AVERAGE SKY COVER 0.3


WEATHER CONDITIONS
 THE FOLLOWING WEATHER WAS RECORDED YESTERDAY.
  NO SIGNIFICANT WEATHER WAS OBSERVED.


RELATIVE HUMIDITY (PERCENT)
 HIGHEST    81           300 AM
 LOWEST     51           300 PM
 AVERAGE    66

..........................................................


THE ATLANTA CLIMATE NORMALS FOR TODAY
                         NORMAL    RECORD    YEAR
 MAXIMUM TEMPERATURE (F)   87        98      1954
 MINIMUM TEMPERATURE (F)   70        56      1927


SUNRISE AND SUNSET
AUGUST 28 2015........SUNRISE   709 AM EDT   SUNSET   809 PM EDT
AUGUST 29 2015........SUNRISE   709 AM EDT   SUNSET   807 PM EDT


-  INDICATES NEGATIVE NUMBERS.
R  INDICATES RECORD WAS SET OR TIED.
MM INDICATES DATA IS MISSING.
T  INDICATES TRACE AMOUNT.




$$
