000
CDUS42 KFFC 150021
CLIATL


CLIMATE REPORT
NATIONAL WEATHER SERVICE PEACHTREE CITY GA
821 PM EDT SUN SEP 14 2014


...................................

...THE ATLANTA CLIMATE SUMMARY FOR SEPTEMBER 14 2014...
VALID AS OF 0800 PM LOCAL TIME.

CLIMATE NORMAL PERIOD 1981 TO 2010
CLIMATE RECORD PERIOD 1878 TO 2014


WEATHER ITEM   OBSERVED TIME   RECORD YEAR NORMAL DEPARTURE LAST
                VALUE   (LST)  VALUE       VALUE  FROM      YEAR
                                                  NORMAL
..................................................................
TEMPERATURE (F)
 TODAY
  MAXIMUM         78   1114 AM  96    1991  83     -5       82
  MINIMUM         67    346 AM  48    1902  66      1       58
  AVERAGE         73                        74     -1       70

PRECIPITATION (IN)
  TODAY            0.00          1.70 1900   0.16  -0.16     0.00
  MONTH TO DATE    0.58                      2.06  -1.48     0.52
  SINCE SEP 1      0.58                      2.06  -1.48     0.52
  SINCE JAN 1     34.55                     35.89  -1.34    51.56

SNOWFALL (IN)
  TODAY            0.0           0.0  2002   0.0    0.0      0.0
                                      2001
  MONTH TO DATE    0.0                       0.0    0.0      0.0
  SINCE SEP 1      0.0                       0.0    0.0      0.0
  SINCE JUL 1      0.0                       0.0    0.0      0.0
  SNOW DEPTH       0

DEGREE DAYS
 HEATING
  TODAY            0                         0      0        0
  MONTH TO DATE    0                         0      0        0
  SINCE SEP 1      0                         0      0        0
  SINCE JUL 1      0                         0      0        1

 COOLING
  TODAY            8                         9     -1        5
  MONTH TO DATE  206                       155     51      194
  SINCE SEP 1    206                       155     51      194
  SINCE JAN 1   1744                      1694     50     1576
..................................................................


WIND (MPH)
  RESULTANT WIND SPEED   6   RESULTANT WIND DIRECTION  NE (60)
  HIGHEST WIND SPEED    16   HIGHEST WIND DIRECTION    NE (50)
  HIGHEST GUST SPEED    24   HIGHEST GUST DIRECTION    NE (30)
  AVERAGE WIND SPEED     7.7


SKY COVER
  AVERAGE SKY COVER 0.9


WEATHER CONDITIONS
 THE FOLLOWING WEATHER WAS RECORDED TODAY.
  FOG


RELATIVE HUMIDITY (PERCENT)
 HIGHEST   100           700 AM
 LOWEST     76          1100 AM

..........................................................


THE ATLANTA CLIMATE NORMALS FOR TOMORROW
                         NORMAL    RECORD    YEAR
 MAXIMUM TEMPERATURE (F)   83        97      1991
                                             1927
 MINIMUM TEMPERATURE (F)   65        50      1892


SUNRISE AND SUNSET
SEPTEMBER 14 2014.....SUNRISE   720 AM EDT   SUNSET   746 PM EDT
SEPTEMBER 15 2014.....SUNRISE   721 AM EDT   SUNSET   744 PM EDT


-  INDICATES NEGATIVE NUMBERS.
R  INDICATES RECORD WAS SET OR TIED.
MM INDICATES DATA IS MISSING.
T  INDICATES TRACE AMOUNT.




$$
