666
CDUS42 KFFC 290817
CLIATL


CLIMATE REPORT
NATIONAL WEATHER SERVICE PEACHTREE CITY GA
417 AM EDT FRI APR 29 2016


...................................

...THE ATLANTA CLIMATE SUMMARY FOR APRIL 28 2016...

CLIMATE NORMAL PERIOD 1981 TO 2010
CLIMATE RECORD PERIOD 1878 TO 2016


WEATHER ITEM   OBSERVED TIME   RECORD YEAR NORMAL DEPARTURE LAST
                VALUE   (LST)  VALUE       VALUE  FROM      YEAR
                                                  NORMAL
..................................................................
TEMPERATURE (F)
 YESTERDAY
  MAXIMUM         86    331 PM  87    1989  76     10       73
                                      1981
  MINIMUM         66    458 AM  38    1978  55     11       53
                                      1928
  AVERAGE         76                        65     11       63

PRECIPITATION (IN)
  YESTERDAY        0.00          1.73 2013   0.11  -0.11     0.02
  MONTH TO DATE    2.49                      3.14  -0.65     6.95
  SINCE MAR 1      4.70                      7.95  -3.25     9.93
  SINCE JAN 1     17.23                     16.82   0.41    18.44

DEGREE DAYS
 HEATING
  YESTERDAY        0                         3     -3        2
  MONTH TO DATE   95                       139    -44       47
  SINCE MAR 1    265                       481   -216      284
  SINCE JUL 1   1980                      2736   -756     2642

 COOLING
  YESTERDAY       11                         3      8        0
  MONTH TO DATE   50                        48      2       81
  SINCE MAR 1     88                        60     28       96
  SINCE JAN 1     88                        61     27       96
..................................................................


WIND (MPH)
  RESULTANT WIND SPEED   7   RESULTANT WIND DIRECTION  SW (240)
  HIGHEST WIND SPEED    17   HIGHEST WIND DIRECTION     S (200)
  HIGHEST GUST SPEED    23   HIGHEST GUST DIRECTION     S (200)
  AVERAGE WIND SPEED     7.4


SKY COVER
  AVERAGE SKY COVER 0.5


WEATHER CONDITIONS
 THE FOLLOWING WEATHER WAS RECORDED YESTERDAY.
  FOG


RELATIVE HUMIDITY (PERCENT)
 HIGHEST    93           500 AM
 LOWEST     40           500 PM
 AVERAGE    67

..........................................................


THE ATLANTA CLIMATE NORMALS FOR TODAY
                         NORMAL    RECORD    YEAR
 MAXIMUM TEMPERATURE (F)   76        88      1894
 MINIMUM TEMPERATURE (F)   55        39      1992


SUNRISE AND SUNSET
APRIL 29 2016.........SUNRISE   651 AM EDT   SUNSET   820 PM EDT
APRIL 30 2016.........SUNRISE   650 AM EDT   SUNSET   821 PM EDT


-  INDICATES NEGATIVE NUMBERS.
R  INDICATES RECORD WAS SET OR TIED.
MM INDICATES DATA IS MISSING.
T  INDICATES TRACE AMOUNT.




$$
