000
CDUS42 KFFC 020825
CLIATL


CLIMATE REPORT
NATIONAL WEATHER SERVICE PEACHTREE CITY GA
424 AM EDT TUE SEP 2 2014


...................................

...THE ATLANTA CLIMATE SUMMARY FOR SEPTEMBER 1 2014...

CLIMATE NORMAL PERIOD 1981 TO 2010
CLIMATE RECORD PERIOD 1878 TO 2014


WEATHER ITEM   OBSERVED TIME   RECORD YEAR NORMAL DEPARTURE LAST
                VALUE   (LST)  VALUE       VALUE  FROM      YEAR
                                                  NORMAL
..................................................................
TEMPERATURE (F)
 YESTERDAY
  MAXIMUM         90    307 PM  97    1957  86      4       90
  MINIMUM         74   1148 PM  55    1903  69      5       71
  AVERAGE         82                        78      4       81

PRECIPITATION (IN)
  YESTERDAY        0.12          2.92 1898   0.13  -0.01     0.04
  MONTH TO DATE    0.12                      0.13  -0.01     0.04
  SINCE SEP 1      0.12                      0.13  -0.01     0.04
  SINCE JAN 1     34.09                     33.96   0.13    51.08

DEGREE DAYS
 HEATING
  YESTERDAY        0                         0      0        0
  MONTH TO DATE    0                         0      0        0
  SINCE SEP 1      0                         0      0        0
  SINCE JUL 1      0                         0      0        1

 COOLING
  YESTERDAY       17                        13      4       16
  MONTH TO DATE   17                        13      4       16
  SINCE SEP 1     17                        13      4       16
  SINCE JAN 1   1555                      1552      3     1398
..................................................................


WIND (MPH)
  RESULTANT WIND SPEED   2   RESULTANT WIND DIRECTION  SW (230)
  HIGHEST WIND SPEED    14   HIGHEST WIND DIRECTION    NW (310)
  HIGHEST GUST SPEED    15   HIGHEST GUST DIRECTION     S (170)
  AVERAGE WIND SPEED     2.6


SKY COVER
  AVERAGE SKY COVER 0.8


WEATHER CONDITIONS
 THE FOLLOWING WEATHER WAS RECORDED YESTERDAY.
  HEAVY RAIN
  LIGHT RAIN


RELATIVE HUMIDITY (PERCENT)
 HIGHEST    87           800 AM
 LOWEST     52           300 PM
 AVERAGE    70

..........................................................


THE ATLANTA CLIMATE NORMALS FOR TODAY
                         NORMAL    RECORD    YEAR
 MAXIMUM TEMPERATURE (F)   86        97      1957
 MINIMUM TEMPERATURE (F)   69        56      1967
                                             1887


SUNRISE AND SUNSET
SEPTEMBER  2 2014.....SUNRISE   712 AM EDT   SUNSET   802 PM EDT
SEPTEMBER  3 2014.....SUNRISE   713 AM EDT   SUNSET   801 PM EDT


-  INDICATES NEGATIVE NUMBERS.
R  INDICATES RECORD WAS SET OR TIED.
MM INDICATES DATA IS MISSING.
T  INDICATES TRACE AMOUNT.




$$
