000
CDUS44 KEWX 152224
CLIATT


CLIMATE REPORT
NATIONAL WEATHER SERVICE AUSTIN/SAN ANTONIO, TX
523 PM CDT TUE APR 15 2014


...................................

...THE AUSTIN CAMP MABRY CLIMATE SUMMARY FOR APRIL 15 2014...
VALID TODAY AS OF 0523 PM LOCAL TIME.

CLIMATE NORMAL PERIOD 1981 TO 2010
CLIMATE RECORD PERIOD 1898 TO 2014


WEATHER ITEM   OBSERVED TIME   RECORD YEAR NORMAL DEPARTURE LAST
                VALUE   (LST)  VALUE       VALUE  FROM      YEAR
                                                  NORMAL
..................................................................
TEMPERATURE (F)
 TODAY
  MAXIMUM         65    402 PM  94    1924  80    -15       88
  MINIMUM         39    616 AM  37    1928  58    -19       70
  AVERAGE         52                        69    -17       79

PRECIPITATION (IN)
  TODAY            0.00          2.22 1977   0.06  -0.06     0.00
  MONTH TO DATE    1.81                      0.92   0.89     2.82
  SINCE MAR 1      3.08                      3.68  -0.60     3.99
  SINCE JAN 1      3.91                      7.92  -4.01     7.25

SNOWFALL (IN)
  TODAY            0.0
  MONTH TO DATE    0.0
  SINCE MAR 1      T
  SINCE JUL 1      0.2
  SNOW DEPTH       0

DEGREE DAYS
 HEATING
  TODAY           13                         1     12        0
  MONTH TO DATE   38                        29      9       47
  SINCE MAR 1    264                       191     73      186
  SINCE JUL 1   1760                      1528    232     1207

 COOLING
  TODAY            0                         5     -5       14
  MONTH TO DATE   67                        65      2       64
  SINCE MAR 1    110                       126    -16      142
  SINCE JAN 1    151                       153     -2      191
..................................................................


WIND (MPH)
  HIGHEST WIND SPEED    12   HIGHEST WIND DIRECTION    NE (30)
  HIGHEST GUST SPEED    17   HIGHEST GUST DIRECTION    NE (40)
  AVERAGE WIND SPEED     4.2


SKY COVER
  AVERAGE SKY COVER 0.0


WEATHER CONDITIONS
 THE FOLLOWING WEATHER WAS RECORDED TODAY.
  NO SIGNIFICANT WEATHER WAS OBSERVED.


RELATIVE HUMIDITY (PERCENT)
 HIGHEST    59           600 AM
 LOWEST     19          1200 PM
 AVERAGE    39

..........................................................


THE AUSTIN CAMP MABRY CLIMATE NORMALS FOR TOMORROW
                         NORMAL    RECORD    YEAR
 MAXIMUM TEMPERATURE (F)   80        95      2006
                                             1920
 MINIMUM TEMPERATURE (F)   59        36      1926


SUNRISE AND SUNSET
APRIL 15 2014.........SUNRISE   704 AM CDT   SUNSET   758 PM CDT
APRIL 16 2014.........SUNRISE   703 AM CDT   SUNSET   759 PM CDT


-  INDICATES NEGATIVE NUMBERS.
R  INDICATES RECORD WAS SET OR TIED.
MM INDICATES DATA IS MISSING.
T  INDICATES TRACE AMOUNT.




$$
