468
CDUS44 KEWX 290724
CLIATT


CLIMATE REPORT
NATIONAL WEATHER SERVICE AUSTIN/SAN ANTONIO, TX
224 AM CDT THU SEP 29 2016


...................................

...THE AUSTIN CAMP MABRY CLIMATE SUMMARY FOR SEPTEMBER 28 2016...

CLIMATE NORMAL PERIOD 1981 TO 2010
CLIMATE RECORD PERIOD 1897 TO 2016


WEATHER ITEM   OBSERVED TIME   RECORD YEAR NORMAL DEPARTURE LAST
                VALUE   (LST)  VALUE       VALUE  FROM      YEAR
                                                  NORMAL
..................................................................
TEMPERATURE (F)
 YESTERDAY
  MAXIMUM         89    414 PM 106    2005  87      2       89
  MINIMUM         65    656 AM  49    1942  66     -1       69
  AVERAGE         77                        76      1

PRECIPITATION (IN)
  YESTERDAY        0.00          1.87 1945   0.10  -0.10     0.00
  MONTH TO DATE    2.09                      2.81  -0.72     1.89
  SINCE SEP 1      2.09                      2.81  -0.72     1.89
  SINCE JAN 1     33.03                     24.90   8.13    41.38

SNOWFALL (IN)
  YESTERDAY        0.0
  MONTH TO DATE    0.0
  SINCE SEP 1      0.0
  SINCE JUL 1      0.0
  SNOW DEPTH       0

DEGREE DAYS
 HEATING
  YESTERDAY        0                         0      0        0
  MONTH TO DATE    0                         0      0        0
  SINCE SEP 1      0                         0      0        0
  SINCE JUL 1      0                         0      0        0

 COOLING
  YESTERDAY       12                        11      1       14
  MONTH TO DATE  514                       427     87      523
  SINCE SEP 1    514                       427     87      523
  SINCE JAN 1   3008                      2821    187     2963
..................................................................


WIND (MPH)
  HIGHEST WIND SPEED     8   HIGHEST WIND DIRECTION    NW (300)
  HIGHEST GUST SPEED    11   HIGHEST GUST DIRECTION    NW (300)
  AVERAGE WIND SPEED     1.0


SKY COVER
  AVERAGE SKY COVER 0.0


WEATHER CONDITIONS
 THE FOLLOWING WEATHER WAS RECORDED YESTERDAY.
  NO SIGNIFICANT WEATHER WAS OBSERVED.


RELATIVE HUMIDITY (PERCENT)
 HIGHEST    93           200 AM
 LOWEST     29           400 PM
 AVERAGE    61

..........................................................


THE AUSTIN CAMP MABRY CLIMATE NORMALS FOR TODAY
                         NORMAL    RECORD    YEAR
 MAXIMUM TEMPERATURE (F)   87       101      2011
 MINIMUM TEMPERATURE (F)   65        47      1967


SUNRISE AND SUNSET
SEPTEMBER 29 2016.....SUNRISE   723 AM CDT   SUNSET   718 PM CDT
SEPTEMBER 30 2016.....SUNRISE   724 AM CDT   SUNSET   717 PM CDT


-  INDICATES NEGATIVE NUMBERS.
R  INDICATES RECORD WAS SET OR TIED.
MM INDICATES DATA IS MISSING.
T  INDICATES TRACE AMOUNT.




$$
