000
CDUS44 KEWX 022232
CLIATT


CLIMATE REPORT
NATIONAL WEATHER SERVICE AUSTIN/SAN ANTONIO, TX
531 PM CDT WED SEP 2 2015


...................................

...THE AUSTIN CAMP MABRY CLIMATE SUMMARY FOR SEPTEMBER 2 2015...
VALID TODAY AS OF 0531 PM LOCAL TIME.

CLIMATE NORMAL PERIOD 1981 TO 2010
CLIMATE RECORD PERIOD 1897 TO 2015


WEATHER ITEM   OBSERVED TIME   RECORD YEAR NORMAL DEPARTURE LAST
                VALUE   (LST)  VALUE       VALUE  FROM      YEAR
                                                  NORMAL
..................................................................
TEMPERATURE (F)
 TODAY
  MAXIMUM         95    339 PM 107    2000  94      1       98
  MINIMUM         71    622 AM  58    1915  73     -2       78
  AVERAGE         83                        84     -1       88

PRECIPITATION (IN)
  TODAY            0.00          3.55 2010   0.12  -0.12     0.01
  MONTH TO DATE    0.00                      0.23  -0.23     0.01
  SINCE SEP 1      0.00                      0.23  -0.23     0.01
  SINCE JAN 1     39.49                     22.32  17.17    19.87

SNOWFALL (IN)
  TODAY            0.0
  MONTH TO DATE    0.0
  SINCE SEP 1      0.0
  SINCE JUL 1      0.0
  SNOW DEPTH       0

DEGREE DAYS
 HEATING
  TODAY            0                         0      0        0
  MONTH TO DATE    0                         0      0        0
  SINCE SEP 1      0                         0      0        0
  SINCE JUL 1      0                         0      0        0

 COOLING
  TODAY           18                        19     -1       23
  MONTH TO DATE   37                        38     -1       48
  SINCE SEP 1     37                        38     -1       48
  SINCE JAN 1   2477                      2432     45     2441
..................................................................


WIND (MPH)
  HIGHEST WIND SPEED    10   HIGHEST WIND DIRECTION     E (110)
  HIGHEST GUST SPEED    19   HIGHEST GUST DIRECTION     E (110)
  AVERAGE WIND SPEED     3.7


SKY COVER
  AVERAGE SKY COVER 0.5


WEATHER CONDITIONS
 THE FOLLOWING WEATHER WAS RECORDED TODAY.
  NO SIGNIFICANT WEATHER WAS OBSERVED.


RELATIVE HUMIDITY (PERCENT)
 HIGHEST    90           600 AM
 LOWEST     39           300 PM
 AVERAGE    65

..........................................................


THE AUSTIN CAMP MABRY CLIMATE NORMALS FOR TOMORROW
                         NORMAL    RECORD    YEAR
 MAXIMUM TEMPERATURE (F)   94       108      2000
 MINIMUM TEMPERATURE (F)   73        59      1974


SUNRISE AND SUNSET
SEPTEMBER  2 2015.....SUNRISE   708 AM CDT   SUNSET   752 PM CDT
SEPTEMBER  3 2015.....SUNRISE   709 AM CDT   SUNSET   751 PM CDT


-  INDICATES NEGATIVE NUMBERS.
R  INDICATES RECORD WAS SET OR TIED.
MM INDICATES DATA IS MISSING.
T  INDICATES TRACE AMOUNT.




$$
