000
CDUS44 KEWX 250759
CLIATT


CLIMATE REPORT
NATIONAL WEATHER SERVICE AUSTIN/SAN ANTONIO, TX
258 AM CDT TUE JUL 25 2017


...................................

...THE AUSTIN CAMP MABRY CLIMATE SUMMARY FOR JULY 24 2017...

CLIMATE NORMAL PERIOD 1981 TO 2010
CLIMATE RECORD PERIOD 1897 TO 2017


WEATHER ITEM   OBSERVED TIME   RECORD YEAR NORMAL DEPARTURE LAST
                VALUE   (LST)  VALUE       VALUE  FROM      YEAR
                                                  NORMAL
..................................................................
TEMPERATURE (F)
 YESTERDAY
  MAXIMUM        102    227 PM 105    2011  97      5      101
                                      1934
  MINIMUM         76    330 AM  66    1942  75      1       78
                                      1923
  AVERAGE         89                        86      3

PRECIPITATION (IN)
  YESTERDAY        0.01          1.10 1901   0.05  -0.04     0.00
  MONTH TO DATE    0.23                      1.49  -1.26     0.04
  SINCE JUN 1      3.28                      5.82  -2.54     2.65
  SINCE JAN 1     16.06                     19.35  -3.29    22.11

SNOWFALL (IN)
  YESTERDAY        0.0
  MONTH TO DATE    0.0
  SINCE JUN 1      0.0
  SINCE JUL 1      0.0
  SNOW DEPTH       0

DEGREE DAYS
 HEATING
  YESTERDAY        0                         0      0        0
  MONTH TO DATE    0                         0      0        0
  SINCE JUN 1      0                         0      0        0
  SINCE JUL 1      0                         0      0        0

 COOLING
  YESTERDAY       24                        21      3       25
  MONTH TO DATE  569                       473     96      574
  SINCE JUN 1   1146                       989    157     1123
  SINCE JAN 1   2008                      1602    406     1738
..................................................................


WIND (MPH)
  HIGHEST WIND SPEED    13   HIGHEST WIND DIRECTION    SE (140)
  HIGHEST GUST SPEED    19   HIGHEST GUST DIRECTION    SE (150)
  AVERAGE WIND SPEED     3.1


SKY COVER
  AVERAGE SKY COVER 0.3


WEATHER CONDITIONS
 THE FOLLOWING WEATHER WAS RECORDED YESTERDAY.
  THUNDERSTORM
  LIGHT RAIN


RELATIVE HUMIDITY (PERCENT)
 HIGHEST    91           600 PM
 LOWEST     29           200 PM
 AVERAGE    60

..........................................................


THE AUSTIN CAMP MABRY CLIMATE NORMALS FOR TODAY
                         NORMAL    RECORD    YEAR
 MAXIMUM TEMPERATURE (F)   97       105      2011
                                             1923
 MINIMUM TEMPERATURE (F)   75        65      1924


SUNRISE AND SUNSET
JULY 25 2017..........SUNRISE   645 AM CDT   SUNSET   829 PM CDT
JULY 26 2017..........SUNRISE   646 AM CDT   SUNSET   828 PM CDT


-  INDICATES NEGATIVE NUMBERS.
R  INDICATES RECORD WAS SET OR TIED.
MM INDICATES DATA IS MISSING.
T  INDICATES TRACE AMOUNT.




$$
