000
CDUS44 KEWX 012325
CLIATT


CLIMATE REPORT
NATIONAL WEATHER SERVICE AUSTIN/SAN ANTONIO, TX
624 PM CDT MON JUN 1 2015


...................................

...THE AUSTIN CAMP MABRY CLIMATE SUMMARY FOR JUNE 1 2015...
VALID TODAY AS OF 624 PM LOCAL TIME.

CLIMATE NORMAL PERIOD 1981 TO 2010
CLIMATE RECORD PERIOD 1897 TO 2015


WEATHER ITEM   OBSERVED TIME   RECORD YEAR NORMAL DEPARTURE LAST
                VALUE   (LST)  VALUE       VALUE  FROM      YEAR
                                                  NORMAL
..................................................................
TEMPERATURE (F)
 TODAY
  MAXIMUM         88    324 PM 100    2008  90     -2       88
  MINIMUM         64    557 AM  55    1964  70     -6       71
                                      1931
  AVERAGE         76                        80     -4       80

PRECIPITATION (IN)
  TODAY            0.00          4.91 1935   0.16  -0.16     0.00
  MONTH TO DATE    0.00                      0.16  -0.16     0.00
  SINCE JUN 1      0.00                      0.16  -0.16     0.00
  SINCE JAN 1     30.25                     13.69  16.56    11.08

SNOWFALL (IN)
  TODAY            0.0
  MONTH TO DATE    0.0
  SINCE JUN 1      0.0
  SINCE JUL 1      T
  SNOW DEPTH      MM

DEGREE DAYS
 HEATING
  TODAY            0                         0      0        0
  MONTH TO DATE    0                         0      0        0
  SINCE JUN 1      0                         0      0        0
  SINCE JUL 1   1698                      1539    159     1776

 COOLING
  TODAY           11                        15     -4       15
  MONTH TO DATE   11                        15     -4       15
  SINCE JUN 1     11                        15     -4       15
  SINCE JAN 1    612                       628    -16      589
..................................................................


WIND (MPH)
  HIGHEST WIND SPEED     8   HIGHEST WIND DIRECTION    SE (120)
  HIGHEST GUST SPEED    12   HIGHEST GUST DIRECTION     E (110)
  AVERAGE WIND SPEED     1.3


SKY COVER
  AVERAGE SKY COVER 0.2


WEATHER CONDITIONS
 THE FOLLOWING WEATHER WAS RECORDED TODAY.
  NO SIGNIFICANT WEATHER WAS OBSERVED.


RELATIVE HUMIDITY (PERCENT)
 HIGHEST    93           200 AM
 LOWEST     46           300 PM
 AVERAGE    70

..........................................................


THE AUSTIN CAMP MABRY CLIMATE NORMALS FOR TOMORROW
                         NORMAL    RECORD    YEAR
 MAXIMUM TEMPERATURE (F)   90       101      2008
 MINIMUM TEMPERATURE (F)   70        55      1919
                                             1907


SUNRISE AND SUNSET
JUNE  1 2015..........SUNRISE   630 AM CDT   SUNSET   828 PM CDT
JUNE  2 2015..........SUNRISE   629 AM CDT   SUNSET   828 PM CDT


-  INDICATES NEGATIVE NUMBERS.
R  INDICATES RECORD WAS SET OR TIED.
MM INDICATES DATA IS MISSING.
T  INDICATES TRACE AMOUNT.




$$
