000
CDUS44 KEWX 220702
CLIATT


CLIMATE REPORT
NATIONAL WEATHER SERVICE AUSTIN/SAN ANTONIO, TX
1253 AM CST THU FEB 22 2018


...................................

...THE AUSTIN CAMP MABRY CLIMATE SUMMARY FOR FEBRUARY 21 2018...

CLIMATE NORMAL PERIOD 1981 TO 2010
CLIMATE RECORD PERIOD 1897 TO 2018


WEATHER ITEM   OBSERVED TIME   RECORD YEAR NORMAL DEPARTURE LAST
                VALUE   (LST)  VALUE       VALUE  FROM      YEAR
                                                  NORMAL
..................................................................
TEMPERATURE (F)
 YESTERDAY
  MAXIMUM         71    231 AM  99    1996  66      5       82
  MINIMUM         39    343 PM  26    1939  46     -7       52
  AVERAGE         55                        56     -1

PRECIPITATION (IN)
  YESTERDAY        0.13          3.05 1958   0.08   0.05     0.00
  MONTH TO DATE    0.72                      1.51  -0.79     2.09
  SINCE DEC 1      5.31                      6.13  -0.82     8.76
  SINCE JAN 1      1.00                      3.73  -2.73     6.22

SNOWFALL (IN)
  YESTERDAY        0.0
  MONTH TO DATE    T
  SINCE DEC 1      0.4
  SINCE JUL 1      0.4
  SNOW DEPTH       0

DEGREE DAYS
 HEATING
  YESTERDAY       10                        10      0        0
  MONTH TO DATE  238                       237      1       85
  SINCE DEC 1   1099                      1065     34      699
  SINCE JUL 1   1222                      1277    -55      759

 COOLING
  YESTERDAY        0                         1     -1        2
  MONTH TO DATE   22                        16      6       62
  SINCE DEC 1     37                        38     -1      124
  SINCE JAN 1     23                        25     -2       84
..................................................................


WIND (MPH)
  HIGHEST WIND SPEED    16   HIGHEST WIND DIRECTION    NE (30)
  HIGHEST GUST SPEED    24   HIGHEST GUST DIRECTION     N (20)
  AVERAGE WIND SPEED     8.1


SKY COVER
  AVERAGE SKY COVER 0.9


WEATHER CONDITIONS
 THE FOLLOWING WEATHER WAS RECORDED YESTERDAY.
  THUNDERSTORM
  HEAVY RAIN
  RAIN
  LIGHT RAIN
  FOG


RELATIVE HUMIDITY (PERCENT)
 HIGHEST    96           700 PM
 LOWEST     84           200 AM
 AVERAGE    90

..........................................................


THE AUSTIN CAMP MABRY CLIMATE NORMALS FOR TODAY
                         NORMAL    RECORD    YEAR
 MAXIMUM TEMPERATURE (F)   67        95      1996
 MINIMUM TEMPERATURE (F)   46        27      1978
                                             1963
                                             1911


SUNRISE AND SUNSET
FEBRUARY 22 2018......SUNRISE   704 AM CST   SUNSET   625 PM CST
FEBRUARY 23 2018......SUNRISE   703 AM CST   SUNSET   625 PM CST


-  INDICATES NEGATIVE NUMBERS.
R  INDICATES RECORD WAS SET OR TIED.
MM INDICATES DATA IS MISSING.
T  INDICATES TRACE AMOUNT.




$$
