000
CDUS44 KEWX 220752
CLIATT


CLIMATE REPORT
NATIONAL WEATHER SERVICE AUSTIN/SAN ANTONIO, TX
151 AM CST WED FEB 22 2017


...................................

...THE AUSTIN CAMP MABRY CLIMATE SUMMARY FOR FEBRUARY 21 2017...

CLIMATE NORMAL PERIOD 1981 TO 2010
CLIMATE RECORD PERIOD 1897 TO 2017


WEATHER ITEM   OBSERVED TIME   RECORD YEAR NORMAL DEPARTURE LAST
                VALUE   (LST)  VALUE       VALUE  FROM      YEAR
                                                  NORMAL
..................................................................
TEMPERATURE (F)
 YESTERDAY
  MAXIMUM         82    356 PM  99    1996  66     16       71
  MINIMUM         52    714 AM  26    1939  46      6       65
  AVERAGE         67                        56     11

PRECIPITATION (IN)
  YESTERDAY        0.00          3.05 1958   0.08  -0.08     0.01
  MONTH TO DATE    2.09                      1.51   0.58     0.01
  SINCE DEC 1      8.76                      6.13   2.63     3.35
  SINCE JAN 1      6.22                      3.73   2.49     0.35

SNOWFALL (IN)
  YESTERDAY        0.0
  MONTH TO DATE    0.0
  SINCE DEC 1      0.0
  SINCE JUL 1      0.0
  SNOW DEPTH       0

DEGREE DAYS
 HEATING
  YESTERDAY        0                        10    -10        0
  MONTH TO DATE   85                       237   -152      120
  SINCE DEC 1    699                      1065   -366      785
  SINCE JUL 1    759                      1277   -518      945

 COOLING
  YESTERDAY        2                         1      1        3
  MONTH TO DATE   62                        16     46       24
  SINCE DEC 1    124                        38     86       52
  SINCE JAN 1     84                        25     59       32
..................................................................


WIND (MPH)
  HIGHEST WIND SPEED    15   HIGHEST WIND DIRECTION    NW (330)
  HIGHEST GUST SPEED    26   HIGHEST GUST DIRECTION    NW (320)
  AVERAGE WIND SPEED     6.1


SKY COVER
  AVERAGE SKY COVER 0.0


WEATHER CONDITIONS
 THE FOLLOWING WEATHER WAS RECORDED YESTERDAY.
  NO SIGNIFICANT WEATHER WAS OBSERVED.


RELATIVE HUMIDITY (PERCENT)
 HIGHEST   100           200 AM
 LOWEST     21           300 PM
 AVERAGE    61

..........................................................


THE AUSTIN CAMP MABRY CLIMATE NORMALS FOR TODAY
                         NORMAL    RECORD    YEAR
 MAXIMUM TEMPERATURE (F)   67        95      1996
 MINIMUM TEMPERATURE (F)   46        27      1978
                                             1963
                                             1911


SUNRISE AND SUNSET
FEBRUARY 22 2017......SUNRISE   704 AM CST   SUNSET   625 PM CST
FEBRUARY 23 2017......SUNRISE   703 AM CST   SUNSET   626 PM CST


-  INDICATES NEGATIVE NUMBERS.
R  INDICATES RECORD WAS SET OR TIED.
MM INDICATES DATA IS MISSING.
T  INDICATES TRACE AMOUNT.




$$
