000
CDUS44 KEWX 030726
CLIATT


CLIMATE REPORT
NATIONAL WEATHER SERVICE AUSTIN/SAN ANTONIO, TX
225 AM CDT TUE MAY 3 2016


...................................

...THE AUSTIN CAMP MABRY CLIMATE SUMMARY FOR MAY 2 2016...

CLIMATE NORMAL PERIOD 1981 TO 2010
CLIMATE RECORD PERIOD 1897 TO 2016


WEATHER ITEM   OBSERVED TIME   RECORD YEAR NORMAL DEPARTURE LAST
                VALUE   (LST)  VALUE       VALUE  FROM      YEAR
                                                  NORMAL
..................................................................
TEMPERATURE (F)
 YESTERDAY
  MAXIMUM         70   1201 AM  95    1964  83    -13       83
  MINIMUM         57   1159 PM  41    1925  63     -6       58
  AVERAGE         64                        73     -9

PRECIPITATION (IN)
  YESTERDAY        T             2.15 1978   0.12  -0.12     0.00
  MONTH TO DATE    T                         0.24  -0.24     0.00
  SINCE MAR 1     10.63                      5.09   5.54     7.14
  SINCE JAN 1     12.31                      9.33   2.98    12.66

SNOWFALL (IN)
  YESTERDAY        0.0
  MONTH TO DATE    0.0
  SINCE MAR 1      T
  SINCE JUL 1      T
  SNOW DEPTH       0

DEGREE DAYS
 HEATING
  YESTERDAY        1                         0      1        0
  MONTH TO DATE    1                         0      1        0
  SINCE MAR 1     84                       200   -116      215
  SINCE JUL 1   1081                      1537   -456     1698

 COOLING
  YESTERDAY        0                         8     -8        6
  MONTH TO DATE    7                        16     -9       11
  SINCE MAR 1    290                       241     49      278
  SINCE JAN 1    329                       268     61      289
..................................................................


WIND (MPH)
  HIGHEST WIND SPEED    15   HIGHEST WIND DIRECTION     N (360)
  HIGHEST GUST SPEED    25   HIGHEST GUST DIRECTION     N (10)
  AVERAGE WIND SPEED     6.8


SKY COVER
  AVERAGE SKY COVER 0.9


WEATHER CONDITIONS
 THE FOLLOWING WEATHER WAS RECORDED YESTERDAY.
  THUNDERSTORM
  LIGHT RAIN


RELATIVE HUMIDITY (PERCENT)
 HIGHEST    80          1100 AM
 LOWEST     55           200 AM
 AVERAGE    68

..........................................................


THE AUSTIN CAMP MABRY CLIMATE NORMALS FOR TODAY
                         NORMAL    RECORD    YEAR
 MAXIMUM TEMPERATURE (F)   84        95      1984
 MINIMUM TEMPERATURE (F)   63        44      2013


SUNRISE AND SUNSET
MAY  3 2016...........SUNRISE   645 AM CDT   SUNSET   810 PM CDT
MAY  4 2016...........SUNRISE   644 AM CDT   SUNSET   811 PM CDT


-  INDICATES NEGATIVE NUMBERS.
R  INDICATES RECORD WAS SET OR TIED.
MM INDICATES DATA IS MISSING.
T  INDICATES TRACE AMOUNT.




$$
