000
CDUS43 KABR 241031
CLIATY


CLIMATE REPORT
NATIONAL WEATHER SERVICE ABERDEEN SD
531 AM CDT FRI MAR 24 2017


...................................

...THE WATERTOWN SD CLIMATE SUMMARY FOR MARCH 23 2017...

CLIMATE NORMAL PERIOD 1981 TO 2010
CLIMATE RECORD PERIOD 1898 TO 2017


WEATHER ITEM   OBSERVED TIME   RECORD YEAR NORMAL DEPARTURE LAST
                VALUE   (LST)  VALUE       VALUE  FROM      YEAR
                                                  NORMAL
..................................................................
TEMPERATURE (F)
 YESTERDAY
  MAXIMUM         40   1018 AM  82    1910  42     -2       40
  MINIMUM         34   1159 PM -14    1899  23     11       25
  AVERAGE         37                        32      5       33

PRECIPITATION (IN)
  YESTERDAY        T             0.97 2009   0.04  -0.04      T
  MONTH TO DATE    0.33                      0.76  -0.43     0.08
  SINCE MAR 1      0.33                      0.76  -0.43     0.08
  SINCE JAN 1      1.11                      1.84  -0.73     1.11

SNOWFALL (IN)
  YESTERDAY        0.0
  MONTH TO DATE   11.3
  SINCE OCT 1     39.1
  SINCE JUL 1     39.1
  SNOW DEPTH       0

DEGREE DAYS
 HEATING
  YESTERDAY       28                        33     -5       32
  MONTH TO DATE  884                       860     24      593
  SINCE MAR 1    884                       860     24      593
  SINCE JUL 1   6485                      7271   -786     5912

 COOLING
  YESTERDAY        0                         0      0        0
  MONTH TO DATE    0                         0      0        0
  SINCE MAR 1      0                         0      0        0
  SINCE JAN 1      0                         0      0        0
..................................................................


WIND (MPH)
  HIGHEST WIND SPEED    24   HIGHEST WIND DIRECTION    SE (150)
  HIGHEST GUST SPEED    31   HIGHEST GUST DIRECTION    SE (150)
  AVERAGE WIND SPEED    11.3


SKY COVER
  POSSIBLE SUNSHINE  MM
  AVERAGE SKY COVER 0.6


WEATHER CONDITIONS
 THE FOLLOWING WEATHER WAS RECORDED YESTERDAY.
  LIGHT RAIN
  FOG
  HAZE


RELATIVE HUMIDITY (PERCENT)
 HIGHEST   100           400 PM
 LOWEST     59          1000 AM
 AVERAGE    80

..........................................................


THE WATERTOWN SD CLIMATE NORMALS FOR TODAY
                         NORMAL    RECORD    YEAR
 MAXIMUM TEMPERATURE (F)   43        78      1939
 MINIMUM TEMPERATURE (F)   23        -9      1974


SUNRISE AND SUNSET
MARCH 24 2017.........SUNRISE   724 AM CDT   SUNSET   747 PM CDT
MARCH 25 2017.........SUNRISE   722 AM CDT   SUNSET   748 PM CDT


-  INDICATES NEGATIVE NUMBERS.
R  INDICATES RECORD WAS SET OR TIED.
MM INDICATES DATA IS MISSING.
T  INDICATES TRACE AMOUNT.




$$
