000
CDUS43 KABR 010915
CLIATY


CLIMATE REPORT
NATIONAL WEATHER SERVICE ABERDEEN SD
415 AM CDT SUN MAY 1 2016


...................................

...THE WATERTOWN SD CLIMATE SUMMARY FOR APRIL 30 2016...

CLIMATE NORMAL PERIOD 1981 TO 2010
CLIMATE RECORD PERIOD 1898 TO 2016


WEATHER ITEM   OBSERVED TIME   RECORD YEAR NORMAL DEPARTURE LAST
                VALUE   (LST)  VALUE       VALUE  FROM      YEAR
                                                  NORMAL
..................................................................
TEMPERATURE (F)
 YESTERDAY
  MAXIMUM         53    610 PM  92    1992  63    -10       76
  MINIMUM         35    209 AM  12    1966  38     -3       38
  AVERAGE         44                        51     -7       57

PRECIPITATION (IN)
  YESTERDAY        0.00          1.58 1936   0.08  -0.08      T
  MONTH TO DATE    2.26                      2.02   0.24     0.39
  SINCE MAR 1      2.52                      3.13  -0.61     0.74
  SINCE JAN 1      3.55                      4.21  -0.66     1.39

SNOWFALL (IN)
  YESTERDAY        0.0
  MONTH TO DATE    T
  SINCE OCT 1     28.7
  SINCE JUL 1     28.7
  SNOW DEPTH       0

DEGREE DAYS
 HEATING
  YESTERDAY       21                        15      6        8
  MONTH TO DATE  555                       635    -80      520
  SINCE MAR 1   1351                      1740   -389     1482
  SINCE JUL 1   6670                      8151  -1481     7874

 COOLING
  YESTERDAY        0                         0      0        0
  MONTH TO DATE    0                         2     -2        0
  SINCE MAR 1      0                         2     -2        0
  SINCE JAN 1      0                         2     -2        0
..................................................................


WIND (MPH)
  HIGHEST WIND SPEED    30   HIGHEST WIND DIRECTION    NE (50)
  HIGHEST GUST SPEED    43   HIGHEST GUST DIRECTION     E (70)
  AVERAGE WIND SPEED    16.1


SKY COVER
  POSSIBLE SUNSHINE  MM
  AVERAGE SKY COVER 0.0


WEATHER CONDITIONS
 THE FOLLOWING WEATHER WAS RECORDED YESTERDAY.
  NO SIGNIFICANT WEATHER WAS OBSERVED.


RELATIVE HUMIDITY (PERCENT)
 HIGHEST    92           100 AM
 LOWEST     46           400 PM
 AVERAGE    69

..........................................................


THE WATERTOWN SD CLIMATE NORMALS FOR TODAY
                         NORMAL    RECORD    YEAR
 MAXIMUM TEMPERATURE (F)   63        95      1959
 MINIMUM TEMPERATURE (F)   39        18      1961


SUNRISE AND SUNSET
MAY  1 2016...........SUNRISE   617 AM CDT   SUNSET   835 PM CDT
MAY  2 2016...........SUNRISE   616 AM CDT   SUNSET   836 PM CDT


-  INDICATES NEGATIVE NUMBERS.
R  INDICATES RECORD WAS SET OR TIED.
MM INDICATES DATA IS MISSING.
T  INDICATES TRACE AMOUNT.




$$
