000
CDUS43 KABR 232232
CLIATY


CLIMATE REPORT
NATIONAL WEATHER SERVICE ABERDEEN SD
531 PM CDT MON OCT 23 2017


...................................

...THE WATERTOWN SD CLIMATE SUMMARY FOR OCTOBER 23 2017...
VALID TODAY AS OF 0500 PM LOCAL TIME.

CLIMATE NORMAL PERIOD 1981 TO 2010
CLIMATE RECORD PERIOD 1898 TO 2017


WEATHER ITEM   OBSERVED TIME   RECORD YEAR NORMAL DEPARTURE LAST
                VALUE   (LST)  VALUE       VALUE  FROM      YEAR
                                                  NORMAL
..................................................................
TEMPERATURE (F)
 TODAY
  MAXIMUM         55    225 PM  79    1927  53      2       55
  MINIMUM         46   1133 AM   6    1917  32     14       34
  AVERAGE         51                        42      9       45

PRECIPITATION (IN)
  TODAY            T             1.26 2015   0.06  -0.06     0.00
  MONTH TO DATE    2.16                      1.54   0.62     1.48
  SINCE SEP 1      7.56                      4.18   3.38     3.54
  SINCE JAN 1     22.77                     20.41   2.36    20.18

SNOWFALL (IN)
  TODAY            0.0
  MONTH TO DATE    0.0
  SINCE OCT 1      0.0
  SINCE JUL 1      0.0
  SNOW DEPTH       0

DEGREE DAYS
 HEATING
  TODAY           14                        23     -9       20
  MONTH TO DATE  332                       412    -80      336
  SINCE SEP 1    483                       631   -148      454
  SINCE JUL 1    511                       688   -177      480

 COOLING
  TODAY            0                         0      0        0
  MONTH TO DATE    0                         0      0        0
  SINCE SEP 1     65                        39     26       36
  SINCE JAN 1    440                       513    -73      721
..................................................................


WIND (MPH)
  HIGHEST WIND SPEED    33   HIGHEST WIND DIRECTION    NW (320)
  HIGHEST GUST SPEED    42   HIGHEST GUST DIRECTION    NW (330)
  AVERAGE WIND SPEED    20.3


SKY COVER
  POSSIBLE SUNSHINE  MM
  AVERAGE SKY COVER 0.4


WEATHER CONDITIONS
 THE FOLLOWING WEATHER WAS RECORDED TODAY.
  LIGHT RAIN


RELATIVE HUMIDITY (PERCENT)
 HIGHEST    71           400 AM
 LOWEST     41           300 PM
 AVERAGE    56

..........................................................


THE WATERTOWN SD CLIMATE NORMALS FOR TOMORROW
                         NORMAL    RECORD    YEAR
 MAXIMUM TEMPERATURE (F)   53        80      1989
 MINIMUM TEMPERATURE (F)   32         9      1917


SUNRISE AND SUNSET
OCTOBER 23 2017.......SUNRISE   755 AM CDT   SUNSET   630 PM CDT
OCTOBER 24 2017.......SUNRISE   756 AM CDT   SUNSET   628 PM CDT


-  INDICATES NEGATIVE NUMBERS.
R  INDICATES RECORD WAS SET OR TIED.
MM INDICATES DATA IS MISSING.
T  INDICATES TRACE AMOUNT.




$$
