000
CDUS43 KABR 182230
CLIATY


CLIMATE REPORT
NATIONAL WEATHER SERVICE ABERDEEN SD
530 PM CDT THU SEP 18 2014


...................................

...THE WATERTOWN SD CLIMATE SUMMARY FOR SEPTEMBER 18 2014...
VALID TODAY AS OF 0500 PM LOCAL TIME.

CLIMATE NORMAL PERIOD 1981 TO 2010
CLIMATE RECORD PERIOD 1898 TO 2014


WEATHER ITEM   OBSERVED TIME   RECORD YEAR NORMAL DEPARTURE LAST
                VALUE   (LST)  VALUE       VALUE  FROM      YEAR
                                                  NORMAL
..................................................................
TEMPERATURE (F)
 TODAY
  MAXIMUM         76    254 PM  92    1984  70      6       90
                                      1940
  MINIMUM         46    419 AM  23    1929  46      0       61
  AVERAGE         61                        58      3       76

PRECIPITATION (IN)
  TODAY            0.00          2.85 1915   0.09  -0.09     0.39
  MONTH TO DATE    0.55                      1.67  -1.12     0.82
  SINCE SEP 1      0.55                      1.67  -1.12     0.82
  SINCE JAN 1     14.17                     17.90  -3.73    17.64

SNOWFALL (IN)
  TODAY            0.0
  MONTH TO DATE    0.0
  SINCE OCT 1     28.2
  SINCE JUL 1      0.0
  SNOW DEPTH       0

DEGREE DAYS
 HEATING
  TODAY            4                         8     -4        0
  MONTH TO DATE  150                        94     56       44
  SINCE SEP 1    150                        94     56       44
  SINCE JUL 1    204                       151     53       95

 COOLING
  TODAY            0                         1     -1       11
  MONTH TO DATE   12                        34    -22       89
  SINCE SEP 1     12                        34    -22       89
  SINCE JAN 1    345                       508   -163      603
..................................................................


WIND (MPH)
  HIGHEST WIND SPEED    23   HIGHEST WIND DIRECTION     S (180)
  HIGHEST GUST SPEED    29   HIGHEST GUST DIRECTION     S (180)
  AVERAGE WIND SPEED    10.6


SKY COVER
  POSSIBLE SUNSHINE  MM
  AVERAGE SKY COVER 0.2


WEATHER CONDITIONS
 THE FOLLOWING WEATHER WAS RECORDED TODAY.
  NO SIGNIFICANT WEATHER WAS OBSERVED.


RELATIVE HUMIDITY (PERCENT)
 HIGHEST    89           600 AM
 LOWEST     54           200 PM
 AVERAGE    72

..........................................................


THE WATERTOWN SD CLIMATE NORMALS FOR TOMORROW
                         NORMAL    RECORD    YEAR
 MAXIMUM TEMPERATURE (F)   69        93      1984
 MINIMUM TEMPERATURE (F)   46        24      1918


SUNRISE AND SUNSET
SEPTEMBER 18 2014.....SUNRISE   711 AM CDT   SUNSET   734 PM CDT
SEPTEMBER 19 2014.....SUNRISE   712 AM CDT   SUNSET   732 PM CDT


-  INDICATES NEGATIVE NUMBERS.
R  INDICATES RECORD WAS SET OR TIED.
MM INDICATES DATA IS MISSING.
T  INDICATES TRACE AMOUNT.




$$
