708
CDUS43 KABR 182343
CLIATY


CLIMATE REPORT
NATIONAL WEATHER SERVICE ABERDEEN SD
540 PM CST THU JAN 18 2018


...................................

...THE WATERTOWN SD CLIMATE SUMMARY FOR JANUARY 18 2018...
VALID TODAY AS OF 0500 PM LOCAL TIME.

CLIMATE NORMAL PERIOD 1981 TO 2010
CLIMATE RECORD PERIOD 1898 TO 2018


WEATHER ITEM   OBSERVED TIME   RECORD YEAR NORMAL DEPARTURE LAST
                VALUE   (LST)  VALUE       VALUE  FROM      YEAR
                                                  NORMAL
..................................................................
TEMPERATURE (F)
 TODAY
  MAXIMUM         39    240 PM  47    1923  22     17       35
  MINIMUM         13    830 AM -31    1970   3     10       15
  AVERAGE         26                        12     14       25

PRECIPITATION (IN)
  TODAY            0.00          0.48 1996   0.01  -0.01     0.00
  MONTH TO DATE    0.04                      0.30  -0.26     0.57
  SINCE DEC 1      0.29                      0.83  -0.54     1.82
  SINCE JAN 1      0.04                      0.30  -0.26     0.57

SNOWFALL (IN)
  TODAY            0.0
  MONTH TO DATE    0.8
  SINCE OCT 1      7.2
  SINCE JUL 1      7.2
  SNOW DEPTH      MM

DEGREE DAYS
 HEATING
  TODAY           39                        53    -14       40
  MONTH TO DATE 1034                       947     87     1088
  SINCE DEC 1   2487                      2466     21     2683
  SINCE JUL 1   4252                      4406   -154     4054

 COOLING
  TODAY            0                         0      0        0
  MONTH TO DATE    0                         0      0        0
  SINCE DEC 1      0                         0      0        0
  SINCE JAN 1      0                         0      0        0
..................................................................


WIND (MPH)
  HIGHEST WIND SPEED    14   HIGHEST WIND DIRECTION    SW (220)
  HIGHEST GUST SPEED    15   HIGHEST GUST DIRECTION    SW (220)
  AVERAGE WIND SPEED     6.6


SKY COVER
  POSSIBLE SUNSHINE  MM
  AVERAGE SKY COVER 0.0


WEATHER CONDITIONS
 THE FOLLOWING WEATHER WAS RECORDED TODAY.
  NO SIGNIFICANT WEATHER WAS OBSERVED.


RELATIVE HUMIDITY (PERCENT)
 HIGHEST    96           800 AM
 LOWEST     59           200 PM
 AVERAGE    78

..........................................................


THE WATERTOWN SD CLIMATE NORMALS FOR TOMORROW
                         NORMAL    RECORD    YEAR
 MAXIMUM TEMPERATURE (F)   22        56      1900
 MINIMUM TEMPERATURE (F)    3       -33      1970


SUNRISE AND SUNSET
JANUARY 18 2018.......SUNRISE   801 AM CST   SUNSET   517 PM CST
JANUARY 19 2018.......SUNRISE   800 AM CST   SUNSET   519 PM CST


-  INDICATES NEGATIVE NUMBERS.
R  INDICATES RECORD WAS SET OR TIED.
MM INDICATES DATA IS MISSING.
T  INDICATES TRACE AMOUNT.




$$
