000
CDUS43 KABR 231032
CLIATY


CLIMATE REPORT
NATIONAL WEATHER SERVICE ABERDEEN SD
531 AM CDT WED AUG 23 2017


...................................

...THE WATERTOWN SD CLIMATE SUMMARY FOR AUGUST 22 2017...

CLIMATE NORMAL PERIOD 1981 TO 2010
CLIMATE RECORD PERIOD 1898 TO 2017


WEATHER ITEM   OBSERVED TIME   RECORD YEAR NORMAL DEPARTURE LAST
                VALUE   (LST)  VALUE       VALUE  FROM      YEAR
                                                  NORMAL
..................................................................
TEMPERATURE (F)
 YESTERDAY
  MAXIMUM         72    448 PM  98    1971  79     -7       85
  MINIMUM         49    432 AM  35    1923  56     -7       59
  AVERAGE         61                        68     -7       72

PRECIPITATION (IN)
  YESTERDAY        0.00          1.17 1954   0.09  -0.09     0.00
  MONTH TO DATE    2.95                      2.00   0.95     6.97
  SINCE JUN 1      9.90                      8.60   1.30    10.98
  SINCE JAN 1     14.85                     15.45  -0.60    16.63

DEGREE DAYS
 HEATING
  YESTERDAY        4                         1      3        0
  MONTH TO DATE   23                        22      1        5
  SINCE JUN 1     72                       117    -45       42
  SINCE JUL 1     24                        39    -15       17

 COOLING
  YESTERDAY        0                         4     -4        7
  MONTH TO DATE   20                       117    -97      168
  SINCE JUN 1    350                       419    -69      612
  SINCE JAN 1    361                       441    -80      636
..................................................................


WIND (MPH)
  HIGHEST WIND SPEED    21   HIGHEST WIND DIRECTION    NW (310)
  HIGHEST GUST SPEED    25   HIGHEST GUST DIRECTION    NW (310)
  AVERAGE WIND SPEED     8.8


SKY COVER
  POSSIBLE SUNSHINE  MM
  AVERAGE SKY COVER 0.0


WEATHER CONDITIONS
 THE FOLLOWING WEATHER WAS RECORDED YESTERDAY.
  NO SIGNIFICANT WEATHER WAS OBSERVED.


RELATIVE HUMIDITY (PERCENT)
 HIGHEST   100           600 AM
 LOWEST     38           400 PM
 AVERAGE    69

..........................................................


THE WATERTOWN SD CLIMATE NORMALS FOR TODAY
                         NORMAL    RECORD    YEAR
 MAXIMUM TEMPERATURE (F)   79        98      1936
 MINIMUM TEMPERATURE (F)   56        37      1927


SUNRISE AND SUNSET
AUGUST 23 2017........SUNRISE   640 AM CDT   SUNSET   821 PM CDT
AUGUST 24 2017........SUNRISE   642 AM CDT   SUNSET   819 PM CDT


-  INDICATES NEGATIVE NUMBERS.
R  INDICATES RECORD WAS SET OR TIED.
MM INDICATES DATA IS MISSING.
T  INDICATES TRACE AMOUNT.




$$
