000
CDUS43 KABR 192335
CLIATY


CLIMATE REPORT
NATIONAL WEATHER SERVICE ABERDEEN SD
533 PM CST SUN FEB 19 2017


...................................

...THE WATERTOWN SD CLIMATE SUMMARY FOR FEBRUARY 19 2017...
VALID TODAY AS OF 0500 PM LOCAL TIME.

CLIMATE NORMAL PERIOD 1981 TO 2010
CLIMATE RECORD PERIOD 1898 TO 2017


WEATHER ITEM   OBSERVED TIME   RECORD YEAR NORMAL DEPARTURE LAST
                VALUE   (LST)  VALUE       VALUE  FROM      YEAR
                                                  NORMAL
..................................................................
TEMPERATURE (F)
 TODAY
  MAXIMUM         57    400 PM  63    1930  29     28       49
  MINIMUM         36   1247 AM -38    1929   9     27       35
  AVERAGE         47                        19     28       42

PRECIPITATION (IN)
  TODAY            0.00          0.63 1955   0.02  -0.02     0.04
  MONTH TO DATE    0.08                      0.33  -0.25     0.38
  SINCE DEC 1      1.99                      1.38   0.61     1.18
  SINCE JAN 1      0.74                      0.85  -0.11     0.86

SNOWFALL (IN)
  TODAY            0.0
  MONTH TO DATE    T
  SINCE OCT 1     27.5
  SINCE JUL 1     27.5
  SNOW DEPTH       0

DEGREE DAYS
 HEATING
  TODAY           18                        46    -28       23
  MONTH TO DATE  757                       931   -174      842
  SINCE DEC 1   3931                      4073   -142     3617
  SINCE JUL 1   5302                      6013   -711     4976

 COOLING
  TODAY            0                         0      0        0
  MONTH TO DATE    0                         0      0        0
  SINCE DEC 1      0                         0      0        0
  SINCE JAN 1      0                         0      0        0
..................................................................


WIND (MPH)
  HIGHEST WIND SPEED    23   HIGHEST WIND DIRECTION     S (160)
  HIGHEST GUST SPEED    32   HIGHEST GUST DIRECTION     S (160)
  AVERAGE WIND SPEED    12.9


SKY COVER
  POSSIBLE SUNSHINE  MM
  AVERAGE SKY COVER 0.0


WEATHER CONDITIONS
 THE FOLLOWING WEATHER WAS RECORDED TODAY.
  NO SIGNIFICANT WEATHER WAS OBSERVED.


RELATIVE HUMIDITY (PERCENT)
 HIGHEST    92          1200 AM
 LOWEST     66           100 PM
 AVERAGE    79

..........................................................


THE WATERTOWN SD CLIMATE NORMALS FOR TOMORROW
                         NORMAL    RECORD    YEAR
 MAXIMUM TEMPERATURE (F)   29        65      1930
 MINIMUM TEMPERATURE (F)   10       -28      2008


SUNRISE AND SUNSET
FEBRUARY 19 2017......SUNRISE   723 AM CST   SUNSET   603 PM CST
FEBRUARY 20 2017......SUNRISE   721 AM CST   SUNSET   604 PM CST


-  INDICATES NEGATIVE NUMBERS.
R  INDICATES RECORD WAS SET OR TIED.
MM INDICATES DATA IS MISSING.
T  INDICATES TRACE AMOUNT.




$$
