000
CDUS43 KABR 210915
CLIATY


CLIMATE REPORT
NATIONAL WEATHER SERVICE ABERDEEN SD
414 AM CDT THU AUG 21 2014


...................................

...THE WATERTOWN SD CLIMATE SUMMARY FOR AUGUST 20 2014...

CLIMATE NORMAL PERIOD 1981 TO 2010
CLIMATE RECORD PERIOD 1898 TO 2014


WEATHER ITEM   OBSERVED TIME   RECORD YEAR NORMAL DEPARTURE LAST
                VALUE   (LST)  VALUE       VALUE  FROM      YEAR
                                                  NORMAL
..................................................................
TEMPERATURE (F)
 YESTERDAY
  MAXIMUM         84   1255 PM  97    1955  79      5       91
  MINIMUM         63    414 AM  37    1950  57      6       66
  AVERAGE         74                        68      6       79

PRECIPITATION (IN)
  YESTERDAY        0.01          4.32 2002   0.10  -0.09     0.00
  MONTH TO DATE    1.27                      1.82  -0.55     0.48
  SINCE JUN 1      7.12                      8.42  -1.30     8.78
  SINCE JAN 1     11.99                     15.27  -3.28    16.77

DEGREE DAYS
 HEATING
  YESTERDAY        0                         1     -1        0
  MONTH TO DATE    4                        20    -16       19
  SINCE JUN 1    102                       115    -13      139
  SINCE JUL 1     39                        37      2       51

 COOLING
  YESTERDAY        9                         4      5       14
  MONTH TO DATE   75                       109    -34       56
  SINCE JUN 1    257                       411   -154      342
  SINCE JAN 1    298                       433   -135      364
..................................................................


WIND (MPH)
  HIGHEST WIND SPEED    18   HIGHEST WIND DIRECTION    SE (150)
  HIGHEST GUST SPEED    23   HIGHEST GUST DIRECTION    SE (150)
  AVERAGE WIND SPEED     8.1


SKY COVER
  POSSIBLE SUNSHINE  MM
  AVERAGE SKY COVER 0.1


WEATHER CONDITIONS
 THE FOLLOWING WEATHER WAS RECORDED YESTERDAY.
  NO SIGNIFICANT WEATHER WAS OBSERVED.


RELATIVE HUMIDITY (PERCENT)
 HIGHEST    90          1100 PM
 LOWEST     51           100 PM
 AVERAGE    71

..........................................................


THE WATERTOWN SD CLIMATE NORMALS FOR TODAY
                         NORMAL    RECORD    YEAR
 MAXIMUM TEMPERATURE (F)   79        99      1976
 MINIMUM TEMPERATURE (F)   57        38      2004


SUNRISE AND SUNSET
AUGUST 21 2014........SUNRISE   638 AM CDT   SUNSET   825 PM CDT
AUGUST 22 2014........SUNRISE   639 AM CDT   SUNSET   823 PM CDT


-  INDICATES NEGATIVE NUMBERS.
R  INDICATES RECORD WAS SET OR TIED.
MM INDICATES DATA IS MISSING.
T  INDICATES TRACE AMOUNT.




$$
