000
CDUS43 KABR 282238
CLIATY


CLIMATE REPORT
NATIONAL WEATHER SERVICE ABERDEEN SD
537 PM CDT WED JUN 28 2017


...................................

...THE WATERTOWN SD CLIMATE SUMMARY FOR JUNE 28 2017...
VALID TODAY AS OF 0500 PM LOCAL TIME.

CLIMATE NORMAL PERIOD 1981 TO 2010
CLIMATE RECORD PERIOD 1898 TO 2017


WEATHER ITEM   OBSERVED TIME   RECORD YEAR NORMAL DEPARTURE LAST
                VALUE   (LST)  VALUE       VALUE  FROM      YEAR
                                                  NORMAL
..................................................................
TEMPERATURE (F)
 TODAY
  MAXIMUM         80    329 PM 107    1931  81     -1       81
  MINIMUM         64    707 AM  41    1923  58      6       48
  AVERAGE         72                        69      3       65

PRECIPITATION (IN)
  TODAY            T             1.65 1939   0.11  -0.11     0.00
  MONTH TO DATE    3.72                      3.36   0.36     1.53
  SINCE JUN 1      3.72                      3.36   0.36     1.53
  SINCE JAN 1      8.67                     10.21  -1.54     7.18

SNOWFALL (IN)
  TODAY            0.0
  MONTH TO DATE    0.0
  SINCE OCT 1     40.7
  SINCE JUL 1     40.7
  SNOW DEPTH       0

DEGREE DAYS
 HEATING
  TODAY            0                         1     -1        0
  MONTH TO DATE   45                        75    -30       23
  SINCE JUN 1     45                        75    -30       23
  SINCE JUL 1   7669                      8522   -853     6911

 COOLING
  TODAY            7                         5      2        0
  MONTH TO DATE  108                        84     24      192
  SINCE JUN 1    108                        84     24      192
  SINCE JAN 1    119                       106     13      216
..................................................................


WIND (MPH)
  HIGHEST WIND SPEED    23   HIGHEST WIND DIRECTION     S (160)
  HIGHEST GUST SPEED    35   HIGHEST GUST DIRECTION    SE (140)
  AVERAGE WIND SPEED    15.3


SKY COVER
  POSSIBLE SUNSHINE  MM
  AVERAGE SKY COVER 0.2


WEATHER CONDITIONS
 THE FOLLOWING WEATHER WAS RECORDED TODAY.
  LIGHT RAIN


RELATIVE HUMIDITY (PERCENT)
 HIGHEST    87           500 AM
 LOWEST     54           400 PM
 AVERAGE    71

..........................................................


THE WATERTOWN SD CLIMATE NORMALS FOR TOMORROW
                         NORMAL    RECORD    YEAR
 MAXIMUM TEMPERATURE (F)   81       102      1931
 MINIMUM TEMPERATURE (F)   58        39      1925


SUNRISE AND SUNSET
JUNE 28 2017..........SUNRISE   545 AM CDT   SUNSET   919 PM CDT
JUNE 29 2017..........SUNRISE   545 AM CDT   SUNSET   919 PM CDT


-  INDICATES NEGATIVE NUMBERS.
R  INDICATES RECORD WAS SET OR TIED.
MM INDICATES DATA IS MISSING.
T  INDICATES TRACE AMOUNT.




$$
