000
CDUS43 KABR 131032
CLIATY


CLIMATE REPORT
NATIONAL WEATHER SERVICE ABERDEEN SD
431 AM CST SAT FEB 13 2016


...................................

...THE WATERTOWN SD CLIMATE SUMMARY FOR FEBRUARY 12 2016...

CLIMATE NORMAL PERIOD 1981 TO 2010
CLIMATE RECORD PERIOD 1898 TO 2016


WEATHER ITEM   OBSERVED TIME   RECORD YEAR NORMAL DEPARTURE LAST
                VALUE   (LST)  VALUE       VALUE  FROM      YEAR
                                                  NORMAL
..................................................................
TEMPERATURE (F)
 YESTERDAY
  MAXIMUM         15   1214 AM  57    1921  26    -11       15
  MINIMUM        -11   1056 PM -35    1905   7    -18       -6
  AVERAGE          2                        16    -14        5

PRECIPITATION (IN)
  YESTERDAY        0.00          0.50 1908   0.02  -0.02     0.03
  MONTH TO DATE    0.14                      0.20  -0.06     0.18
  SINCE DEC 1      0.94                      1.25  -0.31     1.22
  SINCE JAN 1      0.62                      0.72  -0.10     0.58

SNOWFALL (IN)
  YESTERDAY        0.0
  MONTH TO DATE    2.9
  SINCE OCT 1     23.2
  SINCE JUL 1     23.2
  SNOW DEPTH       7

DEGREE DAYS
 HEATING
  YESTERDAY       63                        49     14       60
  MONTH TO DATE  565                       600    -35      601
  SINCE DEC 1   3340                      3742   -402     3404
  SINCE JUL 1   4699                      5682   -983     5485

 COOLING
  YESTERDAY        0                         0      0        0
  MONTH TO DATE    0                         0      0        0
  SINCE DEC 1      0                         0      0        0
  SINCE JAN 1      0                         0      0        0
..................................................................


WIND (MPH)
  HIGHEST WIND SPEED    23   HIGHEST WIND DIRECTION     N (350)
  HIGHEST GUST SPEED    26   HIGHEST GUST DIRECTION     N (360)
  AVERAGE WIND SPEED    11.8


SKY COVER
  POSSIBLE SUNSHINE  MM
  AVERAGE SKY COVER 0.3


WEATHER CONDITIONS
 THE FOLLOWING WEATHER WAS RECORDED YESTERDAY.
  HAZE


RELATIVE HUMIDITY (PERCENT)
 HIGHEST    83           100 AM
 LOWEST     62           200 PM
 AVERAGE    73

..........................................................


THE WATERTOWN SD CLIMATE NORMALS FOR TODAY
                         NORMAL    RECORD    YEAR
 MAXIMUM TEMPERATURE (F)   27        56      1983
 MINIMUM TEMPERATURE (F)    7       -31      1905


SUNRISE AND SUNSET
FEBRUARY 13 2016......SUNRISE   733 AM CST   SUNSET   553 PM CST
FEBRUARY 14 2016......SUNRISE   731 AM CST   SUNSET   555 PM CST


-  INDICATES NEGATIVE NUMBERS.
R  INDICATES RECORD WAS SET OR TIED.
MM INDICATES DATA IS MISSING.
T  INDICATES TRACE AMOUNT.




$$
