000
CDUS43 KABR 271031
CLIATY


CLIMATE REPORT
NATIONAL WEATHER SERVICE ABERDEEN SD
530 AM CDT TUE SEP 27 2016


...................................

...THE WATERTOWN SD CLIMATE SUMMARY FOR SEPTEMBER 26 2016...

CLIMATE NORMAL PERIOD 1981 TO 2010
CLIMATE RECORD PERIOD 1898 TO 2016


WEATHER ITEM   OBSERVED TIME   RECORD YEAR NORMAL DEPARTURE LAST
                VALUE   (LST)  VALUE       VALUE  FROM      YEAR
                                                  NORMAL
..................................................................
TEMPERATURE (F)
 YESTERDAY
  MAXIMUM         67    400 PM  91    1974  66      1       80
  MINIMUM         47    626 AM  20    1965  43      4       56
  AVERAGE         57                        54      3       68

PRECIPITATION (IN)
  YESTERDAY        0.00          1.26 1908   0.08  -0.08     0.00
  MONTH TO DATE    2.06                      2.33  -0.27     0.26
  SINCE SEP 1      2.06                      2.33  -0.27     0.26
  SINCE JAN 1     18.70                     18.56   0.14    18.20

DEGREE DAYS
 HEATING
  YESTERDAY        8                        11     -3        0
  MONTH TO DATE   75                       171    -96       73
  SINCE SEP 1     75                       171    -96       73
  SINCE JUL 1    101                       228   -127      135

 COOLING
  YESTERDAY        0                         0      0        3
  MONTH TO DATE   36                        37     -1      100
  SINCE SEP 1     36                        37     -1      100
  SINCE JAN 1    721                       511    210      577
..................................................................


WIND (MPH)
  HIGHEST WIND SPEED    24   HIGHEST WIND DIRECTION    NW (320)
  HIGHEST GUST SPEED    32   HIGHEST GUST DIRECTION     W (280)
  AVERAGE WIND SPEED    13.7


SKY COVER
  POSSIBLE SUNSHINE  MM
  AVERAGE SKY COVER 0.0


WEATHER CONDITIONS
 THE FOLLOWING WEATHER WAS RECORDED YESTERDAY.
  NO SIGNIFICANT WEATHER WAS OBSERVED.


RELATIVE HUMIDITY (PERCENT)
 HIGHEST    65           500 AM
 LOWEST     28           300 PM
 AVERAGE    47

..........................................................


THE WATERTOWN SD CLIMATE NORMALS FOR TODAY
                         NORMAL    RECORD    YEAR
 MAXIMUM TEMPERATURE (F)   66        93      1956
 MINIMUM TEMPERATURE (F)   42        20      1942


SUNRISE AND SUNSET
SEPTEMBER 27 2016.....SUNRISE   722 AM CDT   SUNSET   716 PM CDT
SEPTEMBER 28 2016.....SUNRISE   724 AM CDT   SUNSET   714 PM CDT


-  INDICATES NEGATIVE NUMBERS.
R  INDICATES RECORD WAS SET OR TIED.
MM INDICATES DATA IS MISSING.
T  INDICATES TRACE AMOUNT.




$$
