000
CDUS43 KABR 311041
CLIATY


CLIMATE REPORT
NATIONAL WEATHER SERVICE ABERDEEN SD
540 AM CDT TUE MAY 31 2016


...................................

...THE WATERTOWN SD CLIMATE SUMMARY FOR MAY 30 2016...

CLIMATE NORMAL PERIOD 1981 TO 2010
CLIMATE RECORD PERIOD 1898 TO 2016


WEATHER ITEM   OBSERVED TIME   RECORD YEAR NORMAL DEPARTURE LAST
                VALUE   (LST)  VALUE       VALUE  FROM      YEAR
                                                  NORMAL
..................................................................
TEMPERATURE (F)
 YESTERDAY
  MAXIMUM         82    345 PM 106    1934  71     11       58
  MINIMUM         54    350 AM  31    1947  50      4       36
  AVERAGE         68                        60      8       47

PRECIPITATION (IN)
  YESTERDAY        0.66          2.00 1959   0.10   0.56     0.00
  MONTH TO DATE    2.10                      2.54  -0.44     4.61
  SINCE MAR 1      4.62                      5.67  -1.05     5.35
  SINCE JAN 1      5.65                      6.75  -1.10     6.00

DEGREE DAYS
 HEATING
  YESTERDAY        0                         6     -6       18
  MONTH TO DATE  217                       289    -72      307
  SINCE MAR 1   1568                      2029   -461     1789
  SINCE JUL 1   6887                      8440  -1553     8181

 COOLING
  YESTERDAY        3                         1      2        0
  MONTH TO DATE   24                        19      5        8
  SINCE MAR 1     24                        21      3        8
  SINCE JAN 1     24                        21      3        8
..................................................................


WIND (MPH)
  HIGHEST WIND SPEED    35   HIGHEST WIND DIRECTION    NW (320)
  HIGHEST GUST SPEED    43   HIGHEST GUST DIRECTION    NW (310)
  AVERAGE WIND SPEED    10.9


SKY COVER
  POSSIBLE SUNSHINE  MM
  AVERAGE SKY COVER 0.1


WEATHER CONDITIONS
 THE FOLLOWING WEATHER WAS RECORDED YESTERDAY.
  THUNDERSTORM
  HEAVY RAIN
  LIGHT RAIN
  FOG


RELATIVE HUMIDITY (PERCENT)
 HIGHEST    83           400 AM
 LOWEST     36           300 PM
 AVERAGE    60

..........................................................


THE WATERTOWN SD CLIMATE NORMALS FOR TODAY
                         NORMAL    RECORD    YEAR
 MAXIMUM TEMPERATURE (F)   72       101      1934
 MINIMUM TEMPERATURE (F)   50        31      1964


SUNRISE AND SUNSET
MAY 31 2016...........SUNRISE   546 AM CDT   SUNSET   907 PM CDT
JUNE  1 2016..........SUNRISE   545 AM CDT   SUNSET   908 PM CDT


-  INDICATES NEGATIVE NUMBERS.
R  INDICATES RECORD WAS SET OR TIED.
MM INDICATES DATA IS MISSING.
T  INDICATES TRACE AMOUNT.




$$
