000
CDUS41 KGYX 240904
CLIAUG


CLIMATE REPORT
NATIONAL WEATHER SERVICE GRAY ME
404 AM EST SAT FEB 24 2018


...................................

...THE AUGUSTA CLIMATE SUMMARY FOR FEBRUARY 23 2018...

CLIMATE NORMAL PERIOD 1981 TO 2010
CLIMATE RECORD PERIOD 1948 TO 2018


WEATHER ITEM   OBSERVED TIME   RECORD YEAR NORMAL DEPARTURE LAST
                VALUE   (LST)  VALUE       VALUE  FROM      YEAR
                                                  NORMAL
..................................................................
TEMPERATURE (F)
 YESTERDAY
  MAXIMUM         33   1159 PM  59    1990  34     -1       52
  MINIMUM         20    652 AM -10    1972  17      3       26
  AVERAGE         27                        25      2       39

PRECIPITATION (IN)
  YESTERDAY        0.14          1.17 1967   0.09   0.05     0.00
  MONTH TO DATE    2.32                      1.95   0.37     3.25
  SINCE DEC 1      9.64                      7.80   1.84     9.96
  SINCE JAN 1      6.72                      4.56   2.16     5.99

DEGREE DAYS
 HEATING
  YESTERDAY       38                        40     -2       26
  MONTH TO DATE  878                       978   -100      943
  SINCE DEC 1   3612                      3601     11     3366
  SINCE JUL 1   4848                      5149   -301     4684

 COOLING
  YESTERDAY        0                         0      0        0
  MONTH TO DATE    0                         0      0        0
  SINCE DEC 1      0                         0      0        0
  SINCE JAN 1      0                         0      0        0
..................................................................


WIND (MPH)
  HIGHEST WIND SPEED    15   HIGHEST WIND DIRECTION     S (160)
  HIGHEST GUST SPEED    23   HIGHEST GUST DIRECTION     S (180)
  AVERAGE WIND SPEED     6.9


SKY COVER
  AVERAGE SKY COVER 0.4


WEATHER CONDITIONS
 THE FOLLOWING WEATHER WAS RECORDED YESTERDAY.
  LIGHT RAIN
  LIGHT SNOW
  FOG


RELATIVE HUMIDITY (PERCENT)
 HIGHEST    96          1100 PM
 LOWEST     46          1100 AM
 AVERAGE    71

..........................................................


THE AUGUSTA CLIMATE NORMALS FOR TODAY
                         NORMAL    RECORD    YEAR
 MAXIMUM TEMPERATURE (F)   34        56      2000
 MINIMUM TEMPERATURE (F)   17        -9      2015


SUNRISE AND SUNSET
FEBRUARY 24 2018......SUNRISE   625 AM EST   SUNSET   521 PM EST
FEBRUARY 25 2018......SUNRISE   623 AM EST   SUNSET   522 PM EST


-  INDICATES NEGATIVE NUMBERS.
R  INDICATES RECORD WAS SET OR TIED.
MM INDICATES DATA IS MISSING.
T  INDICATES TRACE AMOUNT.




$$
