000
CDUS41 KGYX 300803
CLIAUG


CLIMATE REPORT
NATIONAL WEATHER SERVICE GRAY ME
403 AM EDT THU OCT 30 2014


...................................

...THE AUGUSTA CLIMATE SUMMARY FOR OCTOBER 29 2014...

CLIMATE NORMAL PERIOD 1981 TO 2010
CLIMATE RECORD PERIOD 1948 TO 2014


WEATHER ITEM   OBSERVED TIME   NORMAL DEPARTURE LAST
                VALUE   (LST)  VALUE  FROM      YEAR
                                      NORMAL
......................................................
TEMPERATURE (F)
 YESTERDAY
  MAXIMUM         54    509 PM  52      2       46
  MINIMUM         47   1159 PM  36     11       25
  AVERAGE         51            44      7       36

PRECIPITATION (IN)
  YESTERDAY        0.12          0.14  -0.02     0.00
  MONTH TO DATE    4.94          4.08   0.86     1.01
  SINCE SEP 1      5.53          7.82  -2.29     8.52
  SINCE JAN 1     36.16         34.00   2.16    35.66

DEGREE DAYS
 HEATING
  YESTERDAY       14            21     -7       29
  MONTH TO DATE  359           472   -113      382
  SINCE SEP 1    554           650    -96      570
  SINCE JUL 1    573           692   -119      583

 COOLING
  YESTERDAY        0             0      0        0
  MONTH TO DATE    4             0      4        0
  SINCE SEP 1     57            30     27       37
  SINCE JAN 1    371           387    -16      428
......................................................


WIND (MPH)
  HIGHEST WIND SPEED     8   HIGHEST WIND DIRECTION    NW (310)
  HIGHEST GUST SPEED    12   HIGHEST GUST DIRECTION    NW (310)
  AVERAGE WIND SPEED     3.2


SKY COVER
  AVERAGE SKY COVER 1.0


WEATHER CONDITIONS
 THE FOLLOWING WEATHER WAS RECORDED YESTERDAY.
  LIGHT RAIN
  FOG
  FOG W/VISIBILITY <= 1/4 MILE


RELATIVE HUMIDITY (PERCENT)
 HIGHEST   100          1200 AM
 LOWEST     89          1100 AM
 AVERAGE    95

..........................................................


THE AUGUSTA CLIMATE NORMALS FOR TODAY
                         NORMAL
 MAXIMUM TEMPERATURE (F)   52
 MINIMUM TEMPERATURE (F)   36


SUNRISE AND SUNSET
OCTOBER 30 2014.......SUNRISE   714 AM EDT   SUNSET   532 PM EDT
OCTOBER 31 2014.......SUNRISE   715 AM EDT   SUNSET   530 PM EDT


-  INDICATES NEGATIVE NUMBERS.
R  INDICATES RECORD WAS SET OR TIED.
MM INDICATES DATA IS MISSING.
T  INDICATES TRACE AMOUNT.




$$
