000
CDUS41 KGYX 200838
CLIAUG


CLIMATE REPORT
NATIONAL WEATHER SERVICE GRAY ME
438 AM EDT SUN AUG 20 2017


...................................

...THE AUGUSTA CLIMATE SUMMARY FOR AUGUST 19 2017...

CLIMATE NORMAL PERIOD 1981 TO 2010
CLIMATE RECORD PERIOD 1948 TO 2017


WEATHER ITEM   OBSERVED TIME   RECORD YEAR NORMAL DEPARTURE LAST
                VALUE   (LST)  VALUE       VALUE  FROM      YEAR
                                                  NORMAL
..................................................................
TEMPERATURE (F)
 YESTERDAY
  MAXIMUM         75    418 PM  88    1961  78     -3       84
  MINIMUM         58    452 AM  45    1958  58      0       62
  AVERAGE         67                        68     -1       73

PRECIPITATION (IN)
  YESTERDAY        0.01          4.50 1991   0.10  -0.09     0.00
  MONTH TO DATE    2.47                      2.09   0.38     1.18
  SINCE JUN 1      6.04                      9.07  -3.03     6.88
  SINCE JAN 1     24.99                     24.96   0.03    20.45

DEGREE DAYS
 HEATING
  YESTERDAY        0                         1     -1        0
  MONTH TO DATE    6                         8     -2        3
  SINCE JUN 1     95                       118    -23      102
  SINCE JUL 1     17                        24     -7       24

 COOLING
  YESTERDAY        2                         4     -2        8
  MONTH TO DATE   88                        88      0      141
  SINCE JUN 1    322                       309     13      382
  SINCE JAN 1    333                       318     15      397
..................................................................


WIND (MPH)
  HIGHEST WIND SPEED    13   HIGHEST WIND DIRECTION     N (10)
  HIGHEST GUST SPEED    16   HIGHEST GUST DIRECTION     N (10)
  AVERAGE WIND SPEED     5.4


SKY COVER
  AVERAGE SKY COVER 0.8


WEATHER CONDITIONS
 THE FOLLOWING WEATHER WAS RECORDED YESTERDAY.
  LIGHT RAIN
  FOG
  FOG W/VISIBILITY <= 1/4 MILE


RELATIVE HUMIDITY (PERCENT)
 HIGHEST   100           200 AM
 LOWEST     73           200 PM
 AVERAGE    87

..........................................................


THE AUGUSTA CLIMATE NORMALS FOR TODAY
                         NORMAL    RECORD    YEAR
 MAXIMUM TEMPERATURE (F)   78        89      1955
 MINIMUM TEMPERATURE (F)   58        47      2007


SUNRISE AND SUNSET
AUGUST 20 2017........SUNRISE   548 AM EDT   SUNSET   736 PM EDT
AUGUST 21 2017........SUNRISE   550 AM EDT   SUNSET   734 PM EDT


-  INDICATES NEGATIVE NUMBERS.
R  INDICATES RECORD WAS SET OR TIED.
MM INDICATES DATA IS MISSING.
T  INDICATES TRACE AMOUNT.




$$
