000
CDUS41 KGYX 022051
CLIAUG


CLIMATE REPORT
NATIONAL WEATHER SERVICE GRAY ME
451 PM EDT MON MAY 2 2016


...................................

...THE AUGUSTA CLIMATE SUMMARY FOR MAY 2 2016...
VALID TODAY AS OF 0400 PM LOCAL TIME.

CLIMATE NORMAL PERIOD 1981 TO 2010
CLIMATE RECORD PERIOD 1948 TO 2016


WEATHER ITEM   OBSERVED TIME   RECORD YEAR NORMAL DEPARTURE LAST
                VALUE   (LST)  VALUE       VALUE  FROM      YEAR
                                                  NORMAL
..................................................................
TEMPERATURE (F)
 TODAY
  MAXIMUM         44    216 PM  90    2001  61    -17       65
  MINIMUM         38    638 AM  29    1974  40     -2       36
  AVERAGE         41                        50     -9       51

PRECIPITATION (IN)
  TODAY            0.27          1.86 1989   0.13   0.14     0.00
  MONTH TO DATE    0.27                      0.25   0.02     0.00
  SINCE MAR 1      6.49                      7.41  -0.92     5.53
  SINCE JAN 1     12.36                     12.45  -0.09     7.80

DEGREE DAYS
 HEATING
  TODAY           24                        15      9       14
  MONTH TO DATE   42                        30     12       30
  SINCE MAR 1   1664                      1691    -27     1872
  SINCE JUL 1   6343                      7034   -691     7499

 COOLING
  TODAY            0                         0      0        0
  MONTH TO DATE    0                         0      0        0
  SINCE MAR 1      0                         0      0        0
  SINCE JAN 1      0                         0      0        0
..................................................................


WIND (MPH)
  HIGHEST WIND SPEED    13   HIGHEST WIND DIRECTION    NE (50)
  HIGHEST GUST SPEED    16   HIGHEST GUST DIRECTION    NE (50)
  AVERAGE WIND SPEED     6.2


SKY COVER
  AVERAGE SKY COVER 0.9


WEATHER CONDITIONS
 THE FOLLOWING WEATHER WAS RECORDED TODAY.
  RAIN
  LIGHT RAIN
  FOG


RELATIVE HUMIDITY (PERCENT)
 HIGHEST   100           600 AM
 LOWEST     70           200 AM
 AVERAGE    85

..........................................................


THE AUGUSTA CLIMATE NORMALS FOR TOMORROW
                         NORMAL    RECORD    YEAR
 MAXIMUM TEMPERATURE (F)   61        91      2001
 MINIMUM TEMPERATURE (F)   41        28      1966


SUNRISE AND SUNSET
MAY  2 2016...........SUNRISE   528 AM EDT   SUNSET   745 PM EDT
MAY  3 2016...........SUNRISE   527 AM EDT   SUNSET   746 PM EDT


-  INDICATES NEGATIVE NUMBERS.
R  INDICATES RECORD WAS SET OR TIED.
MM INDICATES DATA IS MISSING.
T  INDICATES TRACE AMOUNT.




$$
