000
CDUS41 KGYX 222147
CLIAUG


CLIMATE REPORT
NATIONAL WEATHER SERVICE GRAY ME
447 PM EST SUN JAN 22 2017


...................................

...THE AUGUSTA CLIMATE SUMMARY FOR JANUARY 22 2017...
VALID TODAY AS OF 0400 PM LOCAL TIME.

CLIMATE NORMAL PERIOD 1981 TO 2010
CLIMATE RECORD PERIOD 1948 TO 2017


WEATHER ITEM   OBSERVED TIME   RECORD YEAR NORMAL DEPARTURE LAST
                VALUE   (LST)  VALUE       VALUE  FROM      YEAR
                                                  NORMAL
..................................................................
TEMPERATURE (F)
 TODAY
  MAXIMUM         36    259 PM  49    1957  27      9       28
  MINIMUM         33   1005 AM -15    2005  10     23       10
  AVERAGE         35                        19     16       19

PRECIPITATION (IN)
  TODAY            0.00          1.49 1958   0.09  -0.09     0.00
  MONTH TO DATE    1.49                      1.85  -0.36     2.37
  SINCE DEC 1      5.46                      5.09   0.37     6.34
  SINCE JAN 1      1.49                      1.85  -0.36     2.37

DEGREE DAYS
 HEATING
  TODAY           30                        46    -16       46
  MONTH TO DATE  857                      1003   -146      911
  SINCE DEC 1   2100                      2210   -110     1840
  SINCE JUL 1   3418                      3758   -340     3218

 COOLING
  TODAY            0                         0      0        0
  MONTH TO DATE    0                         0      0        0
  SINCE DEC 1      0                         0      0        0
  SINCE JAN 1      0                         0      0        0
..................................................................


WIND (MPH)
  HIGHEST WIND SPEED    15   HIGHEST WIND DIRECTION    NE (30)
  HIGHEST GUST SPEED    18   HIGHEST GUST DIRECTION    NE (50)
  AVERAGE WIND SPEED     6.7


SKY COVER
  AVERAGE SKY COVER 1.0


WEATHER CONDITIONS
 THE FOLLOWING WEATHER WAS RECORDED TODAY.
  NO SIGNIFICANT WEATHER WAS OBSERVED.


RELATIVE HUMIDITY (PERCENT)
 HIGHEST    82          1200 AM
 LOWEST     64           400 PM
 AVERAGE    73

..........................................................


THE AUGUSTA CLIMATE NORMALS FOR TOMORROW
                         NORMAL    RECORD    YEAR
 MAXIMUM TEMPERATURE (F)   27        51      1992
 MINIMUM TEMPERATURE (F)   11       -14      1976


SUNRISE AND SUNSET
JANUARY 22 2017.......SUNRISE   707 AM EST   SUNSET   435 PM EST
JANUARY 23 2017.......SUNRISE   706 AM EST   SUNSET   437 PM EST


-  INDICATES NEGATIVE NUMBERS.
R  INDICATES RECORD WAS SET OR TIED.
MM INDICATES DATA IS MISSING.
T  INDICATES TRACE AMOUNT.




$$
