000
CDUS41 KGYX 140803
CLIAUG


CLIMATE REPORT
NATIONAL WEATHER SERVICE GRAY ME
403 AM EDT SUN SEP 14 2014


...................................

...THE AUGUSTA CLIMATE SUMMARY FOR SEPTEMBER 13 2014...

CLIMATE NORMAL PERIOD 1981 TO 2010
CLIMATE RECORD PERIOD 1948 TO 2014


WEATHER ITEM   OBSERVED TIME   NORMAL DEPARTURE LAST
                VALUE   (LST)  VALUE  FROM      YEAR
                                      NORMAL
......................................................
TEMPERATURE (F)
 YESTERDAY
  MAXIMUM         60   1134 AM  71    -11       67
  MINIMUM         41    521 AM  52    -11       57
  AVERAGE         51            61    -10       62

PRECIPITATION (IN)
  YESTERDAY        0.05          0.13  -0.08     1.65
  MONTH TO DATE    0.44          1.48  -1.04     6.79
  SINCE SEP 1      0.44          1.48  -1.04     6.79
  SINCE JAN 1     31.07         27.66   3.41    33.93

DEGREE DAYS
 HEATING
  YESTERDAY       14             5      9        3
  MONTH TO DATE   42            45     -3       48
  SINCE SEP 1     42            45     -3       48
  SINCE JUL 1     61            87    -26       61

 COOLING
  YESTERDAY        0             1     -1        0
  MONTH TO DATE   45            21     24       37
  SINCE SEP 1     45            21     24       37
  SINCE JAN 1    359           378    -19      428
......................................................


WIND (MPH)
  HIGHEST WIND SPEED    13   HIGHEST WIND DIRECTION     N (20)
  HIGHEST GUST SPEED    16   HIGHEST GUST DIRECTION     N (20)
  AVERAGE WIND SPEED     5.4


SKY COVER
  AVERAGE SKY COVER 0.3


WEATHER CONDITIONS
 THE FOLLOWING WEATHER WAS RECORDED YESTERDAY.
  LIGHT RAIN
  FOG


RELATIVE HUMIDITY (PERCENT)
 HIGHEST   100           800 PM
 LOWEST     51          1200 PM
 AVERAGE    76

..........................................................


THE AUGUSTA CLIMATE NORMALS FOR TODAY
                         NORMAL
 MAXIMUM TEMPERATURE (F)   70
 MINIMUM TEMPERATURE (F)   51


SUNRISE AND SUNSET
SEPTEMBER 14 2014.....SUNRISE   617 AM EDT   SUNSET   652 PM EDT
SEPTEMBER 15 2014.....SUNRISE   618 AM EDT   SUNSET   650 PM EDT


-  INDICATES NEGATIVE NUMBERS.
R  INDICATES RECORD WAS SET OR TIED.
MM INDICATES DATA IS MISSING.
T  INDICATES TRACE AMOUNT.




$$
