000
CDUS41 KGYX 270903
CLIAUG


CLIMATE REPORT
NATIONAL WEATHER SERVICE GRAY ME
403 AM EST TUE JAN 27 2015


...................................

...THE AUGUSTA CLIMATE SUMMARY FOR JANUARY 26 2015...

CLIMATE NORMAL PERIOD 1981 TO 2010
CLIMATE RECORD PERIOD 1948 TO 2015


WEATHER ITEM   OBSERVED TIME   RECORD YEAR NORMAL DEPARTURE LAST
                VALUE   (LST)  VALUE       VALUE  FROM      YEAR
                                                  NORMAL
..................................................................
TEMPERATURE (F)
 YESTERDAY
  MAXIMUM         14    359 PM  MM      MM  28    -14       24
  MINIMUM          0    757 AM  MM      MM  11    -11        6
  AVERAGE          7                        19    -12       15

PRECIPITATION (IN)
  YESTERDAY        0.00          2.10 1986   0.08  -0.08      T
  MONTH TO DATE    1.25                      2.19  -0.94     3.06
  SINCE DEC 1      5.73                      5.43   0.30     5.68
  SINCE JAN 1      1.25                      2.19  -0.94     3.06

DEGREE DAYS
 HEATING
  YESTERDAY       58                        46     12       50
  MONTH TO DATE 1252                      1187     65     1184
  SINCE DEC 1   2358                      2394    -36     2548
  SINCE JUL 1   3847                      3942    -95     4057

 COOLING
  YESTERDAY        0                         0      0        0
  MONTH TO DATE    0                         0      0        0
  SINCE DEC 1      0                         0      0        0
  SINCE JAN 1      0                         0      0        0
..................................................................


WIND (MPH)
  HIGHEST WIND SPEED    22   HIGHEST WIND DIRECTION    NE (30)
  HIGHEST GUST SPEED    29   HIGHEST GUST DIRECTION    NE (30)
  AVERAGE WIND SPEED     8.1


SKY COVER
  AVERAGE SKY COVER 0.2


WEATHER CONDITIONS
 THE FOLLOWING WEATHER WAS RECORDED YESTERDAY.
  NO SIGNIFICANT WEATHER WAS OBSERVED.


RELATIVE HUMIDITY (PERCENT)
 HIGHEST    75           900 AM
 LOWEST     40           400 PM
 AVERAGE    58

..........................................................


THE AUGUSTA CLIMATE NORMALS FOR TODAY
                         NORMAL
 MAXIMUM TEMPERATURE (F)   28
 MINIMUM TEMPERATURE (F)   11


SUNRISE AND SUNSET
JANUARY 27 2015.......SUNRISE   703 AM EST   SUNSET   441 PM EST
JANUARY 28 2015.......SUNRISE   702 AM EST   SUNSET   443 PM EST


-  INDICATES NEGATIVE NUMBERS.
R  INDICATES RECORD WAS SET OR TIED.
MM INDICATES DATA IS MISSING.
T  INDICATES TRACE AMOUNT.




$$
