000
CDUS41 KGYX 282043
CLIAUG


CLIMATE REPORT
NATIONAL WEATHER SERVICE GRAY ME
443 PM EDT WED SEP 28 2016


...................................

...THE AUGUSTA CLIMATE SUMMARY FOR SEPTEMBER 28 2016...
VALID TODAY AS OF 0400 PM LOCAL TIME.

CLIMATE NORMAL PERIOD 1981 TO 2010
CLIMATE RECORD PERIOD 1948 TO 2016


WEATHER ITEM   OBSERVED TIME   RECORD YEAR NORMAL DEPARTURE LAST
                VALUE   (LST)  VALUE       VALUE  FROM      YEAR
                                                  NORMAL
..................................................................
TEMPERATURE (F)
 TODAY
  MAXIMUM         65    253 PM  83    2014  65      0       74
  MINIMUM         48    456 AM  28    1965  46      2       48
  AVERAGE         57                        55      2       61

PRECIPITATION (IN)
  TODAY            0.00          1.38 2003   0.14  -0.14      T
  MONTH TO DATE    1.13                      3.45  -2.32     1.35
  SINCE SEP 1      1.13                      3.45  -2.32     1.35
  SINCE JAN 1     22.71                     29.63  -6.92    23.81

DEGREE DAYS
 HEATING
  TODAY            8                        10     -2        4
  MONTH TO DATE   76                       157    -81       84
  SINCE SEP 1     76                       157    -81       84
  SINCE JUL 1    101                       199    -98      102

 COOLING
  TODAY            0                         0      0        0
  MONTH TO DATE   73                        27     46       96
  SINCE SEP 1     73                        27     46       96
  SINCE JAN 1    530                       384    146      453
..................................................................


WIND (MPH)
  HIGHEST WIND SPEED    15   HIGHEST WIND DIRECTION    NE (50)
  HIGHEST GUST SPEED    21   HIGHEST GUST DIRECTION    NE (30)
  AVERAGE WIND SPEED     9.0


SKY COVER
  AVERAGE SKY COVER 0.8


WEATHER CONDITIONS
 THE FOLLOWING WEATHER WAS RECORDED TODAY.
  FOG
  HAZE


RELATIVE HUMIDITY (PERCENT)
 HIGHEST    93          1200 AM
 LOWEST     52           200 PM
 AVERAGE    73

..........................................................


THE AUGUSTA CLIMATE NORMALS FOR TOMORROW
                         NORMAL    RECORD    YEAR
 MAXIMUM TEMPERATURE (F)   64        81      1987
 MINIMUM TEMPERATURE (F)   45        28      1980


SUNRISE AND SUNSET
SEPTEMBER 28 2016.....SUNRISE   634 AM EDT   SUNSET   625 PM EDT
SEPTEMBER 29 2016.....SUNRISE   635 AM EDT   SUNSET   623 PM EDT


-  INDICATES NEGATIVE NUMBERS.
R  INDICATES RECORD WAS SET OR TIED.
MM INDICATES DATA IS MISSING.
T  INDICATES TRACE AMOUNT.




$$
