000
CDUS41 KGYX 272141
CLIAUG


CLIMATE REPORT
NATIONAL WEATHER SERVICE GRAY ME
441 PM EST FRI FEB 27 2015


...................................

...THE AUGUSTA CLIMATE SUMMARY FOR FEBRUARY 27 2015...
VALID TODAY AS OF 0400 PM LOCAL TIME.

CLIMATE NORMAL PERIOD 1981 TO 2010
CLIMATE RECORD PERIOD 1948 TO 2015


WEATHER ITEM   OBSERVED TIME   RECORD YEAR NORMAL DEPARTURE LAST
                VALUE   (LST)  VALUE       VALUE  FROM      YEAR
                                                  NORMAL
..................................................................
TEMPERATURE (F)
 TODAY
  MAXIMUM         22    259 PM  MM      MM  35    -13       22
  MINIMUM          4    557 AM  MM      MM  18    -14        2
  AVERAGE         13                        26    -13       12

PRECIPITATION (IN)
  TODAY            0.00         MM      MM   0.10  -0.10      T
  MONTH TO DATE    0.65                      2.34  -1.69     1.69
  SINCE DEC 1      6.75                      8.19  -1.44     7.41
  SINCE JAN 1      2.27                      4.95  -2.68     4.79

DEGREE DAYS
 HEATING
  TODAY           52                        39     13       53
  MONTH TO DATE 1477                      1134    343     1166
  SINCE DEC 1   4086                      3757    329     3945
  SINCE JUL 1   5575                      5305    270     5454

 COOLING
  TODAY            0                         0      0        0
  MONTH TO DATE    0                         0      0        0
  SINCE DEC 1      0                         0      0        0
  SINCE JAN 1      0                         0      0        0
..................................................................


WIND (MPH)
  HIGHEST WIND SPEED    15   HIGHEST WIND DIRECTION    NW (300)
  HIGHEST GUST SPEED    20   HIGHEST GUST DIRECTION     W (270)
  AVERAGE WIND SPEED     6.3


SKY COVER
  AVERAGE SKY COVER 0.4


WEATHER CONDITIONS
 THE FOLLOWING WEATHER WAS RECORDED TODAY.
  NO SIGNIFICANT WEATHER WAS OBSERVED.


RELATIVE HUMIDITY (PERCENT)
 HIGHEST    56           600 AM
 LOWEST     25           300 PM
 AVERAGE    41

..........................................................


THE AUGUSTA CLIMATE NORMALS FOR TOMORROW
                         NORMAL
 MAXIMUM TEMPERATURE (F)   35
 MINIMUM TEMPERATURE (F)   18


SUNRISE AND SUNSET
FEBRUARY 27 2015......SUNRISE   620 AM EST   SUNSET   524 PM EST
FEBRUARY 28 2015......SUNRISE   619 AM EST   SUNSET   526 PM EST


-  INDICATES NEGATIVE NUMBERS.
R  INDICATES RECORD WAS SET OR TIED.
MM INDICATES DATA IS MISSING.
T  INDICATES TRACE AMOUNT.




$$
