000
CDUS44 KEWX 292231
CLIAUS


CLIMATE REPORT
NATIONAL WEATHER SERVICE AUSTIN/SAN ANTONIO, TX
430 PM CST THU JAN 29 2015


...................................

...THE AUSTIN BERGSTROM CLIMATE SUMMARY FOR JANUARY 29 2015...
VALID TODAY AS OF 430 PM LOCAL TIME.

CLIMATE NORMAL PERIOD 1981 TO 2010
CLIMATE RECORD PERIOD 1943 TO 2015


WEATHER ITEM   OBSERVED TIME   RECORD YEAR NORMAL DEPARTURE LAST
                VALUE   (LST)  VALUE       VALUE  FROM      YEAR
                                                  NORMAL
..................................................................
TEMPERATURE (F)
 TODAY
  MAXIMUM         75    359 PM  85    2013  63     12       47
  MINIMUM         44    435 AM  17    1951  37      7       21
  AVERAGE         60                        50     10       34

PRECIPITATION (IN)
  TODAY            0.00          1.05 2010   0.07  -0.07     0.00
  MONTH TO DATE    5.02                      2.12   2.90     0.57
  SINCE DEC 1      7.14                      4.33   2.81     1.43
  SINCE JAN 1      5.02                      2.12   2.90     0.57

SNOWFALL (IN)
  TODAY            0.0
  MONTH TO DATE    T
  SINCE DEC 1      T
  SINCE JUL 1      T
  SNOW DEPTH       0

DEGREE DAYS
 HEATING
  TODAY            5                        15    -10       31
  MONTH TO DATE  555                       462     93      554
  SINCE DEC 1    915                       924     -9     1098
  SINCE JUL 1   1253                      1209     44     1423

 COOLING
  TODAY            0                         0      0        0
  MONTH TO DATE    0                         0      0        0
  SINCE DEC 1      4                        10     -6        5
  SINCE JAN 1      0                         0      0        0
..................................................................


WIND (MPH)
  HIGHEST WIND SPEED    12   HIGHEST WIND DIRECTION     S (190)
  HIGHEST GUST SPEED    15   HIGHEST GUST DIRECTION    SW (220)
  AVERAGE WIND SPEED     3.9


SKY COVER
  AVERAGE SKY COVER 0.7


WEATHER CONDITIONS
 THE FOLLOWING WEATHER WAS RECORDED TODAY.
  FOG
  FOG W/VISIBILITY <= 1/4 MILE


RELATIVE HUMIDITY (PERCENT)
 HIGHEST   100           200 AM
 LOWEST     46           400 PM
 AVERAGE    73

..........................................................


THE AUSTIN BERGSTROM CLIMATE NORMALS FOR TOMORROW
                         NORMAL    RECORD    YEAR
 MAXIMUM TEMPERATURE (F)   63        88      1971
 MINIMUM TEMPERATURE (F)   37         0      1949


SUNRISE AND SUNSET
JANUARY 29 2015.......SUNRISE   723 AM CST   SUNSET   605 PM CST
JANUARY 30 2015.......SUNRISE   723 AM CST   SUNSET   606 PM CST


-  INDICATES NEGATIVE NUMBERS.
R  INDICATES RECORD WAS SET OR TIED.
MM INDICATES DATA IS MISSING.
T  INDICATES TRACE AMOUNT.




$$
