000
CDUS44 KEWX 012355
CLIAUS


CLIMATE REPORT
NATIONAL WEATHER SERVICE AUSTIN/SAN ANTONIO, TX
554 PM CST SUN MAR 1 2015


...................................

...THE AUSTIN BERGSTROM CLIMATE SUMMARY FOR MARCH 1 2015...
VALID TODAY AS OF 554 PM LOCAL TIME.

CLIMATE NORMAL PERIOD 1981 TO 2010
CLIMATE RECORD PERIOD 1943 TO 2015


WEATHER ITEM   OBSERVED TIME   RECORD YEAR NORMAL DEPARTURE LAST
                VALUE   (LST)  VALUE       VALUE  FROM      YEAR
                                                  NORMAL
..................................................................
TEMPERATURE (F)
 TODAY
  MAXIMUM         43    359 PM  88    2006  68    -25       80
  MINIMUM         35    545 AM  25    1962  43     -8       41
  AVERAGE         39                        55    -16       61

PRECIPITATION (IN)
  TODAY            0.09          0.68 1993   0.08   0.01     0.01
  MONTH TO DATE    0.09                      0.08   0.01     0.01
  SINCE MAR 1      0.09                      0.08   0.01     0.01
  SINCE JAN 1      5.83                      4.59   1.24     1.10

SNOWFALL (IN)
  TODAY           MM
  MONTH TO DATE   MM
  SINCE MAR 1     MM
  SINCE JUL 1      T
  SNOW DEPTH       0

DEGREE DAYS
 HEATING
  TODAY           26                        11     15        4
  MONTH TO DATE   26                        11     15        4
  SINCE MAR 1     26                        11     15        4
  SINCE JUL 1   1740                      1626    114     1821

 COOLING
  TODAY            0                         1     -1        0
  MONTH TO DATE    0                         1     -1        0
  SINCE MAR 1      0                         1     -1        0
  SINCE JAN 1      2                        17    -15       17
..................................................................


WIND (MPH)
  HIGHEST WIND SPEED    21   HIGHEST WIND DIRECTION     N (10)
  HIGHEST GUST SPEED    23   HIGHEST GUST DIRECTION     N (10)
  AVERAGE WIND SPEED    11.4


SKY COVER
  AVERAGE SKY COVER 0.9


WEATHER CONDITIONS
 THE FOLLOWING WEATHER WAS RECORDED TODAY.
  LIGHT RAIN
  FOG


RELATIVE HUMIDITY (PERCENT)
 HIGHEST   100           100 AM
 LOWEST     96           200 PM
 AVERAGE    98

..........................................................


THE AUSTIN BERGSTROM CLIMATE NORMALS FOR TOMORROW
                         NORMAL    RECORD    YEAR
 MAXIMUM TEMPERATURE (F)   68        86      2006
                                             1999
                                             1956
 MINIMUM TEMPERATURE (F)   43        19      1980


SUNRISE AND SUNSET
MARCH  1 2015.........SUNRISE   657 AM CST   SUNSET   629 PM CST
MARCH  2 2015.........SUNRISE   656 AM CST   SUNSET   630 PM CST


-  INDICATES NEGATIVE NUMBERS.
R  INDICATES RECORD WAS SET OR TIED.
MM INDICATES DATA IS MISSING.
T  INDICATES TRACE AMOUNT.




$$
