000
CDUS44 KEWX 230001
CLIAUS


CLIMATE REPORT
NATIONAL WEATHER SERVICE AUSTIN/SAN ANTONIO, TX
600 PM CST WED FEB 22 2017


...................................

...THE AUSTIN BERGSTROM CLIMATE SUMMARY FOR FEBRUARY 22 2017...
VALID TODAY AS OF 0600 PM LOCAL TIME.

CLIMATE NORMAL PERIOD 1981 TO 2010
CLIMATE RECORD PERIOD 1943 TO 2017


WEATHER ITEM   OBSERVED TIME   RECORD YEAR NORMAL DEPARTURE LAST
                VALUE   (LST)  VALUE       VALUE  FROM      YEAR
                                                  NORMAL
..................................................................
TEMPERATURE (F)
 TODAY
  MAXIMUM         86    359 PM  98    1996  66     20       70
  MINIMUM         44    710 AM  25    1978  41      3       58
  AVERAGE         65                        53     12       64

PRECIPITATION (IN)
  TODAY            0.00          2.63 1958   0.08  -0.08      T
  MONTH TO DATE    2.65                      1.78   0.87      T
  SINCE DEC 1     10.41                      6.19   4.22     3.33
  SINCE JAN 1      7.30                      3.98   3.32     1.04

SNOWFALL (IN)
  TODAY            0.0
  MONTH TO DATE    0.0
  SINCE DEC 1      0.0
  SINCE JUL 1      0.0
  SNOW DEPTH       0

DEGREE DAYS
 HEATING
  TODAY            0                        12    -12        1
  MONTH TO DATE   91                       304   -213      196
  SINCE DEC 1    755                      1261   -506      990
  SINCE JUL 1    849                      1546   -697     1168

 COOLING
  TODAY            0                         1     -1        0
  MONTH TO DATE   63                         2     61       18
  SINCE DEC 1    127                        17    110       37
  SINCE JAN 1     85                         7     78       18
..................................................................


WIND (MPH)
  HIGHEST WIND SPEED    15   HIGHEST WIND DIRECTION     S (200)
  HIGHEST GUST SPEED    24   HIGHEST GUST DIRECTION     S (170)
  AVERAGE WIND SPEED     5.0


SKY COVER
  AVERAGE SKY COVER 0.0


WEATHER CONDITIONS
 THE FOLLOWING WEATHER WAS RECORDED TODAY.
  NO SIGNIFICANT WEATHER WAS OBSERVED.


RELATIVE HUMIDITY (PERCENT)
 HIGHEST    92           300 AM
 LOWEST     22           100 PM
 AVERAGE    57

..........................................................


THE AUSTIN BERGSTROM CLIMATE NORMALS FOR TOMORROW
                         NORMAL    RECORD    YEAR
 MAXIMUM TEMPERATURE (F)   66        94      1996
 MINIMUM TEMPERATURE (F)   41        24      2009


SUNRISE AND SUNSET
FEBRUARY 22 2017......SUNRISE   704 AM CST   SUNSET   625 PM CST
FEBRUARY 23 2017......SUNRISE   703 AM CST   SUNSET   626 PM CST


-  INDICATES NEGATIVE NUMBERS.
R  INDICATES RECORD WAS SET OR TIED.
MM INDICATES DATA IS MISSING.
T  INDICATES TRACE AMOUNT.




$$
