000
CDUS44 KEWX 260801
CLIAUS


CLIMATE REPORT
NATIONAL WEATHER SERVICE AUSTIN/SAN ANTONIO, TX
259 AM CDT TUE JUL 26 2016


...................................

...THE AUSTIN BERGSTROM CLIMATE SUMMARY FOR JULY 25 2016...

CLIMATE NORMAL PERIOD 1981 TO 2010
CLIMATE RECORD PERIOD 1943 TO 2016


WEATHER ITEM   OBSERVED TIME   RECORD YEAR NORMAL DEPARTURE LAST
                VALUE   (LST)  VALUE       VALUE  FROM      YEAR
                                                  NORMAL
..................................................................
TEMPERATURE (F)
 YESTERDAY
  MAXIMUM        100    441 PM 103    2011  96      4       96
                                      1964
                                      1954
  MINIMUM         76   1150 PM  67    2000  72      4       68
                                      1999
  AVERAGE         88                        84      4       82

PRECIPITATION (IN)
  YESTERDAY        0.34          1.74 2004   0.05   0.29     0.00
  MONTH TO DATE    0.34                      2.12  -1.78     0.01
  SINCE JUN 1      2.97                      6.75  -3.78     3.22
  SINCE JAN 1     31.26                     20.36  10.90    28.79

SNOWFALL (IN)
  YESTERDAY        0.0
  MONTH TO DATE    0.0
  SINCE JUN 1      0.0
  SINCE JUL 1      0.0
  SNOW DEPTH       0

DEGREE DAYS
 HEATING
  YESTERDAY        0                         0      0        0
  MONTH TO DATE    0                         0      0        0
  SINCE JUN 1      0                         0      0        0
  SINCE JUL 1      0                         0      0        0

 COOLING
  YESTERDAY       23                        19      4       17
  MONTH TO DATE  557                       459     98      445
  SINCE JUN 1   1075                       940    135      875
  SINCE JAN 1   1579                      1447    132     1368
..................................................................


WIND (MPH)
  HIGHEST WIND SPEED    25   HIGHEST WIND DIRECTION    NE (40)
  HIGHEST GUST SPEED    30   HIGHEST GUST DIRECTION     E (70)
  AVERAGE WIND SPEED     6.0


SKY COVER
  AVERAGE SKY COVER 0.6


WEATHER CONDITIONS
 THE FOLLOWING WEATHER WAS RECORDED YESTERDAY.
  THUNDERSTORM
  HEAVY RAIN
  RAIN
  LIGHT RAIN
  FOG


RELATIVE HUMIDITY (PERCENT)
 HIGHEST    91           300 AM
 LOWEST     33           400 PM
 AVERAGE    62

..........................................................


THE AUSTIN BERGSTROM CLIMATE NORMALS FOR TODAY
                         NORMAL    RECORD    YEAR
 MAXIMUM TEMPERATURE (F)   96       106      1954
 MINIMUM TEMPERATURE (F)   72        69      2004


SUNRISE AND SUNSET
JULY 26 2016..........SUNRISE   646 AM CDT   SUNSET   828 PM CDT
JULY 27 2016..........SUNRISE   647 AM CDT   SUNSET   827 PM CDT


-  INDICATES NEGATIVE NUMBERS.
R  INDICATES RECORD WAS SET OR TIED.
MM INDICATES DATA IS MISSING.
T  INDICATES TRACE AMOUNT.




$$
