000
CDUS44 KEWX 242253
CLIAUS


CLIMATE REPORT
NATIONAL WEATHER SERVICE AUSTIN/SAN ANTONIO, TX
552 PM CDT WED AUG 24 2016


...................................

...THE AUSTIN BERGSTROM CLIMATE SUMMARY FOR AUGUST 24 2016...
VALID TODAY AS OF 552 PM LOCAL TIME.

CLIMATE NORMAL PERIOD 1981 TO 2010
CLIMATE RECORD PERIOD 1943 TO 2016


WEATHER ITEM   OBSERVED TIME   RECORD YEAR NORMAL DEPARTURE LAST
                VALUE   (LST)  VALUE       VALUE  FROM      YEAR
                                                  NORMAL
..................................................................
TEMPERATURE (F)
 TODAY
  MAXIMUM         93    323 PM 107    2010  96     -3       98
  MINIMUM         72    123 AM  61    1961  71      1       72
  AVERAGE         83                        83      0       85

PRECIPITATION (IN)
  TODAY            0.00          1.12 1965   0.08  -0.08     0.00
  MONTH TO DATE    7.75                      1.39   6.36     0.63
  SINCE JUN 1     16.03                      8.46   7.57     3.85
  SINCE JAN 1     44.32                     22.07  22.25    29.42

SNOWFALL (IN)
  TODAY            0.0
  MONTH TO DATE    0.0
  SINCE JUN 1      0.0
  SINCE JUL 1      0.0
  SNOW DEPTH       0

DEGREE DAYS
 HEATING
  TODAY            0                         0      0        0
  MONTH TO DATE    0                         0      0        0
  SINCE JUN 1      0                         0      0        0
  SINCE JUL 1      0                         0      0        0

 COOLING
  TODAY           18                        18      0       20
  MONTH TO DATE  442                       453    -11      487
  SINCE JUN 1   1631                      1506    125     1485
  SINCE JAN 1   2135                      2013    122     1978
..................................................................


WIND (MPH)
  HIGHEST WIND SPEED    16   HIGHEST WIND DIRECTION    SE (150)
  HIGHEST GUST SPEED    25   HIGHEST GUST DIRECTION    SE (150)
  AVERAGE WIND SPEED    10.0


SKY COVER
  AVERAGE SKY COVER 0.5


WEATHER CONDITIONS
 THE FOLLOWING WEATHER WAS RECORDED TODAY.
  FOG


RELATIVE HUMIDITY (PERCENT)
 HIGHEST   100           300 AM
 LOWEST     52           200 PM
 AVERAGE    76

..........................................................


THE AUSTIN BERGSTROM CLIMATE NORMALS FOR TOMORROW
                         NORMAL    RECORD    YEAR
 MAXIMUM TEMPERATURE (F)   95       104      1952
 MINIMUM TEMPERATURE (F)   71        61      1961


SUNRISE AND SUNSET
AUGUST 24 2016........SUNRISE   703 AM CDT   SUNSET   802 PM CDT
AUGUST 25 2016........SUNRISE   704 AM CDT   SUNSET   801 PM CDT


-  INDICATES NEGATIVE NUMBERS.
R  INDICATES RECORD WAS SET OR TIED.
MM INDICATES DATA IS MISSING.
T  INDICATES TRACE AMOUNT.




$$
