000
CDUS44 KEWX 282255
CLIAUS


CLIMATE REPORT
NATIONAL WEATHER SERVICE AUSTIN/SAN ANTONIO, TX
554 PM CDT FRI APR 28 2017


...................................

...THE AUSTIN BERGSTROM CLIMATE SUMMARY FOR APRIL 28 2017...
VALID TODAY AS OF 550 PM LOCAL TIME.

CLIMATE NORMAL PERIOD 1981 TO 2010
CLIMATE RECORD PERIOD 1943 TO 2017


WEATHER ITEM   OBSERVED TIME   RECORD YEAR NORMAL DEPARTURE LAST
                VALUE   (LST)  VALUE       VALUE  FROM      YEAR
                                                  NORMAL
..................................................................
TEMPERATURE (F)
 TODAY
  MAXIMUM         95R   426 PM  93    1955  83     12       87
  MINIMUM         71   1236 AM  43    2008  58     13       59
  AVERAGE         83                        70     13       73

PRECIPITATION (IN)
  TODAY            0.00          3.47 1975   0.09  -0.09      T
  MONTH TO DATE    0.99                      2.07  -1.08     5.36
  SINCE MAR 1      4.32                      4.85  -0.53     9.17
  SINCE JAN 1     11.63                      9.36   2.27    11.35

SNOWFALL (IN)
  TODAY            0.0
  MONTH TO DATE    0.0
  SINCE MAR 1      0.0
  SINCE JUL 1      0.0
  SNOW DEPTH       0

DEGREE DAYS
 HEATING
  TODAY            0                         1     -1        0
  MONTH TO DATE   13                        62    -49       35
  SINCE MAR 1     86                       284   -198      143
  SINCE JUL 1    960                      1899   -939     1377

 COOLING
  TODAY           18                         6     12        8
  MONTH TO DATE  176                       118     58      110
  SINCE MAR 1    329                       160    169      182
  SINCE JAN 1    438                       176    262      205
..................................................................


WIND (MPH)
  HIGHEST WIND SPEED    21   HIGHEST WIND DIRECTION     S (160)
  HIGHEST GUST SPEED    28   HIGHEST GUST DIRECTION     S (190)
  AVERAGE WIND SPEED    12.8


SKY COVER
  AVERAGE SKY COVER 0.7


WEATHER CONDITIONS
 THE FOLLOWING WEATHER WAS RECORDED TODAY.
  FOG
  HAZE


RELATIVE HUMIDITY (PERCENT)
 HIGHEST    87           700 AM
 LOWEST     39           300 PM
 AVERAGE    63

..........................................................


THE AUSTIN BERGSTROM CLIMATE NORMALS FOR TOMORROW
                         NORMAL    RECORD    YEAR
 MAXIMUM TEMPERATURE (F)   83        93      2002
 MINIMUM TEMPERATURE (F)   59        42      2008


SUNRISE AND SUNSET
APRIL 28 2017.........SUNRISE   650 AM CDT   SUNSET   807 PM CDT
APRIL 29 2017.........SUNRISE   649 AM CDT   SUNSET   807 PM CDT


-  INDICATES NEGATIVE NUMBERS.
R  INDICATES RECORD WAS SET OR TIED.
MM INDICATES DATA IS MISSING.
T  INDICATES TRACE AMOUNT.




$$
