000
CDUS44 KEWX 020732
CLIAUS


CLIMATE REPORT
NATIONAL WEATHER SERVICE AUSTIN/SAN ANTONIO, TX
231 AM CDT TUE SEP 2 2014


...................................

...THE AUSTIN BERGSTROM CLIMATE SUMMARY FOR SEPTEMBER 1 2014...

CLIMATE NORMAL PERIOD 1981 TO 2010
CLIMATE RECORD PERIOD 1943 TO 2014


WEATHER ITEM   OBSERVED TIME   RECORD YEAR NORMAL DEPARTURE LAST
                VALUE   (LST)  VALUE       VALUE  FROM      YEAR
                                                  NORMAL
..................................................................
TEMPERATURE (F)
 YESTERDAY
  MAXIMUM        100    316 PM 107    1951  94      6      100
  MINIMUM         77    700 AM  63    2004  69      8       73
  AVERAGE         89                        82      7       87

PRECIPITATION (IN)
  YESTERDAY        0.00          0.98 1970   0.08  -0.08     0.00
  MONTH TO DATE    0.00                      0.08  -0.08     0.00
  SINCE SEP 1      0.00                      0.08  -0.08     0.00
  SINCE JAN 1     15.55                     23.18  -7.63    19.22

SNOWFALL (IN)
  YESTERDAY        0.0
  MONTH TO DATE    0.0
  SINCE SEP 1      0.0
  SINCE JUL 1      0.0
  SNOW DEPTH       0

DEGREE DAYS
 HEATING
  YESTERDAY        0                         0      0        0
  MONTH TO DATE    0                         0      0        0
  SINCE SEP 1      0                         0      0        0
  SINCE JUL 1      0                         0      0        0

 COOLING
  YESTERDAY       24                        17      7       22
  MONTH TO DATE   24                        17      7       22
  SINCE SEP 1     24                        17      7       22
  SINCE JAN 1   2184                      2157     27     2361
..................................................................


WIND (MPH)
  HIGHEST WIND SPEED    23   HIGHEST WIND DIRECTION    SE (140)
  HIGHEST GUST SPEED    30   HIGHEST GUST DIRECTION    SE (150)
  AVERAGE WIND SPEED    11.6


SKY COVER
  AVERAGE SKY COVER 0.4


WEATHER CONDITIONS
 THE FOLLOWING WEATHER WAS RECORDED YESTERDAY.
  NO SIGNIFICANT WEATHER WAS OBSERVED.


RELATIVE HUMIDITY (PERCENT)
 HIGHEST    94           500 AM
 LOWEST     33           300 PM
 AVERAGE    64

..........................................................


THE AUSTIN BERGSTROM CLIMATE NORMALS FOR TODAY
                         NORMAL    RECORD    YEAR
 MAXIMUM TEMPERATURE (F)   94       106      2000
 MINIMUM TEMPERATURE (F)   69        63      2004


SUNRISE AND SUNSET
SEPTEMBER  2 2014.....SUNRISE   708 AM CDT   SUNSET   752 PM CDT
SEPTEMBER  3 2014.....SUNRISE   709 AM CDT   SUNSET   751 PM CDT


-  INDICATES NEGATIVE NUMBERS.
R  INDICATES RECORD WAS SET OR TIED.
MM INDICATES DATA IS MISSING.
T  INDICATES TRACE AMOUNT.




$$
