000
CDUS44 KEWX 162352
CLIAUS


CLIMATE REPORT
NATIONAL WEATHER SERVICE AUSTIN/SAN ANTONIO, TX
551 PM CST MON JAN 16 2017


...................................

...THE AUSTIN BERGSTROM CLIMATE SUMMARY FOR JANUARY 16 2017...
VALID TODAY AS OF 551 PM LOCAL TIME.

CLIMATE NORMAL PERIOD 1981 TO 2010
CLIMATE RECORD PERIOD 1943 TO 2017


WEATHER ITEM   OBSERVED TIME   RECORD YEAR NORMAL DEPARTURE LAST
                VALUE   (LST)  VALUE       VALUE  FROM      YEAR
                                                  NORMAL
..................................................................
TEMPERATURE (F)
 TODAY
  MAXIMUM         70    359 PM  82    1943  62      8       64
  MINIMUM         61    920 AM  19    1972  36     25       36
  AVERAGE         66                        49     17       50

PRECIPITATION (IN)
  TODAY            0.78          1.25 2004   0.07   0.71     0.01
  MONTH TO DATE    2.13                      1.19   0.94     0.87
  SINCE DEC 1      5.24                      3.40   1.84     3.16
  SINCE JAN 1      2.13                      1.19   0.94     0.87

SNOWFALL (IN)
  TODAY            0.0
  MONTH TO DATE    0.0
  SINCE DEC 1      0.0
  SINCE JUL 1      0.0
  SNOW DEPTH       0

DEGREE DAYS
 HEATING
  TODAY            0                        16    -16       15
  MONTH TO DATE  171                       256    -85      258
  SINCE DEC 1    523                       718   -195      575
  SINCE JUL 1    617                      1003   -386      753

 COOLING
  TODAY            1                         0      1        0
  MONTH TO DATE   23                         0     23        0
  SINCE DEC 1     65                        10     55       19
  SINCE JAN 1     23                         0     23        0
..................................................................


WIND (MPH)
  HIGHEST WIND SPEED    18   HIGHEST WIND DIRECTION     W (270)
  HIGHEST GUST SPEED    24   HIGHEST GUST DIRECTION    SW (210)
  AVERAGE WIND SPEED     6.5


SKY COVER
  AVERAGE SKY COVER 1.0


WEATHER CONDITIONS
 THE FOLLOWING WEATHER WAS RECORDED TODAY.
  THUNDERSTORM
  HEAVY RAIN
  RAIN
  LIGHT RAIN
  FOG


RELATIVE HUMIDITY (PERCENT)
 HIGHEST   100          1200 AM
 LOWEST     47           400 PM
 AVERAGE    74

..........................................................


THE AUSTIN BERGSTROM CLIMATE NORMALS FOR TOMORROW
                         NORMAL    RECORD    YEAR
 MAXIMUM TEMPERATURE (F)   62        80      1999
 MINIMUM TEMPERATURE (F)   36        21      1982


SUNRISE AND SUNSET
JANUARY 16 2017.......SUNRISE   727 AM CST   SUNSET   554 PM CST
JANUARY 17 2017.......SUNRISE   727 AM CST   SUNSET   555 PM CST


-  INDICATES NEGATIVE NUMBERS.
R  INDICATES RECORD WAS SET OR TIED.
MM INDICATES DATA IS MISSING.
T  INDICATES TRACE AMOUNT.




$$
