000
CDUS44 KEWX 292252
CLIAUS


CLIMATE REPORT
NATIONAL WEATHER SERVICE AUSTIN/SAN ANTONIO, TX
551 PM CDT FRI MAY 29 2015


...................................

...THE AUSTIN BERGSTROM CLIMATE SUMMARY FOR MAY 29 2015...
VALID TODAY AS OF 551 PM LOCAL TIME.

CLIMATE NORMAL PERIOD 1981 TO 2010
CLIMATE RECORD PERIOD 1943 TO 2015


WEATHER ITEM   OBSERVED TIME   RECORD YEAR NORMAL DEPARTURE LAST
                VALUE   (LST)  VALUE       VALUE  FROM      YEAR
                                                  NORMAL
..................................................................
TEMPERATURE (F)
 TODAY
  MAXIMUM         87    359 PM  98    1951  90     -3       88
  MINIMUM         64    615 AM  54    2003  67     -3       63
                                      1947
  AVERAGE         76                        78     -2       76

PRECIPITATION (IN)
  TODAY            1.12          3.93 1987   0.09   1.03     0.00
  MONTH TO DATE   13.33                      2.47  10.86     7.89
  SINCE MAR 1     19.72                      7.56  12.16    10.73
  SINCE JAN 1     25.46                     12.07  13.39    11.82

SNOWFALL (IN)
  TODAY            0.0
  MONTH TO DATE    0.0
  SINCE MAR 1      0.0
  SINCE JUL 1      T
  SNOW DEPTH       0

DEGREE DAYS
 HEATING
  TODAY            0                         0      0        0
  MONTH TO DATE    0                         0      0       13
  SINCE MAR 1    265                       285    -20      370
  SINCE JUL 1   1979                      1900     79     2187

 COOLING
  TODAY           11                        13     -2       11
  MONTH TO DATE  263                       293    -30      239
  SINCE MAR 1    469                       465      4      410
  SINCE JAN 1    471                       481    -10      427
..................................................................


WIND (MPH)
  HIGHEST WIND SPEED    25   HIGHEST WIND DIRECTION     W (260)
  HIGHEST GUST SPEED    35   HIGHEST GUST DIRECTION     W (260)
  AVERAGE WIND SPEED     6.9


SKY COVER
  AVERAGE SKY COVER 0.6


WEATHER CONDITIONS
 THE FOLLOWING WEATHER WAS RECORDED TODAY.
  THUNDERSTORM
  HEAVY RAIN
  RAIN
  LIGHT RAIN
  FOG


RELATIVE HUMIDITY (PERCENT)
 HIGHEST   100           200 AM
 LOWEST     50           400 PM
 AVERAGE    75

..........................................................


THE AUSTIN BERGSTROM CLIMATE NORMALS FOR TOMORROW
                         NORMAL    RECORD    YEAR
 MAXIMUM TEMPERATURE (F)   90       100      2003
 MINIMUM TEMPERATURE (F)   68        53      1984


SUNRISE AND SUNSET
MAY 29 2015...........SUNRISE   630 AM CDT   SUNSET   826 PM CDT
MAY 30 2015...........SUNRISE   630 AM CDT   SUNSET   826 PM CDT


-  INDICATES NEGATIVE NUMBERS.
R  INDICATES RECORD WAS SET OR TIED.
MM INDICATES DATA IS MISSING.
T  INDICATES TRACE AMOUNT.




$$
