000
CDUS44 KEWX 230711
CLIAUS


CLIMATE REPORT
NATIONAL WEATHER SERVICE AUSTIN/SAN ANTONIO, TX
211 AM CDT WED AUG 23 2017


...................................

...THE AUSTIN BERGSTROM CLIMATE SUMMARY FOR AUGUST 22 2017...

CLIMATE NORMAL PERIOD 1981 TO 2010
CLIMATE RECORD PERIOD 1943 TO 2017


WEATHER ITEM   OBSERVED TIME   RECORD YEAR NORMAL DEPARTURE LAST
                VALUE   (LST)  VALUE       VALUE  FROM      YEAR
                                                  NORMAL
..................................................................
TEMPERATURE (F)
 YESTERDAY
  MAXIMUM         99    427 PM 103    2011  96      3       92
                                      1948
  MINIMUM         71    614 AM  65    1981  71      0       75
  AVERAGE         85                        83      2       84

PRECIPITATION (IN)
  YESTERDAY        0.00          0.63 2000   0.07  -0.07     0.06
  MONTH TO DATE    2.92                      1.25   1.67     7.75
  SINCE JUN 1      6.41                      8.32  -1.91    16.03
  SINCE JAN 1     21.19                     21.93  -0.74    44.32

SNOWFALL (IN)
  YESTERDAY        0.0
  MONTH TO DATE    0.0
  SINCE JUN 1      0.0
  SINCE JUL 1      0.0
  SNOW DEPTH       0

DEGREE DAYS
 HEATING
  YESTERDAY        0                         0      0        0
  MONTH TO DATE    0                         0      0        0
  SINCE JUN 1      0                         0      0        0
  SINCE JUL 1      0                         0      0        0

 COOLING
  YESTERDAY       20                        18      2       19
  MONTH TO DATE  471                       417     54      405
  SINCE JUN 1   1717                      1470    247     1594
  SINCE JAN 1   2502                      1977    525     2098
..................................................................


WIND (MPH)
  HIGHEST WIND SPEED    14   HIGHEST WIND DIRECTION     S (160)
  HIGHEST GUST SPEED    17   HIGHEST GUST DIRECTION    SE (150)
  AVERAGE WIND SPEED     4.7


SKY COVER
  AVERAGE SKY COVER 0.3


WEATHER CONDITIONS
 THE FOLLOWING WEATHER WAS RECORDED YESTERDAY.
  FOG


RELATIVE HUMIDITY (PERCENT)
 HIGHEST    93           500 AM
 LOWEST     33           400 PM
 AVERAGE    63

..........................................................


THE AUSTIN BERGSTROM CLIMATE NORMALS FOR TODAY
                         NORMAL    RECORD    YEAR
 MAXIMUM TEMPERATURE (F)   96       105      2010
 MINIMUM TEMPERATURE (F)   71        63      1961


SUNRISE AND SUNSET
AUGUST 23 2017........SUNRISE   703 AM CDT   SUNSET   803 PM CDT
AUGUST 24 2017........SUNRISE   703 AM CDT   SUNSET   802 PM CDT


-  INDICATES NEGATIVE NUMBERS.
R  INDICATES RECORD WAS SET OR TIED.
MM INDICATES DATA IS MISSING.
T  INDICATES TRACE AMOUNT.




$$
