000
CDUS43 KGRB 242237
CLIAUW


CLIMATE REPORT
NATIONAL WEATHER SERVICE GREEN BAY
436 PM CST FRI NOV 24 2017


...................................

...THE WAUSAU WI CLIMATE SUMMARY FOR NOVEMBER 24 2017...
VALID TODAY AS OF 0400 PM LOCAL TIME.

CLIMATE NORMAL PERIOD 1981 TO 2010
CLIMATE RECORD PERIOD 1896 TO 2017


WEATHER ITEM   OBSERVED TIME   RECORD YEAR NORMAL DEPARTURE LAST
                VALUE   (LST)  VALUE       VALUE  FROM      YEAR
                                                  NORMAL
..................................................................
TEMPERATURE (F)
 TODAY
  MAXIMUM         60R   206 PM  59    1931  35     25       34
  MINIMUM         34   1238 AM -10    1950  21     13       33
  AVERAGE         47                        28     19       34

PRECIPITATION (IN)
  TODAY            0.00          0.95 2001   0.07  -0.07     0.00
  MONTH TO DATE    1.18                      1.65  -0.47     0.37
  SINCE SEP 1      6.74                      8.49  -1.75     7.45
  SINCE JAN 1     36.06                     30.70   5.36    32.80

SNOWFALL (IN)
  TODAY            0.0           4.8  2014   0.4             0.0
  MONTH TO DATE    8.3                       4.9             2.8
  SINCE SEP 1      8.3                       6.3             2.8
  SINCE JUL 1      8.3                       6.3             2.8
  SNOW DEPTH       0

DEGREE DAYS
 HEATING
  TODAY           18                        37    -19       31
  MONTH TO DATE  831                       744     87      537
  SINCE SEP 1   1446                      1562   -116     1086
  SINCE JUL 1   1504                      1628   -124     1108

 COOLING
  TODAY            0                         0      0        0
  MONTH TO DATE    0                         0      0        0
  SINCE JAN 1    339                       407    -68      512
..................................................................


WIND (MPH)
  HIGHEST WIND SPEED    20   HIGHEST WIND DIRECTION     W (280)
  HIGHEST GUST SPEED    26   HIGHEST GUST DIRECTION     W (280)
  AVERAGE WIND SPEED     8.5


SKY COVER
  POSSIBLE SUNSHINE  MM
  AVERAGE SKY COVER 0.3


WEATHER CONDITIONS
 THE FOLLOWING WEATHER WAS RECORDED TODAY.
  NO SIGNIFICANT WEATHER WAS OBSERVED.


RELATIVE HUMIDITY (PERCENT)
 HIGHEST    70           200 AM
 LOWEST     44           200 PM
 AVERAGE    57

..........................................................


THE WAUSAU WI CLIMATE NORMALS FOR TOMORROW
                         NORMAL    RECORD    YEAR
 MAXIMUM TEMPERATURE (F)   35        56      1998
                                             1914
 MINIMUM TEMPERATURE (F)   20       -15      1950


SUNRISE AND SUNSET
NOVEMBER 24 2017......SUNRISE   708 AM CST   SUNSET   422 PM CST
NOVEMBER 25 2017......SUNRISE   709 AM CST   SUNSET   421 PM CST


-  INDICATES NEGATIVE NUMBERS.
R  INDICATES RECORD WAS SET OR TIED.
MM INDICATES DATA IS MISSING.
T  INDICATES TRACE AMOUNT.




$$
