000
CDUS43 KGRB 250638
CLIAUW


CLIMATE REPORT
NATIONAL WEATHER SERVICE GREEN BAY
138 AM CDT SAT OCT 25 2014


...................................

...THE WAUSAU WI CLIMATE SUMMARY FOR OCTOBER 24 2014...

CLIMATE NORMAL PERIOD 1981 TO 2010
CLIMATE RECORD PERIOD 1896 TO 2014


WEATHER ITEM   OBSERVED TIME   RECORD YEAR NORMAL DEPARTURE LAST
                VALUE   (LST)  VALUE       VALUE  FROM      YEAR
                                                  NORMAL
..................................................................
TEMPERATURE (F)
 YESTERDAY
  MAXIMUM         58    348 PM  76    1989  52      6       41
  MINIMUM         44    832 AM  18    1981  34     10       31
                                      1917
  AVERAGE         51                        43      8

PRECIPITATION (IN)
  YESTERDAY        0.00          1.38 1959   0.08  -0.08      T
  MONTH TO DATE    4.23                      2.41   1.82     3.89
  SINCE SEP 1     10.22                      6.31   3.91     6.65
  SINCE JAN 1     36.87                     28.52   8.35    34.28

SNOWFALL (IN)
  YESTERDAY        0.0           4.8  1933   0.1   -0.1       T
  MONTH TO DATE    T                         0.9   -0.9       T
  SINCE JUL 1      T                         0.9   -0.9       T
  SNOW DEPTH       0

DEGREE DAYS
 HEATING
  YESTERDAY       14                        22     -8       29
  MONTH TO DATE  446                       426     20      383
  SINCE SEP 1    670                       653     17      555
  SINCE JUL 1    724                       719      5      611

 COOLING
  YESTERDAY        0                         0      0        0
  MONTH TO DATE    0                         0      0        0
  SINCE SEP 1     12                        30    -18       56
  SINCE JAN 1    338                       405    -67      506
..................................................................


WIND (MPH)
  HIGHEST WIND SPEED    15   HIGHEST WIND DIRECTION     W (260)
  HIGHEST GUST SPEED    18   HIGHEST GUST DIRECTION     W (270)
  AVERAGE WIND SPEED     5.3


SKY COVER
  POSSIBLE SUNSHINE  MM
  AVERAGE SKY COVER 0.9


WEATHER CONDITIONS
 THE FOLLOWING WEATHER WAS RECORDED YESTERDAY.
  FOG
  FOG W/VISIBILITY <= 1/4 MILE


RELATIVE HUMIDITY (PERCENT)
 HIGHEST   100          1200 AM
 LOWEST     67           400 PM
 AVERAGE    84

..........................................................


THE WAUSAU WI CLIMATE NORMALS FOR TODAY
                         NORMAL    RECORD    YEAR
 MAXIMUM TEMPERATURE (F)   52        78      1900
 MINIMUM TEMPERATURE (F)   34        15      1933


SUNRISE AND SUNSET
OCTOBER 25 2014.......SUNRISE   727 AM CDT   SUNSET   557 PM CDT
OCTOBER 26 2014.......SUNRISE   729 AM CDT   SUNSET   556 PM CDT


-  INDICATES NEGATIVE NUMBERS.
R  INDICATES RECORD WAS SET OR TIED.
MM INDICATES DATA IS MISSING.
T  INDICATES TRACE AMOUNT.




$$
