000
CDUS43 KGRB 040726
CLIAUW


CLIMATE REPORT
NATIONAL WEATHER SERVICE GREEN BAY
225 AM CDT TUE AUG 4 2015


...................................

...THE WAUSAU WI CLIMATE SUMMARY FOR AUGUST 3 2015...

CLIMATE NORMAL PERIOD 1981 TO 2010
CLIMATE RECORD PERIOD 1896 TO 2015


WEATHER ITEM   OBSERVED TIME   RECORD YEAR NORMAL DEPARTURE LAST
                VALUE   (LST)  VALUE       VALUE  FROM      YEAR
                                                  NORMAL
..................................................................
TEMPERATURE (F)
 YESTERDAY
  MAXIMUM         76    210 PM  94    1988  79     -3       84
  MINIMUM         56    427 AM  41    1912  58     -2       58
  AVERAGE         66                        69     -3

PRECIPITATION (IN)
  YESTERDAY        0.00          2.47 1961   0.13  -0.13     0.56
  MONTH TO DATE    0.16                      0.41  -0.25     0.91
  SINCE JUN 1      7.80                      8.55  -0.75     9.02
  SINCE JAN 1     18.53                     18.46   0.07    20.46

SNOWFALL (IN)
  YESTERDAY        0.0           0.0    MM   0.0    0.0      0.0
  MONTH TO DATE    0.0                       0.0    0.0      0.0
  SINCE JUL 1      0.0                       0.0    0.0      0.0
  SNOW DEPTH       0

DEGREE DAYS
 HEATING
  YESTERDAY        0                         1     -1        0
  MONTH TO DATE    0                         3     -3        0
  SINCE JUN 1     79                       115    -36       61
  SINCE JUL 1     18                        26     -8       39

 COOLING
  YESTERDAY        1                         5     -4        6
  MONTH TO DATE   15                        15      0       14
  SINCE JUN 1    226                       256    -30      208
  SINCE JAN 1    244                       275    -31      233
..................................................................


WIND (MPH)
  HIGHEST WIND SPEED    23   HIGHEST WIND DIRECTION     W (290)
  HIGHEST GUST SPEED    28   HIGHEST GUST DIRECTION     W (280)
  AVERAGE WIND SPEED    10.4


SKY COVER
  POSSIBLE SUNSHINE  MM
  AVERAGE SKY COVER 0.4


WEATHER CONDITIONS
 THE FOLLOWING WEATHER WAS RECORDED YESTERDAY.
  NO SIGNIFICANT WEATHER WAS OBSERVED.


RELATIVE HUMIDITY (PERCENT)
 HIGHEST    80           400 AM
 LOWEST     38          1000 AM
 AVERAGE    59

..........................................................


THE WAUSAU WI CLIMATE NORMALS FOR TODAY
                         NORMAL    RECORD    YEAR
 MAXIMUM TEMPERATURE (F)   79        98      1947
 MINIMUM TEMPERATURE (F)   58        40      1912
                                             1907


SUNRISE AND SUNSET
AUGUST  4 2015........SUNRISE   547 AM CDT   SUNSET   821 PM CDT
AUGUST  5 2015........SUNRISE   548 AM CDT   SUNSET   820 PM CDT


-  INDICATES NEGATIVE NUMBERS.
R  INDICATES RECORD WAS SET OR TIED.
MM INDICATES DATA IS MISSING.
T  INDICATES TRACE AMOUNT.




$$
