000
CDUS43 KGRB 232135
CLIAUW


CLIMATE REPORT
NATIONAL WEATHER SERVICE GREEN BAY
434 PM CDT FRI JUN 23 2017


...................................

...THE WAUSAU WI CLIMATE SUMMARY FOR JUNE 23 2017...
VALID TODAY AS OF 0400 PM LOCAL TIME.

CLIMATE NORMAL PERIOD 1981 TO 2010
CLIMATE RECORD PERIOD 1896 TO 2017


WEATHER ITEM   OBSERVED TIME   RECORD YEAR NORMAL DEPARTURE LAST
                VALUE   (LST)  VALUE       VALUE  FROM      YEAR
                                                  NORMAL
..................................................................
TEMPERATURE (F)
 TODAY
  MAXIMUM         73   1222 PM  95    1910  78     -5       75
  MINIMUM         56    511 AM  41    1979  56      0       55
                                      1927
  AVERAGE         65                        67     -2       65

PRECIPITATION (IN)
  TODAY            0.00          1.33 1946   0.14  -0.14     0.78
  MONTH TO DATE    4.80                      3.37   1.43     3.61
  SINCE JUN 1      4.80                      3.37   1.43     3.61
  SINCE JAN 1     20.59                     13.28   7.31    15.27

SNOWFALL (IN)
  TODAY            0.0           0.0    MM   0.0             0.0
  MONTH TO DATE    0.0                       0.0             0.0
  SINCE JUN 1      0.0                       0.0             0.0
  SINCE JUL 1     60.5                      59.6            43.4
  SNOW DEPTH       0

DEGREE DAYS
 HEATING
  TODAY            0                         2     -2        0
  MONTH TO DATE   20                        78    -58       26
  SINCE JUN 1     20                        78    -58       26
  SINCE JUL 1   7233                      8238  -1005     6809

 COOLING
  TODAY            0                         4     -4        0
  MONTH TO DATE   76                        54     22       79
  SINCE JAN 1     77                        73      4      126
..................................................................


WIND (MPH)
  HIGHEST WIND SPEED    23   HIGHEST WIND DIRECTION     W (290)
  HIGHEST GUST SPEED    30   HIGHEST GUST DIRECTION     W (290)
  AVERAGE WIND SPEED     7.6


SKY COVER
  POSSIBLE SUNSHINE  MM
  AVERAGE SKY COVER 0.3


WEATHER CONDITIONS
 THE FOLLOWING WEATHER WAS RECORDED TODAY.
  FOG


RELATIVE HUMIDITY (PERCENT)
 HIGHEST   100          1200 AM
 LOWEST     47          1100 AM
 AVERAGE    74

..........................................................


THE WAUSAU WI CLIMATE NORMALS FOR TOMORROW
                         NORMAL    RECORD    YEAR
 MAXIMUM TEMPERATURE (F)   78        98      1937
 MINIMUM TEMPERATURE (F)   56        44      2004


SUNRISE AND SUNSET
JUNE 23 2017..........SUNRISE   513 AM CDT   SUNSET   849 PM CDT
JUNE 24 2017..........SUNRISE   513 AM CDT   SUNSET   849 PM CDT


-  INDICATES NEGATIVE NUMBERS.
R  INDICATES RECORD WAS SET OR TIED.
MM INDICATES DATA IS MISSING.
T  INDICATES TRACE AMOUNT.




$$
