000
CDUS43 KGRB 020704
CLIAUW


CLIMATE REPORT
NATIONAL WEATHER SERVICE GREEN BAY
202 AM CDT MON MAY 2 2016


...................................

...THE WAUSAU WI CLIMATE SUMMARY FOR MAY 1 2016...

CLIMATE NORMAL PERIOD 1981 TO 2010
CLIMATE RECORD PERIOD 1896 TO 2016


WEATHER ITEM   OBSERVED TIME   RECORD YEAR NORMAL DEPARTURE LAST
                VALUE   (LST)  VALUE       VALUE  FROM      YEAR
                                                  NORMAL
..................................................................
TEMPERATURE (F)
 YESTERDAY
  MAXIMUM         66    132 PM  89    1952  62      4       69
  MINIMUM         43   1159 PM  22    1903  39      4       37
  AVERAGE         55                        51      4

PRECIPITATION (IN)
  YESTERDAY        0.00          1.27 1973   0.10  -0.10     0.00
  MONTH TO DATE    0.00                      0.10  -0.10     0.00
  SINCE MAR 1      7.34                      4.59   2.75     3.97
  SINCE JAN 1      8.77                      6.53   2.24     4.72

SNOWFALL (IN)
  YESTERDAY        0.0           0.8  1908   0.0    0.0      0.0
  MONTH TO DATE    0.0                       0.0    0.0      0.0
  SINCE JUL 1     43.4                      59.4  -16.0     53.7
  SNOW DEPTH       0

DEGREE DAYS
 HEATING
  YESTERDAY       10                        14     -4       12
  MONTH TO DATE   10                        14     -4       12
  SINCE MAR 1   1433                      1730   -297     1613
  SINCE JUL 1   6556                      7866  -1310     8193

 COOLING
  YESTERDAY        0                         0      0        0
  MONTH TO DATE    0                         0      0        0
  SINCE MAR 1      2                         2      0        0
  SINCE JAN 1      2                         2      0        0
..................................................................


WIND (MPH)
  HIGHEST WIND SPEED    18   HIGHEST WIND DIRECTION     E (100)
  HIGHEST GUST SPEED    24   HIGHEST GUST DIRECTION     E (70)
  AVERAGE WIND SPEED     7.3


SKY COVER
  POSSIBLE SUNSHINE  MM
  AVERAGE SKY COVER 0.7


WEATHER CONDITIONS
 THE FOLLOWING WEATHER WAS RECORDED YESTERDAY.
  NO SIGNIFICANT WEATHER WAS OBSERVED.


RELATIVE HUMIDITY (PERCENT)
 HIGHEST    65           500 AM
 LOWEST     30           100 PM
 AVERAGE    48

..........................................................


THE WAUSAU WI CLIMATE NORMALS FOR TODAY
                         NORMAL    RECORD    YEAR
 MAXIMUM TEMPERATURE (F)   63        91      1959
 MINIMUM TEMPERATURE (F)   40        21      1911


SUNRISE AND SUNSET
MAY  2 2016...........SUNRISE   546 AM CDT   SUNSET   806 PM CDT
MAY  3 2016...........SUNRISE   544 AM CDT   SUNSET   807 PM CDT


-  INDICATES NEGATIVE NUMBERS.
R  INDICATES RECORD WAS SET OR TIED.
MM INDICATES DATA IS MISSING.
T  INDICATES TRACE AMOUNT.

$$
