000
CDUS43 KGRB 040641
CLIAUW


CLIMATE REPORT
NATIONAL WEATHER SERVICE GREEN BAY
1239 AM CST SUN DEC 4 2016


...................................

...THE WAUSAU WI CLIMATE SUMMARY FOR DECEMBER 3 2016...

CLIMATE NORMAL PERIOD 1981 TO 2010
CLIMATE RECORD PERIOD 1896 TO 2016


WEATHER ITEM   OBSERVED TIME   RECORD YEAR NORMAL DEPARTURE LAST
                VALUE   (LST)  VALUE       VALUE  FROM      YEAR
                                                  NORMAL
..................................................................
TEMPERATURE (F)
 YESTERDAY
  MAXIMUM         30    140 PM  60    1998  31     -1       40
  MINIMUM         27   1159 PM -20    1940  16     11       30
  AVERAGE         29                        24      5

PRECIPITATION (IN)
  YESTERDAY        0.00          0.52 1953   0.05  -0.05     0.00
  MONTH TO DATE    T                         0.16  -0.16     0.29
  SINCE DEC 1      T                         0.16  -0.16     0.29
  SINCE JAN 1     34.32                     31.21   3.11    32.64

SNOWFALL (IN)
  YESTERDAY        0.0          10.1  1990   0.4   -0.4      0.0
  MONTH TO DATE    T                         1.2   -1.2      1.4
  SINCE JUL 1      3.1                       9.5   -6.4      1.6
  SNOW DEPTH       0

DEGREE DAYS
 HEATING
  YESTERDAY       36                        42     -6       30
  MONTH TO DATE  101                       124    -23       96
  SINCE DEC 1    101                       124    -23       96
  SINCE JUL 1   1379                      1983   -604     1502

 COOLING
  YESTERDAY        0                         0      0        0
  MONTH TO DATE    0                         0      0        0
  SINCE DEC 1      0                         0      0        0
  SINCE JAN 1    512                       407    105      435
..................................................................


WIND (MPH)
  HIGHEST WIND SPEED    12   HIGHEST WIND DIRECTION     W (280)
  HIGHEST GUST SPEED    15   HIGHEST GUST DIRECTION     W (280)
  AVERAGE WIND SPEED     5.3


SKY COVER
  POSSIBLE SUNSHINE  MM
  AVERAGE SKY COVER 1.0


WEATHER CONDITIONS
 THE FOLLOWING WEATHER WAS RECORDED YESTERDAY.
  NO SIGNIFICANT WEATHER WAS OBSERVED.


RELATIVE HUMIDITY (PERCENT)
 HIGHEST    81          1100 PM
 LOWEST     69           200 PM
 AVERAGE    75

..........................................................


THE WAUSAU WI CLIMATE NORMALS FOR TODAY
                         NORMAL    RECORD    YEAR
 MAXIMUM TEMPERATURE (F)   30        58      2001
 MINIMUM TEMPERATURE (F)   16        -7      1991


SUNRISE AND SUNSET
DECEMBER  4 2016......SUNRISE   720 AM CST   SUNSET   418 PM CST
DECEMBER  5 2016......SUNRISE   721 AM CST   SUNSET   417 PM CST


-  INDICATES NEGATIVE NUMBERS.
R  INDICATES RECORD WAS SET OR TIED.
MM INDICATES DATA IS MISSING.
T  INDICATES TRACE AMOUNT.




$$
