000
CDUS43 KGRB 210723
CLIAUW


CLIMATE REPORT
NATIONAL WEATHER SERVICE GREEN BAY
122 AM CST SUN DEC 21 2014


...................................

...THE WAUSAU WI CLIMATE SUMMARY FOR DECEMBER 20 2014...

CLIMATE NORMAL PERIOD 1981 TO 2010
CLIMATE RECORD PERIOD 1896 TO 2014


WEATHER ITEM   OBSERVED TIME   RECORD YEAR NORMAL DEPARTURE LAST
                VALUE   (LST)  VALUE       VALUE  FROM      YEAR
                                                  NORMAL
..................................................................
TEMPERATURE (F)
 YESTERDAY
  MAXIMUM         30    438 PM  45    1967  25      5       21
  MINIMUM         23    531 AM -21    1989  10     13       16
  AVERAGE         27                        17     10

PRECIPITATION (IN)
  YESTERDAY        0.00          0.54 2012   0.04  -0.04     0.06
  MONTH TO DATE    0.46                      0.91  -0.45     1.09
  SINCE DEC 1      0.46                      0.91  -0.45     1.09
  SINCE JAN 1     39.95                     31.96   7.99    38.04

SNOWFALL (IN)
  YESTERDAY        0.0          10.9  2012   0.4   -0.4      1.0
  MONTH TO DATE    2.9                       8.9   -6.0     15.5
  SINCE JUL 1     23.1                      17.2    5.9     20.6
  SNOW DEPTH       T

DEGREE DAYS
 HEATING
  YESTERDAY       38                        48    -10       46
  MONTH TO DATE  837                       890    -53     1073
  SINCE DEC 1    837                       890    -53     1073
  SINCE JUL 1   2920                      2749    171     2883

 COOLING
  YESTERDAY        0                         0      0        0
  MONTH TO DATE    0                         0      0        0
  SINCE DEC 1      0                         0      0        0
  SINCE JAN 1    338                       407    -69      506
..................................................................


WIND (MPH)
  HIGHEST WIND SPEED    10   HIGHEST WIND DIRECTION     S (170)
  HIGHEST GUST SPEED    11   HIGHEST GUST DIRECTION     S (160)
  AVERAGE WIND SPEED     5.5


SKY COVER
  POSSIBLE SUNSHINE  MM
  AVERAGE SKY COVER 1.0


WEATHER CONDITIONS
 THE FOLLOWING WEATHER WAS RECORDED YESTERDAY.
  FOG
  HAZE


RELATIVE HUMIDITY (PERCENT)
 HIGHEST    96           400 AM
 LOWEST     78           300 PM
 AVERAGE    87

..........................................................


THE WAUSAU WI CLIMATE NORMALS FOR TODAY
                         NORMAL    RECORD    YEAR
 MAXIMUM TEMPERATURE (F)   25        50      1967
 MINIMUM TEMPERATURE (F)    9       -25      1989


SUNRISE AND SUNSET
DECEMBER 21 2014......SUNRISE   733 AM CST   SUNSET   420 PM CST
DECEMBER 22 2014......SUNRISE   734 AM CST   SUNSET   420 PM CST


-  INDICATES NEGATIVE NUMBERS.
R  INDICATES RECORD WAS SET OR TIED.
MM INDICATES DATA IS MISSING.
T  INDICATES TRACE AMOUNT.




$$
