000
CDUS43 KGRB 310643
CLIAUW


CLIMATE REPORT
NATIONAL WEATHER SERVICE GREEN BAY
1243 AM CST SAT JAN 31 2015


...................................

...THE WAUSAU WI CLIMATE SUMMARY FOR JANUARY 30 2015...

CLIMATE NORMAL PERIOD 1981 TO 2010
CLIMATE RECORD PERIOD 1896 TO 2015


WEATHER ITEM   OBSERVED TIME   RECORD YEAR NORMAL DEPARTURE LAST
                VALUE   (LST)  VALUE       VALUE  FROM      YEAR
                                                  NORMAL
..................................................................
TEMPERATURE (F)
 YESTERDAY
  MAXIMUM         18    257 PM  43    1999  24     -6       26
  MINIMUM          9    826 AM -40    1951   6      3        2
  AVERAGE         14                        15     -1

PRECIPITATION (IN)
  YESTERDAY        0.00          0.88 1937   0.03  -0.03     0.38
  MONTH TO DATE    0.58                      0.99  -0.41     1.55
  SINCE DEC 1      1.98                      2.35  -0.37     3.12
  SINCE JAN 1      0.58                      0.99  -0.41     1.55

SNOWFALL (IN)
  YESTERDAY        0.0           6.0  1946   0.4   -0.4      4.8
  MONTH TO DATE    9.4                      13.1   -3.7     23.3
  SINCE JUL 1     40.4                      35.3    5.1     52.0
  SNOW DEPTH       9

DEGREE DAYS
 HEATING
  YESTERDAY       51                        50      1       51
  MONTH TO DATE 1507                      1517    -10     1767
  SINCE DEC 1   2831                      2944   -113     3430
  SINCE JUL 1   4914                      4803    111     5240

 COOLING
  YESTERDAY        0                         0      0        0
  MONTH TO DATE    0                         0      0        0
  SINCE DEC 1      0                         0      0        0
  SINCE JAN 1      0                         0      0        0
..................................................................


WIND (MPH)
  HIGHEST WIND SPEED    16   HIGHEST WIND DIRECTION     N (350)
  HIGHEST GUST SPEED    20   HIGHEST GUST DIRECTION     N (350)
  AVERAGE WIND SPEED     6.0


SKY COVER
  POSSIBLE SUNSHINE  MM
  AVERAGE SKY COVER 0.7


WEATHER CONDITIONS
 THE FOLLOWING WEATHER WAS RECORDED YESTERDAY.
  NO SIGNIFICANT WEATHER WAS OBSERVED.


RELATIVE HUMIDITY (PERCENT)
 HIGHEST    73           900 AM
 LOWEST     54           100 AM
 AVERAGE    64

..........................................................


THE WAUSAU WI CLIMATE NORMALS FOR TODAY
                         NORMAL    RECORD    YEAR
 MAXIMUM TEMPERATURE (F)   24        48      1993
 MINIMUM TEMPERATURE (F)    7       -34      1899


SUNRISE AND SUNSET
JANUARY 31 2015.......SUNRISE   719 AM CST   SUNSET   505 PM CST
FEBRUARY  1 2015......SUNRISE   718 AM CST   SUNSET   506 PM CST


-  INDICATES NEGATIVE NUMBERS.
R  INDICATES RECORD WAS SET OR TIED.
MM INDICATES DATA IS MISSING.
T  INDICATES TRACE AMOUNT.




$$
