000
CDUS43 KGRB 190725
CLIAUW


CLIMATE REPORT
NATIONAL WEATHER SERVICE GREEN BAY
124 AM CST THU JAN 19 2017


...................................

...THE WAUSAU WI CLIMATE SUMMARY FOR JANUARY 18 2017...

CLIMATE NORMAL PERIOD 1981 TO 2010
CLIMATE RECORD PERIOD 1896 TO 2017


WEATHER ITEM   OBSERVED TIME   RECORD YEAR NORMAL DEPARTURE LAST
                VALUE   (LST)  VALUE       VALUE  FROM      YEAR
                                                  NORMAL
..................................................................
TEMPERATURE (F)
 YESTERDAY
  MAXIMUM         39    430 PM  46    1942  23     16       -1
  MINIMUM         26    125 AM -40    1948   6     20      -14
  AVERAGE         33                        14     19

PRECIPITATION (IN)
  YESTERDAY        0.00          1.48 1996   0.03  -0.03     0.00
  MONTH TO DATE    1.67                      0.61   1.06     0.61
  SINCE DEC 1      4.33                      1.97   2.36     5.56
  SINCE JAN 1      1.67                      0.61   1.06     0.61

SNOWFALL (IN)
  YESTERDAY        0.0           5.0  1945   0.4   -0.4      0.0
  MONTH TO DATE   11.8                       7.8    4.0      3.6
  SINCE JUL 1     39.0                      30.0    9.0     13.2
  SNOW DEPTH      16

DEGREE DAYS
 HEATING
  YESTERDAY       32                        51    -19       72
  MONTH TO DATE  973                       912     61      920
  SINCE DEC 1   2390                      2339     51     1954
  SINCE JUL 1   3668                      4198   -530     3360

 COOLING
  YESTERDAY        0                         0      0        0
  MONTH TO DATE    0                         0      0        0
  SINCE DEC 1      0                         0      0        0
  SINCE JAN 1      0                         0      0        0
..................................................................


WIND (MPH)
  HIGHEST WIND SPEED    18   HIGHEST WIND DIRECTION    SW (230)
  HIGHEST GUST SPEED    23   HIGHEST GUST DIRECTION    SW (220)
  AVERAGE WIND SPEED     6.6


SKY COVER
  POSSIBLE SUNSHINE  MM
  AVERAGE SKY COVER 0.5


WEATHER CONDITIONS
 THE FOLLOWING WEATHER WAS RECORDED YESTERDAY.
  FOG
  FOG W/VISIBILITY <= 1/4 MILE


RELATIVE HUMIDITY (PERCENT)
 HIGHEST   100           200 AM
 LOWEST     70           300 PM
 AVERAGE    85

..........................................................


THE WAUSAU WI CLIMATE NORMALS FOR TODAY
                         NORMAL    RECORD    YEAR
 MAXIMUM TEMPERATURE (F)   23        50      1908
 MINIMUM TEMPERATURE (F)    6       -32      1994


SUNRISE AND SUNSET
JANUARY 19 2017.......SUNRISE   730 AM CST   SUNSET   449 PM CST
JANUARY 20 2017.......SUNRISE   729 AM CST   SUNSET   450 PM CST


-  INDICATES NEGATIVE NUMBERS.
R  INDICATES RECORD WAS SET OR TIED.
MM INDICATES DATA IS MISSING.
T  INDICATES TRACE AMOUNT.




$$
