000
CDUS43 KGRB 282139
CLIAUW


CLIMATE REPORT
NATIONAL WEATHER SERVICE GREEN BAY
438 PM CDT FRI AUG 28 2015


...................................

...THE WAUSAU WI CLIMATE SUMMARY FOR AUGUST 28 2015...
VALID TODAY AS OF 0400 PM LOCAL TIME.

CLIMATE NORMAL PERIOD 1981 TO 2010
CLIMATE RECORD PERIOD 1896 TO 2015


WEATHER ITEM   OBSERVED TIME   RECORD YEAR NORMAL DEPARTURE LAST
                VALUE   (LST)  VALUE       VALUE  FROM      YEAR
                                                  NORMAL
..................................................................
TEMPERATURE (F)
 TODAY
  MAXIMUM         68   1137 AM  94    1984  76     -8       70
  MINIMUM         59    552 AM  39    1934  55      4       51
  AVERAGE         64                        65     -1       61

PRECIPITATION (IN)
  TODAY            T             1.60 1975   0.12  -0.12     0.19
  MONTH TO DATE    3.60                      3.77  -0.17     5.18
  SINCE JUN 1     11.24                     11.91  -0.67    13.29
  SINCE JAN 1     21.97                     21.82   0.15    24.73

SNOWFALL (IN)
  TODAY            0.0           0.0    MM   0.0             0.0
  MONTH TO DATE    0.0                       0.0             0.0
  SINCE JUN 1      0.0                       0.0             0.0
  SINCE JUL 1      0.0                       0.0             0.0
  SNOW DEPTH       0

DEGREE DAYS
 HEATING
  TODAY            1                         2     -1        4
  MONTH TO DATE   40                        35      5       15
  SINCE JUN 1    119                       147    -28       76
  SINCE JUL 1     58                        58      0       54

 COOLING
  TODAY            0                         3     -3        0
  MONTH TO DATE  104                       109     -5       95
  SINCE JAN 1    333                       369    -36      314
..................................................................


WIND (MPH)
  HIGHEST WIND SPEED    10   HIGHEST WIND DIRECTION     S (180)
  HIGHEST GUST SPEED    14   HIGHEST GUST DIRECTION    SW (230)
  AVERAGE WIND SPEED     5.8


SKY COVER
  POSSIBLE SUNSHINE  MM
  AVERAGE SKY COVER 0.5


WEATHER CONDITIONS
 THE FOLLOWING WEATHER WAS RECORDED TODAY.
  LIGHT RAIN


RELATIVE HUMIDITY (PERCENT)
 HIGHEST    90           300 AM
 LOWEST     78           900 AM
 AVERAGE    84

..........................................................


THE WAUSAU WI CLIMATE NORMALS FOR TOMORROW
                         NORMAL    RECORD    YEAR
 MAXIMUM TEMPERATURE (F)   75        93      1973
 MINIMUM TEMPERATURE (F)   55        35      1965


SUNRISE AND SUNSET
AUGUST 28 2015........SUNRISE   616 AM CDT   SUNSET   743 PM CDT
AUGUST 29 2015........SUNRISE   617 AM CDT   SUNSET   741 PM CDT


-  INDICATES NEGATIVE NUMBERS.
R  INDICATES RECORD WAS SET OR TIED.
MM INDICATES DATA IS MISSING.
T  INDICATES TRACE AMOUNT.




$$
