000
CDUS43 KGRB 290828
CLIAUW


CLIMATE REPORT
NATIONAL WEATHER SERVICE GREEN BAY
326 AM CDT WED MAR 29 2017


...................................

...THE WAUSAU WI CLIMATE SUMMARY FOR MARCH 28 2017...

CLIMATE NORMAL PERIOD 1981 TO 2010
CLIMATE RECORD PERIOD 1896 TO 2017


WEATHER ITEM   OBSERVED TIME   RECORD YEAR NORMAL DEPARTURE LAST
                VALUE   (LST)  VALUE       VALUE  FROM      YEAR
                                                  NORMAL
..................................................................
TEMPERATURE (F)
 YESTERDAY
  MAXIMUM         59    427 PM  75    1986  45     14       55
  MINIMUM         27    453 AM  -4    1923  25      2       33
  AVERAGE         43                        35      8

PRECIPITATION (IN)
  YESTERDAY        0.00          0.98 1920   0.06  -0.06      T
  MONTH TO DATE    2.16                      1.56   0.60     4.09
  SINCE MAR 1      2.16                      1.56   0.60     4.09
  SINCE JAN 1      6.10                      3.50   2.60     5.52

SNOWFALL (IN)
  YESTERDAY        0.0           7.5  1931   0.3   -0.3      0.0
  MONTH TO DATE    5.0                       9.4   -4.4     13.2
  SINCE JUL 1     58.8                      54.7    4.1     37.6
  SNOW DEPTH       0

DEGREE DAYS
 HEATING
  YESTERDAY       22                        30     -8       21
  MONTH TO DATE 1010                       998     12      747
  SINCE MAR 1   1010                       998     12      747
  SINCE JUL 1   6236                      7134   -898     5870

 COOLING
  YESTERDAY        0                         0      0        0
  MONTH TO DATE    0                         0      0        0
  SINCE MAR 1      0                         0      0        0
  SINCE JAN 1      0                         0      0        0
..................................................................


WIND (MPH)
  HIGHEST WIND SPEED     9   HIGHEST WIND DIRECTION     S (190)
  HIGHEST GUST SPEED    13   HIGHEST GUST DIRECTION     S (190)
  AVERAGE WIND SPEED     3.5


SKY COVER
  POSSIBLE SUNSHINE  MM
  AVERAGE SKY COVER 0.1


WEATHER CONDITIONS
 THE FOLLOWING WEATHER WAS RECORDED YESTERDAY.
  FOG


RELATIVE HUMIDITY (PERCENT)
 HIGHEST   100          1200 AM
 LOWEST     30           300 PM
 AVERAGE    65

..........................................................


THE WAUSAU WI CLIMATE NORMALS FOR TODAY
                         NORMAL    RECORD    YEAR
 MAXIMUM TEMPERATURE (F)   46        80      1910
 MINIMUM TEMPERATURE (F)   26        -1      1964


SUNRISE AND SUNSET
MARCH 29 2017.........SUNRISE   644 AM CDT   SUNSET   723 PM CDT
MARCH 30 2017.........SUNRISE   642 AM CDT   SUNSET   724 PM CDT


-  INDICATES NEGATIVE NUMBERS.
R  INDICATES RECORD WAS SET OR TIED.
MM INDICATES DATA IS MISSING.
T  INDICATES TRACE AMOUNT.

$$
